-- Table structure for table `company_router_invoice_payments`
--

CREATE TABLE `company_router_invoice_payments` (
  `id` bigint unsigned NOT NULL AUTO_INCREMENT,
  `router_invoice_id` int NOT NULL,
  `grouped_transaction_id` bigint unsigned NOT NULL,
  `amount` decimal(8,2) NOT NULL DEFAULT '0.00',
  `commission_amount` decimal(8,2) NOT NULL DEFAULT '0.00',
  `created_at` timestamp NULL DEFAULT NULL,
  `updated_at` timestamp NULL DEFAULT NULL,
  `deleted_at` timestamp NULL DEFAULT NULL,
  PRIMARY KEY (`id`),
  KEY `company_router_invoice_payments_grouped_transaction_id_foreign` (`grouped_transaction_id`),
  CONSTRAINT `company_router_invoice_payments_grouped_transaction_id_foreign` FOREIGN KEY (`grouped_transaction_id`) REFERENCES `grouped_transactions` (`id`) ON DELETE CASCADE
) ENGINE=InnoDB AUTO_INCREMENT=9 DEFAULT CHARSET=utf8mb4 COLLATE=utf8mb4_unicode_ci;

--
-- Dumping data for table `company_router_invoice_payments`
--

INSERT INTO `company_router_invoice_payments` VALUES (1,6,1,21000.00,0.00,'2025-08-28 06:42:22','2025-08-28 06:42:22',NULL),(2,10,2,21000.00,0.00,'2025-09-10 17:38:47','2025-09-10 17:38:47',NULL),(3,11,3,21000.00,0.00,'2025-09-18 14:40:49','2025-09-18 14:40:49',NULL),(4,13,4,21000.00,0.00,'2025-09-27 15:04:44','2025-09-27 15:04:44',NULL),(5,16,5,21000.00,0.00,'2025-10-01 12:28:16','2025-10-01 12:28:16',NULL),(6,17,6,21000.00,0.00,'2025-10-02 06:41:55','2025-10-02 06:41:55',NULL),(7,21,7,21000.00,0.00,'2025-10-03 12:19:17','2025-10-03 12:19:17',NULL),(8,23,8,21000.00,0.00,'2025-10-23 18:42:27','2025-10-23 18:42:27',NULL);

--
-- Table structure for table `company_router_invoices`
--

CREATE TABLE `company_router_invoices` (
  `id` bigint unsigned NOT NULL AUTO_INCREMENT,
  `ref_no` varchar(191) COLLATE utf8mb4_unicode_ci NOT NULL,
  `company_router_id` bigint unsigned NOT NULL,
  `from_date` timestamp NOT NULL,
  `to_date` timestamp NOT NULL,
  `amount` decimal(8,2) NOT NULL DEFAULT '0.00',
  `status` int NOT NULL DEFAULT '0' COMMENT '0=pending, 1=paid',
  `created_at` timestamp NULL DEFAULT NULL,
  `updated_at` timestamp NULL DEFAULT NULL,
  `deleted_at` timestamp NULL DEFAULT NULL,
  PRIMARY KEY (`id`),
  KEY `company_router_invoices_company_router_id_foreign` (`company_router_id`),
  CONSTRAINT `company_router_invoices_company_router_id_foreign` FOREIGN KEY (`company_router_id`) REFERENCES `company_routers` (`id`) ON DELETE CASCADE
) ENGINE=InnoDB AUTO_INCREMENT=41 DEFAULT CHARSET=utf8mb4 COLLATE=utf8mb4_unicode_ci;

--
-- Dumping data for table `company_router_invoices`
--

INSERT INTO `company_router_invoices` VALUES (2,'1052P9',2,'2025-08-04 22:00:00','2025-09-04 22:00:00',1000.00,0,'2025-08-05 16:56:56','2025-08-28 13:27:33','2025-08-28 13:27:33'),(5,'L3POA9',5,'2025-08-17 22:00:00','2025-09-17 22:00:00',21000.00,0,'2025-08-18 17:15:11','2025-08-28 06:45:33',NULL),(6,'UMORD7',6,'2025-08-25 22:00:00','2025-09-25 22:00:00',21000.00,1,'2025-08-26 13:06:13','2025-08-28 06:42:22',NULL),(7,'LIM5SR',7,'2025-08-28 22:00:00','2025-09-28 22:00:00',21000.00,0,'2025-08-29 19:10:58','2025-08-29 19:10:58',NULL),(8,'UA4N6X',8,'2025-08-29 22:00:00','2025-09-29 22:00:00',21000.00,0,'2025-08-30 06:58:45','2025-08-30 06:58:45',NULL),(9,'XKAGB1',9,'2025-09-05 22:00:00','2025-10-05 22:00:00',21000.00,0,'2025-09-06 06:09:37','2025-09-25 06:34:59',NULL),(10,'IFBS2J',10,'2025-09-08 22:00:00','2025-10-08 22:00:00',21000.00,1,'2025-09-09 09:33:08','2025-09-10 17:38:47',NULL),(11,'O2YFSQ',11,'2025-09-17 22:00:00','2025-10-17 22:00:00',21000.00,1,'2025-09-18 14:24:23','2025-09-18 14:40:49',NULL),(12,'YXDQ1H',12,'2025-09-24 22:00:00','2025-10-24 22:00:00',21000.00,0,'2025-09-25 11:55:26','2025-09-25 11:55:26',NULL),(13,'2IS8WQ',13,'2025-09-25 22:00:00','2025-10-25 22:00:00',21000.00,1,'2025-09-26 08:35:02','2025-09-27 15:04:44',NULL),(14,'R3WP1U',6,'2025-09-27 22:00:00','2025-10-27 23:00:00',21000.00,0,'2025-09-28 06:00:33','2025-09-28 06:00:33',NULL),(15,'YGTP9N',14,'2025-09-27 22:00:00','2025-10-27 23:00:00',21000.00,0,'2025-09-28 14:43:39','2025-09-28 14:43:39',NULL),(16,'BEO5CU',15,'2025-09-28 22:00:00','2025-10-28 23:00:00',21000.00,1,'2025-09-29 10:07:30','2025-10-01 12:28:16',NULL),(17,'LG0OC1',16,'2025-09-28 22:00:00','2025-10-28 23:00:00',21000.00,1,'2025-09-29 16:41:08','2025-10-02 06:41:55',NULL),(18,'T3BUIG',17,'2025-09-29 22:00:00','2025-10-29 23:00:00',21000.00,0,'2025-09-30 08:49:41','2025-09-30 08:49:41',NULL),(19,'V5CJ14',18,'2025-09-29 22:00:00','2025-10-29 23:00:00',21000.00,0,'2025-09-30 09:13:04','2025-09-30 09:13:04',NULL),(20,'D5PAZM',19,'2025-09-30 22:00:00','2025-10-31 23:00:00',21000.00,0,'2025-10-01 16:23:50','2025-10-01 16:23:50',NULL),(21,'2QUX6H',20,'2025-10-02 22:00:00','2025-11-02 23:00:00',21000.00,1,'2025-10-03 09:04:23','2025-10-03 12:19:17',NULL),(22,'78BA5U',21,'2025-10-03 22:00:00','2025-11-03 23:00:00',21000.00,0,'2025-10-04 13:01:27','2025-10-04 13:01:27',NULL),(23,'M8Z2W9',22,'2025-10-03 22:00:00','2025-11-03 23:00:00',21000.00,1,'2025-10-04 15:30:12','2025-10-23 18:42:27',NULL),(24,'3EQ5WR',23,'2025-10-06 22:00:00','2025-11-06 23:00:00',21000.00,0,'2025-10-07 18:10:55','2025-10-07 18:10:55',NULL),(25,'3SMYQP',24,'2025-10-07 22:00:00','2025-11-07 23:00:00',21000.00,0,'2025-10-08 07:47:36','2025-10-08 07:47:36',NULL),(26,'QYAL7V',25,'2025-10-10 22:00:00','2025-11-10 23:00:00',21000.00,0,'2025-10-11 11:22:25','2025-10-11 11:22:25',NULL),(27,'XH5SWE',26,'2025-10-10 22:00:00','2025-11-10 23:00:00',21000.00,0,'2025-10-11 14:29:17','2025-10-11 14:29:17',NULL),(28,'Q28N53',27,'2025-10-15 22:00:00','2025-11-15 23:00:00',21000.00,0,'2025-10-16 06:14:37','2025-10-16 06:14:37',NULL),(29,'75KW6S',11,'2025-10-17 22:00:00','2025-11-17 23:00:00',21000.00,0,'2025-10-18 06:02:01','2025-10-18 06:02:01',NULL),(30,'P38J9K',28,'2025-10-22 22:00:00','2025-11-22 23:00:00',21000.00,0,'2025-10-23 19:40:10','2025-10-23 19:40:10',NULL),(31,'M9YHZ6',29,'2025-10-25 22:00:00','2025-11-25 23:00:00',21000.00,0,'2025-10-26 15:06:22','2025-10-26 15:06:22',NULL),(32,'4CPU85',30,'2025-10-26 23:00:00','2025-11-26 23:00:00',21000.00,0,'2025-10-27 16:45:13','2025-10-27 16:45:13',NULL),(33,'LR5WE6',31,'2025-10-26 23:00:00','2025-11-26 23:00:00',21000.00,0,'2025-10-27 20:55:59','2025-10-27 20:55:59',NULL),(36,'YRNQH8',41,'2025-10-28 23:00:00','2025-11-28 23:00:00',21000.00,0,'2025-10-29 07:38:55','2025-10-29 07:38:55',NULL),(37,'NQ2XE8',13,'2025-10-29 23:00:00','2025-11-29 23:00:00',21000.00,0,'2025-10-30 07:03:42','2025-10-30 07:03:42',NULL),(38,'5DJA3X',14,'2025-10-29 23:00:00','2025-11-29 23:00:00',21000.00,0,'2025-10-30 07:03:42','2025-10-30 07:03:42',NULL),(39,'5E7UWG',15,'2025-10-30 23:00:00','2025-11-30 23:00:00',21000.00,0,'2025-10-31 07:02:22','2025-10-31 07:02:22',NULL),(40,'L3UJMV',16,'2025-10-30 23:00:00','2025-11-30 23:00:00',21000.00,0,'2025-10-31 07:02:22','2025-10-31 07:02:22',NULL);

--
-- Table structure for table `company_routers`
--

CREATE TABLE `company_routers` (
  `id` bigint unsigned NOT NULL AUTO_INCREMENT,
  `ref_no` varchar(191) COLLATE utf8mb4_unicode_ci NOT NULL,
  `company_id` bigint unsigned NOT NULL,
  `name` varchar(191) COLLATE utf8mb4_unicode_ci NOT NULL,
  `wg_private_key` varchar(200) COLLATE utf8mb4_unicode_ci DEFAULT NULL,
  `wg_public_key` varchar(200) COLLATE utf8mb4_unicode_ci DEFAULT NULL,
  `ip_address` varchar(191) COLLATE utf8mb4_unicode_ci NOT NULL,
  `public_ip` varchar(191) COLLATE utf8mb4_unicode_ci DEFAULT NULL,
  `username` varchar(191) COLLATE utf8mb4_unicode_ci NOT NULL,
  `api_port` int NOT NULL DEFAULT '8728',
  `password` varchar(191) COLLATE utf8mb4_unicode_ci NOT NULL,
  `subscription_amount` decimal(8,2) NOT NULL DEFAULT '0.00',
  `expiry_date` varchar(191) COLLATE utf8mb4_unicode_ci NOT NULL,
  `customer_care_phone` varchar(191) COLLATE utf8mb4_unicode_ci DEFAULT NULL,
  `online_status` int NOT NULL DEFAULT '1' COMMENT '0=offline, 1=online',
  `online_status_counter` int NOT NULL DEFAULT '0',
  `file_location` varchar(191) COLLATE utf8mb4_unicode_ci DEFAULT NULL,
  `transaction_frequency_id` bigint unsigned DEFAULT NULL,
  `next_transaction_date` varchar(191) COLLATE utf8mb4_unicode_ci DEFAULT NULL,
  `hotspot_anti_sharing_enabled` int NOT NULL DEFAULT '0' COMMENT '0=no, 1=yes',
  `status` int NOT NULL DEFAULT '1' COMMENT '0=inactive, 1=active, 2=expired',
  `created_at` timestamp NULL DEFAULT NULL,
  `updated_at` timestamp NULL DEFAULT NULL,
  `deleted_at` timestamp NULL DEFAULT NULL,
  PRIMARY KEY (`id`),
  UNIQUE KEY `company_routers_ip_address_unique` (`ip_address`),
  UNIQUE KEY `company_routers_public_ip_unique` (`public_ip`),
  KEY `company_routers_company_id_foreign` (`company_id`),
  KEY `company_routers_transaction_frequency_id_foreign` (`transaction_frequency_id`),
  CONSTRAINT `company_routers_company_id_foreign` FOREIGN KEY (`company_id`) REFERENCES `companies` (`id`) ON DELETE CASCADE,
  CONSTRAINT `company_routers_transaction_frequency_id_foreign` FOREIGN KEY (`transaction_frequency_id`) REFERENCES `transaction_frequencies` (`id`) ON DELETE CASCADE
) ENGINE=InnoDB AUTO_INCREMENT=42 DEFAULT CHARSET=utf8mb4 COLLATE=utf8mb4_unicode_ci;

--
-- Dumping data for table `company_routers`
--

INSERT INTO `company_routers` VALUES (2,'GI6BYT',8,'Ngoni Net 1',NULL,NULL,'50.50.50.2','161.97.174.20:16758','ngoni',8728,'48DWVF',0.00,'2025-09-30','0716583413',0,3,NULL,1,'2025-08-05',1,1,'2025-08-05 16:56:56','2025-10-30 15:13:36',NULL),(5,'YE6B2O',8,'Machinga Complex',NULL,NULL,'50.50.50.5','161.97.174.20:11566','heritage',8728,'0HAWV2',21000.00,'2025-08-26','0763752350',0,4,NULL,NULL,NULL,1,1,'2025-08-18 17:15:11','2025-10-31 19:18:50',NULL),(6,'83WYM2',11,'Mwamba',NULL,NULL,'50.50.50.6','161.97.174.20:18680','heritage',8728,'5ZISPW',21000.00,'2025-09-28','0786000803',0,0,'flash',NULL,NULL,1,0,'2025-08-26 13:06:13','2025-10-02 06:50:09',NULL),(7,'O37YGC',13,'La Zungu',NULL,NULL,'50.50.50.7','161.97.174.20:18875','heritage',8728,'6ZNHLJ',21000.00,'2025-08-29','0754578434',0,5,NULL,NULL,NULL,1,2,'2025-08-29 19:10:58','2025-10-08 17:01:12',NULL),(8,'9N2EL1',14,'MwendoKasi',NULL,NULL,'50.50.50.8',NULL,'heritage',8728,'heritage@2025',21000.00,'2025-08-30','0696849400',0,3,NULL,NULL,NULL,0,0,'2025-08-30 06:58:45','2025-10-02 18:50:56',NULL),(9,'D2WHM9',16,'Street Mesh',NULL,NULL,'50.50.50.9','161.97.174.20:10194','heritage',8728,'X71WBR',21000.00,'2025-10-25','0747777710',0,3,'flash',NULL,NULL,1,2,'2025-09-06 06:09:37','2025-10-01 22:49:31',NULL),(10,'31DRYJ',17,'Mr Bando Internet Services',NULL,NULL,'50.50.50.10','161.97.174.20:18997','heritage',8728,'L7BDGY',21000.00,'2025-10-10','0780601042',0,0,'flash',NULL,NULL,1,0,'2025-09-09 09:33:08','2025-09-11 06:52:45',NULL),(11,'43ORCJ',18,'G NJARO',NULL,NULL,'50.50.50.11','161.97.174.20:10200','heritage',8728,'3R02DL',21000.00,'2025-10-18','0769932392',0,3,'flash',NULL,NULL,1,2,'2025-09-18 14:24:23','2025-10-30 15:18:42',NULL),(12,'9TGQOX',19,'Router12',NULL,NULL,'50.50.50.12',NULL,'heritage',8728,'heritage@2025',21000.00,'2025-10-28','07577006671',0,3,NULL,NULL,NULL,0,2,'2025-09-25 11:55:26','2025-09-28 08:16:03',NULL),(13,'XH6WF3',20,'Mkiwa',NULL,NULL,'50.50.50.13','161.97.174.20:19708','heritage',8728,'2VCSLF',21000.00,'2025-10-30','0788443614',0,3,NULL,NULL,NULL,0,2,'2025-09-26 08:35:02','2025-10-30 15:12:49',NULL),(14,'BJX2SV',21,'Kitonga',NULL,NULL,'50.50.50.14','161.97.174.20:19796','heritage',8728,'N8MAJS',21000.00,'2025-10-30','0765288577',0,3,NULL,NULL,NULL,0,2,'2025-09-28 14:43:39','2025-10-30 07:03:42',NULL),(15,'F1TDMC',22,'Mshua Net',NULL,NULL,'50.50.50.15','161.97.174.20:19673','heritage',8728,'9721RV',21000.00,'2025-10-31','0679254949',0,3,NULL,NULL,NULL,0,2,'2025-09-29 10:07:30','2025-10-31 07:02:22',NULL),(16,'PJV6KX',23,'ITeam',NULL,NULL,'50.50.50.16','161.97.174.20:13166','heritage',8728,'JEXLR3',21000.00,'2025-10-31','0789431231',0,0,NULL,NULL,NULL,1,2,'2025-09-29 16:41:08','2025-10-31 07:02:22',NULL),(17,'HPW02V',24,'Router17',NULL,NULL,'50.50.50.17',NULL,'heritage',8728,'heritage@2025',21000.00,'2025-09-30','0759920774',0,3,NULL,NULL,NULL,0,2,'2025-09-30 08:49:41','2025-09-30 08:52:32',NULL),(18,'Z03B4N',25,'Ktown',NULL,NULL,'50.50.50.18','161.97.174.20:12008','heritage',8728,'D96KI4',21000.00,'2025-09-30','0783502405',0,3,NULL,NULL,NULL,1,0,'2025-09-30 09:13:04','2025-10-02 17:34:57',NULL),(19,'QEPFU3',26,'WiFi Net',NULL,NULL,'50.50.50.19','161.97.174.20:11861','heritage',8728,'F8KRT3',21000.00,'2025-10-03','0688680386',0,3,NULL,NULL,NULL,0,2,'2025-10-01 16:23:50','2025-10-06 19:18:51',NULL),(20,'FY3HV7',27,'Twistechs',NULL,NULL,'50.50.50.20','161.97.174.20:16370','heritage',8728,'4ERWVN',21000.00,'2025-11-03','22999985858',0,3,NULL,NULL,NULL,1,1,'2025-10-03 09:04:23','2025-10-31 12:16:05',NULL),(21,'37PHMJ',28,'Wakizungu',NULL,NULL,'50.50.50.21',NULL,'heritage',8728,'heritage@2025',21000.00,'2025-10-04','0744002165',0,3,'flash',NULL,NULL,0,2,'2025-10-04 13:01:27','2025-10-29 17:48:35',NULL),(22,'R9UY6D',29,'Trekker',NULL,NULL,'50.50.50.22','161.97.174.20:10154','heritage',8728,'CV4Y75',21000.00,'2025-12-01','256787176354',1,0,NULL,NULL,NULL,0,1,'2025-10-04 15:30:12','2025-11-01 10:51:27',NULL),(23,'FWDKP4',30,'Zurich',NULL,NULL,'50.50.50.23','161.97.174.20:18285','heritage',8728,'ND5S2K',21000.00,'2025-10-07','0787109988',0,0,'flash',NULL,NULL,0,2,'2025-10-07 18:10:55','2025-10-11 16:22:52',NULL),(24,'D69E8Z',31,'JNET',NULL,NULL,'50.50.50.24',NULL,'heritage',8728,'heritage@2025',21000.00,'2025-10-08','07778198889',0,3,'flash',NULL,NULL,0,2,'2025-10-08 07:47:36','2025-10-08 12:30:30',NULL),(25,'XAFKM2',32,'Moxetech',NULL,NULL,'50.50.50.25','161.97.174.20:14243','heritage',8728,'72MSPJ',21000.00,'2025-10-11','0778180076',1,1,NULL,NULL,NULL,1,2,'2025-10-11 11:22:25','2025-11-01 09:41:33',NULL),(26,'4D26LZ',33,'Trial',NULL,NULL,'50.50.50.26',NULL,'heritage',8728,'heritage@2025',21000.00,'2025-10-11','0712345',0,3,NULL,NULL,NULL,0,2,'2025-10-11 14:29:17','2025-10-12 18:38:43',NULL),(27,'EA7G54',34,'Router27',NULL,NULL,'50.50.50.27',NULL,'heritage',8728,'heritage@2025',21000.00,'2025-10-16','0696011778',0,3,NULL,NULL,NULL,0,2,'2025-10-16 06:14:37','2025-10-16 06:17:54',NULL),(28,'9TSVGD',35,'Router28',NULL,NULL,'50.50.50.28','161.97.174.20:18180','heritage',8728,'WM6NRZ',21000.00,'2025-10-23','0764334732',0,0,'flash',NULL,NULL,1,2,'2025-10-23 19:40:10','2025-10-23 21:53:59',NULL),(29,'Z6PN3Q',36,'Router29',NULL,NULL,'50.50.50.29',NULL,'heritage',8728,'heritage@2025',21000.00,'2025-10-26','0716582313',0,3,NULL,NULL,NULL,0,2,'2025-10-26 15:06:22','2025-10-26 15:08:58',NULL),(30,'3JKVF9',37,'Router30',NULL,NULL,'50.50.50.30',NULL,'heritage',8728,'heritage@2025',21000.00,'2025-11-27','0622454056',0,3,'flash',NULL,NULL,0,2,'2025-10-27 16:45:13','2025-10-30 15:13:16',NULL),(31,'GVE96Q',8,'Router31',NULL,NULL,'50.50.50.31',NULL,'heritage',8728,'heritage@2025',21000.00,'2025-10-27','0716583413',0,3,NULL,NULL,NULL,0,1,'2025-10-27 20:55:59','2025-10-27 20:59:03',NULL),(41,'Z3RELG',47,'Router32','mJysVoltwHc3Nl2OcmtBYvhvo7Bw8IC7M9x9IRaAfW8=','BKfqCspScXQLlngn4UaDiEnH5X7Hkktc7AEyrkS1qUo=','50.50.50.32',NULL,'heritage',8728,'heritage@2025',21000.00,'2025-10-29','08754',0,3,NULL,NULL,NULL,0,2,'2025-10-29 07:38:55','2025-10-29 07:42:18',NULL);

--
-- Table structure for table `company_service_plans`
--

CREATE TABLE `company_service_plans` (
  `id` bigint unsigned NOT NULL AUTO_INCREMENT,
  `ref_no` varchar(191) COLLATE utf8mb4_unicode_ci NOT NULL,
  `company_id` bigint unsigned NOT NULL,
  `service_plan_id` bigint unsigned NOT NULL,
  `company_router_id` bigint unsigned DEFAULT NULL,
  `company_ip_pool_id` int DEFAULT NULL,
  `name` varchar(191) COLLATE utf8mb4_unicode_ci NOT NULL,
  `download_limit` varchar(191) COLLATE utf8mb4_unicode_ci DEFAULT NULL,
  `download_scale` varchar(191) COLLATE utf8mb4_unicode_ci DEFAULT NULL,
  `upload_limit` varchar(191) COLLATE utf8mb4_unicode_ci DEFAULT NULL,
  `upload_scale` varchar(191) COLLATE utf8mb4_unicode_ci DEFAULT NULL,
  `burst_download_limit` varchar(191) COLLATE utf8mb4_unicode_ci DEFAULT NULL,
  `burst_download_scale` varchar(191) COLLATE utf8mb4_unicode_ci DEFAULT NULL,
  `burst_time` varchar(191) COLLATE utf8mb4_unicode_ci DEFAULT NULL,
  `shared_users` varchar(191) COLLATE utf8mb4_unicode_ci NOT NULL DEFAULT '1',
  `valid_for` decimal(8,2) NOT NULL DEFAULT '1.00',
  `plan_validity_type_id` int DEFAULT NULL,
  `cost` decimal(8,2) NOT NULL DEFAULT '0.00',
  `status` int NOT NULL DEFAULT '1' COMMENT '0=inactive, 1=active',
  `created_at` timestamp NULL DEFAULT NULL,
  `updated_at` timestamp NULL DEFAULT NULL,
  `deleted_at` timestamp NULL DEFAULT NULL,
  PRIMARY KEY (`id`),
  KEY `company_service_plans_company_id_foreign` (`company_id`),
  KEY `company_service_plans_service_plan_id_foreign` (`service_plan_id`),
  KEY `company_service_plans_company_router_id_foreign` (`company_router_id`),
  CONSTRAINT `company_service_plans_company_id_foreign` FOREIGN KEY (`company_id`) REFERENCES `companies` (`id`) ON DELETE CASCADE,
  CONSTRAINT `company_service_plans_company_router_id_foreign` FOREIGN KEY (`company_router_id`) REFERENCES `company_routers` (`id`) ON DELETE CASCADE,
  CONSTRAINT `company_service_plans_service_plan_id_foreign` FOREIGN KEY (`service_plan_id`) REFERENCES `service_plans` (`id`) ON DELETE CASCADE
) ENGINE=InnoDB AUTO_INCREMENT=153 DEFAULT CHARSET=utf8mb4 COLLATE=utf8mb4_unicode_ci;

--
-- Dumping data for table `company_service_plans`
--

INSERT INTO `company_service_plans` VALUES (6,'F3L651',8,1,2,3,'1 Hour','5','M','5','M',NULL,NULL,NULL,'1',1.00,2,210.00,1,'2025-08-05 17:49:04','2025-10-17 21:12:52','2025-10-17 21:12:52'),(7,'YPH8AG',8,1,2,3,'3 Hours bila kikomo','3','M','2','M',NULL,NULL,NULL,'1',3.00,2,300.00,1,'2025-08-05 17:49:42','2025-10-24 05:01:29',NULL),(8,'RN5IOU',8,1,2,3,'12 Hours 3GB','3','M','3','M',NULL,NULL,NULL,'1',12.00,2,500.00,1,'2025-08-05 17:50:05','2025-10-24 05:15:51',NULL),(9,'SHZN7L',8,1,2,3,'24 Hours bila kikomo','3','M','3','M',NULL,NULL,NULL,'1',24.00,2,1000.00,1,'2025-08-05 17:50:21','2025-10-24 05:02:24',NULL),(10,'ICA7K6',8,1,2,3,'7 Day bila kikomo','3','M','3','M',NULL,NULL,NULL,'1',7.00,3,5000.00,1,'2025-08-08 19:52:48','2025-10-24 05:03:05',NULL),(22,'X8D2C0',8,2,2,4,'Kiboko','10','M','10','M',NULL,NULL,NULL,'1',30.00,3,40000.00,1,'2025-08-11 10:11:00','2025-08-11 10:11:00',NULL),(23,'Q3R0VS',8,1,2,3,'Mwezi bila kikomo','3','M','3','M',NULL,NULL,NULL,'1',30.00,3,15000.00,1,'2025-08-14 20:43:56','2025-10-24 05:03:32',NULL),(24,'48IY1U',8,1,2,3,'3 days bila kikomo','03','M','03','M',NULL,NULL,NULL,'1',3.00,3,2500.00,1,'2025-08-14 20:45:13','2025-10-24 05:03:54',NULL),(25,'OP0VN1',8,3,2,NULL,'6mbps/6mbps','3','M','3','M',NULL,NULL,NULL,'1',1.00,3,2000.00,1,'2025-08-19 20:17:59','2025-08-19 20:17:59',NULL),(26,'S3H0WT',8,1,2,3,'2 week bila kikomo','03','M','03','M',NULL,NULL,NULL,'1',14.00,3,7000.00,1,'2025-08-20 11:02:58','2025-10-24 05:04:18',NULL),(27,'0X5KNQ',11,1,6,6,'Ndovu','3','M','3','M',NULL,NULL,NULL,'50',30.00,1,500.00,1,'2025-08-26 17:07:49','2025-08-26 18:55:14','2025-08-26 18:55:14'),(28,'6KXBQV',11,1,6,6,'Chui','5','M','5','M',NULL,NULL,NULL,'1',24.00,2,10000.00,1,'2025-08-26 17:14:36','2025-08-26 18:55:46','2025-08-26 18:55:46'),(29,'X1OSK4',11,1,6,6,'Chui','5','M','5','M',NULL,NULL,NULL,'1',24.00,2,10000.00,1,'2025-08-26 17:14:44','2025-08-26 17:15:12','2025-08-26 17:15:12'),(30,'LTR62D',11,2,6,7,'5 Mbps','5','M','5','M',NULL,NULL,NULL,'1',30.00,3,10000.00,1,'2025-08-26 17:24:27','2025-08-26 21:41:08','2025-08-26 21:41:08'),(31,'R6Z9YE',8,1,5,8,'saa 1','3','M','3','M',NULL,NULL,NULL,'1',1.00,2,210.00,1,'2025-08-26 18:34:22','2025-08-26 18:35:41',NULL),(32,'LHSBZ6',8,1,5,8,'12h','3','M','3','M',NULL,NULL,NULL,'1',12.00,2,500.00,1,'2025-08-26 18:35:06','2025-08-26 18:35:06',NULL),(33,'Z1QWMR',8,1,5,8,'3 days','3','M','3','M',NULL,NULL,NULL,'1',3.00,3,2500.00,1,'2025-08-26 18:36:38','2025-08-26 18:36:38',NULL),(34,'PDSZU1',8,1,5,8,'24hs','3','M','3','M',NULL,NULL,NULL,'1',24.00,2,1000.00,1,'2025-08-26 18:37:51','2025-08-26 18:37:51',NULL),(35,'Y2XKDT',8,1,5,8,'7days','3','M','5','M',NULL,NULL,NULL,'1',7.00,3,5000.00,1,'2025-08-26 18:38:54','2025-10-12 06:07:09',NULL),(36,'LOYQE0',8,1,5,8,'2 weeks','3','M','3','M',NULL,NULL,NULL,'1',14.00,3,8000.00,1,'2025-08-26 18:40:14','2025-08-26 18:40:14',NULL),(37,'04YOGN',8,1,5,8,'30 days','3','M','5','M',NULL,NULL,NULL,'1',30.00,3,20000.00,1,'2025-08-26 18:41:01','2025-08-26 18:41:01',NULL),(38,'YEW603',11,1,6,6,'Masaa 6','100','M','100','M',NULL,NULL,NULL,'1',6.00,2,500.00,1,'2025-08-26 18:56:38','2025-08-28 12:57:08',NULL),(39,'F21X6R',11,1,6,6,'Masaa 24','150','M','150','M',NULL,NULL,NULL,'1',24.00,2,1000.00,1,'2025-08-26 18:58:52','2025-08-28 12:57:25',NULL),(40,'2PGTOV',11,1,6,6,'Siku 7','100','M','100','M',NULL,NULL,NULL,'1',7.00,3,5000.00,1,'2025-08-26 19:00:05','2025-08-28 12:57:46',NULL),(41,'BT1SFP',8,2,5,9,'flash','10','M','10','M',NULL,NULL,NULL,'1',30.00,3,40000.00,1,'2025-08-26 19:37:31','2025-08-26 19:37:31',NULL),(42,'C7SJTZ',8,2,5,9,'swala','5','M','5','M',NULL,NULL,NULL,'1',30.00,3,20000.00,1,'2025-08-26 19:38:42','2025-08-26 19:38:42',NULL),(43,'R4CLS6',13,1,7,10,'Pipi','2','M','5','M',NULL,NULL,NULL,'1',30.00,1,200.00,1,'2025-08-29 20:46:28','2025-08-31 07:25:31','2025-08-31 07:25:31'),(44,'4KDB2L',13,1,7,10,'30 | Nusu saa |','5','M','5','M',NULL,NULL,NULL,'1',30.00,1,200.00,1,'2025-08-31 07:28:52','2025-08-31 07:28:52',NULL),(45,'9ZH6DY',13,1,7,10,'1 Hour','5','M','5','M',NULL,NULL,NULL,'1',1.00,2,300.00,1,'2025-08-31 07:30:35','2025-08-31 07:30:35',NULL),(46,'5IR041',13,1,7,10,'2 Hours','5','M','5','M',NULL,NULL,NULL,'1',2.00,2,400.00,1,'2025-08-31 07:31:43','2025-08-31 07:31:43',NULL),(47,'8SOLGK',13,1,7,10,'4 Hours','8','M','8','M',NULL,NULL,NULL,'1',4.00,2,500.00,1,'2025-08-31 07:33:48','2025-08-31 07:33:48',NULL),(48,'8T6PNO',13,1,7,10,'7 Hours','8','M','8','M',NULL,NULL,NULL,'1',7.00,2,600.00,1,'2025-08-31 07:36:47','2025-08-31 07:36:47',NULL),(49,'25GC3H',13,1,7,10,'8 Hours','8','M','8','M',NULL,NULL,NULL,'1',8.00,2,700.00,1,'2025-08-31 07:38:26','2025-08-31 07:38:26',NULL),(50,'QPVI49',13,1,7,10,'9 Hours','8','M','8','M',NULL,NULL,NULL,'1',9.00,2,800.00,1,'2025-08-31 07:39:40','2025-08-31 07:39:40',NULL),(51,'CM5IHB',13,1,7,10,'12 Hours','8','M','8','M',NULL,NULL,NULL,'1',12.00,2,900.00,1,'2025-08-31 07:44:12','2025-08-31 07:44:12',NULL),(52,'3JX0O4',13,1,7,10,'1 Day','10','M','10','M',NULL,NULL,NULL,'1',1.00,3,1000.00,1,'2025-08-31 07:52:54','2025-08-31 07:52:54',NULL),(53,'3PV8ZA',13,1,7,10,'SIKU MOJA NA NUSU','10','M','10','M',NULL,NULL,NULL,'1',30.00,2,1500.00,1,'2025-08-31 08:13:23','2025-08-31 08:13:23',NULL),(54,'Z7RLWI',13,1,7,10,'3 Days','10','M','10','M',NULL,NULL,NULL,'1',3.00,3,2000.00,1,'2025-08-31 08:14:54','2025-08-31 08:14:54',NULL),(55,'M5FICZ',13,1,7,10,'1 Week','15','M','15','M',NULL,NULL,NULL,'1',7.00,3,4000.00,1,'2025-08-31 08:16:26','2025-08-31 08:16:26',NULL),(56,'VZ2NXP',13,1,7,10,'2 Weeks','15','M','15','M',NULL,NULL,NULL,'1',14.00,3,7500.00,1,'2025-08-31 08:19:55','2025-08-31 08:19:55',NULL),(57,'RMXA0W',13,1,7,10,'3 Weeks','15','M','15','M',NULL,NULL,NULL,'1',21.00,3,12000.00,1,'2025-08-31 08:32:43','2025-08-31 08:32:43',NULL),(58,'BE0OKR',13,1,7,10,'1 Month | Mwezi |','18','M','18','M',NULL,NULL,NULL,'1',28.00,3,15000.00,1,'2025-08-31 08:38:11','2025-08-31 08:38:11',NULL),(59,'CQHY58',16,1,9,12,'Unlimited 12hrs','3','M','3','M',NULL,NULL,NULL,'1',12.00,2,1000.00,1,'2025-09-06 06:53:48','2025-09-29 18:06:05',NULL),(60,'8ZXKH7',16,2,9,13,'Mwezi','10','M','10','M',NULL,NULL,NULL,'1',30.00,3,15000.00,1,'2025-09-06 06:55:07','2025-09-06 06:55:07',NULL),(61,'85EDC4',16,1,9,12,'Mselekeko Spenko','10','M','10','M',NULL,NULL,NULL,'3',30.00,3,30000.00,1,'2025-09-06 18:36:04','2025-09-29 18:04:18','2025-09-29 18:04:18'),(62,'3HA74Q',17,1,10,14,'SIKU','10','M','10','M',NULL,NULL,NULL,'1',24.00,2,1000.00,1,'2025-09-09 11:03:43','2025-09-09 11:03:43',NULL),(63,'TQM92W',17,2,10,15,'MWEZI','10','M','10','M',NULL,NULL,NULL,'1',30.00,3,25000.00,1,'2025-09-09 11:05:23','2025-09-09 11:05:23',NULL),(64,'CH17FV',18,1,11,16,'SIKU','10','M','10','M',NULL,NULL,NULL,'1',1.00,3,1000.00,1,'2025-09-18 14:59:05','2025-09-18 14:59:05',NULL),(65,'7JZES1',18,1,11,16,'VOCHA ZA MASAA 500/=','3','M','3','M',NULL,NULL,NULL,'1',5.00,2,500.00,1,'2025-09-18 15:37:39','2025-09-18 15:37:39',NULL),(66,'8V5GCZ',18,1,11,16,'MWEZI','10','M','10','M',NULL,NULL,NULL,'1',30.00,3,26000.00,1,'2025-09-18 18:29:05','2025-09-18 18:29:05',NULL),(67,'B2N8DJ',18,1,11,16,'WIKI','5','M','5','M',NULL,NULL,NULL,'1',7.00,3,6000.00,1,'2025-09-18 18:30:47','2025-09-18 18:30:47',NULL),(68,'BPG4NY',16,1,9,12,'Unlimited 24Hrs','3','M','3','M',NULL,NULL,NULL,'1',24.00,2,1500.00,1,'2025-09-22 21:35:08','2025-09-29 18:06:55',NULL),(69,'W0F76Z',16,1,9,12,'Unlimited 2Days','3','M','3','M',NULL,NULL,NULL,'1',2.00,3,3000.00,1,'2025-09-23 16:23:46','2025-09-29 18:08:06',NULL),(70,'RVJX80',20,1,13,18,'12 Hours 1 Device','3','M','3','M',NULL,NULL,NULL,'1',12.00,2,1000.00,1,'2025-09-26 13:52:52','2025-09-27 10:20:26',NULL),(71,'FUJ5C1',20,1,13,18,'1 Day 1 Device','3','M','3','M',NULL,NULL,NULL,'1',1.00,3,2000.00,1,'2025-09-26 14:49:07','2025-10-19 20:45:07',NULL),(72,'L51RS7',20,1,13,18,'7 Days 1 Device','3','M','3','M',NULL,NULL,NULL,'1',7.00,3,5500.00,1,'2025-09-26 15:01:08','2025-09-27 10:18:17',NULL),(73,'SQU2YH',20,1,13,18,'3 Day  1 Device','3','M','3','M',NULL,NULL,NULL,'1',3.00,3,3500.00,1,'2025-09-26 15:11:27','2025-09-30 10:12:59',NULL),(74,'DC413I',20,1,13,18,'30 Days 1 Device','3','M','3','M',NULL,NULL,NULL,'1',30.00,3,25000.00,1,'2025-09-27 10:03:18','2025-10-19 20:42:29',NULL),(75,'ER1T6A',20,1,13,18,'30 Days 3 Device','5','M','5','M',NULL,NULL,NULL,'1',30.00,3,35000.00,1,'2025-09-27 10:05:18','2025-10-19 20:43:51',NULL),(76,'2G79IP',20,1,13,18,'7 Days 2 Device','3','M','3','M',NULL,NULL,NULL,'2',7.00,3,10000.00,1,'2025-09-27 10:38:17','2025-10-19 20:46:47',NULL),(77,'G624X3',21,1,14,20,'Masaa 15','5','M','5','M',NULL,NULL,NULL,'1',15.00,2,700.00,1,'2025-09-28 15:52:06','2025-09-28 16:04:19',NULL),(78,'AQM4U8',21,1,14,20,'Masaa 24','5','M','5','M',NULL,NULL,NULL,'1',24.00,2,1000.00,1,'2025-09-28 15:53:09','2025-09-28 16:04:45',NULL),(79,'6GXFQ7',21,1,14,20,'Wiki','5','M','5','M',NULL,NULL,NULL,'1',7.00,3,5000.00,1,'2025-09-28 16:05:07','2025-09-28 16:05:07',NULL),(80,'NUD2OG',21,1,14,20,'Mwezi','5','M','5','M',NULL,NULL,NULL,'1',30.00,3,20000.00,1,'2025-09-28 16:05:31','2025-09-28 16:05:31',NULL),(81,'P4HLM9',22,1,15,22,'2 Hour (BILA KIKOMO)','10','M','10','M',NULL,NULL,NULL,'1',2.00,2,600.00,1,'2025-09-29 12:05:49','2025-10-01 13:58:19',NULL),(82,'WV0O73',22,1,15,22,'3 Hours (BILA KIKOMO)','10','M','10','M',NULL,NULL,NULL,'1',3.00,2,800.00,1,'2025-09-29 12:06:21','2025-10-01 13:59:30',NULL),(83,'J63HKS',23,1,16,24,'JERO 6HRS','5','M','5','M',NULL,NULL,NULL,'1',6.00,2,500.00,1,'2025-09-29 17:08:08','2025-10-01 17:30:07',NULL),(84,'2XJPZY',23,1,16,24,'6 Hours','5','M','5','M',NULL,NULL,NULL,'1',6.00,2,100.00,1,'2025-09-29 17:08:34','2025-09-29 17:10:15','2025-09-29 17:10:15'),(85,'K96LPM',23,1,16,24,'BUKU -24HRS','5','M','5','M',NULL,NULL,NULL,'1',24.00,2,1000.00,1,'2025-09-29 17:11:10','2025-10-01 17:30:43',NULL),(86,'0AIUGL',16,1,9,12,'Unlimited 7Days','3','M','3','M',NULL,NULL,NULL,'1',7.00,3,5000.00,1,'2025-09-29 18:09:17','2025-09-29 18:09:17',NULL),(87,'E14VAJ',16,1,9,12,'Unlimited 14Days','3','M','3','M',NULL,NULL,NULL,'1',14.00,3,10000.00,1,'2025-09-29 18:10:55','2025-09-29 18:10:55',NULL),(88,'L3R9BX',16,1,9,12,'Unlimited 30Days','3','M','3','M',NULL,NULL,NULL,'1',30.00,3,15000.00,1,'2025-09-29 18:12:07','2025-09-29 18:12:07',NULL),(89,'ZXRV6W',23,2,16,24,'islam','10','M','10','M',NULL,NULL,NULL,'1',120.00,3,1.00,1,'2025-09-29 19:20:03','2025-09-29 19:20:03',NULL),(90,'XZ0EAI',25,1,18,26,'24hrs','20','M','20','M',NULL,NULL,NULL,'1',24.00,2,1000.00,1,'2025-09-30 09:52:56','2025-09-30 10:05:29',NULL),(91,'0KS3Z2',25,2,18,27,'10000','5','M','5','M',NULL,NULL,NULL,'1',30.00,3,10000.00,1,'2025-09-30 09:55:54','2025-09-30 09:55:54',NULL),(92,'RJGF20',20,1,13,18,'Free','1','M','1','M',NULL,NULL,NULL,'1',2.00,1,0.00,1,'2025-09-30 16:22:41','2025-10-01 14:12:42','2025-10-01 14:12:42'),(93,'EMX8NH',23,1,16,24,'wakala','5','M','5','M',NULL,NULL,NULL,'1',90.00,3,200.00,1,'2025-09-30 20:30:40','2025-10-01 17:25:09','2025-10-01 17:25:09'),(94,'QSL2RM',23,3,16,NULL,'mshua Download-8Mbps/Upload-8Mbps','5','M','5','M',NULL,NULL,NULL,'1',30.00,3,90.00,1,'2025-09-30 20:33:18','2025-09-30 20:33:18',NULL),(95,'7ZX0R6',22,1,15,22,'4 Hours (BILA KIKOMO)','15','M','10','M',NULL,NULL,NULL,'1',4.30,2,1000.00,1,'2025-10-01 12:07:07','2025-10-07 12:43:56',NULL),(96,'ZDP2OV',22,1,15,22,'1 DAYS (BILA KIKOMO)','20','M','20','M',NULL,NULL,NULL,'1',1.00,3,1500.00,1,'2025-10-01 12:12:37','2025-10-07 12:40:04',NULL),(97,'6B9L7R',26,1,19,28,'Unlimited 1Hour','10','M','10','M',NULL,NULL,NULL,'1',1.00,2,500.00,1,'2025-10-01 17:05:42','2025-10-01 17:53:33',NULL),(98,'D7S9T2',26,1,19,28,'Unlimited 24Hours','10','M','10','M',NULL,NULL,NULL,'1',24.00,2,1000.00,1,'2025-10-01 17:15:39','2025-10-01 17:54:06',NULL),(99,'TJM3WX',26,1,19,28,'Unlimited 7Days','10','M','10','M',NULL,NULL,NULL,'1',7.00,3,5000.00,1,'2025-10-01 17:22:49','2025-10-01 17:54:36',NULL),(100,'KX93Q2',26,1,19,28,'Unlimited 30Days','10','M','10','M',NULL,NULL,NULL,'1',30.00,3,15000.00,1,'2025-10-01 17:25:09','2025-10-01 17:55:03',NULL),(101,'79PSJM',23,1,16,24,'BUKU 2','5','M','5','M',NULL,NULL,NULL,'1',72.00,3,2000.00,1,'2025-10-01 17:27:54','2025-10-01 17:27:54',NULL),(102,'JHZRV7',26,1,19,28,'Ulimited24h Super','20','M','20','M',NULL,NULL,NULL,'1',24.00,1,2000.00,1,'2025-10-01 17:30:28','2025-10-01 17:41:39',NULL),(103,'LC3ZEP',26,1,19,28,'Unlimited 7D Super','20','M','20','M',NULL,NULL,NULL,'1',7.00,3,8500.00,1,'2025-10-01 17:33:18','2025-10-01 17:33:18',NULL),(104,'2KQ5XB',26,1,19,28,'Unlimited 7D Super','20','M','20','M',NULL,NULL,NULL,'1',7.00,3,8500.00,1,'2025-10-01 17:33:42','2025-10-01 17:39:27','2025-10-01 17:39:27'),(105,'BLY69T',26,1,19,28,'Unlimited 7D Super','20','M','20','M',NULL,NULL,NULL,'1',7.00,3,8000.00,1,'2025-10-01 17:34:00','2025-10-01 17:38:51','2025-10-01 17:38:51'),(106,'LCH32G',26,1,19,28,'Unlimited 7D Super','20','M','20','M',NULL,NULL,NULL,'1',7.00,3,8000.00,1,'2025-10-01 17:35:37','2025-10-01 17:38:30','2025-10-01 17:38:30'),(107,'8JPTFL',26,1,19,28,'Unlimited 7D Super','20','M','20','M',NULL,NULL,NULL,'1',7.00,3,8000.00,1,'2025-10-01 17:37:20','2025-10-01 17:38:11','2025-10-01 17:38:11'),(108,'E6LRZG',21,1,14,0,'Masaa','5','M','5','M','','','','1',15.00,2,0.00,1,'2025-10-03 07:02:55','2025-10-07 12:51:07','2025-10-07 12:51:07'),(109,'6KUZT4',21,1,14,0,'Masaa','5','M','5','M','','','','1',1.00,3,0.00,1,'2025-10-03 07:02:55','2025-10-11 16:19:06','2025-10-11 16:19:06'),(110,'TYJG8Z',21,1,14,20,'Wiki2','5','M','5','M',NULL,NULL,NULL,'1',1.00,2,0.00,1,'2025-10-03 07:02:55','2025-10-11 16:18:41','2025-10-11 16:18:41'),(111,'9XKNTP',21,1,14,0,'Mwezi','5','M','5','M','','','','1',4.00,0,0.00,1,'2025-10-03 07:02:55','2025-10-11 16:17:34','2025-10-11 16:17:34'),(112,'R9DPT5',27,1,20,31,'Test','2','M','2','M',NULL,NULL,NULL,'1',30.00,3,200.00,1,'2025-10-03 10:28:49','2025-10-03 12:05:07','2025-10-03 12:05:07'),(113,'Y4T3HE',27,1,20,31,'5h','3','M','2','M',NULL,NULL,NULL,'1',5.00,2,100.00,1,'2025-10-03 11:36:50','2025-10-03 11:36:50',NULL),(114,'J26SQF',27,1,20,31,'24h','5','M','2','M',NULL,NULL,NULL,'1',24.00,2,200.00,1,'2025-10-03 11:39:48','2025-10-03 11:39:48',NULL),(115,'NTPG9D',27,1,20,31,'3jours','6','M','2','M',NULL,NULL,NULL,'1',3.00,3,500.00,1,'2025-10-03 11:42:28','2025-10-03 11:42:28',NULL),(116,'7G3KWB',27,1,20,31,'1 semaine','8','M','2','M',NULL,NULL,NULL,'1',7.00,3,800.00,1,'2025-10-03 11:44:15','2025-10-03 11:44:15',NULL),(117,'SHY789',27,1,20,31,'1 mois','9','M','3','M',NULL,NULL,NULL,'1',30.00,3,3000.00,1,'2025-10-03 11:46:13','2025-10-03 11:46:13',NULL),(118,'CG4HLV',28,1,21,33,'SIKU','10','M','10','M',NULL,NULL,NULL,'1',12.00,2,1000.00,1,'2025-10-04 13:30:54','2025-10-04 13:42:17',NULL),(119,'TSMJ3D',28,1,21,33,'WIKI','10','M','10','M',NULL,NULL,NULL,'1',7.00,3,6000.00,1,'2025-10-04 13:30:54','2025-10-04 14:06:36',NULL),(120,'WY6CZE',28,1,21,0,'MWEZI',NULL,NULL,NULL,NULL,'','','','1',0.00,0,0.00,1,'2025-10-04 13:30:54','2025-10-04 14:09:06','2025-10-04 14:09:06'),(121,'KJ7R3Z',29,1,22,35,'1 Day','5','M','5','M',NULL,NULL,NULL,'1',24.00,2,1000.00,1,'2025-10-04 16:49:17','2025-10-04 16:49:17',NULL),(122,'3PZL8C',29,1,22,35,'1 week','5','M','5','M',NULL,NULL,NULL,'1',7.00,3,6000.00,1,'2025-10-04 16:51:47','2025-10-04 16:51:47',NULL),(123,'PQVJT6',29,2,22,36,'1 Day','5','M','5','M',NULL,NULL,NULL,'1',24.00,2,1000.00,1,'2025-10-04 18:04:57','2025-10-04 18:04:57',NULL),(124,'Y9XEDM',22,1,15,22,'7 DAYS (BILA KIKOMO)','15','M','10','M',NULL,NULL,NULL,'1',7.00,3,10000.00,1,'2025-10-07 11:07:02','2025-10-07 11:07:02',NULL),(125,'B43CWP',22,1,15,22,'15 DAYS (BILA KIKOMO)','15','M','10','M',NULL,NULL,NULL,'1',15.00,3,15000.00,1,'2025-10-07 11:08:42','2025-10-07 11:16:26',NULL),(126,'XLF98S',22,1,15,22,'30 DAYS (BILA KIKOMO)','20','M','15','M',NULL,NULL,NULL,'1',30.00,3,30000.00,1,'2025-10-07 11:10:28','2025-10-07 11:10:28',NULL),(127,'QPA84U',30,1,23,38,'1HOUR','5','M','5','M',NULL,NULL,NULL,'1',1.00,2,1000.00,1,'2025-10-07 18:24:58','2025-10-08 07:49:23',NULL),(128,'AS9G53',30,1,23,38,'SIKU','5','M','5','M',NULL,NULL,NULL,'1',40.00,1,500.00,1,'2025-10-07 18:24:58','2025-10-08 08:38:12',NULL),(129,'D4KJ3E',30,1,23,0,'WEEK','5','M','5','M','','','','1',0.00,0,0.00,1,'2025-10-07 18:24:58','2025-10-07 18:24:58',NULL),(130,'S98NV5',30,1,23,0,'MWEZI','5','M','5','M','','','','1',0.00,0,0.00,1,'2025-10-07 18:24:59','2025-10-07 18:24:59',NULL),(131,'D8GHCW',33,2,26,4,'5','5','M','5','M','','','','1',1.00,NULL,0.00,1,'2025-10-11 15:24:24','2025-10-11 15:24:24',NULL),(132,'U647VE',33,2,26,4,'10','10','M','10','M','','','','1',1.00,NULL,0.00,1,'2025-10-11 15:24:24','2025-10-11 15:24:24',NULL),(133,'KHUGM9',33,2,26,4,'15','15','M','15','M','','','','1',1.00,NULL,0.00,1,'2025-10-11 15:24:24','2025-10-11 15:24:24',NULL),(134,'JE8D52',33,2,26,4,'20','20','M','20','M','','','','1',1.00,NULL,0.00,1,'2025-10-11 15:24:24','2025-10-11 15:24:24',NULL),(135,'A7ZHRU',33,1,26,44,'1 Hour','10','M','10','M',NULL,NULL,NULL,'1',1.00,2,2.00,1,'2025-10-11 15:24:34','2025-10-11 15:24:34',NULL),(136,'YH3RGK',33,1,26,44,'6 Hours','10','M','10','M',NULL,NULL,NULL,'1',6.00,2,4.00,1,'2025-10-11 15:24:59','2025-10-11 15:24:59',NULL),(137,'9HD748',33,1,26,44,'12 Hours','10','M','10','M',NULL,NULL,NULL,'1',12.00,2,5.00,1,'2025-10-11 15:25:29','2025-10-11 15:25:29',NULL),(138,'D3AVLM',33,1,26,44,'24 Hours','10','M','10','M',NULL,NULL,NULL,'1',24.00,2,7.00,1,'2025-10-11 15:25:56','2025-10-11 15:25:56',NULL),(139,'4K2VYR',32,1,25,42,'1hr','3','M','3','M',NULL,NULL,NULL,'1',1.00,2,500.00,1,'2025-10-11 16:38:56','2025-10-12 06:43:48',NULL),(140,'PF64NC',32,1,25,42,'1d','4','M','4','M',NULL,NULL,NULL,'1',1.00,3,2000.00,1,'2025-10-11 17:24:02','2025-10-11 17:24:02',NULL),(141,'4W5HEK',32,1,25,42,'5hrs','3','M','3','M',NULL,NULL,NULL,'1',5.00,2,1000.00,1,'2025-10-12 06:45:14','2025-10-13 19:34:25',NULL),(142,'A9UXR4',29,1,22,35,'1 month','5','M','5','M',NULL,NULL,NULL,'1',30.00,3,20000.00,1,'2025-10-12 18:34:24','2025-10-12 18:34:24',NULL),(143,'BAK485',20,2,13,19,'Family','10','M','10','M',NULL,NULL,NULL,'1',30.00,3,60000.00,1,'2025-10-19 20:48:44','2025-10-19 20:48:44',NULL),(144,'VY4ELQ',35,1,28,46,'MASAA 10 BILA KIKOMO TSH 1,000','03','M','03','M',NULL,NULL,NULL,'1',10.00,2,1000.00,1,'2025-10-23 20:07:47','2025-10-23 20:19:11',NULL),(145,'JSVDY5',35,1,28,46,'MASAA 24 BILA KIKOMO TSH 2,000','03','M','03','M',NULL,NULL,NULL,'1',24.00,2,2000.00,1,'2025-10-23 20:20:12','2025-10-23 20:21:33',NULL),(146,'YK6DG2',35,1,28,46,'SIKU 7 BILA KIKOMO TSH 7,000','03','M','03','M',NULL,NULL,NULL,'1',7.00,3,7000.00,1,'2025-10-23 20:23:39','2025-10-23 20:23:39',NULL),(147,'ZW68AT',8,1,2,3,'10 MBPS PEED KWA MAA 3','010','M','020','M',NULL,NULL,NULL,'1',3.00,2,500.00,1,'2025-10-24 05:18:55','2025-10-24 05:18:55',NULL),(148,'HW9JGD',29,1,22,35,'4 Hours','5','M','5','M',NULL,NULL,NULL,'1',4.00,2,500.00,1,'2025-10-26 10:57:15','2025-10-26 10:57:15',NULL),(149,'DLAYP9',37,1,30,48,'MASAA 12','15','M','15','M',NULL,NULL,NULL,'1',12.00,2,700.00,1,'2025-10-27 17:35:26','2025-10-27 18:39:07',NULL),(150,'CZ563P',37,1,30,48,'MASAA 24','15','M','15','M',NULL,NULL,NULL,'1',1.00,3,1000.00,1,'2025-10-27 17:53:05','2025-10-28 10:21:52',NULL),(151,'TNZL6G',37,1,30,48,'SIKU 7','15','M','15','M',NULL,NULL,NULL,'1',7.00,3,5000.00,1,'2025-10-27 18:40:45','2025-10-28 10:22:17',NULL),(152,'JEB5QZ',37,1,30,48,'SIKU 30','15','M','15','M',NULL,NULL,NULL,'1',30.00,3,20000.00,1,'2025-10-27 18:41:28','2025-10-28 10:22:40',NULL);

--
-- Table structure for table `company_sms`
--

CREATE TABLE `company_sms` (
  `id` bigint unsigned NOT NULL AUTO_INCREMENT,
  `company_id` bigint unsigned NOT NULL,
  `sms_units` int NOT NULL,
  `created_at` timestamp NULL DEFAULT NULL,
  `updated_at` timestamp NULL DEFAULT NULL,
  `deleted_at` timestamp NULL DEFAULT NULL,
  PRIMARY KEY (`id`),
  KEY `company_sms_company_id_foreign` (`company_id`),
  CONSTRAINT `company_sms_company_id_foreign` FOREIGN KEY (`company_id`) REFERENCES `companies` (`id`) ON DELETE CASCADE
) ENGINE=InnoDB DEFAULT CHARSET=utf8mb4 COLLATE=utf8mb4_unicode_ci;

--
-- Dumping data for table `company_sms`
--


--
-- Table structure for table `company_sms_provider_entities`
--

CREATE TABLE `company_sms_provider_entities` (
  `id` bigint unsigned NOT NULL AUTO_INCREMENT,
  `company_sms_provider_id` bigint unsigned NOT NULL,
  `requirement_id` int NOT NULL,
  `name` varchar(191) COLLATE utf8mb4_unicode_ci NOT NULL,
  `created_at` timestamp NULL DEFAULT NULL,
  `updated_at` timestamp NULL DEFAULT NULL,
  `deleted_at` timestamp NULL DEFAULT NULL,
  PRIMARY KEY (`id`),
  KEY `company_sms_provider_entities_company_sms_provider_id_foreign` (`company_sms_provider_id`),
  CONSTRAINT `company_sms_provider_entities_company_sms_provider_id_foreign` FOREIGN KEY (`company_sms_provider_id`) REFERENCES `company_sms_providers` (`id`) ON DELETE CASCADE
) ENGINE=InnoDB AUTO_INCREMENT=7 DEFAULT CHARSET=utf8mb4 COLLATE=utf8mb4_unicode_ci;

--
-- Dumping data for table `company_sms_provider_entities`
--

INSERT INTO `company_sms_provider_entities` VALUES (1,1,7,'La Zungu','2025-09-01 06:07:22','2025-09-01 06:07:22',NULL),(2,1,8,'1152|z0RRuHr8EQLxtqTMo5WPUNrXJIYYbl5Q2BJpWKiN43a0aece','2025-09-01 06:07:22','2025-09-01 06:07:22',NULL),(3,2,7,'La Zungu','2025-09-01 06:15:21','2025-09-01 06:15:21',NULL),(4,2,8,'1152|z0RRuHr8EQLxtqTMo5WPUNrXJIYYbl5Q2BJpWKiN43a0aece','2025-09-01 06:15:21','2025-09-01 06:15:21',NULL),(5,3,7,'La Zungu','2025-09-01 06:16:04','2025-09-01 06:16:04',NULL),(6,3,8,'1152|z0RRuHr8EQLxtqTMo5WPUNrXJIYYbl5Q2BJpWKiN43a0aece','2025-09-01 06:16:04','2025-09-01 06:16:04',NULL);

--
-- Table structure for table `company_sms_providers`
--

CREATE TABLE `company_sms_providers` (
  `id` bigint unsigned NOT NULL AUTO_INCREMENT,
  `company_id` bigint unsigned NOT NULL,
  `sms_provider_id` bigint unsigned NOT NULL,
  `status` int NOT NULL DEFAULT '1' COMMENT '0=inactive, 1=active',
  `created_at` timestamp NULL DEFAULT NULL,
  `updated_at` timestamp NULL DEFAULT NULL,
  `deleted_at` timestamp NULL DEFAULT NULL,
  PRIMARY KEY (`id`),
  KEY `company_sms_providers_company_id_foreign` (`company_id`),
  KEY `company_sms_providers_sms_provider_id_foreign` (`sms_provider_id`),
  CONSTRAINT `company_sms_providers_company_id_foreign` FOREIGN KEY (`company_id`) REFERENCES `companies` (`id`) ON DELETE CASCADE,
  CONSTRAINT `company_sms_providers_sms_provider_id_foreign` FOREIGN KEY (`sms_provider_id`) REFERENCES `sms_providers` (`id`) ON DELETE CASCADE
) ENGINE=InnoDB AUTO_INCREMENT=4 DEFAULT CHARSET=utf8mb4 COLLATE=utf8mb4_unicode_ci;

--
-- Dumping data for table `company_sms_providers`
--

INSERT INTO `company_sms_providers` VALUES (1,13,4,1,'2025-09-01 06:06:35','2025-09-01 06:14:22','2025-09-01 06:14:22'),(2,13,4,1,'2025-09-01 06:15:21','2025-09-01 06:15:34','2025-09-01 06:15:34'),(3,13,4,1,'2025-09-01 06:16:04','2025-09-01 06:16:04',NULL);

--
-- Table structure for table `company_sms_templates`
--

CREATE TABLE `company_sms_templates` (
  `id` bigint unsigned NOT NULL AUTO_INCREMENT,
  `company_id` int DEFAULT NULL,
  `sms_template_type_id` bigint unsigned NOT NULL,
  `content` longtext COLLATE utf8mb4_unicode_ci NOT NULL,
  `status` int NOT NULL DEFAULT '0' COMMENT '0=inactive, 1=active',
  `created_at` timestamp NULL DEFAULT NULL,
  `updated_at` timestamp NULL DEFAULT NULL,
  `deleted_at` timestamp NULL DEFAULT NULL,
  PRIMARY KEY (`id`),
  KEY `company_sms_templates_sms_template_type_id_foreign` (`sms_template_type_id`),
  CONSTRAINT `company_sms_templates_sms_template_type_id_foreign` FOREIGN KEY (`sms_template_type_id`) REFERENCES `sms_template_types` (`id`) ON DELETE CASCADE
) ENGINE=InnoDB AUTO_INCREMENT=31 DEFAULT CHARSET=utf8mb4 COLLATE=utf8mb4_unicode_ci;

--
-- Dumping data for table `company_sms_templates`
--

INSERT INTO `company_sms_templates` VALUES (1,0,1,'Dear [name], your internet plan is expiring in [expiry_days] day(s). Kindly make the payment at your earliest convenience to avoid service interruptions. Pay via paybill - [paybill] and account number [account_number]',1,'2025-08-03 19:10:09','2025-08-03 19:10:09',NULL),(2,0,2,'Dear [name], your invoice for [month] amounting to Ksh [balance] has been generated. Please pay via paybill - [paybill] and account number [account_number]',1,'2025-08-03 19:10:09','2025-08-03 19:10:09',NULL),(3,0,3,'Hello [name], this is to confirm that we have received your payment of Ksh [amount] for [month]. Your current balance as of now is Ksh [balance]',1,'2025-08-03 19:10:09','2025-08-03 19:10:09',NULL),(4,0,4,'Dear [name], this is a reminder that your payment of Tsh [balance] for [month] is due. Kindly make the payment at your earliest convenience to avoid service interruptions. Pay via paybill - [paybill] and account number [account_number]',1,'2025-08-03 19:10:09','2025-09-23 09:01:32',NULL),(5,0,5,'Dear [name], your payment of Ksh [balance] for [month] is overdue. Please settle the outstanding amount immediately to avoid service disruption. Pay via paybill - [paybill] and account number [account_number]',1,'2025-08-03 19:10:09','2025-08-03 19:10:09',NULL),(6,0,6,'Hello [name], due to an overdue balance of [balance], your service has been disconnected. To restore the services, please pay Ksh [balance] to paybill - [paybill] using account number [account_number]',1,'2025-08-03 19:10:09','2025-08-03 19:10:09',NULL),(7,0,7,'Hello [name], we are excited to have you on board! Your subscription to [internet_plan] is now active. If you have any questions, feel free to contact us. Thank you',1,'2025-08-03 19:10:09','2025-08-03 19:10:09',NULL),(8,0,8,'Hello [name], we are excited to have you on board! Your subscription to [internet_plan] is now active. If you have any questions, feel free to contact us.',1,'2025-08-03 19:10:09','2025-08-03 19:10:09',NULL),(9,0,9,'Dear [name], your request to change your plan to [internet_plan] has been processed successfully. Your new plan is now active. Contact us if you need assistance.',1,'2025-08-03 19:10:09','2025-08-03 19:10:09',NULL),(10,0,10,'Dear [name], we will be performing maintenance on 1st Jan 2025 from 09:30am to 11:30am. Service may be temporarily affected. Thank you for your patience.',1,'2025-08-03 19:10:09','2025-08-03 19:10:09',NULL),(11,0,11,'Dear [name], we are aware of an ongoing service disruption in your area. Our team is investigating and will restore service as soon as possible.',1,'2025-08-03 19:10:09','2025-08-03 19:10:09',NULL),(12,0,12,'Greetings, thank you for purchasing [plan] plan worthy [amount]. Please use [username] as the username and [password] as your password to reconnect yourself. Your subscription expires at [expiry_date].',1,'2025-08-03 19:10:09','2025-08-03 19:10:09',NULL),(13,8,11,'Dear [name], we are aware of an ongoing service disruption in your area. Our team is investigating and will restore service as soon as possible.',1,'2025-08-22 21:17:08','2025-08-22 21:17:08',NULL),(14,8,12,'Greetings, thank you for purchasing [plan] plan worthy [amount]. Please use [username] as the username and [password] as your password to reconnect yourself. Your subscription expires at [expiry_date].',1,'2025-08-22 21:20:09','2025-08-22 21:20:09',NULL),(15,11,1,'Dear [name], your internet plan is expiring in [expiry_days] day(s). Kindly make the payment at your earliest convenience to avoid service interruptions. Pay via paybill - [paybill] and account number [account_number]',1,'2025-08-26 17:26:06','2025-08-26 17:26:06',NULL),(16,13,12,'Greetings, thank you for purchasing [plan] plan worthy [amount]. Please use [username] as the username and [password] as your password to reconnect yourself. Your subscription expires at [expiry_date].',1,'2025-08-29 22:04:52','2025-08-29 22:04:52',NULL),(17,13,11,'Dear [name], we are aware of an ongoing service disruption in your area. Our team is investigating and will restore service as soon as possible.',1,'2025-08-29 22:05:13','2025-08-29 22:05:13',NULL),(18,13,10,'Dear [name], we will be performing maintenance on 1st Jan 2025 from 09:30am to 11:30am. Service may be temporarily affected. Thank you for your patience.',1,'2025-08-29 22:05:34','2025-08-29 22:05:34',NULL),(19,13,9,'Dear [name], your request to change your plan to [internet_plan] has been processed successfully. Your new plan is now active. Contact us if you need assistance.',1,'2025-08-29 22:06:16','2025-08-29 22:06:16',NULL),(20,13,8,'Hello [name], we are excited to have you on board! Your subscription to [internet_plan] is now active. If you have any questions, feel free to contact us.',1,'2025-08-29 22:06:24','2025-08-29 22:06:24',NULL),(21,13,7,'Hello [name], we are excited to have you on board! Your subscription to [internet_plan] is now active. If you have any questions, feel free to contact us. Thank you',1,'2025-08-29 22:06:29','2025-08-29 22:06:29',NULL),(22,13,6,'Hello [name], due to an overdue balance of [balance], your service has been disconnected. To restore the services, please pay Ksh [balance] to paybill - [paybill] using account number [account_number]',1,'2025-08-29 22:06:35','2025-08-29 22:06:35',NULL),(23,13,5,'Dear [name], your payment of Ksh [balance] for [month] is overdue. Please settle the outstanding amount immediately to avoid service disruption. Pay via paybill - [paybill] and account number [account_number]',1,'2025-08-29 22:06:40','2025-08-29 22:06:40',NULL),(24,13,4,'Dear [name], this is a reminder that your payment of Ksh [balance] for [month] is due. Kindly make the payment at your earliest convenience to avoid service interruptions. Pay via paybill - [paybill] and account number [account_number]',1,'2025-08-29 22:06:46','2025-08-29 22:06:46',NULL),(25,13,3,'Hello [name], this is to confirm that we have received your payment of Ksh [amount] for [month]. Your current balance as of now is Ksh [balance]',1,'2025-08-29 22:06:51','2025-08-29 22:06:51',NULL),(26,13,2,'Dear [name], your invoice for [month] amounting to Ksh [balance] has been generated. Please pay via paybill - [paybill] and account number [account_number]',1,'2025-08-29 22:07:00','2025-08-29 22:07:00',NULL),(27,13,1,'Dear [name], your internet plan is expiring in [expiry_days] day(s). Kindly make the payment at your earliest convenience to avoid service interruptions. Pay via paybill - [paybill] and account number [account_number]',1,'2025-08-29 22:07:07','2025-08-29 22:07:07',NULL),(28,16,9,'Dear [name], your request to change your plan to [internet_plan] has been processed successfully. Your new plan is now active. Contact us if you need assistance.',0,'2025-09-06 06:57:59','2025-09-06 06:58:07',NULL),(29,20,8,'Hello [name], we are excited to have you on board! Your subscription to [internet_plan] is now active. If you have any questions, feel free to contact us.',1,'2025-09-26 14:33:20','2025-09-26 14:33:20',NULL),(30,37,1,'Dear [name], your internet plan is expiring in [expiry_days] day(s). Kindly make the payment at your earliest convenience to avoid service interruptions. Pay via paybill - [paybill] and account number [account_number]',1,'2025-10-27 17:36:35','2025-10-27 17:36:35',NULL);

--
-- Table structure for table `company_sms_usages`
--

CREATE TABLE `company_sms_usages` (
  `id` bigint unsigned NOT NULL AUTO_INCREMENT,
  `company_id` bigint unsigned NOT NULL,
  `sms_units` int NOT NULL,
  `created_at` timestamp NULL DEFAULT NULL,
  `updated_at` timestamp NULL DEFAULT NULL,
  `deleted_at` timestamp NULL DEFAULT NULL,
  PRIMARY KEY (`id`),
  KEY `company_sms_usages_company_id_foreign` (`company_id`),
  CONSTRAINT `company_sms_usages_company_id_foreign` FOREIGN KEY (`company_id`) REFERENCES `companies` (`id`) ON DELETE CASCADE
) ENGINE=InnoDB DEFAULT CHARSET=utf8mb4 COLLATE=utf8mb4_unicode_ci;

--
-- Dumping data for table `company_sms_usages`
--


--
-- Table structure for table `company_static_pages`
--

CREATE TABLE `company_static_pages` (
  `id` bigint unsigned NOT NULL AUTO_INCREMENT,
  `created_at` timestamp NULL DEFAULT NULL,
  `updated_at` timestamp NULL DEFAULT NULL,
  PRIMARY KEY (`id`)
) ENGINE=InnoDB DEFAULT CHARSET=utf8mb4 COLLATE=utf8mb4_unicode_ci;

--
-- Dumping data for table `company_static_pages`
--


--
-- Table structure for table `company_users`
--

CREATE TABLE `company_users` (
  `id` bigint unsigned NOT NULL AUTO_INCREMENT,
  `company_id` bigint unsigned NOT NULL,
  `user_id` bigint unsigned NOT NULL,
  `status` int NOT NULL DEFAULT '1' COMMENT '0=inactive, 1=active',
  `created_at` timestamp NULL DEFAULT NULL,
  `updated_at` timestamp NULL DEFAULT NULL,
  `deleted_at` timestamp NULL DEFAULT NULL,
  PRIMARY KEY (`id`),
  KEY `company_users_company_id_foreign` (`company_id`),
  KEY `company_users_user_id_foreign` (`user_id`),
  CONSTRAINT `company_users_company_id_foreign` FOREIGN KEY (`company_id`) REFERENCES `companies` (`id`) ON DELETE CASCADE,
  CONSTRAINT `company_users_user_id_foreign` FOREIGN KEY (`user_id`) REFERENCES `users` (`id`) ON DELETE CASCADE
) ENGINE=InnoDB AUTO_INCREMENT=53 DEFAULT CHARSET=utf8mb4 COLLATE=utf8mb4_unicode_ci;

--
-- Dumping data for table `company_users`
--

INSERT INTO `company_users` VALUES (8,8,15,1,'2025-08-05 16:56:56','2025-08-05 16:56:56',NULL),(11,11,20,1,'2025-08-26 13:06:13','2025-08-26 13:06:13',NULL),(14,13,22,1,'2025-08-29 19:10:58','2025-08-29 19:10:58',NULL),(15,14,23,0,'2025-08-30 06:58:45','2025-10-02 18:50:56',NULL),(16,8,24,1,'2025-08-31 22:17:44','2025-08-31 22:17:44',NULL),(17,15,15,0,'2025-09-03 20:05:20','2025-10-07 14:15:34',NULL),(18,16,25,1,'2025-09-06 06:09:37','2025-09-06 06:09:37',NULL),(19,16,26,1,'2025-09-06 13:01:40','2025-09-06 13:01:40',NULL),(20,17,27,0,'2025-09-09 09:33:08','2025-09-11 06:52:45',NULL),(21,18,28,1,'2025-09-18 14:24:23','2025-09-18 14:24:23',NULL),(22,19,29,1,'2025-09-25 11:55:26','2025-09-25 11:55:26',NULL),(23,20,30,1,'2025-09-26 08:35:02','2025-09-26 08:35:02',NULL),(24,21,31,1,'2025-09-28 14:43:39','2025-10-02 15:48:56',NULL),(25,22,32,1,'2025-09-29 10:07:30','2025-09-29 10:07:30',NULL),(26,23,33,1,'2025-09-29 16:41:08','2025-09-29 16:41:08',NULL),(27,23,34,1,'2025-09-29 17:59:20','2025-09-29 17:59:20',NULL),(28,24,35,1,'2025-09-30 08:49:41','2025-09-30 08:49:41',NULL),(29,25,36,0,'2025-09-30 09:13:04','2025-10-02 18:50:39',NULL),(30,26,37,1,'2025-10-01 16:23:50','2025-10-01 16:23:50',NULL),(31,27,38,1,'2025-10-03 09:04:23','2025-10-03 09:04:23',NULL),(32,28,39,1,'2025-10-04 13:01:27','2025-10-04 13:01:27',NULL),(33,29,40,1,'2025-10-04 15:30:12','2025-10-04 15:30:12',NULL),(34,30,42,1,'2025-10-07 18:10:55','2025-10-07 18:10:55',NULL),(35,31,43,1,'2025-10-08 07:47:36','2025-10-08 07:47:36',NULL),(36,32,44,1,'2025-10-11 11:22:25','2025-10-11 11:22:25',NULL),(37,33,45,1,'2025-10-11 14:29:16','2025-10-11 14:29:16',NULL),(38,34,46,1,'2025-10-16 06:14:37','2025-10-16 06:14:37',NULL),(39,35,47,1,'2025-10-23 19:40:10','2025-10-23 19:40:10',NULL),(40,36,48,1,'2025-10-26 15:06:22','2025-10-26 15:06:22',NULL),(41,37,49,1,'2025-10-27 16:45:13','2025-10-27 16:45:13',NULL),(51,47,59,1,'2025-10-29 07:38:55','2025-10-29 07:38:55',NULL),(52,37,60,1,'2025-10-29 07:51:37','2025-10-29 07:51:37',NULL);

--
-- Table structure for table `company_whatsapp_scans`
--

CREATE TABLE `company_whatsapp_scans` (
  `id` bigint unsigned NOT NULL AUTO_INCREMENT,
  `company_id` int DEFAULT NULL,
  `phone` varchar(191) COLLATE utf8mb4_unicode_ci NOT NULL,
  `created_at` timestamp NULL DEFAULT NULL,
  `updated_at` timestamp NULL DEFAULT NULL,
  `deleted_at` timestamp NULL DEFAULT NULL,
  PRIMARY KEY (`id`)
) ENGINE=InnoDB AUTO_INCREMENT=6 DEFAULT CHARSET=utf8mb4 COLLATE=utf8mb4_unicode_ci;

--
-- Dumping data for table `company_whatsapp_scans`
--

INSERT INTO `company_whatsapp_scans` VALUES (1,0,'+254716100572','2025-09-10 08:04:10','2025-09-10 08:04:10',NULL),(2,0,'254716100572','2025-09-10 08:04:22','2025-09-10 08:04:22',NULL),(3,13,'+255754578434','2025-09-10 13:00:13','2025-09-10 13:00:13',NULL),(4,0,'+254796230626','2025-09-23 08:59:43','2025-09-23 08:59:43',NULL),(5,32,'+256778180076','2025-10-12 06:47:12','2025-10-12 06:47:12',NULL);

--
-- Table structure for table `customers`
--

CREATE TABLE `customers` (
  `id` bigint unsigned NOT NULL AUTO_INCREMENT,
  `phone` varchar(191) COLLATE utf8mb4_unicode_ci DEFAULT NULL,
  `first_name` varchar(191) COLLATE utf8mb4_unicode_ci DEFAULT NULL,
  `last_name` varchar(191) COLLATE utf8mb4_unicode_ci DEFAULT NULL,
  `email` varchar(191) COLLATE utf8mb4_unicode_ci DEFAULT NULL,
  `status` int NOT NULL DEFAULT '0' COMMENT '0=pending, 1=sent',
  `created_at` timestamp NULL DEFAULT NULL,
  `updated_at` timestamp NULL DEFAULT NULL,
  `deleted_at` timestamp NULL DEFAULT NULL,
  PRIMARY KEY (`id`)
) ENGINE=InnoDB AUTO_INCREMENT=3 DEFAULT CHARSET=utf8mb4 COLLATE=utf8mb4_unicode_ci;

--
-- Dumping data for table `customers`
--

INSERT INTO `customers` VALUES (1,'+2547222222222',NULL,NULL,NULL,0,'2025-08-11 23:41:45','2025-08-11 23:41:59','2025-08-11 23:41:59'),(2,NULL,NULL,NULL,NULL,0,'2025-08-11 23:43:58','2025-08-26 13:45:45',NULL);

--
-- Table structure for table `director_share_incomes`
--

CREATE TABLE `director_share_incomes` (
  `id` bigint unsigned NOT NULL AUTO_INCREMENT,
  `director_share_id` bigint unsigned NOT NULL,
  `grouped_transaction_id` bigint unsigned NOT NULL,
  `percentage_amount` decimal(8,2) NOT NULL DEFAULT '0.00',
  `amount` decimal(8,2) NOT NULL DEFAULT '0.00',
  `settled_status` int NOT NULL DEFAULT '0' COMMENT '0=pending, 1=sent',
  `created_at` timestamp NULL DEFAULT NULL,
  `updated_at` timestamp NULL DEFAULT NULL,
  `deleted_at` timestamp NULL DEFAULT NULL,
  PRIMARY KEY (`id`),
  KEY `director_share_incomes_director_share_id_foreign` (`director_share_id`),
  KEY `director_share_incomes_grouped_transaction_id_foreign` (`grouped_transaction_id`),
  CONSTRAINT `director_share_incomes_director_share_id_foreign` FOREIGN KEY (`director_share_id`) REFERENCES `director_shares` (`id`) ON DELETE CASCADE,
  CONSTRAINT `director_share_incomes_grouped_transaction_id_foreign` FOREIGN KEY (`grouped_transaction_id`) REFERENCES `grouped_transactions` (`id`) ON DELETE CASCADE
) ENGINE=InnoDB AUTO_INCREMENT=9 DEFAULT CHARSET=utf8mb4 COLLATE=utf8mb4_unicode_ci;

--
-- Dumping data for table `director_share_incomes`
--

INSERT INTO `director_share_incomes` VALUES (1,1,1,50.00,10500.00,0,'2025-08-28 06:42:22','2025-08-28 06:42:22',NULL),(2,1,2,50.00,10500.00,0,'2025-09-10 17:38:47','2025-09-10 17:38:47',NULL),(3,1,3,50.00,10500.00,0,'2025-09-18 14:40:49','2025-09-18 14:40:49',NULL),(4,1,4,50.00,10500.00,0,'2025-09-27 15:04:44','2025-09-27 15:04:44',NULL),(5,1,5,50.00,10500.00,0,'2025-10-01 12:28:16','2025-10-01 12:28:16',NULL),(6,1,6,50.00,10500.00,0,'2025-10-02 06:41:55','2025-10-02 06:41:55',NULL),(7,1,7,50.00,10500.00,0,'2025-10-03 12:19:17','2025-10-03 12:19:17',NULL),(8,1,8,50.00,10500.00,0,'2025-10-23 18:42:27','2025-10-23 18:42:27',NULL);

--
-- Table structure for table `director_share_payment_accounts`
--

CREATE TABLE `director_share_payment_accounts` (
  `id` bigint unsigned NOT NULL AUTO_INCREMENT,
  `ref_no` varchar(191) COLLATE utf8mb4_unicode_ci NOT NULL,
  `director_share_id` bigint unsigned NOT NULL,
  `payment_method_id` bigint unsigned NOT NULL,
  `bank_id` bigint unsigned DEFAULT NULL,
  `phone_account_number` varchar(191) COLLATE utf8mb4_unicode_ci DEFAULT NULL,
  `status` int NOT NULL DEFAULT '1' COMMENT '0=inactive, 1=active',
  `created_at` timestamp NULL DEFAULT NULL,
  `updated_at` timestamp NULL DEFAULT NULL,
  `deleted_at` timestamp NULL DEFAULT NULL,
  PRIMARY KEY (`id`),
  KEY `director_share_payment_accounts_director_share_id_foreign` (`director_share_id`),
  KEY `director_share_payment_accounts_payment_method_id_foreign` (`payment_method_id`),
  KEY `director_share_payment_accounts_bank_id_foreign` (`bank_id`),
  CONSTRAINT `director_share_payment_accounts_bank_id_foreign` FOREIGN KEY (`bank_id`) REFERENCES `banks` (`id`) ON DELETE CASCADE,
  CONSTRAINT `director_share_payment_accounts_director_share_id_foreign` FOREIGN KEY (`director_share_id`) REFERENCES `director_shares` (`id`) ON DELETE CASCADE,
  CONSTRAINT `director_share_payment_accounts_payment_method_id_foreign` FOREIGN KEY (`payment_method_id`) REFERENCES `payment_methods` (`id`) ON DELETE CASCADE
) ENGINE=InnoDB DEFAULT CHARSET=utf8mb4 COLLATE=utf8mb4_unicode_ci;

--
-- Dumping data for table `director_share_payment_accounts`
--


--
-- Table structure for table `director_shares`
--

CREATE TABLE `director_shares` (
  `id` bigint unsigned NOT NULL AUTO_INCREMENT,
  `ref_no` varchar(191) COLLATE utf8mb4_unicode_ci NOT NULL,
  `names` varchar(191) COLLATE utf8mb4_unicode_ci NOT NULL,
  `phone` varchar(191) COLLATE utf8mb4_unicode_ci DEFAULT NULL,
  `email` varchar(191) COLLATE utf8mb4_unicode_ci DEFAULT NULL,
  `percentage_amount` decimal(8,2) NOT NULL DEFAULT '0.00',
  `status` int NOT NULL DEFAULT '1',
  `created_at` timestamp NULL DEFAULT NULL,
  `updated_at` timestamp NULL DEFAULT NULL,
  `deleted_at` timestamp NULL DEFAULT NULL,
  PRIMARY KEY (`id`)
) ENGINE=InnoDB AUTO_INCREMENT=4 DEFAULT CHARSET=utf8mb4 COLLATE=utf8mb4_unicode_ci;

--
-- Dumping data for table `director_shares`
--

INSERT INTO `director_shares` VALUES (1,'DS001','Jared Maera','+254716100572','maerajared12@gmail.com',50.00,1,'2025-08-03 19:10:08','2025-08-03 19:10:08',NULL),(2,'DS002','Dennis Bogonko','+254720579706','bogonkomokaya92@gmail.com',30.00,1,'2025-08-03 19:10:08','2025-08-03 19:10:08',NULL),(3,'DS003','Jaem Net','0716327828','info@jaemnet.com',20.00,1,'2025-08-03 19:10:08','2025-08-03 19:10:08',NULL);

--
-- Table structure for table `escrow_transactions`
--

CREATE TABLE `escrow_transactions` (
  `id` bigint unsigned NOT NULL AUTO_INCREMENT,
  `ref_no` varchar(191) COLLATE utf8mb4_unicode_ci NOT NULL,
  `company_id` int DEFAULT NULL,
  `company_router_id` int DEFAULT NULL,
  `payment_mode_id` bigint unsigned NOT NULL,
  `phone_used` varchar(191) COLLATE utf8mb4_unicode_ci DEFAULT NULL,
  `transaction_code` varchar(191) COLLATE utf8mb4_unicode_ci DEFAULT NULL,
  `amount` decimal(8,2) NOT NULL DEFAULT '0.00',
  `checkout_id` varchar(191) COLLATE utf8mb4_unicode_ci DEFAULT NULL,
  `account_number` varchar(191) COLLATE utf8mb4_unicode_ci DEFAULT NULL,
  `created_at` timestamp NULL DEFAULT NULL,
  `updated_at` timestamp NULL DEFAULT NULL,
  `deleted_at` timestamp NULL DEFAULT NULL,
  PRIMARY KEY (`id`),
  KEY `escrow_transactions_payment_mode_id_foreign` (`payment_mode_id`),
  CONSTRAINT `escrow_transactions_payment_mode_id_foreign` FOREIGN KEY (`payment_mode_id`) REFERENCES `payment_modes` (`id`) ON DELETE CASCADE
) ENGINE=InnoDB DEFAULT CHARSET=utf8mb4 COLLATE=utf8mb4_unicode_ci;

--
-- Dumping data for table `escrow_transactions`
--


--
-- Table structure for table `expenses`
--

CREATE TABLE `expenses` (
  `id` bigint unsigned NOT NULL AUTO_INCREMENT,
  `ref_no` varchar(191) COLLATE utf8mb4_unicode_ci NOT NULL,
  `description` longtext COLLATE utf8mb4_unicode_ci NOT NULL,
  `amount` decimal(8,2) NOT NULL DEFAULT '0.00',
  `created_at` timestamp NULL DEFAULT NULL,
  `updated_at` timestamp NULL DEFAULT NULL,
  `deleted_at` timestamp NULL DEFAULT NULL,
  PRIMARY KEY (`id`)
) ENGINE=InnoDB DEFAULT CHARSET=utf8mb4 COLLATE=utf8mb4_unicode_ci;

--
-- Dumping data for table `expenses`
--


--
-- Table structure for table `failed_jobs`
--

CREATE TABLE `failed_jobs` (
  `id` bigint unsigned NOT NULL AUTO_INCREMENT,
  `uuid` varchar(191) COLLATE utf8mb4_unicode_ci NOT NULL,
  `connection` text COLLATE utf8mb4_unicode_ci NOT NULL,
  `queue` text COLLATE utf8mb4_unicode_ci NOT NULL,
  `payload` longtext COLLATE utf8mb4_unicode_ci NOT NULL,
  `exception` longtext COLLATE utf8mb4_unicode_ci NOT NULL,
  `failed_at` timestamp NOT NULL DEFAULT CURRENT_TIMESTAMP,
  PRIMARY KEY (`id`),
  UNIQUE KEY `failed_jobs_uuid_unique` (`uuid`)
) ENGINE=InnoDB DEFAULT CHARSET=utf8mb4 COLLATE=utf8mb4_unicode_ci;

--
-- Dumping data for table `failed_jobs`
--


--
-- Table structure for table `failed_transactions`
--

CREATE TABLE `failed_transactions` (
  `id` bigint unsigned NOT NULL AUTO_INCREMENT,
  `payment_mode_id` bigint unsigned NOT NULL,
  `checkout_id` varchar(191) COLLATE utf8mb4_unicode_ci NOT NULL,
  `description` longtext COLLATE utf8mb4_unicode_ci NOT NULL,
  `created_at` timestamp NULL DEFAULT NULL,
  `updated_at` timestamp NULL DEFAULT NULL,
  PRIMARY KEY (`id`),
  KEY `failed_transactions_payment_mode_id_foreign` (`payment_mode_id`),
  CONSTRAINT `failed_transactions_payment_mode_id_foreign` FOREIGN KEY (`payment_mode_id`) REFERENCES `payment_modes` (`id`) ON DELETE CASCADE
) ENGINE=InnoDB DEFAULT CHARSET=utf8mb4 COLLATE=utf8mb4_unicode_ci;

--
-- Dumping data for table `failed_transactions`
--


--
-- Table structure for table `grouped_transactions`
--

CREATE TABLE `grouped_transactions` (
  `id` bigint unsigned NOT NULL AUTO_INCREMENT,
  `ref_no` varchar(191) COLLATE utf8mb4_unicode_ci NOT NULL,
  `transaction_type` int NOT NULL DEFAULT '1' COMMENT '1=invoice, 2=sms',
  `unit_sms_price` decimal(8,2) NOT NULL DEFAULT '0.00',
  `provider_sms_price` decimal(8,2) NOT NULL DEFAULT '0.00',
  `company_id` bigint unsigned NOT NULL,
  `company_router_id` int DEFAULT NULL,
  `user_id` int DEFAULT NULL,
  `payment_mode_id` bigint unsigned NOT NULL,
  `phone_used` varchar(191) COLLATE utf8mb4_unicode_ci DEFAULT NULL,
  `transaction_code` varchar(191) COLLATE utf8mb4_unicode_ci DEFAULT NULL,
  `amount` decimal(8,2) NOT NULL DEFAULT '0.00',
  `checkout_id` varchar(191) COLLATE utf8mb4_unicode_ci DEFAULT NULL,
  `account_number` varchar(191) COLLATE utf8mb4_unicode_ci DEFAULT NULL,
  `created_at` timestamp NULL DEFAULT NULL,
  `updated_at` timestamp NULL DEFAULT NULL,
  `deleted_at` timestamp NULL DEFAULT NULL,
  PRIMARY KEY (`id`),
  KEY `grouped_transactions_company_id_foreign` (`company_id`),
  KEY `grouped_transactions_payment_mode_id_foreign` (`payment_mode_id`),
  CONSTRAINT `grouped_transactions_company_id_foreign` FOREIGN KEY (`company_id`) REFERENCES `companies` (`id`) ON DELETE CASCADE,
  CONSTRAINT `grouped_transactions_payment_mode_id_foreign` FOREIGN KEY (`payment_mode_id`) REFERENCES `payment_modes` (`id`) ON DELETE CASCADE
) ENGINE=InnoDB AUTO_INCREMENT=9 DEFAULT CHARSET=utf8mb4 COLLATE=utf8mb4_unicode_ci;

--
-- Dumping data for table `grouped_transactions`
--

INSERT INTO `grouped_transactions` VALUES (1,'8I42E6',1,0.00,0.00,11,6,1,2,NULL,'THR178AWB',21000.00,NULL,NULL,'2025-08-28 06:42:22','2025-08-28 06:42:22',NULL),(2,'8RSZVT',1,0.00,0.00,17,10,1,2,NULL,'TI62NA5R2A',21000.00,NULL,NULL,'2025-09-10 17:38:47','2025-09-10 17:38:47',NULL),(3,'8BHOI7',1,0.00,0.00,18,11,1,2,NULL,'',21000.00,NULL,NULL,'2025-09-18 14:40:49','2025-09-18 14:40:49',NULL),(4,'KANE2C',1,0.00,0.00,20,13,1,2,NULL,'TIRKH5U8DQ',21000.00,NULL,NULL,'2025-09-27 15:04:44','2025-09-27 15:04:44',NULL),(5,'4MBU7G',1,0.00,0.00,22,15,1,2,NULL,'',21000.00,NULL,NULL,'2025-10-01 12:28:16','2025-10-01 12:28:16',NULL),(6,'CW7PYX',1,0.00,0.00,23,16,1,2,NULL,'TJ1KH69JKS',21000.00,NULL,NULL,'2025-10-02 06:41:55','2025-10-02 06:41:55',NULL),(7,'THUX2L',1,0.00,0.00,27,20,1,2,NULL,'13V78007B6571820N',21000.00,NULL,NULL,'2025-10-03 12:19:16','2025-10-03 12:19:16',NULL),(8,'4JLVYP',1,0.00,0.00,29,22,1,2,NULL,'ty9r',21000.00,NULL,NULL,'2025-10-23 18:42:27','2025-10-23 18:42:27',NULL);

--
-- Table structure for table `ip_prefix_lengths`
--

CREATE TABLE `ip_prefix_lengths` (
  `id` bigint unsigned NOT NULL AUTO_INCREMENT,
  `name` varchar(191) COLLATE utf8mb4_unicode_ci NOT NULL,
  `prefix` varchar(191) COLLATE utf8mb4_unicode_ci NOT NULL,
  `created_at` timestamp NULL DEFAULT NULL,
  `updated_at` timestamp NULL DEFAULT NULL,
  `deleted_at` timestamp NULL DEFAULT NULL,
  PRIMARY KEY (`id`)
) ENGINE=InnoDB AUTO_INCREMENT=9 DEFAULT CHARSET=utf8mb4 COLLATE=utf8mb4_unicode_ci;

--
-- Dumping data for table `ip_prefix_lengths`
--

INSERT INTO `ip_prefix_lengths` VALUES (1,'8 (16,777,214 IPs)','8','2025-08-03 19:10:09','2025-08-03 19:10:09',NULL),(2,'12 (1,048,574 IPs)','12','2025-08-03 19:10:09','2025-08-03 19:10:09',NULL),(3,'16 (65,534 IPs)','16','2025-08-03 19:10:09','2025-08-03 19:10:09',NULL),(4,'20 (4,094 IPs)','20','2025-08-03 19:10:09','2025-08-03 19:10:09',NULL),(5,'24 (254 IPs)','24','2025-08-03 19:10:09','2025-08-03 19:10:09',NULL),(6,'28 (14 IPs)','28','2025-08-03 19:10:09','2025-08-03 19:10:09',NULL),(7,'30 (2 IPs)','30','2025-08-03 19:10:09','2025-08-03 19:10:09',NULL),(8,'32 (1 IP)','32','2025-08-03 19:10:09','2025-08-03 19:10:09',NULL);

--
-- Table structure for table `job_batches`
--

CREATE TABLE `job_batches` (
  `id` varchar(191) COLLATE utf8mb4_unicode_ci NOT NULL,
  `name` varchar(191) COLLATE utf8mb4_unicode_ci NOT NULL,
  `total_jobs` int NOT NULL,
  `pending_jobs` int NOT NULL,
  `failed_jobs` int NOT NULL,
  `failed_job_ids` longtext COLLATE utf8mb4_unicode_ci NOT NULL,
  `options` mediumtext COLLATE utf8mb4_unicode_ci,
  `cancelled_at` int DEFAULT NULL,
  `created_at` int NOT NULL,
  `finished_at` int DEFAULT NULL,
  PRIMARY KEY (`id`)
) ENGINE=InnoDB DEFAULT CHARSET=utf8mb4 COLLATE=utf8mb4_unicode_ci;

--
-- Dumping data for table `job_batches`
--


--
-- Table structure for table `jobs`
--

CREATE TABLE `jobs` (
  `id` bigint unsigned NOT NULL AUTO_INCREMENT,
  `queue` varchar(191) COLLATE utf8mb4_unicode_ci NOT NULL,
  `payload` longtext COLLATE utf8mb4_unicode_ci NOT NULL,
  `attempts` tinyint unsigned NOT NULL,
  `reserved_at` int unsigned DEFAULT NULL,
  `available_at` int unsigned NOT NULL,
  `created_at` int unsigned NOT NULL,
  PRIMARY KEY (`id`),
  KEY `jobs_queue_index` (`queue`)
) ENGINE=InnoDB AUTO_INCREMENT=21 DEFAULT CHARSET=utf8mb4 COLLATE=utf8mb4_unicode_ci;

--
-- Dumping data for table `jobs`
--


--
-- Table structure for table `message_modes`
--

CREATE TABLE `message_modes` (
  `id` bigint unsigned NOT NULL AUTO_INCREMENT,
  `name` varchar(191) COLLATE utf8mb4_unicode_ci NOT NULL,
  `status` int NOT NULL DEFAULT '1' COMMENT '0=inactive, 1=active',
  `created_at` timestamp NULL DEFAULT NULL,
  `updated_at` timestamp NULL DEFAULT NULL,
  `deleted_at` timestamp NULL DEFAULT NULL,
  PRIMARY KEY (`id`)
) ENGINE=InnoDB AUTO_INCREMENT=4 DEFAULT CHARSET=utf8mb4 COLLATE=utf8mb4_unicode_ci;

--
-- Dumping data for table `message_modes`
--

INSERT INTO `message_modes` VALUES (1,'SMS',1,'2025-08-03 19:10:04','2025-08-03 19:10:04',NULL),(2,'Email',1,'2025-08-03 19:10:04','2025-08-03 19:10:04',NULL),(3,'WhatsApp',1,'2025-08-03 19:10:04','2025-08-03 19:10:04',NULL);

--
-- Table structure for table `migrations`
--

CREATE TABLE `migrations` (
  `id` int unsigned NOT NULL AUTO_INCREMENT,
  `migration` varchar(191) COLLATE utf8mb4_unicode_ci NOT NULL,
  `batch` int NOT NULL,
  PRIMARY KEY (`id`)
) ENGINE=InnoDB AUTO_INCREMENT=79 DEFAULT CHARSET=utf8mb4 COLLATE=utf8mb4_unicode_ci;

--
-- Dumping data for table `migrations`
--

INSERT INTO `migrations` VALUES (1,'0001_01_01_000000_create_users_table',1),(2,'0001_01_01_000001_create_cache_table',1),(3,'0001_01_01_000002_create_jobs_table',1),(4,'2024_12_31_100452_create_permission_tables',1),(5,'2024_12_31_100952_create_companies_table',1),(6,'2024_12_31_100953_create_payment_types_table',1),(7,'2024_12_31_100954_create_transaction_frequencies_table',1),(8,'2024_12_31_101150_create_company_users_table',1),(9,'2024_12_31_101616_create_service_plans_table',1),(10,'2024_12_31_101618_create_plan_validity_types_table',1),(11,'2024_12_31_101619_create_company_routers_table',1),(12,'2024_12_31_101857_create_company_ip_pools_table',1),(13,'2024_12_31_101858_create_company_service_plans_table',1),(14,'2024_12_31_174557_create_user_verification_codes_table',1),(15,'2024_12_31_181637_create_notifications_table',1),(16,'2024_12_31_213650_create_message_modes_table',1),(17,'2024_12_31_221743_create_sms_providers_table',1),(18,'2024_12_31_221919_create_sms_requirements_table',1),(19,'2024_12_31_221940_create_sms_provider_requirements_table',1),(20,'2024_12_31_221957_create_company_sms_providers_table',1),(21,'2024_12_31_222005_create_company_sms_provider_entities_table',1),(22,'2025_01_01_122817_create_company_email_configurations_table',1),(23,'2025_01_01_173315_create_company_customers_table',1),(24,'2025_01_02_125417_create_company_prepaid_vouchers_table',1),(25,'2025_01_03_162401_create_company_prepaid_users_table',1),(26,'2025_01_03_162402_create_payment_modes_table',1),(27,'2025_01_03_163433_create_company_grouped_transactions_table',1),(28,'2025_01_08_121255_create_company_bulk_messages_table',1),(29,'2025_01_08_213530_create_banks_table',1),(30,'2025_01_08_213531_create_payment_methods_table',1),(32,'2025_01_21_025009_create_company_static_pages_table',1),(33,'2025_01_22_020910_create_personal_access_tokens_table',1),(34,'2025_01_22_021305_create_failed_transactions_table',1),(35,'2025_01_22_022710_create_company_customer_service_plans_table',1),(36,'2025_01_22_151114_create_company_customer_invoices_table',1),(37,'2025_01_22_151543_create_company_customer_invoice_payments_table',1),(38,'2025_01_22_230339_create_grouped_transactions_table',1),(39,'2025_01_22_233047_create_company_router_invoices_table',1),(40,'2025_01_22_233054_create_company_router_invoice_payments_table',1),(41,'2025_01_24_174649_create_company_customer_service_plan_previous_debt_payments_table',1),(42,'2025_01_27_232712_create_company_referrals_table',1),(43,'2025_01_28_001754_create_company_referral_payments_table',1),(44,'2025_02_04_180817_create_company_escrow_transactions_table',1),(45,'2025_02_12_105715_create_paid_users_table',1),(46,'2025_02_16_144236_create_company_sms_table',1),(47,'2025_02_16_144254_create_company_sms_usages_table',1),(48,'2025_02_16_144918_create_expenses_table',1),(49,'2025_02_23_220746_create_customers_table',1),(50,'2025_02_24_231040_create_out_messages_table',1),(51,'2025_03_04_160220_create_company_router_interfaces_table',1),(52,'2025_03_08_213801_create_escrow_transactions_table',1),(53,'2025_03_08_213802_create_director_shares_table',1),(54,'2025_03_11_190100_create_outgoing_transactions_table',1),(55,'2025_03_13_115203_create_sms_template_types_table',1),(56,'2025_03_13_115729_create_company_sms_templates_table',1),(57,'2025_03_18_003524_create_company_customer_invoice_notify_rates_table',1),(58,'2025_03_20_010357_create_company_inventories_table',1),(59,'2025_03_20_124540_create_company_whatsapp_scans_table',1),(60,'2025_03_30_212850_create_potential_customers_table',1),(61,'2025_04_02_002642_create_paybill_transactions_table',1),(62,'2025_04_04_041618_create_director_share_incomes_table',1),(63,'2025_05_04_131513_create_b2b_outgoing_transaction_charges_table',1),(64,'2025_05_04_210449_create_outgoing_transaction_entities_table',1),(65,'2025_05_05_120828_create_temporary_grouped_transactions_table',1),(66,'2025_05_06_214708_create_b2c_outgoing_transaction_charges_table',1),(67,'2025_05_22_121943_create_tickets_table',1),(68,'2025_05_23_090344_create_ip_prefix_lengths_table',1),(69,'2025_05_25_122209_add_group_to_permissions_table',1),(70,'2025_06_02_232726_create_director_share_payment_accounts_table',1),(71,'2025_06_08_143800_create_company_router_customers_table',1),(72,'2025_07_04_013141_create_company_customer_service_plan_installation_items_table',1),(73,'2025_07_04_013148_create_company_customer_service_plan_installation_item_payments_table',1),(74,'2025_07_09_032524_create_client_to_be_disconnecteds_table',1),(77,'2025_08_01_223540_create_temporary_transaction_checks_table',2),(78,'2025_01_08_213816_create_company_payment_accounts_table',3);

--
-- Table structure for table `model_has_permissions`
--

CREATE TABLE `model_has_permissions` (
  `permission_id` bigint unsigned NOT NULL,
  `model_type` varchar(191) COLLATE utf8mb4_unicode_ci NOT NULL,
  `model_id` bigint unsigned NOT NULL,
  PRIMARY KEY (`permission_id`,`model_id`,`model_type`),
  KEY `model_has_permissions_model_id_model_type_index` (`model_id`,`model_type`),
  CONSTRAINT `model_has_permissions_permission_id_foreign` FOREIGN KEY (`permission_id`) REFERENCES `permissions` (`id`) ON DELETE CASCADE
) ENGINE=InnoDB DEFAULT CHARSET=utf8mb4 COLLATE=utf8mb4_unicode_ci;

--
-- Dumping data for table `model_has_permissions`
--

INSERT INTO `model_has_permissions` VALUES (1,'App\\Models\\User',2),(1,'App\\Models\\User',3),(1,'App\\Models\\User',4),(1,'App\\Models\\User',5),(1,'App\\Models\\User',6),(1,'App\\Models\\User',7),(1,'App\\Models\\User',8),(1,'App\\Models\\User',9),(1,'App\\Models\\User',10),(1,'App\\Models\\User',11),(1,'App\\Models\\User',12),(1,'App\\Models\\User',13),(1,'App\\Models\\User',14),(1,'App\\Models\\User',15),(1,'App\\Models\\User',16),(1,'App\\Models\\User',17),(1,'App\\Models\\User',18),(1,'App\\Models\\User',19),(1,'App\\Models\\User',20),(1,'App\\Models\\User',21),(1,'App\\Models\\User',22),(1,'App\\Models\\User',23),(1,'App\\Models\\User',24),(1,'App\\Models\\User',25),(1,'App\\Models\\User',26),(1,'App\\Models\\User',27),(1,'App\\Models\\User',28),(1,'App\\Models\\User',29),(1,'App\\Models\\User',30),(1,'App\\Models\\User',31),(1,'App\\Models\\User',32),(1,'App\\Models\\User',33),(2,'App\\Models\\User',34),(1,'App\\Models\\User',35),(1,'App\\Models\\User',36),(1,'App\\Models\\User',37),(1,'App\\Models\\User',38),(1,'App\\Models\\User',39),(1,'App\\Models\\User',40),(1,'App\\Models\\User',42),(1,'App\\Models\\User',43),(1,'App\\Models\\User',44),(1,'App\\Models\\User',45),(1,'App\\Models\\User',46),(1,'App\\Models\\User',47),(1,'App\\Models\\User',48),(1,'App\\Models\\User',49),(1,'App\\Models\\User',50),(1,'App\\Models\\User',51),(1,'App\\Models\\User',52),(1,'App\\Models\\User',53),(1,'App\\Models\\User',54),(1,'App\\Models\\User',55),(1,'App\\Models\\User',56),(1,'App\\Models\\User',57),(1,'App\\Models\\User',58),(1,'App\\Models\\User',59),(2,'App\\Models\\User',60);

--
-- Table structure for table `model_has_roles`
--

CREATE TABLE `model_has_roles` (
  `role_id` bigint unsigned NOT NULL,
  `model_type` varchar(191) COLLATE utf8mb4_unicode_ci NOT NULL,
  `model_id` bigint unsigned NOT NULL,
  PRIMARY KEY (`role_id`,`model_id`,`model_type`),
  KEY `model_has_roles_model_id_model_type_index` (`model_id`,`model_type`),
  CONSTRAINT `model_has_roles_role_id_foreign` FOREIGN KEY (`role_id`) REFERENCES `roles` (`id`) ON DELETE CASCADE
) ENGINE=InnoDB DEFAULT CHARSET=utf8mb4 COLLATE=utf8mb4_unicode_ci;

--
-- Dumping data for table `model_has_roles`
--

INSERT INTO `model_has_roles` VALUES (1,'App\\Models\\User',1),(2,'App\\Models\\User',2),(2,'App\\Models\\User',3),(2,'App\\Models\\User',4),(2,'App\\Models\\User',5),(2,'App\\Models\\User',6),(2,'App\\Models\\User',7),(2,'App\\Models\\User',8),(2,'App\\Models\\User',9),(2,'App\\Models\\User',10),(2,'App\\Models\\User',11),(2,'App\\Models\\User',12),(2,'App\\Models\\User',13),(2,'App\\Models\\User',14),(2,'App\\Models\\User',15),(2,'App\\Models\\User',16),(1,'App\\Models\\User',17),(1,'App\\Models\\User',18),(1,'App\\Models\\User',19),(2,'App\\Models\\User',20),(2,'App\\Models\\User',21),(2,'App\\Models\\User',22),(2,'App\\Models\\User',23),(2,'App\\Models\\User',24),(2,'App\\Models\\User',25),(2,'App\\Models\\User',26),(2,'App\\Models\\User',27),(2,'App\\Models\\User',28),(2,'App\\Models\\User',29),(2,'App\\Models\\User',30),(2,'App\\Models\\User',31),(2,'App\\Models\\User',32),(2,'App\\Models\\User',33),(2,'App\\Models\\User',34),(2,'App\\Models\\User',35),(2,'App\\Models\\User',36),(2,'App\\Models\\User',37),(2,'App\\Models\\User',38),(2,'App\\Models\\User',39),(2,'App\\Models\\User',40),(2,'App\\Models\\User',42),(2,'App\\Models\\User',43),(2,'App\\Models\\User',44),(2,'App\\Models\\User',45),(2,'App\\Models\\User',46),(2,'App\\Models\\User',47),(2,'App\\Models\\User',48),(2,'App\\Models\\User',49),(2,'App\\Models\\User',50),(2,'App\\Models\\User',51),(2,'App\\Models\\User',52),(2,'App\\Models\\User',53),(2,'App\\Models\\User',54),(2,'App\\Models\\User',55),(2,'App\\Models\\User',56),(2,'App\\Models\\User',57),(2,'App\\Models\\User',58),(2,'App\\Models\\User',59),(2,'App\\Models\\User',60);

--
-- Table structure for table `notifications`
--

CREATE TABLE `notifications` (
  `id` bigint unsigned NOT NULL AUTO_INCREMENT,
  `company_id` int DEFAULT NULL,
  `user_id` int DEFAULT NULL,
  `title` varchar(191) COLLATE utf8mb4_unicode_ci NOT NULL,
  `content` longtext COLLATE utf8mb4_unicode_ci NOT NULL,
  `status` int NOT NULL DEFAULT '0' COMMENT '0=pending, 1=read',
  `created_at` timestamp NULL DEFAULT NULL,
  `updated_at` timestamp NULL DEFAULT NULL,
  PRIMARY KEY (`id`)
) ENGINE=InnoDB AUTO_INCREMENT=16297 DEFAULT CHARSET=utf8mb4 COLLATE=utf8mb4_unicode_ci;

--
-- Dumping data for table `notifications`
--

INSERT INTO `notifications` VALUES (16207,32,NULL,'Mikrotik Router Down','⚠️ Hi Moses Mousa, your mikrotik router - Moxetech is offline. Please check it out.',0,'2025-10-30 01:49:23','2025-10-30 01:49:23'),(16208,20,NULL,'Invoice Generated','Dear FiberNet HotSpot, this is a notification that your billing system subscription has expired. Pay Ksh 21,000 using below link; https://heritagegroup.co.ke/renew-company-router-subscription/13 ',0,'2025-10-30 07:03:42','2025-10-30 07:03:42'),(16209,21,NULL,'Invoice Generated','Dear Ernest Cheyo, this is a notification that your billing system subscription has expired. Pay Ksh 42,000 using below link; https://heritagegroup.co.ke/renew-company-router-subscription/14 ',0,'2025-10-30 07:03:42','2025-10-30 07:03:42'),(16210,22,NULL,'Invoice Generated','Dear Manyala Agalla, this is a notification that your billing system subscription is expiring tomorrow (Oct 31 2025). Please pay upfront amount of Ksh 21,000 using below link; https://heritagegroup.co.ke/renew-company-router-subscription/15',0,'2025-10-30 07:03:42','2025-10-30 07:03:42'),(16211,23,NULL,'Invoice Generated','Dear DENIS AMINI, this is a notification that your billing system subscription is expiring tomorrow (Oct 31 2025). Please pay upfront amount of Ksh 21,000 using below link; https://heritagegroup.co.ke/renew-company-router-subscription/16',0,'2025-10-30 07:03:50','2025-10-30 07:03:50'),(16212,32,NULL,'Mikrotik Router Up','✅ Hi Moses Mousa, your mikrotik router - Moxetech is back online.',0,'2025-10-30 07:33:23','2025-10-30 07:33:23'),(16213,29,NULL,'Mikrotik Router Up','✅ Hi Trekker, your mikrotik router - Trekker is back online.',1,'2025-10-30 09:12:46','2025-10-30 14:42:04'),(16214,32,NULL,'Mikrotik Router Down','⚠️ Hi Moses Mousa, your mikrotik router - Moxetech is offline. Please check it out.',0,'2025-10-30 09:49:23','2025-10-30 09:49:23'),(16215,32,NULL,'Mikrotik Router Up','✅ Hi Moses Mousa, your mikrotik router - Moxetech is back online.',0,'2025-10-30 09:52:22','2025-10-30 09:52:22'),(16216,29,NULL,'Mikrotik Router Down','⚠️ Hi Trekker, your mikrotik router - Trekker is offline. Please check it out.',1,'2025-10-30 12:14:31','2025-10-30 14:42:04'),(16217,29,NULL,'Mikrotik Router Up','✅ Hi Trekker, your mikrotik router - Trekker is back online.',1,'2025-10-30 12:27:27','2025-10-30 14:42:04'),(16218,18,NULL,'Mikrotik Router Up','✅ Hi Gilbert mushi, your mikrotik router - G NJARO is back online.',0,'2025-10-30 13:45:24','2025-10-30 13:45:24'),(16219,22,NULL,'Mikrotik Router Up','✅ Hi Manyala Agalla, your mikrotik router - Mshua Net is back online.',0,'2025-10-30 13:45:30','2025-10-30 13:45:30'),(16220,37,NULL,'Mikrotik Router Up','✅ Hi Carlos Kenyatta, your mikrotik router - Router30 is back online.',0,'2025-10-30 13:45:51','2025-10-30 13:45:51'),(16221,8,NULL,'Mikrotik Router Up','✅ Hi Erick, your mikrotik router - Ngoni Net 1 is back online.',0,'2025-10-30 13:48:51','2025-10-30 13:48:51'),(16222,20,NULL,'Mikrotik Router Up','✅ Hi FiberNet HotSpot, your mikrotik router - Mkiwa is back online.',0,'2025-10-30 13:56:39','2025-10-30 13:56:39'),(16223,20,NULL,'Mikrotik Router Down','⚠️ Hi FiberNet HotSpot, your mikrotik router - Mkiwa is offline. Please check it out.',0,'2025-10-30 13:59:40','2025-10-30 13:59:40'),(16224,20,NULL,'Mikrotik Router Up','✅ Hi FiberNet HotSpot, your mikrotik router - Mkiwa is back online.',0,'2025-10-30 14:02:39','2025-10-30 14:02:39'),(16225,37,NULL,'Mikrotik Router Down','⚠️ Hi Carlos Kenyatta, your mikrotik router - Router30 is offline. Please check it out.',0,'2025-10-30 14:07:04','2025-10-30 14:07:04'),(16226,37,NULL,'Mikrotik Router Up','✅ Hi Carlos Kenyatta, your mikrotik router - Router30 is back online.',0,'2025-10-30 14:13:02','2025-10-30 14:13:02'),(16227,8,NULL,'Mikrotik Router Up','✅ Hi Erick, your mikrotik router - Machinga Complex is back online.',0,'2025-10-30 14:51:31','2025-10-30 14:51:31'),(16228,20,NULL,'Mikrotik Router Down','⚠️ Hi FiberNet HotSpot, your mikrotik router - Mkiwa is offline. Please check it out.',0,'2025-10-30 15:12:49','2025-10-30 15:12:49'),(16229,22,NULL,'Mikrotik Router Down','⚠️ Hi Manyala Agalla, your mikrotik router - Mshua Net is offline. Please check it out.',0,'2025-10-30 15:12:53','2025-10-30 15:12:53'),(16230,37,NULL,'Mikrotik Router Down','⚠️ Hi Carlos Kenyatta, your mikrotik router - Router30 is offline. Please check it out.',0,'2025-10-30 15:13:16','2025-10-30 15:13:16'),(16231,8,NULL,'Mikrotik Router Down','⚠️ Hi Erick, your mikrotik router - Ngoni Net 1 is offline. Please check it out.',0,'2025-10-30 15:13:36','2025-10-30 15:13:36'),(16232,8,NULL,'Mikrotik Router Down','⚠️ Hi Erick, your mikrotik router - Machinga Complex is offline. Please check it out.',0,'2025-10-30 15:14:36','2025-10-30 15:14:36'),(16233,18,NULL,'Mikrotik Router Down','⚠️ Hi Gilbert mushi, your mikrotik router - G NJARO is offline. Please check it out.',0,'2025-10-30 15:18:41','2025-10-30 15:18:41'),(16234,29,NULL,'Mikrotik Router Down','⚠️ Hi Trekker, your mikrotik router - Trekker is offline. Please check it out.',0,'2025-10-30 17:25:00','2025-10-30 17:25:00'),(16235,29,NULL,'Mikrotik Router Up','✅ Hi Trekker, your mikrotik router - Trekker is back online.',0,'2025-10-30 17:28:57','2025-10-30 17:28:57'),(16236,29,NULL,'Mikrotik Router Down','⚠️ Hi Trekker, your mikrotik router - Trekker is offline. Please check it out.',0,'2025-10-30 17:52:01','2025-10-30 17:52:01'),(16237,29,NULL,'Mikrotik Router Up','✅ Hi Trekker, your mikrotik router - Trekker is back online.',0,'2025-10-30 18:22:59','2025-10-30 18:22:59'),(16238,32,NULL,'Mikrotik Router Down','⚠️ Hi Moses Mousa, your mikrotik router - Moxetech is offline. Please check it out.',0,'2025-10-30 19:45:05','2025-10-30 19:45:05'),(16239,32,NULL,'Mikrotik Router Up','✅ Hi Moses Mousa, your mikrotik router - Moxetech is back online.',0,'2025-10-30 19:49:07','2025-10-30 19:49:07'),(16240,29,NULL,'Mikrotik Router Down','⚠️ Hi Trekker, your mikrotik router - Trekker is offline. Please check it out.',0,'2025-10-30 19:50:02','2025-10-30 19:50:02'),(16241,29,NULL,'Mikrotik Router Up','✅ Hi Trekker, your mikrotik router - Trekker is back online.',0,'2025-10-30 19:55:58','2025-10-30 19:55:58'),(16242,32,NULL,'Mikrotik Router Down','⚠️ Hi Moses Mousa, your mikrotik router - Moxetech is offline. Please check it out.',0,'2025-10-30 19:56:04','2025-10-30 19:56:04'),(16243,32,NULL,'Mikrotik Router Up','✅ Hi Moses Mousa, your mikrotik router - Moxetech is back online.',0,'2025-10-30 20:00:04','2025-10-30 20:00:04'),(16244,29,NULL,'Mikrotik Router Down','⚠️ Hi Trekker, your mikrotik router - Trekker is offline. Please check it out.',0,'2025-10-30 20:05:02','2025-10-30 20:05:02'),(16245,32,NULL,'Mikrotik Router Down','⚠️ Hi Moses Mousa, your mikrotik router - Moxetech is offline. Please check it out.',0,'2025-10-30 20:05:09','2025-10-30 20:05:09'),(16246,32,NULL,'Mikrotik Router Up','✅ Hi Moses Mousa, your mikrotik router - Moxetech is back online.',0,'2025-10-30 20:08:05','2025-10-30 20:08:05'),(16247,29,NULL,'Mikrotik Router Up','✅ Hi Trekker, your mikrotik router - Trekker is back online.',0,'2025-10-30 20:15:59','2025-10-30 20:15:59'),(16248,29,NULL,'Mikrotik Router Down','⚠️ Hi Trekker, your mikrotik router - Trekker is offline. Please check it out.',0,'2025-10-30 20:28:02','2025-10-30 20:28:02'),(16249,29,NULL,'Mikrotik Router Up','✅ Hi Trekker, your mikrotik router - Trekker is back online.',0,'2025-10-30 20:40:58','2025-10-30 20:40:58'),(16250,32,NULL,'Mikrotik Router Down','⚠️ Hi Moses Mousa, your mikrotik router - Moxetech is offline. Please check it out.',0,'2025-10-30 20:48:05','2025-10-30 20:48:05'),(16251,32,NULL,'Mikrotik Router Up','✅ Hi Moses Mousa, your mikrotik router - Moxetech is back online.',0,'2025-10-30 20:51:04','2025-10-30 20:51:04'),(16252,32,NULL,'Mikrotik Router Down','⚠️ Hi Moses Mousa, your mikrotik router - Moxetech is offline. Please check it out.',0,'2025-10-30 21:26:05','2025-10-30 21:26:05'),(16253,32,NULL,'Mikrotik Router Up','✅ Hi Moses Mousa, your mikrotik router - Moxetech is back online.',0,'2025-10-30 21:29:03','2025-10-30 21:29:03'),(16254,32,NULL,'Mikrotik Router Down','⚠️ Hi Moses Mousa, your mikrotik router - Moxetech is offline. Please check it out.',0,'2025-10-30 21:39:05','2025-10-30 21:39:05'),(16255,32,NULL,'Mikrotik Router Up','✅ Hi Moses Mousa, your mikrotik router - Moxetech is back online.',0,'2025-10-30 21:42:03','2025-10-30 21:42:03'),(16256,32,NULL,'Mikrotik Router Down','⚠️ Hi Moses Mousa, your mikrotik router - Moxetech is offline. Please check it out.',0,'2025-10-30 22:15:06','2025-10-30 22:15:06'),(16257,32,NULL,'Mikrotik Router Up','✅ Hi Moses Mousa, your mikrotik router - Moxetech is back online.',0,'2025-10-30 22:18:03','2025-10-30 22:18:03'),(16258,32,NULL,'Mikrotik Router Down','⚠️ Hi Moses Mousa, your mikrotik router - Moxetech is offline. Please check it out.',0,'2025-10-31 01:01:05','2025-10-31 01:01:05'),(16259,32,NULL,'Mikrotik Router Up','✅ Hi Moses Mousa, your mikrotik router - Moxetech is back online.',0,'2025-10-31 05:37:13','2025-10-31 05:37:13'),(16260,22,NULL,'Invoice Generated','Dear Manyala Agalla, this is a notification that your billing system subscription has expired. Pay Ksh 21,000 using below link; https://heritagegroup.co.ke/renew-company-router-subscription/15 ',0,'2025-10-31 07:02:22','2025-10-31 07:02:22'),(16261,23,NULL,'Invoice Generated','Dear DENIS AMINI, this is a notification that your billing system subscription has expired. Pay Ksh 21,000 using below link; https://heritagegroup.co.ke/renew-company-router-subscription/16 ',0,'2025-10-31 07:02:23','2025-10-31 07:02:23'),(16262,27,NULL,'Mikrotik Router Down','⚠️ Hi Garcia, your mikrotik router - Twistechs is offline. Please check it out.',0,'2025-10-31 12:16:04','2025-10-31 12:16:04'),(16263,32,NULL,'Mikrotik Router Down','⚠️ Hi Moses Mousa, your mikrotik router - Moxetech is offline. Please check it out.',0,'2025-10-31 12:18:10','2025-10-31 12:18:10'),(16264,32,NULL,'Mikrotik Router Up','✅ Hi Moses Mousa, your mikrotik router - Moxetech is back online.',0,'2025-10-31 12:25:09','2025-10-31 12:25:09'),(16265,32,NULL,'Mikrotik Router Down','⚠️ Hi Moses Mousa, your mikrotik router - Moxetech is offline. Please check it out.',0,'2025-10-31 12:29:11','2025-10-31 12:29:11'),(16266,32,NULL,'Mikrotik Router Up','✅ Hi Moses Mousa, your mikrotik router - Moxetech is back online.',0,'2025-10-31 12:35:08','2025-10-31 12:35:08'),(16267,32,NULL,'Mikrotik Router Down','⚠️ Hi Moses Mousa, your mikrotik router - Moxetech is offline. Please check it out.',0,'2025-10-31 12:51:11','2025-10-31 12:51:11'),(16268,32,NULL,'Mikrotik Router Up','✅ Hi Moses Mousa, your mikrotik router - Moxetech is back online.',0,'2025-10-31 12:55:09','2025-10-31 12:55:09'),(16269,32,NULL,'Mikrotik Router Down','⚠️ Hi Moses Mousa, your mikrotik router - Moxetech is offline. Please check it out.',0,'2025-10-31 12:58:10','2025-10-31 12:58:10'),(16270,32,NULL,'Mikrotik Router Up','✅ Hi Moses Mousa, your mikrotik router - Moxetech is back online.',0,'2025-10-31 13:06:09','2025-10-31 13:06:09'),(16271,32,NULL,'Mikrotik Router Down','⚠️ Hi Moses Mousa, your mikrotik router - Moxetech is offline. Please check it out.',0,'2025-10-31 13:58:10','2025-10-31 13:58:10'),(16272,32,NULL,'Mikrotik Router Up','✅ Hi Moses Mousa, your mikrotik router - Moxetech is back online.',0,'2025-10-31 14:05:10','2025-10-31 14:05:10'),(16273,32,NULL,'Mikrotik Router Down','⚠️ Hi Moses Mousa, your mikrotik router - Moxetech is offline. Please check it out.',0,'2025-10-31 14:17:11','2025-10-31 14:17:11'),(16274,32,NULL,'Mikrotik Router Up','✅ Hi Moses Mousa, your mikrotik router - Moxetech is back online.',0,'2025-10-31 14:21:09','2025-10-31 14:21:09'),(16275,32,NULL,'Mikrotik Router Down','⚠️ Hi Moses Mousa, your mikrotik router - Moxetech is offline. Please check it out.',0,'2025-10-31 14:29:13','2025-10-31 14:29:13'),(16276,32,NULL,'Mikrotik Router Up','✅ Hi Moses Mousa, your mikrotik router - Moxetech is back online.',0,'2025-10-31 14:32:11','2025-10-31 14:32:11'),(16277,29,NULL,'Mikrotik Router Down','⚠️ Hi Trekker, your mikrotik router - Trekker is offline. Please check it out.',0,'2025-10-31 15:01:14','2025-10-31 15:01:14'),(16278,29,NULL,'Mikrotik Router Up','✅ Hi Trekker, your mikrotik router - Trekker is back online.',0,'2025-10-31 15:41:12','2025-10-31 15:41:12'),(16279,32,NULL,'Mikrotik Router Down','⚠️ Hi Moses Mousa, your mikrotik router - Moxetech is offline. Please check it out.',0,'2025-10-31 19:35:19','2025-10-31 19:35:19'),(16280,32,NULL,'Mikrotik Router Up','✅ Hi Moses Mousa, your mikrotik router - Moxetech is back online.',0,'2025-10-31 19:38:17','2025-10-31 19:38:17'),(16281,32,NULL,'Mikrotik Router Down','⚠️ Hi Moses Mousa, your mikrotik router - Moxetech is offline. Please check it out.',0,'2025-10-31 20:01:18','2025-10-31 20:01:18'),(16282,32,NULL,'Mikrotik Router Up','✅ Hi Moses Mousa, your mikrotik router - Moxetech is back online.',0,'2025-10-31 20:04:18','2025-10-31 20:04:18'),(16283,32,NULL,'Mikrotik Router Down','⚠️ Hi Moses Mousa, your mikrotik router - Moxetech is offline. Please check it out.',0,'2025-10-31 20:10:19','2025-10-31 20:10:19'),(16284,32,NULL,'Mikrotik Router Up','✅ Hi Moses Mousa, your mikrotik router - Moxetech is back online.',0,'2025-10-31 20:17:18','2025-10-31 20:17:18'),(16285,32,NULL,'Mikrotik Router Down','⚠️ Hi Moses Mousa, your mikrotik router - Moxetech is offline. Please check it out.',0,'2025-10-31 20:23:18','2025-10-31 20:23:18'),(16286,32,NULL,'Mikrotik Router Up','✅ Hi Moses Mousa, your mikrotik router - Moxetech is back online.',0,'2025-10-31 20:31:19','2025-10-31 20:31:19'),(16287,32,NULL,'Mikrotik Router Down','⚠️ Hi Moses Mousa, your mikrotik router - Moxetech is offline. Please check it out.',0,'2025-10-31 20:38:19','2025-10-31 20:38:19'),(16288,32,NULL,'Mikrotik Router Up','✅ Hi Moses Mousa, your mikrotik router - Moxetech is back online.',0,'2025-10-31 20:42:17','2025-10-31 20:42:17'),(16289,32,NULL,'Mikrotik Router Down','⚠️ Hi Moses Mousa, your mikrotik router - Moxetech is offline. Please check it out.',0,'2025-10-31 20:59:23','2025-10-31 20:59:23'),(16290,32,NULL,'Mikrotik Router Up','✅ Hi Moses Mousa, your mikrotik router - Moxetech is back online.',0,'2025-10-31 21:02:22','2025-10-31 21:02:22'),(16291,32,NULL,'Mikrotik Router Down','⚠️ Hi Moses Mousa, your mikrotik router - Moxetech is offline. Please check it out.',0,'2025-10-31 21:15:25','2025-10-31 21:15:25'),(16292,32,NULL,'Mikrotik Router Up','✅ Hi Moses Mousa, your mikrotik router - Moxetech is back online.',0,'2025-10-31 21:20:23','2025-10-31 21:20:23'),(16293,32,NULL,'Mikrotik Router Down','⚠️ Hi Moses Mousa, your mikrotik router - Moxetech is offline. Please check it out.',0,'2025-11-01 01:33:25','2025-11-01 01:33:25'),(16294,32,NULL,'Mikrotik Router Up','✅ Hi Moses Mousa, your mikrotik router - Moxetech is back online.',0,'2025-11-01 06:18:25','2025-11-01 06:18:25'),(16295,29,NULL,'Mikrotik Router Down','⚠️ Hi Trekker, your mikrotik router - Trekker is offline. Please check it out.',0,'2025-11-01 07:37:22','2025-11-01 07:37:22'),(16296,29,NULL,'Mikrotik Router Up','✅ Hi Trekker, your mikrotik router - Trekker is back online.',0,'2025-11-01 10:51:27','2025-11-01 10:51:27');

--
-- Table structure for table `out_messages`
--

CREATE TABLE `out_messages` (
  `id` bigint unsigned NOT NULL AUTO_INCREMENT,
  `message_mode_id` bigint unsigned NOT NULL,
  `phone` varchar(191) COLLATE utf8mb4_unicode_ci DEFAULT NULL,
  `email` varchar(191) COLLATE utf8mb4_unicode_ci DEFAULT NULL,
  `title` varchar(191) COLLATE utf8mb4_unicode_ci DEFAULT NULL,
  `content` longtext COLLATE utf8mb4_unicode_ci NOT NULL,
  `filename` varchar(191) COLLATE utf8mb4_unicode_ci DEFAULT NULL,
  `created_at` timestamp NULL DEFAULT NULL,
  `updated_at` timestamp NULL DEFAULT NULL,
  PRIMARY KEY (`id`),
  KEY `out_messages_message_mode_id_foreign` (`message_mode_id`),
  CONSTRAINT `out_messages_message_mode_id_foreign` FOREIGN KEY (`message_mode_id`) REFERENCES `message_modes` (`id`) ON DELETE CASCADE
) ENGINE=InnoDB AUTO_INCREMENT=18 DEFAULT CHARSET=utf8mb4 COLLATE=utf8mb4_unicode_ci;

--
-- Dumping data for table `out_messages`
--


--
-- Table structure for table `outgoing_transaction_entities`
--

CREATE TABLE `outgoing_transaction_entities` (
  `id` bigint unsigned NOT NULL AUTO_INCREMENT,
  `outgoing_transaction_id` int NOT NULL,
  `company_grouped_transaction_id` int NOT NULL,
  `amount` decimal(8,2) NOT NULL DEFAULT '0.00',
  `created_at` timestamp NULL DEFAULT NULL,
  `updated_at` timestamp NULL DEFAULT NULL,
  `deleted_at` timestamp NULL DEFAULT NULL,
  PRIMARY KEY (`id`)
) ENGINE=InnoDB AUTO_INCREMENT=13 DEFAULT CHARSET=utf8mb4 COLLATE=utf8mb4_unicode_ci;

--
-- Dumping data for table `outgoing_transaction_entities`
--

INSERT INTO `outgoing_transaction_entities` VALUES (1,1,3,210.00,'2025-08-05 19:03:36','2025-08-05 19:03:36',NULL),(2,2,4,210.00,'2025-08-06 20:02:48','2025-08-06 20:02:48',NULL),(3,3,5,1000.00,'2025-08-07 18:53:54','2025-08-07 18:53:54',NULL),(4,4,6,500.00,'2025-08-08 15:56:03','2025-08-08 15:56:03',NULL),(5,5,7,1000.00,'2025-08-09 11:05:18','2025-08-09 11:05:18',NULL),(6,6,8,500.00,'2025-08-09 13:37:14','2025-08-09 13:37:14',NULL),(7,7,9,1000.00,'2025-08-09 15:21:56','2025-08-09 15:21:56',NULL),(8,8,10,1000.00,'2025-08-10 19:09:47','2025-08-10 19:09:47',NULL),(9,9,11,1000.00,'2025-08-11 18:56:22','2025-08-11 18:56:22',NULL),(10,10,12,1000.00,'2025-08-11 19:33:37','2025-08-11 19:33:37',NULL),(11,11,13,210.00,'2025-08-14 20:20:46','2025-08-14 20:20:46',NULL),(12,12,14,1000.00,'2025-08-16 06:35:15','2025-08-16 06:35:15',NULL);

--
-- Table structure for table `outgoing_transactions`
--

CREATE TABLE `outgoing_transactions` (
  `id` bigint unsigned NOT NULL AUTO_INCREMENT,
  `ref_no` varchar(191) COLLATE utf8mb4_unicode_ci NOT NULL,
  `company_router_id` int DEFAULT NULL,
  `director_share_id` int DEFAULT NULL,
  `company_customer_invocie_id` int DEFAULT NULL,
  `user_id` int DEFAULT NULL,
  `transaction_code` varchar(191) COLLATE utf8mb4_unicode_ci NOT NULL,
  `amount` decimal(8,2) NOT NULL DEFAULT '0.00',
  `recipient` varchar(191) COLLATE utf8mb4_unicode_ci NOT NULL,
  `description` longtext COLLATE utf8mb4_unicode_ci,
  `checkout_id` varchar(191) COLLATE utf8mb4_unicode_ci DEFAULT NULL,
  `created_at` timestamp NULL DEFAULT NULL,
  `updated_at` timestamp NULL DEFAULT NULL,
  `deleted_at` timestamp NULL DEFAULT NULL,
  PRIMARY KEY (`id`)
) ENGINE=InnoDB AUTO_INCREMENT=13 DEFAULT CHARSET=utf8mb4 COLLATE=utf8mb4_unicode_ci;

--
-- Dumping data for table `outgoing_transactions`
--

INSERT INTO `outgoing_transactions` VALUES (1,'GA8S5U',2,NULL,NULL,NULL,'0964383972',210.00,'123456','Money sent to 123456 on account number 123456 ','514066','2025-08-05 19:03:36','2025-08-05 19:03:36',NULL),(2,'7YL9KT',2,NULL,NULL,NULL,'0964774233',210.00,'123456','Money sent to 123456 on account number 123456 ','151783','2025-08-06 20:02:48','2025-08-06 20:02:48',NULL),(3,'K9BH8E',2,NULL,NULL,NULL,'1307377571',1000.00,'123456','Money sent to 123456 on account number 123456 ','788624','2025-08-07 18:53:54','2025-08-07 18:53:54',NULL),(4,'8EPQ27',2,NULL,NULL,NULL,'1308639764',500.00,'123456','Money sent to 123456 on account number 123456 ','762516','2025-08-08 15:56:03','2025-08-08 15:56:03',NULL),(5,'OZP260',2,NULL,NULL,NULL,'1309788641',1000.00,'123456','Money sent to 123456 on account number 123456 ','465166','2025-08-09 11:05:18','2025-08-09 11:05:18',NULL),(6,'0ME2JD',2,NULL,NULL,NULL,'1309940132',500.00,'123456','Money sent to 123456 on account number 123456 ','320618','2025-08-09 13:37:14','2025-08-09 13:37:14',NULL),(7,'JU3FQ6',2,NULL,NULL,NULL,'1310045490',1000.00,'123456','Money sent to 123456 on account number 123456 ','184295','2025-08-09 15:21:56','2025-08-09 15:21:56',NULL),(8,'R0PHAV',2,NULL,NULL,NULL,'1311713416',1000.00,'123456','Money sent to 123456 on account number 123456 ','792168','2025-08-10 19:09:47','2025-08-10 19:09:47',NULL),(9,'Y4CP6J',2,NULL,NULL,NULL,'1313139026',1000.00,'123456','Money sent to 123456 on account number 123456 ','431003','2025-08-11 18:56:22','2025-08-11 18:56:22',NULL),(10,'58RHPU',2,NULL,NULL,NULL,'1313175196',1000.00,'123456','Money sent to 123456 on account number 123456 ','021868','2025-08-11 19:33:37','2025-08-11 19:33:37',NULL),(11,'E4FVO2',2,NULL,NULL,NULL,'0967592079',210.00,'123456','Money sent to 123456 on account number 123456 ','118106','2025-08-14 20:20:46','2025-08-14 20:20:46',NULL),(12,'1CKLJO',2,NULL,NULL,NULL,'1319598138',1000.00,'123456','Money sent to 123456 on account number 123456 ','580259','2025-08-16 06:35:15','2025-08-16 06:35:15',NULL);

--
-- Table structure for table `paid_users`
--

CREATE TABLE `paid_users` (
  `id` bigint unsigned NOT NULL AUTO_INCREMENT,
  `company_router_id` bigint unsigned DEFAULT NULL,
  `company_grouped_transaction_id` int DEFAULT NULL,
  `mac_address` varchar(191) COLLATE utf8mb4_unicode_ci NOT NULL,
  `username` varchar(191) COLLATE utf8mb4_unicode_ci NOT NULL,
  `password` varchar(191) COLLATE utf8mb4_unicode_ci NOT NULL,
  `phone` varchar(191) COLLATE utf8mb4_unicode_ci DEFAULT NULL,
  `message` longtext COLLATE utf8mb4_unicode_ci,
  `created_at` timestamp NULL DEFAULT NULL,
  `updated_at` timestamp NULL DEFAULT NULL,
  PRIMARY KEY (`id`),
  KEY `paid_users_company_router_id_foreign` (`company_router_id`),
  CONSTRAINT `paid_users_company_router_id_foreign` FOREIGN KEY (`company_router_id`) REFERENCES `company_routers` (`id`) ON DELETE CASCADE
) ENGINE=InnoDB AUTO_INCREMENT=1696 DEFAULT CHARSET=utf8mb4 COLLATE=utf8mb4_unicode_ci;

--
-- Dumping data for table `paid_users`
--

INSERT INTO `paid_users` VALUES (129,7,140,'DE:FE:99:B9:7F:F5','749353','4130','255785581266','Greetings, thank you for purchasing [plan] plan worthy 200.00. Please use [username] as the username and 4130 as your password to reconnect yourself. Your subscription expires at [expiry_date].','2025-09-01 10:47:58','2025-09-01 10:47:58'),(773,2,789,'02:C0:AF:A7:33:40','423957','3052','255761933535','Greetings, thank you for purchasing [plan] plan worthy 500.00. Please use [username] as the username and 3052 as your password to reconnect yourself. Your subscription expires at [expiry_date].','2025-09-28 21:03:05','2025-09-28 21:03:05'),(908,2,925,'F6:1D:E3:77:F2:61','958013','6479','255781692464','Greetings, thank you for purchasing [plan] plan worthy 300.00. Please use [username] as the username and 6479 as your password to reconnect yourself. Your subscription expires at [expiry_date].','2025-10-02 18:53:15','2025-10-02 18:53:15'),(954,2,971,'32:FE:B8:B0:34:56','046509','8688','255752578492','Greetings, thank you for purchasing [plan] plan worthy 500.00. Please use [username] as the username and 8688 as your password to reconnect yourself. Your subscription expires at [expiry_date].','2025-10-04 10:54:54','2025-10-04 10:54:54'),(1086,15,1103,'CA:07:EA:5F:DB:02','174984','7088','255620695938','','2025-10-08 09:55:42','2025-10-08 09:55:42'),(1524,2,1541,'82:3D:CF:B1:31:9B','447295','4937','255762697291','Greetings, thank you for purchasing [plan] plan worthy 300.00. Please use [username] as the username and 4937 as your password to reconnect yourself. Your subscription expires at [expiry_date].','2025-10-23 19:50:16','2025-10-23 19:50:16'),(1576,2,1593,'06:04:75:A8:AE:04','928664','5473','255740770996','Greetings, thank you for purchasing [plan] plan worthy 500.00. Please use [username] as the username and 5473 as your password to reconnect yourself. Your subscription expires at [expiry_date].','2025-10-25 19:08:01','2025-10-25 19:08:01'),(1593,2,1610,'B2:41:96:EA:C0:C1','185150','4340','255717109758','Greetings, thank you for purchasing [plan] plan worthy 1000.00. Please use [username] as the username and 4340 as your password to reconnect yourself. Your subscription expires at [expiry_date].','2025-10-26 12:27:41','2025-10-26 12:27:41'),(1606,2,1623,'26:C2:3C:DC:C7:89','759814','0605','255628187856','Greetings, thank you for purchasing [plan] plan worthy 1000.00. Please use [username] as the username and 0605 as your password to reconnect yourself. Your subscription expires at [expiry_date].','2025-10-26 20:29:36','2025-10-26 20:29:36'),(1628,15,1645,'1E:62:6E:B6:04:B3','555859','7048','255767967942','','2025-10-27 16:20:28','2025-10-27 16:20:28'),(1636,2,1653,'0A:47:1B:5E:1E:BC','612924','2517','255780232928','Greetings, thank you for purchasing [plan] plan worthy 5000.00. Please use [username] as the username and 2517 as your password to reconnect yourself. Your subscription expires at [expiry_date].','2025-10-27 20:08:22','2025-10-27 20:08:22'),(1662,2,1679,'3A:98:8E:E4:FF:40','775470','7990','255718522465','Greetings, thank you for purchasing [plan] plan worthy 1000.00. Please use [username] as the username and 7990 as your password to reconnect yourself. Your subscription expires at [expiry_date].','2025-10-28 16:33:32','2025-10-28 16:33:32'),(1689,2,1706,'62:79:85:2D:CD:86','307040','2898','255743745093','Greetings, thank you for purchasing [plan] plan worthy 1000.00. Please use [username] as the username and 2898 as your password to reconnect yourself. Your subscription expires at [expiry_date].','2025-10-29 10:23:46','2025-10-29 10:23:46');

--
-- Table structure for table `password_reset_tokens`
--

CREATE TABLE `password_reset_tokens` (
  `email` varchar(191) COLLATE utf8mb4_unicode_ci NOT NULL,
  `token` varchar(191) COLLATE utf8mb4_unicode_ci NOT NULL,
  `created_at` timestamp NULL DEFAULT NULL,
  PRIMARY KEY (`email`)
) ENGINE=InnoDB DEFAULT CHARSET=utf8mb4 COLLATE=utf8mb4_unicode_ci;

--
-- Dumping data for table `password_reset_tokens`
--

INSERT INTO `password_reset_tokens` VALUES ('info@twistechs.bj','$2y$12$MwwKbNXSntZDfXC2N9sHMeBGO.LHpSsIRaesQ.ghJbf3gY/cV44qi','2025-10-03 10:02:54'),('ivonirauya@gmail.com','$2y$12$gG7lXzsC9QzP2Oa569DyZeLwOWDm9zjuHdu3C01G67emcJ8XckFIq','2025-10-01 22:12:55'),('sales@iteam.co.tz','$2y$12$95fJp6sBR9iT/ns4Vx6dlOePkzrQu.v9gW/Yp14MOcnjiYSdEbfLy','2025-09-30 08:09:30');

--
-- Table structure for table `paybill_transactions`
--

CREATE TABLE `paybill_transactions` (
  `id` bigint unsigned NOT NULL AUTO_INCREMENT,
  `ref_no` varchar(191) COLLATE utf8mb4_unicode_ci NOT NULL,
  `payment_mode_id` bigint unsigned NOT NULL,
  `phone_used` varchar(191) COLLATE utf8mb4_unicode_ci DEFAULT NULL,
  `transaction_code` varchar(191) COLLATE utf8mb4_unicode_ci DEFAULT NULL,
  `amount` decimal(8,2) NOT NULL DEFAULT '0.00',
  `checkout_id` varchar(191) COLLATE utf8mb4_unicode_ci DEFAULT NULL,
  `account_number` varchar(191) COLLATE utf8mb4_unicode_ci DEFAULT NULL,
  `created_at` timestamp NULL DEFAULT NULL,
  `updated_at` timestamp NULL DEFAULT NULL,
  `deleted_at` timestamp NULL DEFAULT NULL,
  PRIMARY KEY (`id`),
  KEY `paybill_transactions_payment_mode_id_foreign` (`payment_mode_id`),
  CONSTRAINT `paybill_transactions_payment_mode_id_foreign` FOREIGN KEY (`payment_mode_id`) REFERENCES `payment_modes` (`id`) ON DELETE CASCADE
) ENGINE=InnoDB DEFAULT CHARSET=utf8mb4 COLLATE=utf8mb4_unicode_ci;

--
-- Dumping data for table `paybill_transactions`
--


--
-- Table structure for table `payment_methods`
--

CREATE TABLE `payment_methods` (
  `id` bigint unsigned NOT NULL AUTO_INCREMENT,
  `ref_no` varchar(191) COLLATE utf8mb4_unicode_ci NOT NULL,
  `name` varchar(191) COLLATE utf8mb4_unicode_ci NOT NULL,
  `status` int NOT NULL DEFAULT '1' COMMENT '0=inactive, 1=active',
  `created_at` timestamp NULL DEFAULT NULL,
  `updated_at` timestamp NULL DEFAULT NULL,
  `deleted_at` timestamp NULL DEFAULT NULL,
  PRIMARY KEY (`id`)
) ENGINE=InnoDB AUTO_INCREMENT=3 DEFAULT CHARSET=utf8mb4 COLLATE=utf8mb4_unicode_ci;

--
-- Dumping data for table `payment_methods`
--

INSERT INTO `payment_methods` VALUES (1,'0001','Selcom',1,'2025-08-03 19:10:06','2025-08-03 19:10:06',NULL);

--
-- Table structure for table `payment_modes`
--

CREATE TABLE `payment_modes` (
  `id` bigint unsigned NOT NULL AUTO_INCREMENT,
  `ref_no` varchar(191) COLLATE utf8mb4_unicode_ci NOT NULL,
  `name` varchar(191) COLLATE utf8mb4_unicode_ci NOT NULL,
  `status` int NOT NULL DEFAULT '1' COMMENT '0=inactive, 1=active',
  `created_at` timestamp NULL DEFAULT NULL,
  `updated_at` timestamp NULL DEFAULT NULL,
  `deleted_at` timestamp NULL DEFAULT NULL,
  PRIMARY KEY (`id`)
) ENGINE=InnoDB AUTO_INCREMENT=4 DEFAULT CHARSET=utf8mb4 COLLATE=utf8mb4_unicode_ci;

--
-- Dumping data for table `payment_modes`
--

INSERT INTO `payment_modes` VALUES (1,'0001','M-PESA',1,'2025-08-03 19:10:05','2025-08-03 19:10:05',NULL),(2,'0002','M-PESA (Manually)',1,'2025-08-03 19:10:05','2025-08-03 19:10:05',NULL),(3,'0003','Cash',1,'2025-08-03 19:10:05','2025-08-03 19:10:05',NULL);

--
-- Table structure for table `payment_types`
--

CREATE TABLE `payment_types` (
  `id` bigint unsigned NOT NULL AUTO_INCREMENT,
  `name` varchar(191) COLLATE utf8mb4_unicode_ci NOT NULL,
  `created_at` timestamp NULL DEFAULT NULL,
  `updated_at` timestamp NULL DEFAULT NULL,
  `deleted_at` timestamp NULL DEFAULT NULL,
  PRIMARY KEY (`id`)
) ENGINE=InnoDB AUTO_INCREMENT=3 DEFAULT CHARSET=utf8mb4 COLLATE=utf8mb4_unicode_ci;

--
-- Dumping data for table `payment_types`
--

INSERT INTO `payment_types` VALUES (1,'Fixed Amount','2025-08-03 19:10:01','2025-08-03 19:10:01',NULL),(2,'Commission Based','2025-08-03 19:10:01','2025-08-03 19:10:01',NULL);

--
-- Table structure for table `permissions`
--

CREATE TABLE `permissions` (
  `id` bigint unsigned NOT NULL AUTO_INCREMENT,
  `name` varchar(191) COLLATE utf8mb4_unicode_ci NOT NULL,
  `group` varchar(191) COLLATE utf8mb4_unicode_ci DEFAULT NULL,
  `guard_name` varchar(191) COLLATE utf8mb4_unicode_ci NOT NULL,
  `created_at` timestamp NULL DEFAULT NULL,
  `updated_at` timestamp NULL DEFAULT NULL,
  PRIMARY KEY (`id`),
  UNIQUE KEY `permissions_name_guard_name_unique` (`name`,`guard_name`)
) ENGINE=InnoDB AUTO_INCREMENT=3 DEFAULT CHARSET=utf8mb4 COLLATE=utf8mb4_unicode_ci;

--
-- Dumping data for table `permissions`
--

INSERT INTO `permissions` VALUES (1,'Administer Company',NULL,'web','2025-08-03 19:10:01','2025-08-03 19:10:01'),(2,'Staff',NULL,'web','2025-08-03 19:10:01','2025-08-03 19:10:01');

--
-- Table structure for table `personal_access_tokens`
--

CREATE TABLE `personal_access_tokens` (
  `id` bigint unsigned NOT NULL AUTO_INCREMENT,
  `tokenable_type` varchar(191) COLLATE utf8mb4_unicode_ci NOT NULL,
  `tokenable_id` bigint unsigned NOT NULL,
  `name` varchar(191) COLLATE utf8mb4_unicode_ci NOT NULL,
  `token` varchar(64) COLLATE utf8mb4_unicode_ci NOT NULL,
  `abilities` text COLLATE utf8mb4_unicode_ci,
  `last_used_at` timestamp NULL DEFAULT NULL,
  `expires_at` timestamp NULL DEFAULT NULL,
  `created_at` timestamp NULL DEFAULT NULL,
  `updated_at` timestamp NULL DEFAULT NULL,
  PRIMARY KEY (`id`),
  UNIQUE KEY `personal_access_tokens_token_unique` (`token`),
  KEY `personal_access_tokens_tokenable_type_tokenable_id_index` (`tokenable_type`,`tokenable_id`)
) ENGINE=InnoDB DEFAULT CHARSET=utf8mb4 COLLATE=utf8mb4_unicode_ci;

--
-- Dumping data for table `personal_access_tokens`
--


--
-- Table structure for table `plan_validity_types`
--

CREATE TABLE `plan_validity_types` (
  `id` bigint unsigned NOT NULL AUTO_INCREMENT,
  `ref_no` varchar(191) COLLATE utf8mb4_unicode_ci NOT NULL,
  `name` varchar(191) COLLATE utf8mb4_unicode_ci NOT NULL,
  `entity` varchar(191) COLLATE utf8mb4_unicode_ci NOT NULL,
  `created_at` timestamp NULL DEFAULT NULL,
  `updated_at` timestamp NULL DEFAULT NULL,
  `deleted_at` timestamp NULL DEFAULT NULL,
  PRIMARY KEY (`id`)
) ENGINE=InnoDB AUTO_INCREMENT=4 DEFAULT CHARSET=utf8mb4 COLLATE=utf8mb4_unicode_ci;

--
-- Dumping data for table `plan_validity_types`
--

INSERT INTO `plan_validity_types` VALUES (1,'0001','Minutes','m','2025-08-03 19:10:02','2025-08-03 19:10:02',NULL),(2,'0002','Hours','h','2025-08-03 19:10:02','2025-08-03 19:10:02',NULL),(3,'0003','Days','d','2025-08-03 19:10:02','2025-08-03 19:10:02',NULL);

--
-- Table structure for table `potential_customers`
--

CREATE TABLE `potential_customers` (
  `id` bigint unsigned NOT NULL AUTO_INCREMENT,
  `company_id` int DEFAULT NULL,
  `names` varchar(191) COLLATE utf8mb4_unicode_ci DEFAULT NULL,
  `phone` varchar(191) COLLATE utf8mb4_unicode_ci NOT NULL,
  `description` longtext COLLATE utf8mb4_unicode_ci,
  `created_at` timestamp NULL DEFAULT NULL,
  `updated_at` timestamp NULL DEFAULT NULL,
  PRIMARY KEY (`id`)
) ENGINE=InnoDB DEFAULT CHARSET=utf8mb4 COLLATE=utf8mb4_unicode_ci;

--
-- Dumping data for table `potential_customers`
--


--
-- Table structure for table `role_has_permissions`
--

CREATE TABLE `role_has_permissions` (
  `permission_id` bigint unsigned NOT NULL,
  `role_id` bigint unsigned NOT NULL,
  PRIMARY KEY (`permission_id`,`role_id`),
  KEY `role_has_permissions_role_id_foreign` (`role_id`),
  CONSTRAINT `role_has_permissions_permission_id_foreign` FOREIGN KEY (`permission_id`) REFERENCES `permissions` (`id`) ON DELETE CASCADE,
  CONSTRAINT `role_has_permissions_role_id_foreign` FOREIGN KEY (`role_id`) REFERENCES `roles` (`id`) ON DELETE CASCADE
) ENGINE=InnoDB DEFAULT CHARSET=utf8mb4 COLLATE=utf8mb4_unicode_ci;

--
-- Dumping data for table `role_has_permissions`
--


--
-- Table structure for table `roles`
--

CREATE TABLE `roles` (
  `id` bigint unsigned NOT NULL AUTO_INCREMENT,
  `name` varchar(191) COLLATE utf8mb4_unicode_ci NOT NULL,
  `guard_name` varchar(191) COLLATE utf8mb4_unicode_ci NOT NULL,
  `created_at` timestamp NULL DEFAULT NULL,
  `updated_at` timestamp NULL DEFAULT NULL,
  PRIMARY KEY (`id`),
  UNIQUE KEY `roles_name_guard_name_unique` (`name`,`guard_name`)
) ENGINE=InnoDB AUTO_INCREMENT=4 DEFAULT CHARSET=utf8mb4 COLLATE=utf8mb4_unicode_ci;

--
-- Dumping data for table `roles`
--

INSERT INTO `roles` VALUES (1,'Administrator','web','2025-08-03 19:10:01','2025-08-03 19:10:01'),(2,'Client','web','2025-08-03 19:10:01','2025-08-03 19:10:01'),(3,'Referrer','web','2025-08-03 19:10:01','2025-08-03 19:10:01');

--
-- Table structure for table `service_plans`
--

CREATE TABLE `service_plans` (
  `id` bigint unsigned NOT NULL AUTO_INCREMENT,
  `ref_no` varchar(191) COLLATE utf8mb4_unicode_ci NOT NULL,
  `name` varchar(191) COLLATE utf8mb4_unicode_ci NOT NULL,
  `status` int NOT NULL DEFAULT '1' COMMENT '0=inactive, 1=active',
  `created_at` timestamp NULL DEFAULT NULL,
  `updated_at` timestamp NULL DEFAULT NULL,
  `deleted_at` timestamp NULL DEFAULT NULL,
  PRIMARY KEY (`id`)
) ENGINE=InnoDB AUTO_INCREMENT=4 DEFAULT CHARSET=utf8mb4 COLLATE=utf8mb4_unicode_ci;

--
-- Dumping data for table `service_plans`
--

INSERT INTO `service_plans` VALUES (1,'0001','Hotspot Plans',1,'2025-08-03 19:10:02','2025-08-03 19:10:02',NULL),(2,'0002','PPPoE Plans',1,'2025-08-03 19:10:02','2025-08-03 19:10:02',NULL),(3,'0003','Static Plans',1,'2025-08-03 19:10:02','2025-08-03 19:10:02',NULL);

--
-- Table structure for table `sessions`
--

CREATE TABLE `sessions` (
  `id` varchar(191) COLLATE utf8mb4_unicode_ci NOT NULL,
  `user_id` bigint unsigned DEFAULT NULL,
  `ip_address` varchar(45) COLLATE utf8mb4_unicode_ci DEFAULT NULL,
  `user_agent` text COLLATE utf8mb4_unicode_ci,
  `payload` longtext COLLATE utf8mb4_unicode_ci NOT NULL,
  `last_activity` int NOT NULL,
  PRIMARY KEY (`id`),
  KEY `sessions_user_id_index` (`user_id`),
  KEY `sessions_last_activity_index` (`last_activity`)
) ENGINE=InnoDB DEFAULT CHARSET=utf8mb4 COLLATE=utf8mb4_unicode_ci;

--
-- Dumping data for table `sessions`
--

INSERT INTO `sessions` VALUES ('0qOJUMRSeiQs7blV8k154qDbv4euwW84fA8szkBZ',NULL,'142.250.32.41','Mozilla/5.0 (Linux; Android 10; K) AppleWebKit/537.36 (KHTML, like Gecko) Chrome/138.0.0.0 Mobile Safari/537.36 (compatible; Google-Read-Aloud; +https://support.google.com/webmasters/answer/1061943)','YTo0OntzOjY6Il90b2tlbiI7czo0MDoiM0pJTkNzeUhORlR5emtqMTkxZkh3bXNwTXpNZUgxa3ZPZGVncDRsbCI7czozOiJ1cmwiO2E6MTp7czo4OiJpbnRlbmRlZCI7czo0NDoiaHR0cHM6Ly9oZXJpdGFnZWdyb3VwLmNvLmtlL3ByZXBhaWQtdm91Y2hlcnMiO31zOjk6Il9wcmV2aW91cyI7YToxOntzOjM6InVybCI7czo0NDoiaHR0cHM6Ly9oZXJpdGFnZWdyb3VwLmNvLmtlL3ByZXBhaWQtdm91Y2hlcnMiO31zOjY6Il9mbGFzaCI7YToyOntzOjM6Im9sZCI7YTowOnt9czozOiJuZXciO2E6MDp7fX19',1761981067),('26gJRkKTVXpdiZnSkMU2OfYKIJZPFlIXNK6k83M2',NULL,'142.250.32.39','Mozilla/5.0 (Linux; Android 10; K) AppleWebKit/537.36 (KHTML, like Gecko) Chrome/138.0.0.0 Mobile Safari/537.36 (compatible; Google-Read-Aloud; +https://support.google.com/webmasters/answer/1061943)','YTo0OntzOjY6Il90b2tlbiI7czo0MDoiM3I5b2dTRnYxSElia2NxNjJwNktjRzRzaDJXQUNTbXhKU0k3TGxXbSI7czozOiJ1cmwiO2E6MTp7czo4OiJpbnRlbmRlZCI7czozMjoiaHR0cHM6Ly9oZXJpdGFnZWdyb3VwLmNvLmtlL2hvbWUiO31zOjk6Il9wcmV2aW91cyI7YToxOntzOjM6InVybCI7czozMjoiaHR0cHM6Ly9oZXJpdGFnZWdyb3VwLmNvLmtlL2hvbWUiO31zOjY6Il9mbGFzaCI7YToyOntzOjM6Im9sZCI7YTowOnt9czozOiJuZXciO2E6MDp7fX19',1761981060),('2SUyXKLb8oHJNd6Q8fgZGF7ZGjAdEDiA1SSvft95',NULL,'173.252.69.115','facebookexternalhit/1.1 (+http://www.facebook.com/externalhit_uatext.php)','YTozOntzOjY6Il90b2tlbiI7czo0MDoiMDdTYXB2cDVHaXl2RkJkWE9HbnNPYmFZcjR5Y1hEbGdtRTBPRzVveiI7czo5OiJfcHJldmlvdXMiO2E6MTp7czozOiJ1cmwiO3M6MjY6Imh0dHA6Ly9oZXJpdGFnZWdyb3VwLmNvLmtlIjt9czo2OiJfZmxhc2giO2E6Mjp7czozOiJvbGQiO2E6MDp7fXM6MzoibmV3IjthOjA6e319fQ==',1761971240),('3pqjIQH6yk1kVF30epXLs3bSyCvRrDdHOFJAtKL1',NULL,'154.30.110.47','Mozilla/5.0 (Linux; Android 10; M2006C3MNG Build/QP1A.190711.020; wv) AppleWebKit/537.36 (KHTML, like Gecko) Version/4.0 Chrome/87.0.4280.101 Mobile Safari/537.36 musical_ly_2023102050 JsSdk/1.0 NetType/4G Channel/googleplay AppName/musical_ly app_version/31.2.5 ByteLocale/ru-RU ByteFullLocale/ru-RU Region/US Spark/1.4.0.8-bugfix AppVersion/31.2.5 BytedanceWebview/d8a21c6','YTozOntzOjY6Il90b2tlbiI7czo0MDoiQXNITTh4QW41TjBJdGlucU41cUQyMkdFYXY1Z2U5aUg1ZW95UkhpUyI7czo5OiJfcHJldmlvdXMiO2E6MTp7czozOiJ1cmwiO3M6Mjc6Imh0dHBzOi8vaGVyaXRhZ2Vncm91cC5jby5rZSI7fXM6NjoiX2ZsYXNoIjthOjI6e3M6Mzoib2xkIjthOjA6e31zOjM6Im5ldyI7YTowOnt9fX0=',1761909080),('4Phfqs7XXpvIWJ1porFxsF0dHwphq3YDbXvH1toh',NULL,'142.250.32.41','Mozilla/5.0 (Linux; Android 10; K) AppleWebKit/537.36 (KHTML, like Gecko) Chrome/138.0.0.0 Mobile Safari/537.36 (compatible; Google-Read-Aloud; +https://support.google.com/webmasters/answer/1061943)','YTo0OntzOjY6Il90b2tlbiI7czo0MDoiSWg5SjRpd2RHMUNDQ1ZvbFJoWThVRkgza0F6MDZkRTc5SjdVU2VObCI7czozOiJ1cmwiO2E6MTp7czo4OiJpbnRlbmRlZCI7czo0NDoiaHR0cHM6Ly9oZXJpdGFnZWdyb3VwLmNvLmtlL3ByZXBhaWQtdm91Y2hlcnMiO31zOjk6Il9wcmV2aW91cyI7YToxOntzOjM6InVybCI7czo0NDoiaHR0cHM6Ly9oZXJpdGFnZWdyb3VwLmNvLmtlL3ByZXBhaWQtdm91Y2hlcnMiO31zOjY6Il9mbGFzaCI7YToyOntzOjM6Im9sZCI7YTowOnt9czozOiJuZXciO2E6MDp7fX19',1761933466),('50srYnSaCL3zWwzh9wFr6FJKuKwWbN3qNYVtpNtc',NULL,'94.23.188.207','Mozilla/5.0 (compatible; AhrefsBot/7.0; +http://ahrefs.com/robot/)','YTozOntzOjY6Il90b2tlbiI7czo0MDoiYkg1ZjZUb1BmUEtLdlBRenNBS29LRHg5ZmxlSU10b1dmcDRIZ1NiVSI7czo5OiJfcHJldmlvdXMiO2E6MTp7czozOiJ1cmwiO3M6MjY6Imh0dHA6Ly9oZXJpdGFnZWdyb3VwLmNvLmtlIjt9czo2OiJfZmxhc2giO2E6Mjp7czozOiJvbGQiO2E6MDp7fXM6MzoibmV3IjthOjA6e319fQ==',1761911403),('52itgwt5URhucZTVuGWRpXnRpPBLWYYutQjwNPRk',NULL,'185.191.171.5','Mozilla/5.0 (compatible; SemrushBot/7~bl; +http://www.semrush.com/bot.html)','YTozOntzOjY6Il90b2tlbiI7czo0MDoiYmltTzFUZExMQ0ZMQWRnWkxRSHRFUnYzYmVmTU84YmQ5U0lMaEhHSSI7czo5OiJfcHJldmlvdXMiO2E6MTp7czozOiJ1cmwiO3M6Mzg6Imh0dHBzOi8vaGVyaXRhZ2Vncm91cC5jby5rZS9jb250YWN0LXVzIjt9czo2OiJfZmxhc2giO2E6Mjp7czozOiJvbGQiO2E6MDp7fXM6MzoibmV3IjthOjA6e319fQ==',1761902332),('5nippprKCB2CUMb7UIsVB5Rqvyyh4FshSPQM6Q19',NULL,'66.249.79.165','Mozilla/5.0 (Linux; Android 6.0.1; Nexus 5X Build/MMB29P) AppleWebKit/537.36 (KHTML, like Gecko) Chrome/141.0.7390.122 Mobile Safari/537.36 (compatible; Googlebot/2.1; +http://www.google.com/bot.html)','YTozOntzOjY6Il90b2tlbiI7czo0MDoiT0c5d0JQazZad2dVOXVTdmtKaUc3TWRGNnBqT1FZcDZGb292aWVIYyI7czo5OiJfcHJldmlvdXMiO2E6MTp7czozOiJ1cmwiO3M6MzE6Imh0dHBzOi8vd3d3Lmhlcml0YWdlZ3JvdXAuY28ua2UiO31zOjY6Il9mbGFzaCI7YToyOntzOjM6Im9sZCI7YTowOnt9czozOiJuZXciO2E6MDp7fX19',1761923838),('6Tad0H10LKeJm2TpMH6D9lO9xVrYLhPVqsgG26Ti',NULL,'188.166.51.234','Mozilla/5.0 (X11; Linux x86_64) AppleWebKit/537.36 (KHTML, like Gecko) Chrome/139.0.0.0 Safari/537.36','YTozOntzOjY6Il90b2tlbiI7czo0MDoiS2hTSDZ5R1A5dTNTVzNlb2NheVVYSUh4OGhwQ29rZ1UzZWJxODVhbiI7czo5OiJfcHJldmlvdXMiO2E6MTp7czozOiJ1cmwiO3M6Mjc6Imh0dHBzOi8vaGVyaXRhZ2Vncm91cC5jby5rZSI7fXM6NjoiX2ZsYXNoIjthOjI6e3M6Mzoib2xkIjthOjA6e31zOjM6Im5ldyI7YTowOnt9fX0=',1761988769),('8uzPqkbj0aRQ9LOglVr4Xt2Ie7LCZ5NUt0berhbJ',NULL,'142.250.32.40','Mozilla/5.0 (Linux; Android 10; K) AppleWebKit/537.36 (KHTML, like Gecko) Chrome/138.0.0.0 Mobile Safari/537.36 (compatible; Google-Read-Aloud; +https://support.google.com/webmasters/answer/1061943)','YTozOntzOjY6Il90b2tlbiI7czo0MDoiSUJmOEMwZzhuMVo5bFB6SDBTUlU5U0t2ZkE2V2ZNdnJhQm83VHp6ZSI7czo5OiJfcHJldmlvdXMiO2E6MTp7czozOiJ1cmwiO3M6MzM6Imh0dHBzOi8vaGVyaXRhZ2Vncm91cC5jby5rZS9sb2dpbiI7fXM6NjoiX2ZsYXNoIjthOjI6e3M6Mzoib2xkIjthOjA6e31zOjM6Im5ldyI7YTowOnt9fX0=',1761933460),('99Pur2bghEZJtDo8zKAZS4GAxoCDhzVFGV9M2hIr',NULL,'4.241.111.42','','YTozOntzOjY6Il90b2tlbiI7czo0MDoiREptRldLTVRzT1pXbTFNVXlEenkya0pNWjU1UGNrZ3lQRURwVmthQyI7czo5OiJfcHJldmlvdXMiO2E6MTp7czozOiJ1cmwiO3M6NDA6Imh0dHA6Ly93d3cuaGVyaXRhZ2Vncm91cC5jby5rZS8/JTNGLnBocD0iO31zOjY6Il9mbGFzaCI7YToyOntzOjM6Im9sZCI7YTowOnt9czozOiJuZXciO2E6MDp7fX19',1761943298),('9p7nBTHN2nk4p9yvUGpSFJomG5yr6oAZ8SbzbXeO',NULL,'105.161.229.169','Mozilla/5.0 (Linux; Android 16; Pixel 6a Build/BP3A.250905.014; wv) AppleWebKit/537.36 (KHTML, like Gecko) Version/4.0 Chrome/141.0.7390.122 Mobile Safari/537.36 musical_ly_2024203040 AppName/musical_ly ByteLocale/en','YTozOntzOjY6Il90b2tlbiI7czo0MDoiSnIyWThIbVlkYXo2R2kyRFAzRno0QWVMMUtXU0JndVZYdms0ekNkTSI7czo5OiJfcHJldmlvdXMiO2E6MTp7czozOiJ1cmwiO3M6Mzg6Imh0dHBzOi8vaGVyaXRhZ2Vncm91cC5jby5rZS9jb250YWN0LXVzIjt9czo2OiJfZmxhc2giO2E6Mjp7czozOiJvbGQiO2E6MDp7fXM6MzoibmV3IjthOjA6e319fQ==',1761910621),('ChBtCBfwxhyJ0JYTXLtobEJEpHS6GLNcaLUOeV0Q',NULL,'142.250.32.41','Mozilla/5.0 (Linux; Android 10; K) AppleWebKit/537.36 (KHTML, like Gecko) Chrome/138.0.0.0 Mobile Safari/537.36 (compatible; Google-Read-Aloud; +https://support.google.com/webmasters/answer/1061943)','YTozOntzOjY6Il90b2tlbiI7czo0MDoiWjcxR0tLWXRvQXJtSkR6UWRtS1g3TTRrRWR1d3hnNkRtbGxKS1JwZSI7czo5OiJfcHJldmlvdXMiO2E6MTp7czozOiJ1cmwiO3M6MzM6Imh0dHBzOi8vaGVyaXRhZ2Vncm91cC5jby5rZS9sb2dpbiI7fXM6NjoiX2ZsYXNoIjthOjI6e3M6Mzoib2xkIjthOjA6e31zOjM6Im5ldyI7YTowOnt9fX0=',1761981067),('cOgULCloHsD1fGuCB12mhhwAENh89g7NZeS87E0f',NULL,'102.86.3.141','Mozilla/5.0 (Linux; Android 14; SM-A165F Build/UP1A.231005.007; wv) AppleWebKit/537.36 (KHTML, like Gecko) Version/4.0 Chrome/141.0.7390.97 Mobile Safari/537.36','YTozOntzOjY6Il90b2tlbiI7czo0MDoib3ptNkw2cXhZcjZKMzNWYzJRU0xURnpVeU1JZDhLbzJiWkRDaTZPdiI7czo5OiJfcHJldmlvdXMiO2E6MTp7czozOiJ1cmwiO3M6MzY6Imh0dHBzOi8vaGVyaXRhZ2Vncm91cC5jby5rZS9yZWdpc3RlciI7fXM6NjoiX2ZsYXNoIjthOjI6e3M6Mzoib2xkIjthOjA6e31zOjM6Im5ldyI7YTowOnt9fX0=',1761928816),('CwM5B3xbXtuzhWKmVyiWVt5cCT7VRFBtHAUL4ZDx',NULL,'198.244.240.64','Mozilla/5.0 (compatible; AhrefsBot/7.0; +http://ahrefs.com/robot/)','YTozOntzOjY6Il90b2tlbiI7czo0MDoiZHd6MjhvZXk1SDVINVpQRUk4SldVMms5emJQNDRyQTYxdkNBN3JGZSI7czo5OiJfcHJldmlvdXMiO2E6MTp7czozOiJ1cmwiO3M6Mzg6Imh0dHBzOi8vaGVyaXRhZ2Vncm91cC5jby5rZS9jb250YWN0LXVzIjt9czo2OiJfZmxhc2giO2E6Mjp7czozOiJvbGQiO2E6MDp7fXM6MzoibmV3IjthOjA6e319fQ==',1761980004),('d6ZHsa13rwJ0h0W9X4nlz3qgTtVhjRVLUkcz11it',NULL,'197.248.65.101','Mozilla/5.0 (Linux; Android 14; SM-A135F Build/UP1A.231005.007; wv) AppleWebKit/537.36 (KHTML, like Gecko) Version/4.0 Chrome/141.0.7390.122 Mobile Safari/537.36 musical_ly_2024203040 AppName/musical_ly ByteLocale/en-GB','YTozOntzOjY6Il90b2tlbiI7czo0MDoiSHdwbnQ4aE5EQUhtenEyeFI0TXVlVEdEb0pUTk02ZnI3aTc3RXd2aCI7czo5OiJfcHJldmlvdXMiO2E6MTp7czozOiJ1cmwiO3M6Mjc6Imh0dHBzOi8vaGVyaXRhZ2Vncm91cC5jby5rZSI7fXM6NjoiX2ZsYXNoIjthOjI6e3M6Mzoib2xkIjthOjA6e31zOjM6Im5ldyI7YTowOnt9fX0=',1761930945),('dJkcusEvHA2q70Yp0KCt6TTFzWcdBj0SaIaHrDwG',NULL,'94.23.188.218','Mozilla/5.0 (compatible; AhrefsBot/7.0; +http://ahrefs.com/robot/)','YTozOntzOjY6Il90b2tlbiI7czo0MDoicFhGa3lXcUxacVdjYzZPb2l3YW5TTmxYUkFDQlFQbWpWQUlYWHpCViI7czo5OiJfcHJldmlvdXMiO2E6MTp7czozOiJ1cmwiO3M6MjY6Imh0dHA6Ly9oZXJpdGFnZWdyb3VwLmNvLmtlIjt9czo2OiJfZmxhc2giO2E6Mjp7czozOiJvbGQiO2E6MDp7fXM6MzoibmV3IjthOjA6e319fQ==',1761943389),('Evj4FgrqK96r7DUjzYHTk2fGciBhbzksCfdQrPtb',NULL,'142.250.32.39','Mozilla/5.0 (Linux; Android 10; K) AppleWebKit/537.36 (KHTML, like Gecko) Chrome/138.0.0.0 Mobile Safari/537.36 (compatible; Google-Read-Aloud; +https://support.google.com/webmasters/answer/1061943)','YTozOntzOjY6Il90b2tlbiI7czo0MDoielV4R1g1SDQ1bjJSeHVFRGZhdVc0bklJM0FsaEg4SVhaM1kwMGZFeiI7czo5OiJfcHJldmlvdXMiO2E6MTp7czozOiJ1cmwiO3M6MzM6Imh0dHBzOi8vaGVyaXRhZ2Vncm91cC5jby5rZS9sb2dpbiI7fXM6NjoiX2ZsYXNoIjthOjI6e3M6Mzoib2xkIjthOjA6e31zOjM6Im5ldyI7YTowOnt9fX0=',1761933466),('fKkJPVhDo2lkYYPEFOVpdhE0jkpPSOgC8SFkx8V0',NULL,'52.173.235.88','Mozilla/5.0 AppleWebKit/537.36 (KHTML, like Gecko); compatible; ChatGPT-User/1.0; +https://openai.com/bot','YTozOntzOjY6Il90b2tlbiI7czo0MDoiNHh6Ynl1Y2pTVjdtSWNXT3BYa1luVDRqYnhadE5BTWZFazdNcWhNaCI7czo5OiJfcHJldmlvdXMiO2E6MTp7czozOiJ1cmwiO3M6Mjc6Imh0dHBzOi8vaGVyaXRhZ2Vncm91cC5jby5rZSI7fXM6NjoiX2ZsYXNoIjthOjI6e3M6Mzoib2xkIjthOjA6e31zOjM6Im5ldyI7YTowOnt9fX0=',1761910555),('fpZdyVBY28AsSnvmj2Nwv7IHp9cSvP1uYjCJ8HgH',NULL,'51.68.247.201','Mozilla/5.0 (compatible; AhrefsBot/7.0; +http://ahrefs.com/robot/)','YTozOntzOjY6Il90b2tlbiI7czo0MDoiblFtRUZHUUsxRHF4VlhLVVpSa3JteTc0VHBVMFJja1pjQjF2SWNRdyI7czo5OiJfcHJldmlvdXMiO2E6MTp7czozOiJ1cmwiO3M6MjY6Imh0dHA6Ly9oZXJpdGFnZWdyb3VwLmNvLmtlIjt9czo2OiJfZmxhc2giO2E6Mjp7czozOiJvbGQiO2E6MDp7fXM6MzoibmV3IjthOjA6e319fQ==',1761988665),('g3280d4yBV1PGDGkkxk90WbDsvTLoqPBDq9c0wAx',NULL,'142.250.32.41','Mozilla/5.0 (Linux; Android 10; K) AppleWebKit/537.36 (KHTML, like Gecko) Chrome/138.0.0.0 Mobile Safari/537.36 (compatible; Google-Read-Aloud; +https://support.google.com/webmasters/answer/1061943)','YTo0OntzOjY6Il90b2tlbiI7czo0MDoidnQxdGdlWWVad1htOFpPUFdmc3F0SklYbEJoRnZRbThudUdMWWF1ciI7czozOiJ1cmwiO2E6MTp7czo4OiJpbnRlbmRlZCI7czozMjoiaHR0cHM6Ly9oZXJpdGFnZWdyb3VwLmNvLmtlL2hvbWUiO31zOjk6Il9wcmV2aW91cyI7YToxOntzOjM6InVybCI7czozMjoiaHR0cHM6Ly9oZXJpdGFnZWdyb3VwLmNvLmtlL2hvbWUiO31zOjY6Il9mbGFzaCI7YToyOntzOjM6Im9sZCI7YTowOnt9czozOiJuZXciO2E6MDp7fX19',1761933460),('HdoIeWZmtWV1ONrCrY1YLCdjdx26juh80unSmzj9',NULL,'142.250.32.41','Mozilla/5.0 (Linux; Android 10; K) AppleWebKit/537.36 (KHTML, like Gecko) Chrome/138.0.0.0 Mobile Safari/537.36 (compatible; Google-Read-Aloud; +https://support.google.com/webmasters/answer/1061943)','YTozOntzOjY6Il90b2tlbiI7czo0MDoiVmVUNmJUWVRJajZyM1YxcGJNS0xxN2ZIaGExRDlZWkJXYzJ5VDZzYSI7czo5OiJfcHJldmlvdXMiO2E6MTp7czozOiJ1cmwiO3M6MzM6Imh0dHBzOi8vaGVyaXRhZ2Vncm91cC5jby5rZS9sb2dpbiI7fXM6NjoiX2ZsYXNoIjthOjI6e3M6Mzoib2xkIjthOjA6e31zOjM6Im5ldyI7YTowOnt9fX0=',1761981060),('hE1DPec14CnIx3TydHGCTaXPSz360T3YfLXiQ4fI',NULL,'188.3.71.209','Mozilla/5.0 (iPhone; CPU iPhone OS 13_2_3 like Mac OS X) AppleWebKit/605.1.15 (KHTML, like Gecko) Version/13.0.3 Mobile/15E148 Safari/604.1','YTozOntzOjY6Il90b2tlbiI7czo0MDoicE5uelJUeFVQS0J2emdTN0FTemw5Z0lPZHIwR2pWTXhLN244SDlkQiI7czo5OiJfcHJldmlvdXMiO2E6MTp7czozOiJ1cmwiO3M6Mjc6Imh0dHBzOi8vaGVyaXRhZ2Vncm91cC5jby5rZSI7fXM6NjoiX2ZsYXNoIjthOjI6e3M6Mzoib2xkIjthOjA6e31zOjM6Im5ldyI7YTowOnt9fX0=',1761902929),('htpgv4BrtesHd0CGB0qU0sRKv9jnnipUEPblsJDn',NULL,'66.249.68.67','Mozilla/5.0 (compatible; Googlebot/2.1; +http://www.google.com/bot.html)','YTozOntzOjY6Il90b2tlbiI7czo0MDoiNExCcWhXRnlwNlJ4TFRZdWxGZms4d1dQSGRJeDExaDREYXFpcHh5WSI7czo5OiJfcHJldmlvdXMiO2E6MTp7czozOiJ1cmwiO3M6MjY6Imh0dHA6Ly9oZXJpdGFnZWdyb3VwLmNvLmtlIjt9czo2OiJfZmxhc2giO2E6Mjp7czozOiJvbGQiO2E6MDp7fXM6MzoibmV3IjthOjA6e319fQ==',1761949389),('HVYNSrkIdBMXDWfIWHWTpMB3FzC2G1cJATV4zObQ',NULL,'74.7.227.213','Mozilla/5.0 AppleWebKit/537.36 (KHTML, like Gecko; compatible; GPTBot/1.2; +https://openai.com/gptbot)','YTozOntzOjY6Il90b2tlbiI7czo0MDoiUVYxenUzMVR3dG5FZXQ0eHRtSlpBNEtPM3JrY2k1bm51cWt4NUt3TiI7czo5OiJfcHJldmlvdXMiO2E6MTp7czozOiJ1cmwiO3M6NTI6Imh0dHBzOi8vd3d3Lmhlcml0YWdlZ3JvdXAuY28ua2UvdGVybXMtYW5kLWNvbmRpdGlvbnMiO31zOjY6Il9mbGFzaCI7YToyOntzOjM6Im9sZCI7YTowOnt9czozOiJuZXciO2E6MDp7fX19',1761971378),('iP1LNOiM0efxQi8Z6LttTME3S0ZCdic3u4Gtlqku',NULL,'102.6.7.16','Mozilla/5.0 (Linux; Android 14; KB2001 Build/UKQ1.230924.001; wv) AppleWebKit/537.36 (KHTML, like Gecko) Version/4.0 Chrome/141.0.7390.97 Mobile Safari/537.36 musical_ly_2024109030 AppName/musical_ly ByteLocale/en','YTozOntzOjY6Il90b2tlbiI7czo0MDoiSXV1TDl0NmIzUE1MVzlyNGhIQ2dmdFREU3NmTkZUVVlkVWRGMmduWCI7czo5OiJfcHJldmlvdXMiO2E6MTp7czozOiJ1cmwiO3M6Mjc6Imh0dHBzOi8vaGVyaXRhZ2Vncm91cC5jby5rZSI7fXM6NjoiX2ZsYXNoIjthOjI6e3M6Mzoib2xkIjthOjA6e31zOjM6Im5ldyI7YTowOnt9fX0=',1761936173),('iYuAx9O7ZkmfY94bWdrPNYBBresxtmF576qyNiZz',NULL,'3.249.111.167','Mozilla/4.0 (compatible; Netcraft Web Server Survey)','YToyOntzOjY6Il90b2tlbiI7czo0MDoiMElFRkRaZHZZWXY4dGdzRGNwV2hCNk9jUnlZUFZsQmxaNExEcG1FZSI7czo2OiJfZmxhc2giO2E6Mjp7czozOiJvbGQiO2E6MDp7fXM6MzoibmV3IjthOjA6e319fQ==',1761928654),('izuVWS6zrRkGlyxQApO5uDHfPzBCbCCcgs1ubZAp',NULL,'74.7.227.91','Mozilla/5.0 AppleWebKit/537.36 (KHTML, like Gecko; compatible; GPTBot/1.2; +https://openai.com/gptbot)','YTozOntzOjY6Il90b2tlbiI7czo0MDoiZU1lbWxiWkx6bUlzUFNLU0Z0NkRrVnJuWkxvU0RmcXhmMkxKQ3pCWiI7czo5OiJfcHJldmlvdXMiO2E6MTp7czozOiJ1cmwiO3M6NDY6Imh0dHA6Ly93d3cuYmlsbGluZy5qYWVtdGVjaG5vbG9naWVzLmNvbS9wdWJsaWMiO31zOjY6Il9mbGFzaCI7YToyOntzOjM6Im9sZCI7YTowOnt9czozOiJuZXciO2E6MDp7fX19',1761987049),('jFcdRBL3P7Ahs4fLJah1MNRrzvvnEV26LDVO8ule',NULL,'165.16.171.71','Mozilla/5.0 (Linux; Android 14; SM-A045F Build/UP1A.231005.007; wv) AppleWebKit/537.36 (KHTML, like Gecko) Version/4.0 Chrome/141.0.7390.122 Mobile Safari/537.36 Channel/release AppName/ultralite app_version/41.1.2 Region/ZA ByteLocale/en ByteFullLocale/en Spark/1.8.4-alpha.29-lite AppVersion/41.1.2  PIA/2.8.4','YTozOntzOjY6Il90b2tlbiI7czo0MDoib3A1Ynd4cGJmeXdEZ2dsUGloOWxaU2daaThDNUZSN0RPVmkxWXl4ZSI7czo5OiJfcHJldmlvdXMiO2E6MTp7czozOiJ1cmwiO3M6Mjc6Imh0dHBzOi8vaGVyaXRhZ2Vncm91cC5jby5rZSI7fXM6NjoiX2ZsYXNoIjthOjI6e3M6Mzoib2xkIjthOjA6e31zOjM6Im5ldyI7YTowOnt9fX0=',1761966215),('jjOelpfDenNBSXlfQpreaYgurIZnG7xJpSr6MsHv',NULL,'180.102.134.69','Mozilla/5.0 (iPhone; CPU iPhone OS 13_2_3 like Mac OS X) AppleWebKit/605.1.15 (KHTML, like Gecko) Version/13.0.3 Mobile/15E148 Safari/604.1','YTozOntzOjY6Il90b2tlbiI7czo0MDoielByMlZTYmF3aFl2UzVKODBwaEdPOWM2M3JpS1pndTZUQndKdGp6biI7czo5OiJfcHJldmlvdXMiO2E6MTp7czozOiJ1cmwiO3M6MzA6Imh0dHA6Ly93d3cuaGVyaXRhZ2Vncm91cC5jby5rZSI7fXM6NjoiX2ZsYXNoIjthOjI6e3M6Mzoib2xkIjthOjA6e31zOjM6Im5ldyI7YTowOnt9fX0=',1761933880),('K8Q5jPQY1mypiEQ86tpIFY5iY2A2ws9SErt5iC9E',NULL,'74.7.227.171','Mozilla/5.0 AppleWebKit/537.36 (KHTML, like Gecko; compatible; GPTBot/1.2; +https://openai.com/gptbot)','YTozOntzOjY6Il90b2tlbiI7czo0MDoieVZlNUFlOVo0YXM1cTZuOEloYkxuWFNtRVVTc0N1UjdrQ1JONFliVCI7czo5OiJfcHJldmlvdXMiO2E6MTp7czozOiJ1cmwiO3M6NDg6Imh0dHBzOi8vaGVyaXRhZ2Vncm91cC5jby5rZS90ZXJtcy1hbmQtY29uZGl0aW9ucyI7fXM6NjoiX2ZsYXNoIjthOjI6e3M6Mzoib2xkIjthOjA6e31zOjM6Im5ldyI7YTowOnt9fX0=',1761969365),('KwjWnLEKDl0tBXQ5oP6qvSRqw3wPF1KiUnGbPT5X',NULL,'105.161.229.169','Mozilla/5.0 (X11; Linux x86_64) AppleWebKit/537.36 (KHTML, like Gecko) Chrome/141.0.0.0 Safari/537.36','YToyOntzOjY6Il90b2tlbiI7czo0MDoicXFtek1JZ0xNSFdHT2xYMkVDcVJ5U2xudlpPSzQybG5RcDRNZW5yNyI7czo2OiJfZmxhc2giO2E6Mjp7czozOiJvbGQiO2E6MDp7fXM6MzoibmV3IjthOjA6e319fQ==',1761910638),('lOEYUkjVjwSK8a41ApSOOqlsstXSliBAEz4qkDkv',NULL,'164.151.138.194','Mozilla/5.0 (Linux; Android 11; Hisense U964 Build/RP1A.201005.001; wv) AppleWebKit/537.36 (KHTML, like Gecko) Version/4.0 Chrome/141.0.7390.122 Mobile Safari/537.36 Channel/release AppName/ultralite app_version/41.1.2 Region/ZA ByteLocale/en ByteFullLocale/en Spark/1.8.4-alpha.29-lite AppVersion/41.1.2  PIA/2.8.4','YTozOntzOjY6Il90b2tlbiI7czo0MDoiQ25Qd1FXdGJZdmJrWm5nRE1EUVNyTjJ0QnAwMjViVUFhcXkwTWVOaCI7czo5OiJfcHJldmlvdXMiO2E6MTp7czozOiJ1cmwiO3M6Mjc6Imh0dHBzOi8vaGVyaXRhZ2Vncm91cC5jby5rZSI7fXM6NjoiX2ZsYXNoIjthOjI6e3M6Mzoib2xkIjthOjA6e31zOjM6Im5ldyI7YTowOnt9fX0=',1761969738),('luQflv3yCApZvibLBeH79qVqlnfzX5hOiw1vEEFG',NULL,'66.220.149.8','facebookexternalhit/1.1 (+http://www.facebook.com/externalhit_uatext.php)','YTozOntzOjY6Il90b2tlbiI7czo0MDoiNmdkUjRVYWpMZHJvanphWGRld1N6MFJzY0ZpTFgzSDBqTTFISkpKYiI7czo5OiJfcHJldmlvdXMiO2E6MTp7czozOiJ1cmwiO3M6MzY6Imh0dHBzOi8vaGVyaXRhZ2Vncm91cC5jby5rZS9hYm91dC11cyI7fXM6NjoiX2ZsYXNoIjthOjI6e3M6Mzoib2xkIjthOjA6e31zOjM6Im5ldyI7YTowOnt9fX0=',1761913400),('MTgw4PFwv54cgDD0RKXiDCejkO016ZdsYXYbXdYB',NULL,'162.120.187.112','Mozilla/5.0 (Linux; Android 10; K) AppleWebKit/537.36 (KHTML, like Gecko) Chrome/141.0.0.0 Mobile Safari/537.36','YTozOntzOjY6Il90b2tlbiI7czo0MDoiSFRxQ1FabEkyV3V2U0tjclVsREZ0bjh6elN3V0UxcEdLU2lWbTV3byI7czo5OiJfcHJldmlvdXMiO2E6MTp7czozOiJ1cmwiO3M6MzE6Imh0dHBzOi8vd3d3Lmhlcml0YWdlZ3JvdXAuY28ua2UiO31zOjY6Il9mbGFzaCI7YToyOntzOjM6Im9sZCI7YTowOnt9czozOiJuZXciO2E6MDp7fX19',1761977624),('MtgxwrJV8ZGDzVkFN2CSrPNPDGuArwSeX8MbwyfQ',NULL,'74.7.227.186','Mozilla/5.0 AppleWebKit/537.36 (KHTML, like Gecko; compatible; GPTBot/1.2; +https://openai.com/gptbot)','YTozOntzOjY6Il90b2tlbiI7czo0MDoiTHhFekgwWmhxdjNyVFY0YkhxanRxNzJZbm1rdEthekd6clhRNFBjcyI7czo5OiJfcHJldmlvdXMiO2E6MTp7czozOiJ1cmwiO3M6NDI6Imh0dHA6Ly9iaWxsaW5nLmphZW10ZWNobm9sb2dpZXMuY29tL3B1YmxpYyI7fXM6NjoiX2ZsYXNoIjthOjI6e3M6Mzoib2xkIjthOjA6e31zOjM6Im5ldyI7YTowOnt9fX0=',1761986519),('NheNmWwh7vpiWQJIZUpxqA7xzEZ96VjNZyJ9zf6q',NULL,'54.37.118.89','Mozilla/5.0 (compatible; AhrefsBot/7.0; +http://ahrefs.com/robot/)','YTozOntzOjY6Il90b2tlbiI7czo0MDoiekU0aXJYU0QwM3puWTVJN3dzaHJnQkJTTlNBcGpQTG1maXpxZ1hpUiI7czo5OiJfcHJldmlvdXMiO2E6MTp7czozOiJ1cmwiO3M6MjY6Imh0dHA6Ly9oZXJpdGFnZWdyb3VwLmNvLmtlIjt9czo2OiJfZmxhc2giO2E6Mjp7czozOiJvbGQiO2E6MDp7fXM6MzoibmV3IjthOjA6e319fQ==',1761901001),('NM5zs9ph3BObi0RUEbCbjCjRtAyCunCLyxRQzooh',NULL,'197.232.123.149','Mozilla/5.0 (Windows NT 10.0; Win64; x64) AppleWebKit/537.36 (KHTML, like Gecko) Chrome/141.0.0.0 Safari/537.36','YTozOntzOjY6Il90b2tlbiI7czo0MDoiRGpraXlHSG5NOUZuUUQ1aFFtYml1dXNBOW9CakcwbHY0TnNmY1lDSSI7czo5OiJfcHJldmlvdXMiO2E6MTp7czozOiJ1cmwiO3M6NDA6Imh0dHBzOi8vd3d3Lmhlcml0YWdlZ3JvdXAuY28ua2UvYWJvdXQtdXMiO31zOjY6Il9mbGFzaCI7YToyOntzOjM6Im9sZCI7YTowOnt9czozOiJuZXciO2E6MDp7fX19',1761910646),('o15d1cNuJoh8U24KbTm0hDZVQAOsj0mUha4KQk4C',NULL,'106.227.49.113','Mozilla/5.0 (iPhone; CPU iPhone OS 13_2_3 like Mac OS X) AppleWebKit/605.1.15 (KHTML, like Gecko) Version/13.0.3 Mobile/15E148 Safari/604.1','YTozOntzOjY6Il90b2tlbiI7czo0MDoidWZDcktoRkUzRzFMQ1ZObm9YTGhSQWZ1YkY2ODd1U3BTOHZVeUtLayI7czo5OiJfcHJldmlvdXMiO2E6MTp7czozOiJ1cmwiO3M6MjY6Imh0dHA6Ly9oZXJpdGFnZWdyb3VwLmNvLmtlIjt9czo2OiJfZmxhc2giO2E6Mjp7czozOiJvbGQiO2E6MDp7fXM6MzoibmV3IjthOjA6e319fQ==',1761911093),('OVtl0fqao5k7wRYL7ysUwrxqCsG4GCnM8mipgycJ',NULL,'74.7.227.91','Mozilla/5.0 AppleWebKit/537.36 (KHTML, like Gecko; compatible; GPTBot/1.2; +https://openai.com/gptbot)','YTozOntzOjY6Il90b2tlbiI7czo0MDoiZGpEbEIzOXZ1ZFd5VmpaR2R0VENGbUM1Z1VlUEtuZEN4RzcxTHZ1NSI7czo5OiJfcHJldmlvdXMiO2E6MTp7czozOiJ1cmwiO3M6NDY6Imh0dHA6Ly93d3cuYmlsbGluZy5qYWVtdGVjaG5vbG9naWVzLmNvbS9wdWJsaWMiO31zOjY6Il9mbGFzaCI7YToyOntzOjM6Im9sZCI7YTowOnt9czozOiJuZXciO2E6MDp7fX19',1761986725),('Ovue2UtLe9rqBXs8Qii8KEPCxmFYQIbsc9tqJZj9',NULL,'94.23.188.205','Mozilla/5.0 (compatible; AhrefsBot/7.0; +http://ahrefs.com/robot/)','YTozOntzOjY6Il90b2tlbiI7czo0MDoiQ1U3TDF4bUJIZGxyd3d4dnNYemVXSEMyVHdyM0pEMGp2eUhqTHhVcCI7czo5OiJfcHJldmlvdXMiO2E6MTp7czozOiJ1cmwiO3M6MjY6Imh0dHA6Ly9oZXJpdGFnZWdyb3VwLmNvLmtlIjt9czo2OiJfZmxhc2giO2E6Mjp7czozOiJvbGQiO2E6MDp7fXM6MzoibmV3IjthOjA6e319fQ==',1761922659),('oY7A50TGjAlRqAQpGERXXVTrZk0Kkza4GRL6Z798',NULL,'43.166.226.186','Mozilla/5.0 (iPhone; CPU iPhone OS 13_2_3 like Mac OS X) AppleWebKit/605.1.15 (KHTML, like Gecko) Version/13.0.3 Mobile/15E148 Safari/604.1','YTozOntzOjY6Il90b2tlbiI7czo0MDoiRjJNS3l1Vzk3UVhuVm9nd1Vxd0F4TFpKWGtZeTBLeWVsRmVaaU5NayI7czo5OiJfcHJldmlvdXMiO2E6MTp7czozOiJ1cmwiO3M6MjY6Imh0dHA6Ly9oZXJpdGFnZWdyb3VwLmNvLmtlIjt9czo2OiJfZmxhc2giO2E6Mjp7czozOiJvbGQiO2E6MDp7fXM6MzoibmV3IjthOjA6e319fQ==',1761972865),('pAws93KBwp6RtMwu3ZITUrTJSrla7HxK5i6yJ9mU',NULL,'102.254.145.19','Mozilla/5.0 (Linux; Android 12; GFY-LX1 Build/HUAWEIGFY-LX1; wv) AppleWebKit/537.36 (KHTML, like Gecko) Version/4.0 Chrome/114.0.5735.196 Mobile Safari/537.36 Channel/release AppName/ultralite app_version/41.0.3 Region/ZA ByteLocale/en ByteFullLocale/en Spark/1.8.4-alpha.29-lite AppVersion/41.0.3  PIA/2.8.4','YTozOntzOjY6Il90b2tlbiI7czo0MDoidUFDMHk0ZlA1eFprbE51bXJmTUNtOTNmUHowQWtXYnlac1dORDdFVyI7czo5OiJfcHJldmlvdXMiO2E6MTp7czozOiJ1cmwiO3M6Mjc6Imh0dHBzOi8vaGVyaXRhZ2Vncm91cC5jby5rZSI7fXM6NjoiX2ZsYXNoIjthOjI6e3M6Mzoib2xkIjthOjA6e31zOjM6Im5ldyI7YTowOnt9fX0=',1761960111),('pUhSJq2uMShVJfMhwflSmzfjQa0UUSDtVvmNxhwL',NULL,'102.164.215.110','Mozilla/5.0 (Linux; Android 14; JDY-LX2 Build/HONORJDY-L52; wv) AppleWebKit/537.36 (KHTML, like Gecko) Version/4.0 Chrome/141.0.7390.122 Mobile Safari/537.36 Channel/release AppName/ultralite app_version/41.1.2 Region/ZA ByteLocale/en ByteFullLocale/en Spark/1.8.4-alpha.29-lite AppVersion/41.1.2  PIA/2.8.4','YTozOntzOjY6Il90b2tlbiI7czo0MDoiT0hXSnREZ2ltWmNhNk1YQlo4eFRlcG9lRW9HSUhURFB3V1l0M08zaCI7czo5OiJfcHJldmlvdXMiO2E6MTp7czozOiJ1cmwiO3M6Mjc6Imh0dHBzOi8vaGVyaXRhZ2Vncm91cC5jby5rZSI7fXM6NjoiX2ZsYXNoIjthOjI6e3M6Mzoib2xkIjthOjA6e31zOjM6Im5ldyI7YTowOnt9fX0=',1761973252),('qe6QdH1JyD4MyCXG1iM1AzT6vdL5jjHC8yZZRUDs',44,'41.210.155.40','Mozilla/5.0 (Linux; Android 10; K) AppleWebKit/537.36 (KHTML, like Gecko) Chrome/141.0.0.0 Mobile Safari/537.36','[encoded data, 9676 characters]',1761940201),('RuBWtoarVqEPlVzNHXxvBR3eW2EBlF7ARUcNOd9P',NULL,'3.238.157.34','Mozilla/5.0 (Windows NT 10.0; Win64; x64) AppleWebKit/537.36 (KHTML, like Gecko) Chrome/104.0.0.0 Safari/537.36','YTozOntzOjY6Il90b2tlbiI7czo0MDoiSXZ2SXVVeGlHRUJTaWJhSElWNkRmQm93MWFZRE1UQkNTYmFBNXZpayI7czo5OiJfcHJldmlvdXMiO2E6MTp7czozOiJ1cmwiO3M6MjY6Imh0dHA6Ly9oZXJpdGFnZWdyb3VwLmNvLmtlIjt9czo2OiJfZmxhc2giO2E6Mjp7czozOiJvbGQiO2E6MDp7fXM6MzoibmV3IjthOjA6e319fQ==',1761976302),('SyhWTRH99JY8lZnBsXSJLndpG6YfQpq17TkfIjWH',NULL,'173.254.215.92','libredtail-http','YTozOntzOjY6Il90b2tlbiI7czo0MDoiWWxxMXRjclNjSkc5amRJNnJXa0ZUeVNaZUV4ekVKcXA4a2xLaWR3UCI7czo5OiJfcHJldmlvdXMiO2E6MTp7czozOiJ1cmwiO3M6MTUzOiJodHRwOi8vMTYxLjk3LjE3NC4yMC9wdWJsaWMvaW5kZXgucGhwP2Z1bmN0aW9uPWNhbGxfdXNlcl9mdW5jX2FycmF5JnM9JTJGaW5kZXglMkYlNUN0aGluayU1Q2FwcCUyRmludm9rZWZ1bmN0aW9uJnZhcnMlNUIwJTVEPW1kNSZ2YXJzJTVCMSU1RCU1QjAlNUQ9SGVsbG8iO31zOjY6Il9mbGFzaCI7YToyOntzOjM6Im9sZCI7YTowOnt9czozOiJuZXciO2E6MDp7fX19',1761943429),('TD1t6sizNtUmJqXibfUzuUY5XQYbU6tmVabs8DUT',NULL,'5.39.1.224','Mozilla/5.0 (compatible; AhrefsBot/7.0; +http://ahrefs.com/robot/)','YTozOntzOjY6Il90b2tlbiI7czo0MDoiTXJNWEFyTE1yRFBtcUNTaFJZRWFMT1N5dmRhY2E5UnFHdFdleUhMUSI7czo5OiJfcHJldmlvdXMiO2E6MTp7czozOiJ1cmwiO3M6MjY6Imh0dHA6Ly9oZXJpdGFnZWdyb3VwLmNvLmtlIjt9czo2OiJfZmxhc2giO2E6Mjp7czozOiJvbGQiO2E6MDp7fXM6MzoibmV3IjthOjA6e319fQ==',1761965295),('TFgtuuwezYkzpzJhwG32qykZ74bIihjubemcZ2S1',NULL,'17.22.245.138','Mozilla/5.0 (Macintosh; Intel Mac OS X 10_15_7) AppleWebKit/605.1.15 (KHTML, like Gecko) Version/17.4 Safari/605.1.15 (Applebot/0.1; +http://www.apple.com/go/applebot)','YTozOntzOjY6Il90b2tlbiI7czo0MDoicmdoQlU2d1NhR0ZFYkxORUIwOUEyb3VZcXNJUldqaFA1RlVyM3N2VSI7czo5OiJfcHJldmlvdXMiO2E6MTp7czozOiJ1cmwiO3M6Mjc6Imh0dHBzOi8vaGVyaXRhZ2Vncm91cC5jby5rZSI7fXM6NjoiX2ZsYXNoIjthOjI6e3M6Mzoib2xkIjthOjA6e31zOjM6Im5ldyI7YTowOnt9fX0=',1761987974),('TI5P9HFALJAF31AeruvFfAMeZfBrd0TEJgjgtjAB',NULL,'102.32.30.132','Mozilla/5.0 (Linux; Android 14; SM-A057F Build/UP1A.231005.007; wv) AppleWebKit/537.36 (KHTML, like Gecko) Version/4.0 Chrome/141.0.7390.97 Mobile Safari/537.36 musical_ly_2024203030 AppName/musical_ly ByteLocale/en-GB','YTozOntzOjY6Il90b2tlbiI7czo0MDoiMnR2QU9uVVRmS2g3ZXZJOVh6blZYU1hheDZINzk4SVl1UW9pVGlmUSI7czo5OiJfcHJldmlvdXMiO2E6MTp7czozOiJ1cmwiO3M6Mjc6Imh0dHBzOi8vaGVyaXRhZ2Vncm91cC5jby5rZSI7fXM6NjoiX2ZsYXNoIjthOjI6e3M6Mzoib2xkIjthOjA6e31zOjM6Im5ldyI7YTowOnt9fX0=',1761969110),('tOys2QAopIr3DYfQ0FN71hnZpxKYYxbHnEG30JvN',NULL,'66.249.68.65','Mozilla/5.0 (Linux; Android 6.0.1; Nexus 5X Build/MMB29P) AppleWebKit/537.36 (KHTML, like Gecko) Chrome/99.0.4844.84 Mobile Safari/537.36 (compatible; Googlebot/2.1; +http://www.google.com/bot.html)','YTozOntzOjY6Il90b2tlbiI7czo0MDoidENwUHd0Q1JUUjE4UHBaME1zWnVRaGUwclE1Y05ER1BhOFRtbFFoZSI7czo5OiJfcHJldmlvdXMiO2E6MTp7czozOiJ1cmwiO3M6Mjc6Imh0dHBzOi8vaGVyaXRhZ2Vncm91cC5jby5rZSI7fXM6NjoiX2ZsYXNoIjthOjI6e3M6Mzoib2xkIjthOjA6e31zOjM6Im5ldyI7YTowOnt9fX0=',1761949411),('UjOx34MXY4J3DCG6nZKW8aWXumu4WrFtCNKeZ23e',NULL,'69.171.231.113','facebookexternalhit/1.1 (+http://www.facebook.com/externalhit_uatext.php)','YTozOntzOjY6Il90b2tlbiI7czo0MDoiRDR5VGNtMWNsUU5Ia05SWkNrNGJ1VlFwaElUWEFiampYY1o0ZGRHUSI7czo5OiJfcHJldmlvdXMiO2E6MTp7czozOiJ1cmwiO3M6Mzg6Imh0dHBzOi8vaGVyaXRhZ2Vncm91cC5jby5rZS9jb250YWN0LXVzIjt9czo2OiJfZmxhc2giO2E6Mjp7czozOiJvbGQiO2E6MDp7fXM6MzoibmV3IjthOjA6e319fQ==',1761915181),('ulbbThid2F8BVza1rl4qcP21DxwUGzHame7MFQET',NULL,'66.249.68.65','Mozilla/5.0 (Linux; Android 6.0.1; Nexus 5X Build/MMB29P) AppleWebKit/537.36 (KHTML, like Gecko) Chrome/141.0.7390.122 Mobile Safari/537.36 (compatible; Googlebot/2.1; +http://www.google.com/bot.html)','YTozOntzOjY6Il90b2tlbiI7czo0MDoiUGU1clJaOHZTd3ZvcjFURkxHdkpndHJsb21iYWlxOEowdTlJZ2pmeSI7czo5OiJfcHJldmlvdXMiO2E6MTp7czozOiJ1cmwiO3M6MjY6Imh0dHA6Ly9oZXJpdGFnZWdyb3VwLmNvLmtlIjt9czo2OiJfZmxhc2giO2E6Mjp7czozOiJvbGQiO2E6MDp7fXM6MzoibmV3IjthOjA6e319fQ==',1761919338),('UTKjs5fS3BBuFOKuWNsaLKBeDWQlIMQ4T0X060Kf',NULL,'51.75.236.156','Mozilla/5.0 (compatible; AhrefsBot/7.0; +http://ahrefs.com/robot/)','YTozOntzOjY6Il90b2tlbiI7czo0MDoiR1NFd21jelByNXJ5TzZyT0FMUWFFMzNBSU93U05hZ1F2OWxpTXJtNSI7czo5OiJfcHJldmlvdXMiO2E6MTp7czozOiJ1cmwiO3M6MjY6Imh0dHA6Ly9oZXJpdGFnZWdyb3VwLmNvLmtlIjt9czo2OiJfZmxhc2giO2E6Mjp7czozOiJvbGQiO2E6MDp7fXM6MzoibmV3IjthOjA6e319fQ==',1761953835),('VGcuglkMTrSyngjwnQl6T2BeOpa4RawguDoy2nvX',NULL,'51.75.236.136','Mozilla/5.0 (compatible; AhrefsBot/7.0; +http://ahrefs.com/robot/)','YTozOntzOjY6Il90b2tlbiI7czo0MDoiRHFLTnZsYUw1Y3VhaHdLVmg1Um9uVXpmcEFGVXVTTjBYd3BLZ3plVCI7czo5OiJfcHJldmlvdXMiO2E6MTp7czozOiJ1cmwiO3M6MjY6Imh0dHA6Ly9oZXJpdGFnZWdyb3VwLmNvLmtlIjt9czo2OiJfZmxhc2giO2E6Mjp7czozOiJvbGQiO2E6MDp7fXM6MzoibmV3IjthOjA6e319fQ==',1761932954),('vP1hUF1jFBbjwgjYJsBrCjbimnQti0CiY6cK1MCv',NULL,'188.166.51.234','Mozilla/5.0 (X11; Linux x86_64) AppleWebKit/537.36 (KHTML, like Gecko) Chrome/139.0.0.0 Safari/537.36','YTozOntzOjY6Il90b2tlbiI7czo0MDoienpKcHB4Y0MyTEpYUFlKaXBkNzRNTFdCR0J0WHFEeXdHVWVJNUg2SSI7czo5OiJfcHJldmlvdXMiO2E6MTp7czozOiJ1cmwiO3M6MjY6Imh0dHA6Ly9oZXJpdGFnZWdyb3VwLmNvLmtlIjt9czo2OiJfZmxhc2giO2E6Mjp7czozOiJvbGQiO2E6MDp7fXM6MzoibmV3IjthOjA6e319fQ==',1761988769),('w67JvFGLsTxxRXaVgrObLppa4AnPsHHb52TwpBMu',NULL,'197.184.84.67','Mozilla/5.0 (Linux; Android 14; SM-A065F Build/UP1A.231005.007; wv) AppleWebKit/537.36 (KHTML, like Gecko) Version/4.0 Chrome/141.0.7390.122 Mobile Safari/537.36 musical_ly_2024203040 AppName/musical_ly ByteLocale/en-GB','YTozOntzOjY6Il90b2tlbiI7czo0MDoiOWI5a0JJOTlIZVhDOEJsYUpLenhCbEpGNE1tMEttT0QyV3gzWWF0TyI7czo5OiJfcHJldmlvdXMiO2E6MTp7czozOiJ1cmwiO3M6MzY6Imh0dHBzOi8vaGVyaXRhZ2Vncm91cC5jby5rZS9yZWdpc3RlciI7fXM6NjoiX2ZsYXNoIjthOjI6e3M6Mzoib2xkIjthOjA6e31zOjM6Im5ldyI7YTowOnt9fX0=',1761974985),('W7BU3zqGAmurg35E102ilKkNc9fQm0EIbINZJSEm',NULL,'157.173.122.176','Mozilla/5.0 (Windows NT 10.0; Win64; x64) AppleWebKit/537.36 (KHTML, like Gecko) Chrome/91.0.4472.114 Safari/537.36 Edg/91.0.864.54','YTozOntzOjY6Il90b2tlbiI7czo0MDoidkZIUGFzRG9OZVVyUHFJVGZWT3ZxZ05kbGhzZDk1NmR4THV5TThZTiI7czo5OiJfcHJldmlvdXMiO2E6MTp7czozOiJ1cmwiO3M6MjY6Imh0dHA6Ly9oZXJpdGFnZWdyb3VwLmNvLmtlIjt9czo2OiJfZmxhc2giO2E6Mjp7czozOiJvbGQiO2E6MDp7fXM6MzoibmV3IjthOjA6e319fQ==',1761932797),('wBpiZXSx7dUvN2st6O3nOyvYyRHcI4T0X6R8rt4C',NULL,'173.252.69.1','facebookexternalhit/1.1 (+http://www.facebook.com/externalhit_uatext.php)','YTozOntzOjY6Il90b2tlbiI7czo0MDoiQW8wT3dqc2NsRGJKSUZXeUdLazhwTExSSWtUa3hla2s4N0ViV0JWWSI7czo5OiJfcHJldmlvdXMiO2E6MTp7czozOiJ1cmwiO3M6MjY6Imh0dHA6Ly9oZXJpdGFnZWdyb3VwLmNvLmtlIjt9czo2OiJfZmxhc2giO2E6Mjp7czozOiJvbGQiO2E6MDp7fXM6MzoibmV3IjthOjA6e319fQ==',1761971239),('WLuZbRrMbrsVbUK9UksFtjrjVUhZKZnb3bt1JYNs',NULL,'185.85.205.122','libredtail-http','YTozOntzOjY6Il90b2tlbiI7czo0MDoicU1xTlZxeEpBTHVVdEN1Y09Bcllvc1U0R0NFSk8yb1EwbWpBUFFWSCI7czo5OiJfcHJldmlvdXMiO2E6MTp7czozOiJ1cmwiO3M6MTUzOiJodHRwOi8vMTYxLjk3LjE3NC4yMC9wdWJsaWMvaW5kZXgucGhwP2Z1bmN0aW9uPWNhbGxfdXNlcl9mdW5jX2FycmF5JnM9JTJGaW5kZXglMkYlNUN0aGluayU1Q2FwcCUyRmludm9rZWZ1bmN0aW9uJnZhcnMlNUIwJTVEPW1kNSZ2YXJzJTVCMSU1RCU1QjAlNUQ9SGVsbG8iO31zOjY6Il9mbGFzaCI7YToyOntzOjM6Im9sZCI7YTowOnt9czozOiJuZXciO2E6MDp7fX19',1761905067),('x6b68pieOrkk2SoGxiqQjFOyLXZH2LRX4fmgTLi3',NULL,'49.51.183.84','Mozilla/5.0 (iPhone; CPU iPhone OS 13_2_3 like Mac OS X) AppleWebKit/605.1.15 (KHTML, like Gecko) Version/13.0.3 Mobile/15E148 Safari/604.1','YTozOntzOjY6Il90b2tlbiI7czo0MDoiV3FsNW8xajFOY2JlSU5VZXgzdWxGaXp6T3NJWFJuM1hsVmFMVDczMSI7czo5OiJfcHJldmlvdXMiO2E6MTp7czozOiJ1cmwiO3M6MjY6Imh0dHA6Ly9oZXJpdGFnZWdyb3VwLmNvLmtlIjt9czo2OiJfZmxhc2giO2E6Mjp7czozOiJvbGQiO2E6MDp7fXM6MzoibmV3IjthOjA6e319fQ==',1761921246),('XjtoM2nSrsTGjg5RaKV7frsQhFGORGKwFhMxOE9L',NULL,'66.249.68.65','Mozilla/5.0 (compatible; Googlebot/2.1; +http://www.google.com/bot.html)','YTozOntzOjY6Il90b2tlbiI7czo0MDoiQVVGOVY2NWgxTElUMlVsQnMwQ3ZhMTdCQVZxcWFpQ284WjRsZDRwTyI7czo5OiJfcHJldmlvdXMiO2E6MTp7czozOiJ1cmwiO3M6Mjc6Imh0dHBzOi8vaGVyaXRhZ2Vncm91cC5jby5rZSI7fXM6NjoiX2ZsYXNoIjthOjI6e3M6Mzoib2xkIjthOjA6e31zOjM6Im5ldyI7YTowOnt9fX0=',1761949412),('XUvE9BVmitXE3xTPrAObbmHaKI6OYjW9BsQC9pH0',NULL,'98.82.25.42','Mozilla/5.0 (Windows NT 10.0; Win64; x64) AppleWebKit/537.36 (KHTML, like Gecko) Chrome/104.0.0.0 Safari/537.36','YTozOntzOjY6Il90b2tlbiI7czo0MDoiT09kRHFEZEJsQ0RYRmlFWm1rU1QxUEl1Nnh5OEN6MExqMXlKQlg3YyI7czo5OiJfcHJldmlvdXMiO2E6MTp7czozOiJ1cmwiO3M6MjY6Imh0dHA6Ly9oZXJpdGFnZWdyb3VwLmNvLmtlIjt9czo2OiJfZmxhc2giO2E6Mjp7czozOiJvbGQiO2E6MDp7fXM6MzoibmV3IjthOjA6e319fQ==',1761951704),('Xyz0ELJXgkdVH5Iw9RUIKFVZXJVnZQLS9Z5bR1AN',NULL,'52.173.235.91','Mozilla/5.0 AppleWebKit/537.36 (KHTML, like Gecko); compatible; ChatGPT-User/1.0; +https://openai.com/bot','YTozOntzOjY6Il90b2tlbiI7czo0MDoiWVp6SXNVeGxDZTAzOTl0M1ZCSEQ5dURIdmU3THBRVDJzbzZsSFowRyI7czo5OiJfcHJldmlvdXMiO2E6MTp7czozOiJ1cmwiO3M6MzE6Imh0dHBzOi8vd3d3Lmhlcml0YWdlZ3JvdXAuY28ua2UiO31zOjY6Il9mbGFzaCI7YToyOntzOjM6Im9sZCI7YTowOnt9czozOiJuZXciO2E6MDp7fX19',1761910553),('Y4xzTZmPqGoBTzLU2stJQlyqXeaDJyfwakzlT0RT',NULL,'182.44.12.37','Mozilla/5.0 (iPhone; CPU iPhone OS 13_2_3 like Mac OS X) AppleWebKit/605.1.15 (KHTML, like Gecko) Version/13.0.3 Mobile/15E148 Safari/604.1','YTozOntzOjY6Il90b2tlbiI7czo0MDoiWTR3V013WHI2R1hDR0tXaDV2S2VxcVFxSDVpdUpsN1FsQWdKaXZubyI7czo5OiJfcHJldmlvdXMiO2E6MTp7czozOiJ1cmwiO3M6MjY6Imh0dHA6Ly9oZXJpdGFnZWdyb3VwLmNvLmtlIjt9czo2OiJfZmxhc2giO2E6Mjp7czozOiJvbGQiO2E6MDp7fXM6MzoibmV3IjthOjA6e319fQ==',1761954073),('YKnxVMlQHwGNIInkuMfta7QVLzS9uttOEajVeofS',NULL,'62.8.82.241','Mozilla/5.0 (Linux; Android 13; SM-A145F Build/TP1A.220624.014; wv) AppleWebKit/537.36 (KHTML, like Gecko) Version/4.0 Chrome/141.0.7390.122 Mobile Safari/537.36 musical_ly_2024203040 AppName/musical_ly ByteLocale/en-GB','YTozOntzOjY6Il90b2tlbiI7czo0MDoiNzhjaUtMSFFPRzhtTms0RFFsQjllYTJhblpEdU5hMktPU2hFOWdKUCI7czo5OiJfcHJldmlvdXMiO2E6MTp7czozOiJ1cmwiO3M6Mjc6Imh0dHBzOi8vaGVyaXRhZ2Vncm91cC5jby5rZSI7fXM6NjoiX2ZsYXNoIjthOjI6e3M6Mzoib2xkIjthOjA6e31zOjM6Im5ldyI7YTowOnt9fX0=',1761975935),('YRlqFqVLuCt4SquKuuroYii7vuM2iYD8ensXKZFt',44,'41.210.154.105','Mozilla/5.0 (Linux; Android 10; K) AppleWebKit/537.36 (KHTML, like Gecko) Chrome/141.0.0.0 Mobile Safari/537.36','[encoded data, 9700 characters]',1761981067),('YYvJYMM3DTqrpkdYQVi6hp0V1maNUDrNMVBw11me',NULL,'154.47.146.47','libredtail-http','YTozOntzOjY6Il90b2tlbiI7czo0MDoicDJMN0NtWVdnd0RNcGhTNzZ6Unprd091ZDFSdmtSWXZGTEd3U0pRbCI7czo5OiJfcHJldmlvdXMiO2E6MTp7czozOiJ1cmwiO3M6MTUzOiJodHRwOi8vMTYxLjk3LjE3NC4yMC9wdWJsaWMvaW5kZXgucGhwP2Z1bmN0aW9uPWNhbGxfdXNlcl9mdW5jX2FycmF5JnM9JTJGaW5kZXglMkYlNUN0aGluayU1Q2FwcCUyRmludm9rZWZ1bmN0aW9uJnZhcnMlNUIwJTVEPW1kNSZ2YXJzJTVCMSU1RCU1QjAlNUQ9SGVsbG8iO31zOjY6Il9mbGFzaCI7YToyOntzOjM6Im9sZCI7YTowOnt9czozOiJuZXciO2E6MDp7fX19',1761927637),('zHNg4YKYRzLItID5NSIwj2NxwSwdCF2eLws8zOVS',44,'197.239.13.11','Mozilla/5.0 (Linux; Android 10; K) AppleWebKit/537.36 (KHTML, like Gecko) Chrome/141.0.0.0 Mobile Safari/537.36','[encoded data, 13788 characters]',1761908340),('zo0sXwa1fTIxU44f1l0RFDF6GVRjcJy0PvwgliHx',NULL,'66.249.68.65','Mozilla/5.0 (Linux; Android 6.0.1; Nexus 5X Build/MMB29P) AppleWebKit/537.36 (KHTML, like Gecko) Chrome/99.0.4844.84 Mobile Safari/537.36 (compatible; Googlebot/2.1; +http://www.google.com/bot.html)','YTozOntzOjY6Il90b2tlbiI7czo0MDoia2xWYnJDZnJEQVhLMkZydFdOc3R6YUpydEtHRkpKbjhMcDE3OGxEZSI7czo5OiJfcHJldmlvdXMiO2E6MTp7czozOiJ1cmwiO3M6MjY6Imh0dHA6Ly9oZXJpdGFnZWdyb3VwLmNvLmtlIjt9czo2OiJfZmxhc2giO2E6Mjp7czozOiJvbGQiO2E6MDp7fXM6MzoibmV3IjthOjA6e319fQ==',1761949390),('ZoExJkWn9OJJTcg7fR8RiDLsyfPQ1tgWDYKUnLcs',NULL,'51.68.247.208','Mozilla/5.0 (compatible; AhrefsBot/7.0; +http://ahrefs.com/robot/)','YTozOntzOjY6Il90b2tlbiI7czo0MDoiWUhiRm5CbXJQdFNEUXFIdkZZSDBHbk04OHhua2VuaUxiZkZwck85RSI7czo5OiJfcHJldmlvdXMiO2E6MTp7czozOiJ1cmwiO3M6MjY6Imh0dHA6Ly9oZXJpdGFnZWdyb3VwLmNvLmtlIjt9czo2OiJfZmxhc2giO2E6Mjp7czozOiJvbGQiO2E6MDp7fXM6MzoibmV3IjthOjA6e319fQ==',1761973527);

--
-- Table structure for table `sms_provider_requirements`
--

CREATE TABLE `sms_provider_requirements` (
  `id` bigint unsigned NOT NULL AUTO_INCREMENT,
  `sms_provider_id` bigint unsigned NOT NULL,
  `sms_requirement_id` bigint unsigned NOT NULL,
  `created_at` timestamp NULL DEFAULT NULL,
  `updated_at` timestamp NULL DEFAULT NULL,
  `deleted_at` timestamp NULL DEFAULT NULL,
  PRIMARY KEY (`id`),
  KEY `sms_provider_requirements_sms_provider_id_foreign` (`sms_provider_id`),
  KEY `sms_provider_requirements_sms_requirement_id_foreign` (`sms_requirement_id`),
  CONSTRAINT `sms_provider_requirements_sms_provider_id_foreign` FOREIGN KEY (`sms_provider_id`) REFERENCES `sms_providers` (`id`) ON DELETE CASCADE,
  CONSTRAINT `sms_provider_requirements_sms_requirement_id_foreign` FOREIGN KEY (`sms_requirement_id`) REFERENCES `sms_requirements` (`id`) ON DELETE CASCADE
) ENGINE=InnoDB AUTO_INCREMENT=9 DEFAULT CHARSET=utf8mb4 COLLATE=utf8mb4_unicode_ci;

--
-- Dumping data for table `sms_provider_requirements`
--

INSERT INTO `sms_provider_requirements` VALUES (1,1,1,'2025-08-03 19:10:04','2025-08-03 19:10:04',NULL),(2,1,3,'2025-08-03 19:10:04','2025-08-03 19:10:04',NULL),(3,1,4,'2025-08-03 19:10:04','2025-08-03 19:10:04',NULL),(4,2,1,'2025-08-03 19:10:04','2025-08-03 19:10:04',NULL),(5,2,5,'2025-08-03 19:10:04','2025-08-03 19:10:04',NULL),(6,2,2,'2025-08-03 19:10:04','2025-08-03 19:10:04',NULL),(7,4,1,'2025-08-03 19:10:04','2025-08-03 19:10:04',NULL),(8,4,2,'2025-08-03 19:10:04','2025-08-03 19:10:04',NULL);

--
-- Table structure for table `sms_providers`
--

CREATE TABLE `sms_providers` (
  `id` bigint unsigned NOT NULL AUTO_INCREMENT,
  `ref_no` varchar(191) COLLATE utf8mb4_unicode_ci NOT NULL,
  `name` varchar(191) COLLATE utf8mb4_unicode_ci NOT NULL,
  `status` int NOT NULL DEFAULT '1' COMMENT '0=inactive, 1=active',
  `created_at` timestamp NULL DEFAULT NULL,
  `updated_at` timestamp NULL DEFAULT NULL,
  `deleted_at` timestamp NULL DEFAULT NULL,
  PRIMARY KEY (`id`)
) ENGINE=InnoDB AUTO_INCREMENT=5 DEFAULT CHARSET=utf8mb4 COLLATE=utf8mb4_unicode_ci;

--
-- Dumping data for table `sms_providers`
--

INSERT INTO `sms_providers` VALUES (1,'1','Hostpinnacle',1,'2025-08-03 19:10:04','2025-08-03 19:10:04',NULL),(2,'2','Ujumbe SMS',1,'2025-08-03 19:10:04','2025-08-03 19:10:04',NULL),(3,'3','Africas Talking',1,'2025-08-03 19:10:04','2025-08-03 19:10:04',NULL),(4,'4','Talk Sasa',1,'2025-08-03 19:10:04','2025-08-03 19:10:04',NULL);

--
-- Table structure for table `sms_requirements`
--

CREATE TABLE `sms_requirements` (
  `id` bigint unsigned NOT NULL AUTO_INCREMENT,
  `name` varchar(191) COLLATE utf8mb4_unicode_ci NOT NULL,
  `input_field_name` varchar(191) COLLATE utf8mb4_unicode_ci NOT NULL,
  `created_at` timestamp NULL DEFAULT NULL,
  `updated_at` timestamp NULL DEFAULT NULL,
  `deleted_at` timestamp NULL DEFAULT NULL,
  PRIMARY KEY (`id`)
) ENGINE=InnoDB AUTO_INCREMENT=6 DEFAULT CHARSET=utf8mb4 COLLATE=utf8mb4_unicode_ci;

--
-- Dumping data for table `sms_requirements`
--

INSERT INTO `sms_requirements` VALUES (1,'Sender ID','sender_id','2025-08-03 19:10:04','2025-08-03 19:10:04',NULL),(2,'API Key','api_key','2025-08-03 19:10:04','2025-08-03 19:10:04',NULL),(3,'Sms User ID','sms_user_id','2025-08-03 19:10:04','2025-08-03 19:10:04',NULL),(4,'Password','password','2025-08-03 19:10:04','2025-08-03 19:10:04',NULL),(5,'Email','email','2025-08-03 19:10:04','2025-08-03 19:10:04',NULL);

--
-- Table structure for table `sms_template_types`
--

CREATE TABLE `sms_template_types` (
  `id` bigint unsigned NOT NULL AUTO_INCREMENT,
  `name` varchar(191) COLLATE utf8mb4_unicode_ci NOT NULL,
  `created_at` timestamp NULL DEFAULT NULL,
  `updated_at` timestamp NULL DEFAULT NULL,
  `deleted_at` timestamp NULL DEFAULT NULL,
  PRIMARY KEY (`id`)
) ENGINE=InnoDB AUTO_INCREMENT=13 DEFAULT CHARSET=utf8mb4 COLLATE=utf8mb4_unicode_ci;

--
-- Dumping data for table `sms_template_types`
--

INSERT INTO `sms_template_types` VALUES (1,'Upcoming plan/package expiry','2025-08-03 19:10:08','2025-08-03 19:10:08',NULL),(2,'Invoice notification','2025-08-03 19:10:08','2025-08-03 19:10:08',NULL),(3,'Payment confirmation','2025-08-03 19:10:08','2025-08-03 19:10:08',NULL),(4,'Payment reminder','2025-08-03 19:10:08','2025-08-03 19:10:08',NULL),(5,'Overdue payment warning','2025-08-03 19:10:08','2025-08-03 19:10:08',NULL),(6,'Service disconnection notice','2025-08-03 19:10:08','2025-08-03 19:10:08',NULL),(7,'Service restoration notification','2025-08-03 19:10:08','2025-08-03 19:10:08',NULL),(8,'New subscription confirmation','2025-08-03 19:10:08','2025-08-03 19:10:08',NULL),(9,'Plan upgrade or downgrade confirmation','2025-08-03 19:10:08','2025-08-03 19:10:08',NULL),(10,'Service maintenance notification','2025-08-03 19:10:08','2025-08-03 19:10:08',NULL),(11,'Service outage alert','2025-08-03 19:10:08','2025-08-03 19:10:08',NULL),(12,'Hotspot Plan Purchase','2025-08-03 19:10:08','2025-08-03 19:10:08',NULL);

--
-- Table structure for table `temporary_grouped_transactions`
--

CREATE TABLE `temporary_grouped_transactions` (
  `id` bigint unsigned NOT NULL AUTO_INCREMENT,
  `originator_conversation_id` varchar(191) COLLATE utf8mb4_unicode_ci NOT NULL,
  `grouped_transaction_id` int NOT NULL,
  `created_at` timestamp NULL DEFAULT NULL,
  `updated_at` timestamp NULL DEFAULT NULL,
  PRIMARY KEY (`id`)
) ENGINE=InnoDB DEFAULT CHARSET=utf8mb4 COLLATE=utf8mb4_unicode_ci;

--
-- Dumping data for table `temporary_grouped_transactions`
--


--
-- Table structure for table `temporary_transaction_checks`
--

CREATE TABLE `temporary_transaction_checks` (
  `id` bigint unsigned NOT NULL AUTO_INCREMENT,
  `company_service_plan_id` int DEFAULT NULL,
  `company_id` int DEFAULT NULL,
  `company_router_id` int DEFAULT NULL,
  `company_router_invoice_id` int DEFAULT NULL,
  `company_customer_id` int DEFAULT NULL,
  `mac_address` varchar(191) COLLATE utf8mb4_unicode_ci DEFAULT NULL,
  `checkout_id` varchar(191) COLLATE utf8mb4_unicode_ci NOT NULL,
  `amount` decimal(8,2) NOT NULL DEFAULT '0.00',
  `created_at` timestamp NULL DEFAULT NULL,
  `updated_at` timestamp NULL DEFAULT NULL,
  PRIMARY KEY (`id`)
) ENGINE=InnoDB AUTO_INCREMENT=4791 DEFAULT CHARSET=utf8mb4 COLLATE=utf8mb4_unicode_ci;

--
-- Dumping data for table `temporary_transaction_checks`
--

INSERT INTO `temporary_transaction_checks` VALUES (1,6,NULL,NULL,NULL,NULL,'F6:2F:D5:3F:00:CE','046507',210.00,'2025-08-06 04:40:29','2025-08-06 04:40:29'),(2,6,NULL,NULL,NULL,NULL,'E8:B1:FC:9B:E3:7B','998553',210.00,'2025-08-06 18:32:33','2025-08-06 18:32:33'),(3,6,NULL,NULL,NULL,NULL,'16:54:CC:BC:13:7C','070146',210.00,'2025-08-06 19:59:25','2025-08-06 19:59:25'),(5,8,NULL,NULL,NULL,NULL,'C2:BC:EF:F6:65:29','918352',500.00,'2025-08-07 14:29:21','2025-08-07 14:29:21'),(6,9,NULL,NULL,NULL,NULL,'D4:67:D3:E3:17:BD','608888',1000.00,'2025-08-07 17:08:13','2025-08-07 17:08:13'),(7,9,NULL,NULL,NULL,NULL,'D4:67:D3:E3:17:BD','163593',1000.00,'2025-08-07 18:00:59','2025-08-07 18:00:59'),(9,8,NULL,NULL,NULL,NULL,'5E:32:CC:C1:11:35','995680',500.00,'2025-08-08 08:09:49','2025-08-08 08:09:49'),(11,9,NULL,NULL,NULL,NULL,'86:65:3C:6B:E1:84','586454',1000.00,'2025-08-08 21:53:41','2025-08-08 21:53:41'),(15,6,NULL,NULL,NULL,NULL,'72:4C:D3:24:6F:37','684402',210.00,'2025-08-10 11:52:17','2025-08-10 11:52:17'),(18,9,NULL,NULL,NULL,NULL,'86:65:3C:6B:E1:84','880636',1000.00,'2025-08-11 19:00:03','2025-08-11 19:00:03'),(20,9,NULL,NULL,NULL,NULL,'BE:9E:B9:04:25:17','410059',1000.00,'2025-08-13 19:39:06','2025-08-13 19:39:06'),(21,9,NULL,NULL,NULL,NULL,'BE:9E:B9:04:25:17','013420',1000.00,'2025-08-13 19:40:12','2025-08-13 19:40:12'),(23,7,NULL,NULL,NULL,NULL,'3A:C9:5E:87:3C:AA','964274',300.00,'2025-08-15 12:27:45','2025-08-15 12:27:45'),(25,8,NULL,NULL,NULL,NULL,'72:82:9F:D3:BA:72','228543',500.00,'2025-08-17 06:30:45','2025-08-17 06:30:45'),(26,9,NULL,NULL,NULL,NULL,'72:82:9F:D3:BA:72','040733',1000.00,'2025-08-17 06:32:48','2025-08-17 06:32:48'),(27,9,NULL,NULL,NULL,NULL,'72:82:9F:D3:BA:72','373924',1000.00,'2025-08-17 06:41:33','2025-08-17 06:41:33'),(28,9,NULL,NULL,NULL,NULL,'EA:58:A4:7A:3F:40','505401',1000.00,'2025-08-17 15:42:00','2025-08-17 15:42:00'),(29,6,NULL,NULL,NULL,NULL,'22:7F:8F:03:CE:EB','740885',210.00,'2025-08-17 15:42:42','2025-08-17 15:42:42'),(30,9,NULL,NULL,NULL,NULL,'EA:58:A4:7A:3F:40','713354',1000.00,'2025-08-17 15:43:07','2025-08-17 15:43:07'),(31,9,NULL,NULL,NULL,NULL,'86:65:3C:6B:E1:84','706706',1000.00,'2025-08-17 21:15:14','2025-08-17 21:15:14'),(32,8,NULL,NULL,NULL,NULL,'EE:F7:43:4A:79:AC','933255',500.00,'2025-08-17 21:16:49','2025-10-22 13:08:47'),(33,9,NULL,NULL,NULL,NULL,'BA:71:D2:D8:D2:D0','092509',1000.00,'2025-08-18 21:56:30','2025-08-18 21:56:30'),(34,8,NULL,NULL,NULL,NULL,'30:FC:EB:7A:0C:90','201884',500.00,'2025-08-19 09:08:32','2025-08-19 09:08:32'),(35,8,NULL,NULL,NULL,NULL,'20:2B:20:82:46:81','186315',500.00,'2025-08-19 09:33:30','2025-08-19 09:33:30'),(36,9,NULL,NULL,NULL,NULL,'EA:58:A4:7A:3F:40','416356',1000.00,'2025-08-19 12:57:38','2025-08-19 12:57:38'),(37,6,NULL,NULL,NULL,NULL,'CE:27:A9:53:A7:97','978587',210.00,'2025-08-19 15:40:10','2025-08-19 15:40:10'),(38,9,NULL,NULL,NULL,NULL,'72:82:9F:D3:BA:72','422101',1000.00,'2025-08-19 17:08:18','2025-08-19 17:08:18'),(39,24,NULL,NULL,NULL,NULL,'5A:90:84:47:BA:75','406449',2500.00,'2025-08-19 17:36:19','2025-08-19 17:36:19'),(40,24,NULL,NULL,NULL,NULL,'62:06:D0:8C:47:36','631740',2500.00,'2025-08-19 17:44:11','2025-08-19 17:44:11'),(41,24,NULL,NULL,NULL,NULL,'62:06:D0:8C:47:36','151565',2500.00,'2025-08-19 17:47:47','2025-08-19 17:47:47'),(42,7,NULL,NULL,NULL,NULL,'FE:96:EF:57:F0:70','545418',300.00,'2025-08-19 17:53:30','2025-08-19 17:53:30'),(43,6,NULL,NULL,NULL,NULL,'CE:74:22:E0:34:EE','641494',210.00,'2025-08-19 17:57:06','2025-08-19 17:57:06'),(44,9,NULL,NULL,NULL,NULL,'F6:15:EE:D6:C1:32','400618',1000.00,'2025-08-19 18:41:59','2025-08-19 18:41:59'),(45,7,NULL,NULL,NULL,NULL,'FE:96:EF:57:F0:70','571353',300.00,'2025-08-19 18:46:25','2025-08-19 18:46:25'),(46,23,NULL,NULL,NULL,NULL,'BE:1F:0E:C7:2C:2E','566876',15000.00,'2025-08-19 19:33:28','2025-08-19 19:33:28'),(47,23,NULL,NULL,NULL,NULL,'BE:1F:0E:C7:2C:2E','135696',15000.00,'2025-08-19 19:35:14','2025-08-19 19:35:14'),(48,23,NULL,NULL,NULL,NULL,'BE:1F:0E:C7:2C:2E','580077',15000.00,'2025-08-19 19:37:53','2025-08-19 19:37:53'),(49,9,NULL,NULL,NULL,NULL,'E6:12:A3:41:F4:AD','583196',1000.00,'2025-08-19 20:09:08','2025-08-19 20:09:08'),(50,9,NULL,NULL,NULL,NULL,'E6:12:A3:41:F4:AD','665552',1000.00,'2025-08-19 20:15:22','2025-08-19 20:15:22'),(51,6,NULL,NULL,NULL,NULL,'5A:18:AE:46:F0:9A','606383',210.00,'2025-08-19 20:31:12','2025-08-19 20:31:12'),(52,9,NULL,NULL,NULL,NULL,'E6:12:A3:41:F4:AD','951620',1000.00,'2025-08-19 20:40:37','2025-08-19 20:40:37'),(53,6,NULL,NULL,NULL,NULL,'7E:A5:C8:0E:3C:6A','666402',210.00,'2025-08-20 05:38:33','2025-08-20 05:38:33'),(54,8,NULL,NULL,NULL,NULL,'14:9F:3C:6B:96:77','798382',500.00,'2025-08-20 10:00:48','2025-08-20 10:00:48'),(55,9,NULL,NULL,NULL,NULL,'86:62:B2:00:7B:AC','340967',1000.00,'2025-08-20 12:57:26','2025-08-20 12:57:26'),(56,9,NULL,NULL,NULL,NULL,'86:62:B2:00:7B:AC','802864',1000.00,'2025-08-20 12:58:38','2025-08-20 12:58:38'),(57,8,NULL,NULL,NULL,NULL,'86:62:B2:00:7B:AC','092136',500.00,'2025-08-20 12:59:40','2025-08-20 12:59:40'),(58,9,NULL,NULL,NULL,NULL,'86:62:B2:00:7B:AC','000439',1000.00,'2025-08-20 13:00:47','2025-08-20 13:00:47'),(59,9,NULL,NULL,NULL,NULL,'86:62:B2:00:7B:AC','796661',1000.00,'2025-08-20 13:02:24','2025-08-20 13:02:24'),(60,8,NULL,NULL,NULL,NULL,'86:62:B2:00:7B:AC','817977',500.00,'2025-08-20 13:09:17','2025-08-20 13:09:17'),(61,8,NULL,NULL,NULL,NULL,'F2:50:95:0B:4B:27','172820',500.00,'2025-08-20 13:09:33','2025-08-20 13:09:33'),(62,8,NULL,NULL,NULL,NULL,'86:62:B2:00:7B:AC','346349',500.00,'2025-08-20 13:11:22','2025-08-20 13:11:22'),(63,8,NULL,NULL,NULL,NULL,'86:62:B2:00:7B:AC','174631',500.00,'2025-08-20 13:27:28','2025-08-20 13:27:28'),(64,9,NULL,NULL,NULL,NULL,'86:62:B2:00:7B:AC','758317',1000.00,'2025-08-20 13:30:07','2025-08-20 13:30:07'),(65,9,NULL,NULL,NULL,NULL,'0A:00:F5:20:D1:35','995988',1000.00,'2025-08-20 18:05:52','2025-08-20 18:05:52'),(66,9,NULL,NULL,NULL,NULL,'0A:00:F5:20:D1:35','658164',1000.00,'2025-08-20 18:10:03','2025-08-20 18:10:03'),(67,8,NULL,NULL,NULL,NULL,'5A:22:D6:25:36:E9','072790',500.00,'2025-08-20 18:25:35','2025-08-20 18:25:35'),(68,7,NULL,NULL,NULL,NULL,'CC:C0:79:8D:5E:35','198983',300.00,'2025-08-20 18:59:07','2025-08-20 18:59:07'),(69,9,NULL,NULL,NULL,NULL,'30:FC:EB:7A:0C:90','693194',1000.00,'2025-08-20 19:15:34','2025-08-20 19:15:34'),(70,9,NULL,NULL,NULL,NULL,'12:9B:F6:38:BA:E8','633183',1000.00,'2025-08-20 19:42:05','2025-08-20 19:42:05'),(71,9,NULL,NULL,NULL,NULL,'52:F8:FB:F8:E8:C6','478091',1000.00,'2025-08-20 19:46:17','2025-08-20 19:46:17'),(72,9,NULL,NULL,NULL,NULL,'12:9B:F6:38:BA:E8','801707',1000.00,'2025-08-20 19:51:26','2025-08-20 19:51:26'),(73,8,NULL,NULL,NULL,NULL,'CC:C0:79:8D:5E:35','516750',500.00,'2025-08-20 19:57:34','2025-08-20 19:57:34'),(74,7,NULL,NULL,NULL,NULL,'CC:C0:79:8D:5E:35','267320',300.00,'2025-08-20 20:00:12','2025-08-20 20:00:12'),(75,6,NULL,NULL,NULL,NULL,'1A:A9:97:24:0B:BF','994514',210.00,'2025-08-20 20:37:40','2025-08-20 20:37:40'),(76,6,NULL,NULL,NULL,NULL,'CA:CD:25:B3:8E:2B','069648',210.00,'2025-08-20 20:38:38','2025-08-20 20:38:38'),(77,9,NULL,NULL,NULL,NULL,'BE:FD:23:A1:58:ED','202311',1000.00,'2025-08-21 06:29:51','2025-08-21 06:29:51'),(78,8,NULL,NULL,NULL,NULL,'14:9F:3C:6B:96:77','030361',500.00,'2025-08-21 08:21:59','2025-08-21 08:21:59'),(79,8,NULL,NULL,NULL,NULL,'14:9F:3C:6B:96:77','243147',500.00,'2025-08-21 08:23:42','2025-08-21 08:23:42'),(80,8,NULL,NULL,NULL,NULL,'14:9F:3C:6B:96:77','163183',500.00,'2025-08-21 08:28:42','2025-08-21 08:28:42'),(81,7,NULL,NULL,NULL,NULL,'14:9F:3C:6B:96:77','932383',300.00,'2025-08-21 08:29:47','2025-08-21 08:29:47'),(82,8,NULL,NULL,NULL,NULL,'F2:14:5F:EE:3E:9B','472785',500.00,'2025-08-21 08:49:16','2025-08-21 08:49:16'),(83,8,NULL,NULL,NULL,NULL,'5A:22:D6:25:36:E9','098143',500.00,'2025-08-21 14:46:55','2025-08-21 14:46:55'),(84,8,NULL,NULL,NULL,NULL,'5A:22:D6:25:36:E9','551030',500.00,'2025-08-21 14:55:58','2025-08-21 14:55:58'),(85,8,NULL,NULL,NULL,NULL,'D4:67:D3:E3:17:BD','837890',500.00,'2025-08-21 16:13:23','2025-08-21 16:13:23'),(86,9,NULL,NULL,NULL,NULL,'D4:67:D3:E3:17:BD','866912',1000.00,'2025-08-21 16:16:11','2025-08-21 16:16:11'),(87,6,NULL,NULL,NULL,NULL,'7E:A5:C8:0E:3C:6A','219563',210.00,'2025-08-21 16:46:49','2025-08-21 16:46:49'),(88,8,NULL,NULL,NULL,NULL,'5A:22:D6:25:36:E9','758165',500.00,'2025-08-21 16:48:13','2025-08-21 16:48:13'),(89,8,NULL,NULL,NULL,NULL,'B2:24:D4:B2:3D:2D','359336',500.00,'2025-08-21 16:57:02','2025-08-21 16:57:02'),(90,8,NULL,NULL,NULL,NULL,'7E:A5:C8:0E:3C:6A','378712',500.00,'2025-08-21 16:58:13','2025-08-21 16:58:13'),(91,8,NULL,NULL,NULL,NULL,'7E:A5:C8:0E:3C:6A','410917',500.00,'2025-08-21 16:59:08','2025-08-21 16:59:08'),(92,8,NULL,NULL,NULL,NULL,'B2:24:D4:B2:3D:2D','187762',500.00,'2025-08-21 16:59:53','2025-08-21 16:59:53'),(93,26,NULL,NULL,NULL,NULL,'7E:A5:C8:0E:3C:6A','653469',7000.00,'2025-08-21 17:01:26','2025-08-21 17:01:26'),(94,8,NULL,NULL,NULL,NULL,'B2:24:D4:B2:3D:2D','982679',500.00,'2025-08-21 17:01:31','2025-08-21 17:01:31'),(95,8,NULL,NULL,NULL,NULL,'B2:24:D4:B2:3D:2D','513114',500.00,'2025-08-21 17:04:43','2025-08-21 17:04:43'),(96,8,NULL,NULL,NULL,NULL,'62:98:4F:47:C4:C9','015445',500.00,'2025-08-21 17:24:37','2025-08-21 17:24:37'),(97,8,NULL,NULL,NULL,NULL,'62:98:4F:47:C4:C9','434649',500.00,'2025-08-21 17:28:05','2025-08-21 17:28:05'),(98,8,NULL,NULL,NULL,NULL,'62:98:4F:47:C4:C9','465660',500.00,'2025-08-21 17:30:46','2025-08-21 17:30:46'),(99,8,NULL,NULL,NULL,NULL,'62:98:4F:47:C4:C9','429603',500.00,'2025-08-21 17:34:31','2025-08-21 17:34:31'),(100,8,NULL,NULL,NULL,NULL,'BE:B0:28:C2:D3:11','124047',500.00,'2025-08-21 17:40:48','2025-08-21 17:40:48'),(101,6,NULL,NULL,NULL,NULL,'06:9C:BA:9D:B1:E8','237769',210.00,'2025-08-21 18:03:42','2025-08-21 18:03:42'),(102,8,NULL,NULL,NULL,NULL,'CC:C0:79:8D:5E:35','949862',500.00,'2025-08-21 18:54:25','2025-08-21 18:54:25'),(103,26,NULL,NULL,NULL,NULL,'30:FC:EB:7A:0C:90','162886',7000.00,'2025-08-21 19:27:52','2025-08-21 19:27:52'),(104,8,NULL,NULL,NULL,NULL,'D6:12:9E:9D:91:0E','746427',500.00,'2025-08-21 19:37:38','2025-08-21 19:37:38'),(105,8,NULL,NULL,NULL,NULL,'14:9F:3C:6B:96:77','128942',500.00,'2025-08-21 19:49:23','2025-08-21 19:49:23'),(106,9,NULL,NULL,NULL,NULL,'0A:00:F5:20:D1:35','230315',1000.00,'2025-08-21 20:22:01','2025-08-21 20:22:01'),(107,8,NULL,NULL,NULL,NULL,'A2:E1:BA:8D:59:00','363486',500.00,'2025-08-22 06:45:38','2025-08-22 06:45:38'),(108,7,NULL,NULL,NULL,NULL,'5A:22:D6:25:36:E9','500624',300.00,'2025-08-22 07:24:39','2025-08-22 07:24:39'),(109,8,NULL,NULL,NULL,NULL,'14:9F:3C:6B:96:77','414063',500.00,'2025-08-22 10:13:26','2025-08-22 10:13:26'),(110,6,NULL,NULL,NULL,NULL,'7E:A5:C8:0E:3C:6A','973417',210.00,'2025-08-22 17:18:26','2025-08-22 17:18:26'),(111,9,NULL,NULL,NULL,NULL,'FE:96:EF:57:F0:70','564350',1000.00,'2025-08-22 17:26:11','2025-08-22 17:26:11'),(112,8,NULL,NULL,NULL,NULL,'5A:22:D6:25:36:E9','091414',500.00,'2025-08-22 18:59:54','2025-08-22 18:59:54'),(113,8,NULL,NULL,NULL,NULL,'F2:65:ED:BF:19:CD','246425',500.00,'2025-08-22 20:55:57','2025-08-22 20:55:57'),(114,8,NULL,NULL,NULL,NULL,'CC:C0:79:8D:5E:35','369937',500.00,'2025-08-22 21:30:02','2025-08-22 21:30:02'),(115,9,NULL,NULL,NULL,NULL,'0A:00:F5:20:D1:35','327234',1000.00,'2025-08-22 22:41:17','2025-08-22 22:41:17'),(116,7,NULL,NULL,NULL,NULL,'0A:00:F5:20:D1:35','836406',300.00,'2025-08-22 22:46:31','2025-08-22 22:46:31'),(117,6,NULL,NULL,NULL,NULL,'60:70:72:60:6A:C2','388319',210.00,'2025-08-22 23:20:13','2025-08-22 23:20:13'),(118,9,NULL,NULL,NULL,NULL,'4E:ED:DD:40:F3:A1','996468',1000.00,'2025-08-23 09:25:46','2025-08-23 09:25:46'),(119,24,NULL,NULL,NULL,NULL,'0A:00:F5:20:D1:35','540841',2500.00,'2025-08-23 12:30:39','2025-08-23 12:30:39'),(120,24,NULL,NULL,NULL,NULL,'0A:00:F5:20:D1:35','885814',2500.00,'2025-08-23 12:31:33','2025-08-23 12:31:33'),(121,24,NULL,NULL,NULL,NULL,'0A:00:F5:20:D1:35','282302',2500.00,'2025-08-23 12:31:36','2025-08-23 12:31:36'),(122,24,NULL,NULL,NULL,NULL,'0A:00:F5:20:D1:35','259503',2500.00,'2025-08-23 12:31:43','2025-08-23 12:31:43'),(123,24,NULL,NULL,NULL,NULL,'0A:00:F5:20:D1:35','522009',2500.00,'2025-08-23 12:32:26','2025-08-23 12:32:26'),(124,24,NULL,NULL,NULL,NULL,'0A:00:F5:20:D1:35','767316',2500.00,'2025-08-23 12:32:29','2025-08-23 12:32:29'),(125,24,NULL,NULL,NULL,NULL,'0A:00:F5:20:D1:35','556775',2500.00,'2025-08-23 12:32:33','2025-08-23 12:32:33'),(126,24,NULL,NULL,NULL,NULL,'0A:00:F5:20:D1:35','500414',2500.00,'2025-08-23 12:34:33','2025-08-23 12:34:33'),(127,24,NULL,NULL,NULL,NULL,'0A:00:F5:20:D1:35','109184',2500.00,'2025-08-23 12:34:36','2025-08-23 12:34:36'),(128,24,NULL,NULL,NULL,NULL,'0A:00:F5:20:D1:35','526822',2500.00,'2025-08-23 12:34:39','2025-08-23 12:34:39'),(129,9,NULL,NULL,NULL,NULL,'0A:00:F5:20:D1:35','842173',1000.00,'2025-08-23 12:35:16','2025-08-23 12:35:16'),(130,6,NULL,NULL,NULL,NULL,'D0:2A:AA:90:40:ED','280551',210.00,'2025-08-23 14:26:13','2025-08-23 14:26:13'),(131,6,NULL,NULL,NULL,NULL,'7E:A5:C8:0E:3C:6A','718557',210.00,'2025-08-23 16:39:08','2025-08-23 16:39:08'),(132,8,NULL,NULL,NULL,NULL,'F2:65:ED:BF:19:CD','924733',500.00,'2025-08-23 20:59:29','2025-08-23 20:59:29'),(133,7,NULL,NULL,NULL,NULL,'1E:1B:E0:50:5B:19','224566',300.00,'2025-08-24 04:03:34','2025-08-24 04:03:34'),(134,6,NULL,NULL,NULL,NULL,'1E:1B:E0:50:5B:19','594460',210.00,'2025-08-24 04:04:34','2025-08-24 04:04:34'),(135,6,NULL,NULL,NULL,NULL,'90:56:FC:DF:4A:E3','596434',210.00,'2025-08-24 07:15:26','2025-08-24 07:15:26'),(136,8,NULL,NULL,NULL,NULL,'5E:AB:0F:45:E5:21','577406',500.00,'2025-08-24 07:53:21','2025-08-24 07:53:21'),(137,8,NULL,NULL,NULL,NULL,'3E:A5:2D:34:21:C5','680604',500.00,'2025-08-24 08:24:03','2025-08-24 08:24:03'),(138,9,NULL,NULL,NULL,NULL,'16:E1:96:3C:2C:14','793156',1000.00,'2025-08-24 09:04:02','2025-08-24 09:04:02'),(139,7,NULL,NULL,NULL,NULL,'A6:85:AC:A3:94:CF','492517',300.00,'2025-08-24 09:27:55','2025-08-24 09:27:55'),(140,6,NULL,NULL,NULL,NULL,'A6:85:AC:A3:94:CF','402396',210.00,'2025-08-24 09:29:38','2025-08-24 09:29:38'),(141,9,NULL,NULL,NULL,NULL,'0E:C6:C3:E7:72:DB','156062',1000.00,'2025-08-24 13:11:18','2025-08-24 13:11:18'),(142,6,NULL,NULL,NULL,NULL,'2A:D7:59:12:C1:90','831234',210.00,'2025-08-24 15:34:15','2025-08-24 15:34:15'),(143,9,NULL,NULL,NULL,NULL,'5A:18:AE:46:F0:9A','580563',1000.00,'2025-08-24 17:57:20','2025-08-24 17:57:20'),(144,7,NULL,NULL,NULL,NULL,'F0:C7:45:88:DC:5D','691296',300.00,'2025-08-24 18:38:57','2025-08-24 18:38:57'),(145,7,NULL,NULL,NULL,NULL,'FC:AA:B6:3B:A0:48','301904',300.00,'2025-08-24 21:25:34','2025-08-24 21:25:34'),(146,7,NULL,NULL,NULL,NULL,'0A:00:F5:20:D1:35','274492',300.00,'2025-08-24 22:33:56','2025-08-24 22:33:56'),(147,8,NULL,NULL,NULL,NULL,'F2:65:ED:BF:19:CD','093513',500.00,'2025-08-24 22:36:13','2025-08-24 22:36:13'),(148,9,NULL,NULL,NULL,NULL,'66:BB:53:AB:22:4E','790430',1000.00,'2025-08-25 17:17:13','2025-08-25 17:17:13'),(149,8,NULL,NULL,NULL,NULL,'66:BB:53:AB:22:4E','639650',500.00,'2025-08-25 17:19:35','2025-08-25 17:19:35'),(150,8,NULL,NULL,NULL,NULL,'0E:06:50:49:08:C6','832104',500.00,'2025-08-25 17:19:43','2025-08-25 17:19:43'),(151,8,NULL,NULL,NULL,NULL,'0E:32:DD:A2:B3:84','629536',500.00,'2025-08-25 17:21:15','2025-08-25 17:21:15'),(152,9,NULL,NULL,NULL,NULL,'0E:32:DD:A2:B3:84','198458',1000.00,'2025-08-25 17:22:06','2025-08-25 17:22:06'),(153,9,NULL,NULL,NULL,NULL,'42:B6:CB:A6:FE:13','232501',1000.00,'2025-08-25 17:32:11','2025-08-25 17:32:11'),(154,8,NULL,NULL,NULL,NULL,'14:9F:3C:6B:96:77','364169',500.00,'2025-08-25 18:07:50','2025-08-25 18:07:50'),(155,8,NULL,NULL,NULL,NULL,'3E:A5:2D:34:21:C5','164429',500.00,'2025-08-25 18:27:58','2025-08-25 18:27:58'),(156,6,NULL,NULL,NULL,NULL,'0E:06:50:49:08:C6','337251',210.00,'2025-08-25 19:11:22','2025-08-25 19:11:22'),(157,9,NULL,NULL,NULL,NULL,'0E:06:50:49:08:C6','265677',1000.00,'2025-08-25 19:13:42','2025-08-25 19:13:42'),(158,6,NULL,NULL,NULL,NULL,'0E:06:50:49:08:C6','684657',210.00,'2025-08-25 19:14:42','2025-08-25 19:14:42'),(159,9,NULL,NULL,NULL,NULL,'0E:06:50:49:08:C6','950655',1000.00,'2025-08-25 19:15:38','2025-08-25 19:15:38'),(160,8,NULL,NULL,NULL,NULL,'FC:AA:B6:3B:A0:48','063636',500.00,'2025-08-25 20:53:38','2025-08-25 20:53:38'),(161,8,NULL,NULL,NULL,NULL,'F2:65:ED:BF:19:CD','678837',500.00,'2025-08-25 20:55:53','2025-08-25 20:55:53'),(162,8,NULL,NULL,NULL,NULL,'FC:AA:B6:3B:A0:48','485614',500.00,'2025-08-25 20:58:38','2025-08-25 20:58:38'),(163,8,NULL,NULL,NULL,NULL,'42:B6:CB:A6:FE:13','247889',500.00,'2025-08-26 12:03:24','2025-08-26 12:03:24'),(164,8,NULL,NULL,NULL,NULL,'5A:22:D6:25:36:E9','281061',500.00,'2025-08-26 14:50:55','2025-08-26 14:50:55'),(165,27,NULL,NULL,NULL,NULL,'82:B2:02:1D:E5:B8','212741',500.00,'2025-08-26 17:50:22','2025-08-26 17:50:22'),(166,27,NULL,NULL,NULL,NULL,'82:B2:02:1D:E5:B8','594517',500.00,'2025-08-26 17:51:22','2025-08-26 17:51:22'),(167,27,NULL,NULL,NULL,NULL,'82:B2:02:1D:E5:B8','943673',500.00,'2025-08-26 17:51:29','2025-08-26 17:51:29'),(168,27,NULL,NULL,NULL,NULL,'82:B2:02:1D:E5:B8','718710',500.00,'2025-08-26 17:51:34','2025-08-26 17:51:34'),(169,27,NULL,NULL,NULL,NULL,'82:B2:02:1D:E5:B8','717515',500.00,'2025-08-26 17:52:25','2025-08-26 17:52:25'),(170,36,NULL,NULL,NULL,NULL,'50:9A:4C:26:30:57','450158',8000.00,'2025-08-26 18:59:08','2025-08-26 18:59:08'),(171,8,NULL,NULL,NULL,NULL,'3E:A5:2D:34:21:C5','991841',500.00,'2025-08-26 19:10:11','2025-08-26 19:10:11'),(172,9,NULL,NULL,NULL,NULL,'42:BE:94:8E:99:FF','476738',1000.00,'2025-08-26 19:38:25','2025-08-26 19:38:25'),(173,38,NULL,NULL,NULL,NULL,'22:63:D2:CA:34:F3','398601',500.00,'2025-08-26 19:52:38','2025-08-26 19:52:38'),(174,39,NULL,NULL,NULL,NULL,'22:63:D2:CA:34:F3','630708',1000.00,'2025-08-26 19:54:02','2025-08-26 19:54:02'),(175,40,NULL,NULL,NULL,NULL,'22:63:D2:CA:34:F3','218373',5000.00,'2025-08-26 20:01:25','2025-08-26 20:01:25'),(176,38,NULL,NULL,NULL,NULL,'22:63:D2:CA:34:F3','396310',500.00,'2025-08-26 20:02:43','2025-08-26 20:02:43'),(177,38,NULL,NULL,NULL,NULL,'E2:23:F3:B5:17:BF','785888',500.00,'2025-08-26 20:04:39','2025-08-26 20:04:39'),(178,38,NULL,NULL,NULL,NULL,'82:B2:02:1D:E5:B8','790684',500.00,'2025-08-26 20:15:18','2025-08-26 20:15:18'),(179,40,NULL,NULL,NULL,NULL,'82:B2:02:1D:E5:B8','594457',5000.00,'2025-08-26 20:17:11','2025-08-26 20:17:11'),(180,8,NULL,NULL,NULL,NULL,'02:C0:AF:A7:33:40','191090',500.00,'2025-08-26 20:35:06','2025-08-26 20:35:06'),(181,8,NULL,NULL,NULL,NULL,'02:C0:AF:A7:33:40','484323',500.00,'2025-08-26 20:36:54','2025-08-26 20:36:54'),(182,8,NULL,NULL,NULL,NULL,'F2:65:ED:BF:19:CD','651226',500.00,'2025-08-26 20:44:17','2025-08-26 20:44:17'),(183,39,NULL,NULL,NULL,NULL,'82:B2:02:1D:E5:B8','983728',1000.00,'2025-08-26 20:49:45','2025-08-26 20:49:45'),(184,7,NULL,NULL,NULL,NULL,'F2:94:94:28:61:0A','537486',300.00,'2025-08-26 21:16:51','2025-08-26 21:16:51'),(185,6,NULL,NULL,NULL,NULL,'DE:C9:D5:36:F6:CE','044294',210.00,'2025-08-26 21:32:38','2025-08-26 21:32:38'),(186,26,NULL,NULL,NULL,NULL,'D6:23:01:B5:97:58','934000',7000.00,'2025-08-26 21:32:39','2025-08-26 21:32:39'),(187,8,NULL,NULL,NULL,NULL,'14:9F:3C:6B:96:77','967878',500.00,'2025-08-27 07:57:16','2025-08-27 07:57:16'),(188,8,NULL,NULL,NULL,NULL,'14:9F:3C:6B:96:77','258284',500.00,'2025-08-27 08:00:02','2025-08-27 08:00:02'),(189,7,NULL,NULL,NULL,NULL,'14:9F:3C:6B:96:77','996326',300.00,'2025-08-27 08:02:28','2025-08-27 08:02:28'),(190,38,NULL,NULL,NULL,NULL,'82:B2:02:1D:E5:B8','768142',500.00,'2025-08-27 08:55:25','2025-08-27 08:55:25'),(191,39,NULL,NULL,NULL,NULL,'22:63:D2:CA:34:F3','372001',1000.00,'2025-08-27 09:01:28','2025-08-27 09:01:28'),(192,40,NULL,NULL,NULL,NULL,'A2:84:7A:6A:65:C0','438871',5000.00,'2025-08-27 10:41:18','2025-08-27 10:41:18'),(193,39,NULL,NULL,NULL,NULL,'C2:14:39:F6:BE:64','051418',1000.00,'2025-08-27 10:41:41','2025-08-27 10:41:41'),(194,39,NULL,NULL,NULL,NULL,'A2:ED:93:63:1B:07','501012',1000.00,'2025-08-27 10:46:00','2025-08-27 10:46:00'),(195,39,NULL,NULL,NULL,NULL,'C2:14:39:F6:BE:64','068047',1000.00,'2025-08-27 10:47:31','2025-08-27 10:47:31'),(196,38,NULL,NULL,NULL,NULL,'C6:50:3F:D4:A6:76','252716',500.00,'2025-08-27 10:58:28','2025-08-27 10:58:28'),(197,39,NULL,NULL,NULL,NULL,'BA:FE:60:FB:62:6D','609856',1000.00,'2025-08-27 11:08:04','2025-08-27 11:08:04'),(198,38,NULL,NULL,NULL,NULL,'D4:38:9C:39:B2:30','726118',500.00,'2025-08-27 11:08:43','2025-08-27 11:08:43'),(199,38,NULL,NULL,NULL,NULL,'D4:38:9C:39:B2:30','788469',500.00,'2025-08-27 13:04:39','2025-08-27 13:04:39'),(200,38,NULL,NULL,NULL,NULL,'D4:38:9C:39:B2:30','097698',500.00,'2025-08-27 13:06:26','2025-08-27 13:06:26'),(201,38,NULL,NULL,NULL,NULL,'D4:38:9C:39:B2:30','552328',500.00,'2025-08-27 13:08:44','2025-08-27 13:08:44'),(202,38,NULL,NULL,NULL,NULL,'D4:38:9C:39:B2:30','971790',500.00,'2025-08-27 13:10:48','2025-08-27 13:10:48'),(203,38,NULL,NULL,NULL,NULL,'6E:1C:29:B1:62:47','957989',500.00,'2025-08-27 13:48:08','2025-08-27 13:48:08'),(204,6,NULL,NULL,NULL,NULL,'42:B6:CB:A6:FE:13','258068',210.00,'2025-08-27 14:39:12','2025-08-27 14:39:12'),(205,39,NULL,NULL,NULL,NULL,'A2:BA:54:80:E6:F0','523587',1000.00,'2025-08-27 17:07:33','2025-08-27 17:07:33'),(206,8,NULL,NULL,NULL,NULL,'5A:22:D6:25:36:E9','341224',500.00,'2025-08-27 17:34:36','2025-08-27 17:34:36'),(207,38,NULL,NULL,NULL,NULL,'D2:98:B5:52:54:DF','608258',500.00,'2025-08-27 17:46:05','2025-08-27 17:46:05'),(208,7,NULL,NULL,NULL,NULL,'22:6A:1A:31:4A:46','621893',300.00,'2025-08-27 17:53:42','2025-09-12 14:59:39'),(209,8,NULL,NULL,NULL,NULL,'CE:42:78:C4:E6:C9','802912',500.00,'2025-08-27 20:00:50','2025-08-27 20:00:50'),(210,8,NULL,NULL,NULL,NULL,'D6:12:9E:9D:91:0E','329466',500.00,'2025-08-27 20:03:22','2025-08-27 20:03:22'),(211,8,NULL,NULL,NULL,NULL,'D6:12:9E:9D:91:0E','050355',500.00,'2025-08-27 20:04:46','2025-08-27 20:04:46'),(212,8,NULL,NULL,NULL,NULL,'D6:12:9E:9D:91:0E','142624',500.00,'2025-08-27 20:08:09','2025-08-27 20:08:09'),(213,8,NULL,NULL,NULL,NULL,'02:C0:AF:A7:33:40','832478',500.00,'2025-08-27 20:32:32','2025-08-27 20:32:32'),(214,8,NULL,NULL,NULL,NULL,'3E:A5:2D:34:21:C5','988660',500.00,'2025-08-27 20:40:17','2025-08-27 20:40:17'),(215,9,NULL,NULL,NULL,NULL,'86:65:3C:6B:E1:84','800593',1000.00,'2025-08-27 23:25:10','2025-08-27 23:25:10'),(216,39,NULL,NULL,NULL,NULL,'A2:ED:93:63:1B:07','350839',1000.00,'2025-08-28 10:55:46','2025-08-28 10:55:46'),(217,8,NULL,NULL,NULL,NULL,'14:9F:3C:6B:96:77','711204',500.00,'2025-08-28 11:46:45','2025-08-28 11:46:45'),(222,9,NULL,NULL,NULL,NULL,'76:B4:55:80:75:CE','392335',1000.00,'2025-08-28 19:02:30','2025-08-28 19:02:30'),(226,8,NULL,NULL,NULL,NULL,'BE:B3:CB:9E:09:DC','642413',500.00,'2025-08-28 21:02:07','2025-08-28 21:02:07'),(231,9,NULL,NULL,NULL,NULL,'8E:CC:F9:80:BC:C7','799672',1000.00,'2025-08-29 07:09:48','2025-08-29 07:09:48'),(232,9,NULL,NULL,NULL,NULL,'8E:CC:F9:80:BC:C7','748127',1000.00,'2025-08-29 07:11:40','2025-08-29 07:11:40'),(233,39,NULL,NULL,NULL,NULL,'FE:0C:B3:5D:CE:B7','726438',1000.00,'2025-08-29 09:05:12','2025-08-29 09:05:12'),(235,38,NULL,NULL,NULL,NULL,'7A:39:BF:E7:E7:A8','724174',500.00,'2025-08-29 11:17:28','2025-08-29 11:17:28'),(237,8,NULL,NULL,NULL,NULL,'0E:32:DD:A2:B3:84','575913',500.00,'2025-08-29 12:22:42','2025-08-29 12:22:42'),(238,8,NULL,NULL,NULL,NULL,'0E:32:DD:A2:B3:84','037484',500.00,'2025-08-29 12:24:40','2025-08-29 12:24:40'),(239,8,NULL,NULL,NULL,NULL,'66:BB:53:AB:22:4E','354623',500.00,'2025-08-29 12:25:55','2025-08-29 12:25:55'),(240,8,NULL,NULL,NULL,NULL,'66:BB:53:AB:22:4E','818936',500.00,'2025-08-29 12:28:48','2025-08-29 12:28:48'),(241,6,NULL,NULL,NULL,NULL,'66:BB:53:AB:22:4E','620560',210.00,'2025-08-29 12:31:56','2025-08-29 12:31:56'),(243,9,NULL,NULL,NULL,NULL,'BE:B3:CB:9E:09:DC','786167',1000.00,'2025-08-29 12:38:47','2025-08-29 12:38:47'),(244,8,NULL,NULL,NULL,NULL,'DA:CB:3F:CA:8C:AE','244858',500.00,'2025-08-29 12:42:11','2025-08-29 12:42:11'),(245,8,NULL,NULL,NULL,NULL,'BE:B3:CB:9E:09:DC','531972',500.00,'2025-08-29 12:43:25','2025-08-29 12:43:25'),(248,6,NULL,NULL,NULL,NULL,'D2:04:68:63:50:42','938987',210.00,'2025-08-29 13:28:10','2025-08-29 13:28:10'),(250,8,NULL,NULL,NULL,NULL,'32:01:77:6B:D5:45','261180',500.00,'2025-08-29 14:21:17','2025-08-29 14:21:17'),(256,8,NULL,NULL,NULL,NULL,'42:B6:CB:A6:FE:13','575609',500.00,'2025-08-29 19:33:40','2025-08-29 19:33:40'),(258,7,NULL,NULL,NULL,NULL,'C6:C2:9D:CB:45:91','494153',300.00,'2025-08-29 20:30:42','2025-08-29 20:30:42'),(260,8,NULL,NULL,NULL,NULL,'02:C0:AF:A7:33:40','992403',500.00,'2025-08-29 21:14:04','2025-08-29 21:14:04'),(261,8,NULL,NULL,NULL,NULL,'02:C0:AF:A7:33:40','714852',500.00,'2025-08-29 21:14:47','2025-08-29 21:14:47'),(263,6,NULL,NULL,NULL,NULL,'32:01:77:6B:D5:45','147710',210.00,'2025-08-30 06:04:37','2025-08-30 06:04:37'),(264,6,NULL,NULL,NULL,NULL,'52:79:1D:E2:BB:02','340214',210.00,'2025-08-30 06:07:53','2025-08-30 06:07:53'),(268,8,NULL,NULL,NULL,NULL,'BE:B3:CB:9E:09:DC','525118',500.00,'2025-08-30 09:02:00','2025-08-30 09:02:00'),(271,9,NULL,NULL,NULL,NULL,'F6:15:EE:D6:C1:32','420328',1000.00,'2025-08-30 09:49:11','2025-08-30 09:49:11'),(274,9,NULL,NULL,NULL,NULL,'E2:CA:F4:73:20:C8','853181',1000.00,'2025-08-30 16:23:39','2025-08-30 16:23:39'),(279,8,NULL,NULL,NULL,NULL,'C6:C2:9D:CB:45:91','834756',500.00,'2025-08-31 05:20:09','2025-08-31 05:20:09'),(280,9,NULL,NULL,NULL,NULL,'16:E1:96:3C:2C:14','605455',1000.00,'2025-08-31 06:17:42','2025-08-31 06:17:42'),(281,9,NULL,NULL,NULL,NULL,'74:C1:7D:15:5A:9A','970356',1000.00,'2025-08-31 08:29:12','2025-08-31 08:29:12'),(282,9,NULL,NULL,NULL,NULL,'74:C1:7D:15:5A:9A','934713',1000.00,'2025-08-31 08:30:18','2025-08-31 08:30:18'),(285,39,NULL,NULL,NULL,NULL,'AA:22:0D:55:91:D7','998631',1000.00,'2025-08-31 10:40:01','2025-08-31 10:40:01'),(291,7,NULL,NULL,NULL,NULL,'8E:21:2C:35:94:48','597051',300.00,'2025-08-31 13:00:04','2025-08-31 13:00:04'),(294,9,NULL,NULL,NULL,NULL,'9A:0E:0A:D3:60:5E','719030',1000.00,'2025-08-31 16:11:29','2025-08-31 16:11:29'),(295,6,NULL,NULL,NULL,NULL,'2A:D7:59:12:C1:90','732626',210.00,'2025-08-31 17:10:29','2025-08-31 17:10:29'),(296,8,NULL,NULL,NULL,NULL,'FC:AA:B6:3B:A0:48','252046',500.00,'2025-08-31 17:47:43','2025-08-31 17:47:43'),(297,8,NULL,NULL,NULL,NULL,'FC:AA:B6:3B:A0:48','904794',500.00,'2025-08-31 17:51:15','2025-08-31 17:51:15'),(298,8,NULL,NULL,NULL,NULL,'FC:AA:B6:3B:A0:48','671848',500.00,'2025-08-31 17:55:48','2025-08-31 17:55:48'),(299,8,NULL,NULL,NULL,NULL,'FC:AA:B6:3B:A0:48','753859',500.00,'2025-08-31 17:58:39','2025-08-31 17:58:39'),(300,7,NULL,NULL,NULL,NULL,'FC:AA:B6:3B:A0:48','933783',300.00,'2025-08-31 18:00:05','2025-08-31 18:00:05'),(302,9,NULL,NULL,NULL,NULL,'42:B6:CB:A6:FE:13','926858',1000.00,'2025-08-31 18:19:09','2025-08-31 18:19:09'),(303,9,NULL,NULL,NULL,NULL,'FE:54:93:3B:80:42','926632',1000.00,'2025-08-31 18:21:07','2025-08-31 18:21:07'),(304,6,NULL,NULL,NULL,NULL,'2A:D7:59:12:C1:90','343354',210.00,'2025-08-31 18:44:39','2025-08-31 18:44:39'),(305,6,NULL,NULL,NULL,NULL,'FE:4C:C7:F9:76:78','188173',210.00,'2025-08-31 18:45:07','2025-08-31 18:45:07'),(306,9,NULL,NULL,NULL,NULL,'10:3F:44:60:C7:32','632868',1000.00,'2025-08-31 19:03:03','2025-08-31 19:03:03'),(309,6,NULL,NULL,NULL,NULL,'4E:63:7D:67:95:A8','009045',210.00,'2025-08-31 20:10:25','2025-08-31 20:10:25'),(310,7,NULL,NULL,NULL,NULL,'82:75:18:2D:C9:ED','611132',300.00,'2025-08-31 20:46:17','2025-08-31 20:46:17'),(313,8,NULL,NULL,NULL,NULL,'FC:AA:B6:3B:A0:48','068383',500.00,'2025-08-31 22:38:09','2025-08-31 22:38:09'),(314,8,NULL,NULL,NULL,NULL,'FC:AA:B6:3B:A0:48','684089',500.00,'2025-08-31 22:40:05','2025-08-31 22:40:05'),(317,6,NULL,NULL,NULL,NULL,'52:79:1D:E2:BB:02','757497',210.00,'2025-09-01 06:17:28','2025-09-01 06:17:28'),(319,7,NULL,NULL,NULL,NULL,'FE:06:92:FA:87:6B','258846',300.00,'2025-09-01 06:51:22','2025-09-01 06:51:22'),(321,44,NULL,NULL,NULL,NULL,'C6:F2:E7:AB:DB:E5','477982',200.00,'2025-09-01 08:22:59','2025-09-01 08:22:59'),(323,40,NULL,NULL,NULL,NULL,'BA:C8:C0:76:B0:F5','452423',5000.00,'2025-09-01 08:32:15','2025-09-01 08:32:15'),(324,52,NULL,NULL,NULL,NULL,'D0:F8:65:55:BE:78','860203',1000.00,'2025-09-01 08:38:24','2025-09-01 08:38:24'),(325,52,NULL,NULL,NULL,NULL,'D0:F8:65:55:BE:78','210026',1000.00,'2025-09-01 08:39:47','2025-09-01 08:39:47'),(327,9,NULL,NULL,NULL,NULL,'16:90:94:94:7D:93','223671',1000.00,'2025-09-01 10:09:59','2025-09-01 10:09:59'),(336,54,NULL,NULL,NULL,NULL,'62:CE:DD:1A:A7:3C','445924',2000.00,'2025-09-01 12:50:47','2025-09-01 12:50:47'),(339,52,NULL,NULL,NULL,NULL,'06:E0:47:00:C7:45','958893',1000.00,'2025-09-01 13:50:30','2025-09-01 13:50:30'),(340,47,NULL,NULL,NULL,NULL,'06:E0:47:00:C7:45','758626',500.00,'2025-09-01 13:54:02','2025-09-01 13:54:02'),(344,8,NULL,NULL,NULL,NULL,'A6:FE:2D:DE:CA:43','692732',500.00,'2025-09-01 15:20:54','2025-09-01 15:20:54'),(345,7,NULL,NULL,NULL,NULL,'A6:FE:2D:DE:CA:43','629480',300.00,'2025-09-01 15:24:01','2025-09-01 15:24:01'),(349,8,NULL,NULL,NULL,NULL,'82:75:18:2D:C9:ED','179134',500.00,'2025-09-01 16:42:18','2025-09-01 16:42:18'),(350,7,NULL,NULL,NULL,NULL,'82:75:18:2D:C9:ED','147568',300.00,'2025-09-01 16:44:49','2025-09-01 16:44:49'),(351,6,NULL,NULL,NULL,NULL,'82:75:18:2D:C9:ED','220332',210.00,'2025-09-01 16:46:35','2025-09-01 16:46:35'),(352,7,NULL,NULL,NULL,NULL,'06:18:57:F1:B9:90','919137',300.00,'2025-09-01 17:14:09','2025-09-01 17:14:09'),(354,9,NULL,NULL,NULL,NULL,'30:FC:EB:7A:0C:90','026804',1000.00,'2025-09-01 18:15:17','2025-09-01 18:15:17'),(355,44,NULL,NULL,NULL,NULL,'EE:48:7F:A1:D6:71','758010',200.00,'2025-09-01 18:16:49','2025-09-01 18:16:49'),(356,6,NULL,NULL,NULL,NULL,'4E:63:7D:67:95:A8','423566',210.00,'2025-09-01 18:35:00','2025-09-01 18:35:00'),(357,6,NULL,NULL,NULL,NULL,'4E:63:7D:67:95:A8','238394',210.00,'2025-09-01 18:36:01','2025-09-01 18:36:01'),(358,6,NULL,NULL,NULL,NULL,'20:26:81:EC:2E:02','179666',210.00,'2025-09-01 18:36:05','2025-09-01 18:36:05'),(359,6,NULL,NULL,NULL,NULL,'4E:63:7D:67:95:A8','418294',210.00,'2025-09-01 18:37:02','2025-09-01 18:37:02'),(360,6,NULL,NULL,NULL,NULL,'4E:63:7D:67:95:A8','159376',210.00,'2025-09-01 18:39:23','2025-09-01 18:39:23'),(361,6,NULL,NULL,NULL,NULL,'20:26:81:EC:2E:02','370250',210.00,'2025-09-01 18:39:52','2025-09-01 18:39:52'),(362,6,NULL,NULL,NULL,NULL,'20:26:81:EC:2E:02','219753',210.00,'2025-09-01 18:41:34','2025-09-01 18:41:34'),(363,6,NULL,NULL,NULL,NULL,'FE:02:BF:6C:60:89','920869',210.00,'2025-09-01 18:43:18','2025-09-01 18:43:18'),(364,6,NULL,NULL,NULL,NULL,'4E:63:7D:67:95:A8','397248',210.00,'2025-09-01 19:07:12','2025-09-01 19:07:12'),(371,9,NULL,NULL,NULL,NULL,'4E:63:7D:67:95:A8','949080',1000.00,'2025-09-01 22:16:28','2025-09-01 22:16:28'),(373,9,NULL,NULL,NULL,NULL,'86:87:D5:B9:81:15','142702',1000.00,'2025-09-02 06:46:11','2025-09-02 06:46:11'),(374,8,NULL,NULL,NULL,NULL,'86:87:D5:B9:81:15','301901',500.00,'2025-09-02 06:48:20','2025-09-02 06:48:20'),(375,8,NULL,NULL,NULL,NULL,'86:87:D5:B9:81:15','428142',500.00,'2025-09-02 06:50:22','2025-09-02 06:50:22'),(376,9,NULL,NULL,NULL,NULL,'86:87:D5:B9:81:15','087289',1000.00,'2025-09-02 06:51:29','2025-09-02 06:51:29'),(377,8,NULL,NULL,NULL,NULL,'86:87:D5:B9:81:15','496924',500.00,'2025-09-02 06:52:51','2025-09-02 06:52:51'),(378,8,NULL,NULL,NULL,NULL,'E6:94:D2:8C:72:72','522073',500.00,'2025-09-02 06:55:14','2025-09-02 06:55:14'),(379,9,NULL,NULL,NULL,NULL,'86:87:D5:B9:81:15','284755',1000.00,'2025-09-02 07:03:33','2025-09-02 07:03:33'),(380,10,NULL,NULL,NULL,NULL,'86:87:D5:B9:81:15','440425',5000.00,'2025-09-02 07:05:30','2025-09-02 07:05:30'),(381,8,NULL,NULL,NULL,NULL,'86:87:D5:B9:81:15','448724',500.00,'2025-09-02 07:06:57','2025-09-02 07:06:57'),(382,8,NULL,NULL,NULL,NULL,'E6:94:D2:8C:72:72','328924',500.00,'2025-09-02 07:07:50','2025-09-02 07:07:50'),(385,8,NULL,NULL,NULL,NULL,'86:87:D5:B9:81:15','373988',500.00,'2025-09-02 07:36:22','2025-09-02 07:36:22'),(386,9,NULL,NULL,NULL,NULL,'E2:CA:F4:73:20:C8','895641',1000.00,'2025-09-02 07:41:52','2025-09-02 07:41:52'),(387,9,NULL,NULL,NULL,NULL,'E2:CA:F4:73:20:C8','269692',1000.00,'2025-09-02 07:44:49','2025-09-02 07:44:49'),(389,9,NULL,NULL,NULL,NULL,'E2:CA:F4:73:20:C8','427473',1000.00,'2025-09-02 08:14:53','2025-09-02 08:14:53'),(390,44,NULL,NULL,NULL,NULL,'EA:31:B8:21:8D:26','513956',200.00,'2025-09-02 08:57:06','2025-09-02 08:57:06'),(391,8,NULL,NULL,NULL,NULL,'66:BB:53:AB:22:4E','387032',500.00,'2025-09-02 08:57:46','2025-09-02 08:57:46'),(394,47,NULL,NULL,NULL,NULL,'3C:57:6C:9D:5C:3B','613761',500.00,'2025-09-02 09:53:34','2025-09-02 09:53:34'),(395,47,NULL,NULL,NULL,NULL,'3C:57:6C:9D:5C:3B','621642',500.00,'2025-09-02 09:53:46','2025-09-02 09:53:46'),(396,47,NULL,NULL,NULL,NULL,'3C:57:6C:9D:5C:3B','505894',500.00,'2025-09-02 09:54:06','2025-09-02 09:54:06'),(397,47,NULL,NULL,NULL,NULL,'3C:57:6C:9D:5C:3B','728941',500.00,'2025-09-02 09:54:44','2025-09-02 09:54:44'),(401,6,NULL,NULL,NULL,NULL,'C2:48:65:4F:7C:BD','760613',210.00,'2025-09-02 12:27:11','2025-09-02 12:27:11'),(406,6,NULL,NULL,NULL,NULL,'3E:52:30:57:D8:D4','516421',210.00,'2025-09-02 15:35:44','2025-09-02 15:35:44'),(407,6,NULL,NULL,NULL,NULL,'86:66:FB:B5:73:00','906570',210.00,'2025-09-02 15:38:56','2025-09-02 15:38:56'),(408,6,NULL,NULL,NULL,NULL,'7E:A5:C8:0E:3C:6A','941024',210.00,'2025-09-02 16:31:41','2025-09-02 16:31:41'),(413,9,NULL,NULL,NULL,NULL,'14:9F:3C:6B:96:77','205629',1000.00,'2025-09-02 19:10:34','2025-09-02 19:10:34'),(414,6,NULL,NULL,NULL,NULL,'C6:82:84:09:10:28','898669',210.00,'2025-09-02 19:12:17','2025-09-02 19:12:17'),(416,7,NULL,NULL,NULL,NULL,'82:75:18:2D:C9:ED','106085',300.00,'2025-09-02 19:17:46','2025-09-02 19:17:46'),(418,8,NULL,NULL,NULL,NULL,'C2:08:B3:A8:F9:28','220151',500.00,'2025-09-02 19:29:17','2025-09-02 19:29:17'),(419,8,NULL,NULL,NULL,NULL,'82:75:18:2D:C9:ED','294308',500.00,'2025-09-02 19:29:21','2025-09-02 19:29:21'),(420,6,NULL,NULL,NULL,NULL,'C2:08:B3:A8:F9:28','710943',210.00,'2025-09-02 19:31:04','2025-09-02 19:31:04'),(421,8,NULL,NULL,NULL,NULL,'82:75:18:2D:C9:ED','492229',500.00,'2025-09-02 19:31:15','2025-09-02 19:31:15'),(422,7,NULL,NULL,NULL,NULL,'82:75:18:2D:C9:ED','104079',300.00,'2025-09-02 19:32:57','2025-09-02 19:32:57'),(424,8,NULL,NULL,NULL,NULL,'2E:86:96:AC:FF:06','219605',500.00,'2025-09-02 20:05:25','2025-09-02 20:05:25'),(425,8,NULL,NULL,NULL,NULL,'2E:86:96:AC:FF:06','732111',500.00,'2025-09-02 20:09:06','2025-09-02 20:09:06'),(426,8,NULL,NULL,NULL,NULL,'2E:86:96:AC:FF:06','386308',500.00,'2025-09-02 20:10:33','2025-09-02 20:10:33'),(429,9,NULL,NULL,NULL,NULL,'4E:3D:13:06:1F:4B','458902',1000.00,'2025-09-02 20:53:12','2025-09-02 20:53:12'),(430,9,NULL,NULL,NULL,NULL,'4E:3D:13:06:1F:4B','352835',1000.00,'2025-09-02 20:55:29','2025-09-02 20:55:29'),(431,9,NULL,NULL,NULL,NULL,'4E:3D:13:06:1F:4B','792287',1000.00,'2025-09-02 20:56:06','2025-09-02 20:56:06'),(433,8,NULL,NULL,NULL,NULL,'5A:22:D6:25:36:E9','924120',500.00,'2025-09-02 21:38:04','2025-09-16 13:24:39'),(440,8,NULL,NULL,NULL,NULL,'F2:14:5F:EE:3E:9B','229121',500.00,'2025-09-03 06:46:40','2025-09-03 06:46:40'),(443,9,NULL,NULL,NULL,NULL,'CC:3D:82:C5:53:E6','289324',1000.00,'2025-09-03 08:46:20','2025-09-03 08:46:20'),(445,9,NULL,NULL,NULL,NULL,'E2:CA:F4:73:20:C8','465578',1000.00,'2025-09-03 09:11:13','2025-09-03 09:11:13'),(446,9,NULL,NULL,NULL,NULL,'BE:D8:5E:B0:49:F7','874639',1000.00,'2025-09-03 09:13:36','2025-09-03 09:13:36'),(447,8,NULL,NULL,NULL,NULL,'96:D4:9F:81:4D:92','762196',500.00,'2025-09-03 10:59:20','2025-09-03 10:59:20'),(448,8,NULL,NULL,NULL,NULL,'FE:54:93:3B:80:42','245299',500.00,'2025-09-03 11:03:07','2025-09-03 11:03:07'),(449,8,NULL,NULL,NULL,NULL,'FE:54:93:3B:80:42','158616',500.00,'2025-09-03 11:09:43','2025-09-03 11:09:43'),(450,8,NULL,NULL,NULL,NULL,'FE:54:93:3B:80:42','064416',500.00,'2025-09-03 11:40:28','2025-09-03 11:40:28'),(452,8,NULL,NULL,NULL,NULL,'FE:54:93:3B:80:42','152501',500.00,'2025-09-03 11:52:28','2025-09-03 11:52:28'),(453,8,NULL,NULL,NULL,NULL,'FE:54:93:3B:80:42','002330',500.00,'2025-09-03 11:54:00','2025-09-03 11:54:00'),(456,6,NULL,NULL,NULL,NULL,'92:85:32:EB:61:BE','816854',210.00,'2025-09-03 13:42:44','2025-09-03 13:42:44'),(457,6,NULL,NULL,NULL,NULL,'92:85:32:EB:61:BE','079627',210.00,'2025-09-03 13:43:54','2025-09-03 13:43:54'),(458,6,NULL,NULL,NULL,NULL,'92:85:32:EB:61:BE','296170',210.00,'2025-09-03 13:46:12','2025-09-03 13:46:12'),(464,9,NULL,NULL,NULL,NULL,'66:BB:53:AB:22:4E','958938',1000.00,'2025-09-03 17:56:45','2025-09-03 17:56:45'),(474,7,NULL,NULL,NULL,NULL,'82:75:18:2D:C9:ED','767383',300.00,'2025-09-03 20:04:06','2025-09-03 20:04:06'),(476,8,NULL,NULL,NULL,NULL,'82:75:18:2D:C9:ED','255468',500.00,'2025-09-03 20:07:08','2025-09-03 20:07:08'),(477,8,NULL,NULL,NULL,NULL,'82:75:18:2D:C9:ED','206454',500.00,'2025-09-03 20:08:51','2025-09-03 20:08:51'),(478,7,NULL,NULL,NULL,NULL,'9A:0E:0A:D3:60:5E','946263',300.00,'2025-09-03 20:12:58','2025-09-03 20:12:58'),(480,7,NULL,NULL,NULL,NULL,'9A:0E:0A:D3:60:5E','439901',300.00,'2025-09-03 20:16:47','2025-09-03 20:16:47'),(482,8,NULL,NULL,NULL,NULL,'DA:CB:3F:CA:8C:AE','878729',500.00,'2025-09-03 20:18:13','2025-09-03 20:18:13'),(484,9,NULL,NULL,NULL,NULL,'B2:C2:DD:A2:16:D9','613775',1000.00,'2025-09-03 20:47:37','2025-09-03 20:47:37'),(485,7,NULL,NULL,NULL,NULL,'B2:C2:DD:A2:16:D9','193246',300.00,'2025-09-03 20:49:25','2025-09-03 20:49:25'),(486,7,NULL,NULL,NULL,NULL,'B2:C2:DD:A2:16:D9','618213',300.00,'2025-09-03 20:52:14','2025-09-03 20:52:14'),(489,9,NULL,NULL,NULL,NULL,'30:FC:EB:7A:0C:90','167748',1000.00,'2025-09-04 01:29:38','2025-09-04 01:29:38'),(492,6,NULL,NULL,NULL,NULL,'B2:C2:DD:A2:16:D9','769544',210.00,'2025-09-04 08:07:58','2025-09-04 08:07:58'),(495,9,NULL,NULL,NULL,NULL,'08:ED:9D:3D:31:A6','004608',1000.00,'2025-09-04 08:52:11','2025-09-04 08:52:11'),(500,7,NULL,NULL,NULL,NULL,'C6:59:82:AA:84:89','286422',300.00,'2025-09-04 13:50:07','2025-09-04 13:50:07'),(502,9,NULL,NULL,NULL,NULL,'42:B6:CB:A6:FE:13','925000',1000.00,'2025-09-04 14:50:16','2025-09-04 14:50:16'),(504,7,NULL,NULL,NULL,NULL,'42:48:80:8D:93:A4','473237',300.00,'2025-09-04 15:01:57','2025-09-04 15:01:57'),(512,6,NULL,NULL,NULL,NULL,'74:C1:7D:15:5A:9A','058614',210.00,'2025-09-04 16:42:59','2025-09-04 16:42:59'),(514,8,NULL,NULL,NULL,NULL,'22:F0:CA:D5:AF:FC','939197',500.00,'2025-09-04 16:56:17','2025-09-04 16:56:17'),(515,7,NULL,NULL,NULL,NULL,'22:F0:CA:D5:AF:FC','495354',300.00,'2025-09-04 16:58:07','2025-09-04 16:58:07'),(516,6,NULL,NULL,NULL,NULL,'98:6F:60:F2:49:83','574457',210.00,'2025-09-04 17:04:39','2025-09-04 17:04:39'),(517,6,NULL,NULL,NULL,NULL,'98:6F:60:F2:49:83','114473',210.00,'2025-09-04 17:10:52','2025-09-04 17:10:52'),(519,6,NULL,NULL,NULL,NULL,'98:6F:60:F2:49:83','950394',210.00,'2025-09-04 17:15:52','2025-09-04 17:15:52'),(520,6,NULL,NULL,NULL,NULL,'98:6F:60:F2:49:83','662754',210.00,'2025-09-04 17:17:17','2025-09-04 17:17:17'),(521,8,NULL,NULL,NULL,NULL,'98:6F:60:F2:49:83','757580',500.00,'2025-09-04 17:23:18','2025-09-04 17:23:18'),(522,7,NULL,NULL,NULL,NULL,'98:6F:60:F2:49:83','007956',300.00,'2025-09-04 17:26:01','2025-09-04 17:26:01'),(523,8,NULL,NULL,NULL,NULL,'FE:06:92:FA:87:6B','594458',500.00,'2025-09-04 17:42:06','2025-09-04 17:42:06'),(524,8,NULL,NULL,NULL,NULL,'FE:06:92:FA:87:6B','241438',500.00,'2025-09-04 17:44:35','2025-09-04 17:44:35'),(526,10,NULL,NULL,NULL,NULL,'D6:12:9E:9D:91:0E','432972',5000.00,'2025-09-04 17:55:37','2025-09-04 17:55:37'),(528,8,NULL,NULL,NULL,NULL,'D6:12:9E:9D:91:0E','624912',500.00,'2025-09-04 18:01:07','2025-09-04 18:01:07'),(534,8,NULL,NULL,NULL,NULL,'FC:AA:B6:3B:A0:48','320014',500.00,'2025-09-04 20:20:42','2025-09-04 20:20:42'),(538,8,NULL,NULL,NULL,NULL,'3E:A5:2D:34:21:C5','075493',500.00,'2025-09-04 21:48:08','2025-09-04 21:48:08'),(543,6,NULL,NULL,NULL,NULL,'B2:08:B4:45:AA:47','830552',210.00,'2025-09-05 08:59:26','2025-09-05 08:59:26'),(545,6,NULL,NULL,NULL,NULL,'86:87:D5:B9:81:15','404713',210.00,'2025-09-05 10:00:19','2025-09-05 10:00:19'),(548,6,NULL,NULL,NULL,NULL,'36:C9:AA:48:C9:18','629744',210.00,'2025-09-05 11:10:39','2025-09-05 11:10:39'),(550,8,NULL,NULL,NULL,NULL,'6E:86:6A:C0:08:FA','250926',500.00,'2025-09-05 12:14:02','2025-09-05 12:14:02'),(552,9,NULL,NULL,NULL,NULL,'26:21:0C:1C:E5:48','129101',1000.00,'2025-09-05 13:00:27','2025-09-05 13:00:27'),(553,6,NULL,NULL,NULL,NULL,'92:85:32:EB:61:BE','844080',210.00,'2025-09-05 13:05:40','2025-09-05 13:05:40'),(554,9,NULL,NULL,NULL,NULL,'26:21:0C:1C:E5:48','549427',1000.00,'2025-09-05 13:06:15','2025-09-05 13:06:15'),(555,8,NULL,NULL,NULL,NULL,'D4:67:D3:E3:17:BD','269653',500.00,'2025-09-05 13:08:58','2025-09-05 13:08:58'),(556,9,NULL,NULL,NULL,NULL,'14:9F:3C:6B:96:77','488448',1000.00,'2025-09-05 13:45:00','2025-09-05 13:45:00'),(558,8,NULL,NULL,NULL,NULL,'CA:72:22:4C:C5:32','434830',500.00,'2025-09-05 14:06:03','2025-10-28 07:42:26'),(559,8,NULL,NULL,NULL,NULL,'D4:67:D3:E3:17:BD','992848',500.00,'2025-09-05 14:29:34','2025-09-05 14:29:34'),(560,8,NULL,NULL,NULL,NULL,'10:3F:44:60:C7:32','347306',500.00,'2025-09-05 14:33:41','2025-09-05 14:33:41'),(562,9,NULL,NULL,NULL,NULL,'FA:0A:7A:6C:91:F4','954579',1000.00,'2025-09-05 14:59:39','2025-09-05 14:59:39'),(565,7,NULL,NULL,NULL,NULL,'42:48:80:8D:93:A4','029682',300.00,'2025-09-05 15:53:21','2025-09-05 15:53:21'),(566,7,NULL,NULL,NULL,NULL,'92:A1:9C:9F:90:B5','177376',300.00,'2025-09-05 16:15:36','2025-09-05 16:15:36'),(567,7,NULL,NULL,NULL,NULL,'92:A1:9C:9F:90:B5','887922',300.00,'2025-09-05 16:19:06','2025-09-05 16:19:06'),(568,7,NULL,NULL,NULL,NULL,'42:48:80:8D:93:A4','473872',300.00,'2025-09-05 16:23:05','2025-09-05 16:23:05'),(569,7,NULL,NULL,NULL,NULL,'92:A1:9C:9F:90:B5','182934',300.00,'2025-09-05 16:27:31','2025-09-05 16:27:31'),(570,7,NULL,NULL,NULL,NULL,'92:A1:9C:9F:90:B5','238179',300.00,'2025-09-05 16:29:28','2025-09-05 16:29:28'),(571,8,NULL,NULL,NULL,NULL,'FE:06:92:FA:87:6B','753913',500.00,'2025-09-05 18:12:36','2025-09-05 18:12:36'),(572,9,NULL,NULL,NULL,NULL,'EE:27:90:CF:93:40','164536',1000.00,'2025-09-05 18:42:30','2025-09-05 18:42:30'),(573,8,NULL,NULL,NULL,NULL,'F6:D1:00:86:57:E6','434195',500.00,'2025-09-05 18:43:44','2025-09-05 18:43:44'),(574,8,NULL,NULL,NULL,NULL,'F6:D1:00:86:57:E6','656101',500.00,'2025-09-05 18:55:18','2025-09-05 18:55:18'),(576,9,NULL,NULL,NULL,NULL,'D4:67:D3:E3:17:BD','690433',1000.00,'2025-09-05 19:17:12','2025-09-05 19:17:12'),(577,9,NULL,NULL,NULL,NULL,'D4:67:D3:E3:17:BD','374100',1000.00,'2025-09-05 19:18:49','2025-09-05 19:18:49'),(578,10,NULL,NULL,NULL,NULL,'16:90:94:94:7D:93','345079',5000.00,'2025-09-05 19:19:07','2025-09-05 19:19:07'),(579,8,NULL,NULL,NULL,NULL,'FE:06:92:FA:87:6B','900593',500.00,'2025-09-05 19:19:31','2025-09-05 19:19:31'),(580,8,NULL,NULL,NULL,NULL,'D4:67:D3:E3:17:BD','984494',500.00,'2025-09-05 19:20:51','2025-09-05 19:20:51'),(581,10,NULL,NULL,NULL,NULL,'16:90:94:94:7D:93','571890',5000.00,'2025-09-05 19:21:08','2025-09-05 19:21:08'),(582,9,NULL,NULL,NULL,NULL,'FE:06:92:FA:87:6B','071400',1000.00,'2025-09-05 19:21:44','2025-09-05 19:21:44'),(587,7,NULL,NULL,NULL,NULL,'0A:00:F5:20:D1:35','455226',300.00,'2025-09-05 22:04:31','2025-09-05 22:04:31'),(588,7,NULL,NULL,NULL,NULL,'0A:00:F5:20:D1:35','430446',300.00,'2025-09-05 22:05:24','2025-09-05 22:05:24'),(589,7,NULL,NULL,NULL,NULL,'0A:00:F5:20:D1:35','341126',300.00,'2025-09-05 22:06:44','2025-09-05 22:06:44'),(596,59,NULL,NULL,NULL,NULL,'F0:1F:AF:43:46:02','752769',1000.00,'2025-09-06 10:28:56','2025-09-06 10:28:56'),(597,59,NULL,NULL,NULL,NULL,'F0:1F:AF:43:46:02','123399',1000.00,'2025-09-06 10:29:55','2025-09-06 10:29:55'),(601,9,NULL,NULL,NULL,NULL,'2E:86:96:AC:FF:06','818822',1000.00,'2025-09-06 12:05:27','2025-09-06 12:05:27'),(605,7,NULL,NULL,NULL,NULL,'42:48:80:8D:93:A4','035815',300.00,'2025-09-06 13:19:18','2025-09-06 13:19:18'),(608,9,NULL,NULL,NULL,NULL,'9A:0E:0A:D3:60:5E','283640',1000.00,'2025-09-06 17:01:01','2025-09-06 17:01:01'),(610,23,NULL,NULL,NULL,NULL,'4E:37:21:D1:E9:69','982067',15000.00,'2025-09-06 17:10:18','2025-09-06 17:10:18'),(611,8,NULL,NULL,NULL,NULL,'0A:15:74:AF:16:87','532916',500.00,'2025-09-06 17:50:19','2025-09-06 17:50:19'),(612,7,NULL,NULL,NULL,NULL,'0A:15:74:AF:16:87','059154',300.00,'2025-09-06 17:52:41','2025-09-06 17:52:41'),(613,7,NULL,NULL,NULL,NULL,'22:F0:CA:D5:AF:FC','647772',300.00,'2025-09-06 18:05:35','2025-09-06 18:05:35'),(615,8,NULL,NULL,NULL,NULL,'72:5B:F0:4A:F7:74','025855',500.00,'2025-09-06 18:16:21','2025-10-17 19:50:06'),(621,8,NULL,NULL,NULL,NULL,'3E:A5:2D:34:21:C5','725241',500.00,'2025-09-06 19:37:15','2025-09-06 19:37:15'),(622,7,NULL,NULL,NULL,NULL,'C6:82:84:09:10:28','129782',300.00,'2025-09-06 19:47:35','2025-09-06 19:47:35'),(625,7,NULL,NULL,NULL,NULL,'9A:0E:0A:D3:60:5E','137778',300.00,'2025-09-06 20:22:45','2025-09-06 20:22:45'),(626,6,NULL,NULL,NULL,NULL,'9A:0E:0A:D3:60:5E','101648',210.00,'2025-09-06 20:23:58','2025-09-06 20:23:58'),(627,8,NULL,NULL,NULL,NULL,'F2:65:ED:BF:19:CD','371440',500.00,'2025-09-06 20:49:46','2025-09-06 20:49:46'),(628,8,NULL,NULL,NULL,NULL,'F2:65:ED:BF:19:CD','881600',500.00,'2025-09-06 20:52:21','2025-09-06 20:52:21'),(630,8,NULL,NULL,NULL,NULL,'FE:06:92:FA:87:6B','734831',500.00,'2025-09-06 21:03:06','2025-09-06 21:03:06'),(631,8,NULL,NULL,NULL,NULL,'FE:06:92:FA:87:6B','543007',500.00,'2025-09-06 21:04:56','2025-09-06 21:04:56'),(632,8,NULL,NULL,NULL,NULL,'FE:06:92:FA:87:6B','392350',500.00,'2025-09-06 21:09:16','2025-09-06 21:09:16'),(633,8,NULL,NULL,NULL,NULL,'FE:06:92:FA:87:6B','139247',500.00,'2025-09-06 21:22:39','2025-09-06 21:22:39'),(635,8,NULL,NULL,NULL,NULL,'4E:AC:71:9B:AA:D8','570919',500.00,'2025-09-06 22:16:04','2025-09-06 22:16:04'),(636,8,NULL,NULL,NULL,NULL,'FA:EE:D5:8C:58:74','459201',500.00,'2025-09-06 22:17:45','2025-09-06 22:17:45'),(637,8,NULL,NULL,NULL,NULL,'4E:AC:71:9B:AA:D8','906762',500.00,'2025-09-06 22:19:09','2025-09-06 22:19:09'),(638,8,NULL,NULL,NULL,NULL,'FA:EE:D5:8C:58:74','029415',500.00,'2025-09-06 22:20:43','2025-09-06 22:20:43'),(639,8,NULL,NULL,NULL,NULL,'FA:EE:D5:8C:58:74','798804',500.00,'2025-09-06 22:22:40','2025-09-06 22:22:40'),(641,8,NULL,NULL,NULL,NULL,'F2:65:ED:BF:19:CD','316227',500.00,'2025-09-07 03:30:40','2025-09-07 03:30:40'),(645,6,NULL,NULL,NULL,NULL,'98:6F:60:F2:49:83','139863',210.00,'2025-09-07 06:46:05','2025-09-07 06:46:05'),(648,6,NULL,NULL,NULL,NULL,'44:91:60:EA:98:8E','427305',210.00,'2025-09-07 10:14:14','2025-09-07 10:14:14'),(651,10,NULL,NULL,NULL,NULL,'BE:B3:CB:9E:09:DC','101057',5000.00,'2025-09-07 10:46:51','2025-09-07 10:46:51'),(652,8,NULL,NULL,NULL,NULL,'5A:89:1E:4F:60:20','838115',500.00,'2025-09-07 10:51:37','2025-09-07 10:51:37'),(653,8,NULL,NULL,NULL,NULL,'BE:B3:CB:9E:09:DC','149085',500.00,'2025-09-07 10:56:54','2025-09-07 10:56:54'),(655,8,NULL,NULL,NULL,NULL,'5A:89:1E:4F:60:20','665093',500.00,'2025-09-07 11:11:46','2025-09-07 11:11:46'),(657,8,NULL,NULL,NULL,NULL,'5A:89:1E:4F:60:20','879217',500.00,'2025-09-07 11:12:34','2025-09-07 11:12:34'),(659,8,NULL,NULL,NULL,NULL,'82:75:18:2D:C9:ED','428447',500.00,'2025-09-07 13:51:52','2025-09-07 13:51:52'),(660,8,NULL,NULL,NULL,NULL,'9A:0E:0A:D3:60:5E','196591',500.00,'2025-09-07 13:52:43','2025-09-07 13:52:43'),(664,7,NULL,NULL,NULL,NULL,'9A:0E:0A:D3:60:5E','431661',300.00,'2025-09-07 16:28:30','2025-09-07 16:28:30'),(665,7,NULL,NULL,NULL,NULL,'9A:0E:0A:D3:60:5E','014698',300.00,'2025-09-07 16:30:27','2025-09-07 16:30:27'),(666,7,NULL,NULL,NULL,NULL,'9A:0E:0A:D3:60:5E','041865',300.00,'2025-09-07 16:35:02','2025-09-07 16:35:02'),(667,7,NULL,NULL,NULL,NULL,'9A:0E:0A:D3:60:5E','971495',300.00,'2025-09-07 16:36:23','2025-09-07 16:36:23'),(668,8,NULL,NULL,NULL,NULL,'9A:0E:0A:D3:60:5E','908369',500.00,'2025-09-07 16:41:14','2025-09-07 16:41:14'),(672,8,NULL,NULL,NULL,NULL,'2E:02:FF:6E:4D:83','674139',500.00,'2025-09-07 17:49:02','2025-09-07 17:49:02'),(678,8,NULL,NULL,NULL,NULL,'82:75:18:2D:C9:ED','192251',500.00,'2025-09-07 19:09:02','2025-09-07 19:09:02'),(679,8,NULL,NULL,NULL,NULL,'9A:0E:0A:D3:60:5E','999920',500.00,'2025-09-07 19:13:44','2025-09-07 19:13:44'),(683,7,NULL,NULL,NULL,NULL,'C6:82:84:09:10:28','855035',300.00,'2025-09-07 20:04:26','2025-09-07 20:04:26'),(685,7,NULL,NULL,NULL,NULL,'C6:82:84:09:10:28','568633',300.00,'2025-09-07 20:15:41','2025-09-07 20:15:41'),(688,8,NULL,NULL,NULL,NULL,'FE:06:92:FA:87:6B','937268',500.00,'2025-09-07 21:06:03','2025-09-07 21:06:03'),(689,10,NULL,NULL,NULL,NULL,'54:72:0D:21:02:90','991377',5000.00,'2025-09-08 06:43:50','2025-09-08 06:43:50'),(690,10,NULL,NULL,NULL,NULL,'54:72:0D:21:02:90','681026',5000.00,'2025-09-08 06:51:28','2025-09-08 06:51:28'),(691,9,NULL,NULL,NULL,NULL,'BA:39:52:5C:0D:F2','235200',1000.00,'2025-09-08 08:34:33','2025-09-08 08:34:33'),(692,9,NULL,NULL,NULL,NULL,'6A:8D:55:4F:DE:15','857474',1000.00,'2025-09-08 08:40:07','2025-09-08 08:40:07'),(693,9,NULL,NULL,NULL,NULL,'62:98:4F:47:C4:C9','672440',1000.00,'2025-09-08 09:33:38','2025-09-08 09:33:38'),(696,8,NULL,NULL,NULL,NULL,'5A:22:D6:25:36:E9','519889',500.00,'2025-09-08 11:22:48','2025-09-08 11:22:48'),(699,8,NULL,NULL,NULL,NULL,'CA:72:22:4C:C5:32','888176',500.00,'2025-09-08 11:24:10','2025-09-08 11:24:10'),(701,8,NULL,NULL,NULL,NULL,'FE:06:92:FA:87:6B','489638',500.00,'2025-09-08 15:51:12','2025-09-08 15:51:12'),(702,8,NULL,NULL,NULL,NULL,'FE:06:92:FA:87:6B','065117',500.00,'2025-09-08 15:53:59','2025-09-08 15:53:59'),(703,8,NULL,NULL,NULL,NULL,'FE:06:92:FA:87:6B','754110',500.00,'2025-09-08 15:56:52','2025-09-08 15:56:52'),(708,9,NULL,NULL,NULL,NULL,'20:26:81:EC:2E:02','997050',1000.00,'2025-09-08 17:42:06','2025-09-08 17:42:06'),(712,8,NULL,NULL,NULL,NULL,'D6:12:9E:9D:91:0E','402499',500.00,'2025-09-08 18:58:07','2025-09-08 18:58:07'),(714,7,NULL,NULL,NULL,NULL,'80:79:5D:85:E3:B1','904842',300.00,'2025-09-08 19:01:23','2025-09-08 19:01:23'),(717,9,NULL,NULL,NULL,NULL,'0A:00:F5:20:D1:35','157486',1000.00,'2025-09-08 19:04:11','2025-09-08 19:04:11'),(718,8,NULL,NULL,NULL,NULL,'92:85:32:EB:61:BE','891641',500.00,'2025-09-08 19:12:57','2025-09-08 19:12:57'),(722,7,NULL,NULL,NULL,NULL,'C6:82:84:09:10:28','993842',300.00,'2025-09-08 19:30:49','2025-09-08 19:30:49'),(724,9,NULL,NULL,NULL,NULL,'14:9F:3C:6B:96:77','759058',1000.00,'2025-09-08 19:52:13','2025-09-08 19:52:13'),(729,10,NULL,NULL,NULL,NULL,'54:72:0D:21:02:90','502662',5000.00,'2025-09-09 06:24:24','2025-09-09 06:24:24'),(734,7,NULL,NULL,NULL,NULL,'82:5D:D4:03:8A:8F','860697',300.00,'2025-09-09 11:24:21','2025-09-09 11:24:21'),(736,62,NULL,NULL,NULL,NULL,'FA:16:BC:FD:54:06','176739',1000.00,'2025-09-09 13:26:15','2025-09-09 13:26:15'),(738,62,NULL,NULL,NULL,NULL,'62:7C:86:26:A3:E2','285138',1000.00,'2025-09-09 13:34:29','2025-09-09 13:34:29'),(739,8,NULL,NULL,NULL,NULL,'5A:22:D6:25:36:E9','184839',500.00,'2025-09-09 13:41:44','2025-09-09 13:41:44'),(741,8,NULL,NULL,NULL,NULL,'5A:22:D6:25:36:E9','078636',500.00,'2025-09-09 13:56:34','2025-09-09 13:56:34'),(742,8,NULL,NULL,NULL,NULL,'5A:22:D6:25:36:E9','136680',500.00,'2025-09-09 14:05:20','2025-09-09 14:05:20'),(743,8,NULL,NULL,NULL,NULL,'5A:22:D6:25:36:E9','630065',500.00,'2025-09-09 14:08:51','2025-09-09 14:08:51'),(744,8,NULL,NULL,NULL,NULL,'5A:22:D6:25:36:E9','666275',500.00,'2025-09-09 14:09:30','2025-09-09 14:09:30'),(745,8,NULL,NULL,NULL,NULL,'5A:22:D6:25:36:E9','162620',500.00,'2025-09-09 15:05:37','2025-09-09 15:05:37'),(746,8,NULL,NULL,NULL,NULL,'FC:AA:B6:3B:A0:48','998592',500.00,'2025-09-09 15:05:54','2025-09-09 15:05:54'),(750,8,NULL,NULL,NULL,NULL,'FC:AA:B6:3B:A0:48','317349',500.00,'2025-09-09 18:01:02','2025-09-09 18:01:02'),(751,8,NULL,NULL,NULL,NULL,'FC:AA:B6:3B:A0:48','915448',500.00,'2025-09-09 18:04:22','2025-09-09 18:04:22'),(754,9,NULL,NULL,NULL,NULL,'14:9F:3C:6B:96:77','744153',1000.00,'2025-09-09 18:10:25','2025-09-09 18:10:25'),(760,6,NULL,NULL,NULL,NULL,'22:CA:22:F4:49:10','153935',210.00,'2025-09-09 19:37:33','2025-09-09 19:37:33'),(762,9,NULL,NULL,NULL,NULL,'FE:06:92:FA:87:6B','101186',1000.00,'2025-09-09 20:29:09','2025-09-09 20:29:09'),(763,9,NULL,NULL,NULL,NULL,'FE:06:92:FA:87:6B','262337',1000.00,'2025-09-09 20:38:29','2025-09-09 20:38:29'),(764,9,NULL,NULL,NULL,NULL,'FE:06:92:FA:87:6B','854350',1000.00,'2025-09-09 20:40:19','2025-09-09 20:40:19'),(768,7,NULL,NULL,NULL,NULL,'EE:27:90:CF:93:40','915510',300.00,'2025-09-10 05:44:55','2025-09-10 05:44:55'),(769,8,NULL,NULL,NULL,NULL,'EE:27:90:CF:93:40','712727',500.00,'2025-09-10 05:46:24','2025-09-10 05:46:24'),(770,9,NULL,NULL,NULL,NULL,'14:9F:3C:6B:96:77','736283',1000.00,'2025-09-10 07:14:33','2025-09-10 07:14:33'),(771,7,NULL,NULL,NULL,NULL,'FC:AA:B6:3B:A0:48','052202',300.00,'2025-09-10 07:15:03','2025-09-10 07:15:03'),(773,6,NULL,NULL,NULL,NULL,'FC:AA:B6:3B:A0:48','292714',210.00,'2025-09-10 07:15:59','2025-09-10 07:15:59'),(774,6,NULL,NULL,NULL,NULL,'FC:AA:B6:3B:A0:48','230045',210.00,'2025-09-10 07:17:25','2025-09-10 07:17:25'),(775,8,NULL,NULL,NULL,NULL,'CA:72:22:4C:C5:32','933484',500.00,'2025-09-10 07:30:58','2025-09-10 07:30:58'),(778,7,NULL,NULL,NULL,NULL,'FE:06:92:FA:87:6B','278919',300.00,'2025-09-10 11:15:38','2025-09-10 11:15:38'),(780,8,NULL,NULL,NULL,NULL,'7E:28:9B:C1:AB:64','861514',500.00,'2025-09-10 12:36:58','2025-09-10 12:36:58'),(781,8,NULL,NULL,NULL,NULL,'7E:28:9B:C1:AB:64','946299',500.00,'2025-09-10 12:39:51','2025-09-10 12:39:51'),(783,8,NULL,NULL,NULL,NULL,'7E:28:9B:C1:AB:64','530175',500.00,'2025-09-10 13:14:01','2025-09-10 13:14:01'),(784,8,NULL,NULL,NULL,NULL,'7E:28:9B:C1:AB:64','417577',500.00,'2025-09-10 13:15:16','2025-09-10 13:15:16'),(785,6,NULL,NULL,NULL,NULL,'92:85:32:EB:61:BE','063351',210.00,'2025-09-10 13:18:46','2025-09-10 13:18:46'),(790,6,NULL,NULL,NULL,NULL,'86:87:D5:B9:81:15','238370',210.00,'2025-09-10 15:51:28','2025-09-10 15:51:28'),(793,8,NULL,NULL,NULL,NULL,'66:17:FF:FB:CA:6E','278588',500.00,'2025-09-10 16:37:13','2025-09-10 16:37:13'),(794,8,NULL,NULL,NULL,NULL,'66:17:FF:FB:CA:6E','238237',500.00,'2025-09-10 16:38:03','2025-09-10 16:38:03'),(798,6,NULL,NULL,NULL,NULL,'92:85:32:EB:61:BE','267438',210.00,'2025-09-10 18:54:33','2025-09-10 18:54:33'),(802,9,NULL,NULL,NULL,NULL,'86:87:D5:B9:81:15','146637',1000.00,'2025-09-10 19:54:07','2025-09-10 19:54:07'),(806,6,NULL,NULL,NULL,NULL,'58:C9:35:97:DA:42','011741',210.00,'2025-09-10 20:44:13','2025-09-10 20:44:13'),(812,8,NULL,NULL,NULL,NULL,'CE:42:78:C4:E6:C9','871269',500.00,'2025-09-11 06:26:50','2025-09-11 06:26:50'),(813,8,NULL,NULL,NULL,NULL,'CE:42:78:C4:E6:C9','650183',500.00,'2025-09-11 06:29:31','2025-09-11 06:29:31'),(814,8,NULL,NULL,NULL,NULL,'CE:42:78:C4:E6:C9','443316',500.00,'2025-09-11 06:40:10','2025-09-11 06:40:10'),(815,8,NULL,NULL,NULL,NULL,'CE:42:78:C4:E6:C9','448720',500.00,'2025-09-11 06:47:40','2025-09-11 06:47:40'),(817,8,NULL,NULL,NULL,NULL,'CE:42:78:C4:E6:C9','339153',500.00,'2025-09-11 07:11:56','2025-09-11 07:11:56'),(818,7,NULL,NULL,NULL,NULL,'CE:42:78:C4:E6:C9','928775',300.00,'2025-09-11 07:46:44','2025-09-11 07:46:44'),(819,9,NULL,NULL,NULL,NULL,'7E:28:9B:C1:AB:64','466385',1000.00,'2025-09-11 15:22:50','2025-09-11 15:22:50'),(820,6,NULL,NULL,NULL,NULL,'7E:28:9B:C1:AB:64','074811',210.00,'2025-09-11 15:28:15','2025-09-11 15:28:15'),(835,7,NULL,NULL,NULL,NULL,'C6:82:84:09:10:28','733504',300.00,'2025-09-11 19:59:55','2025-09-11 19:59:55'),(841,6,NULL,NULL,NULL,NULL,'22:6A:1A:31:4A:46','518867',210.00,'2025-09-11 21:51:15','2025-09-11 21:51:15'),(842,6,NULL,NULL,NULL,NULL,'22:6A:1A:31:4A:46','631953',210.00,'2025-09-11 21:53:06','2025-09-11 21:53:06'),(843,6,NULL,NULL,NULL,NULL,'10:3F:44:60:C7:32','736688',210.00,'2025-09-11 22:36:17','2025-09-11 22:36:17'),(845,10,NULL,NULL,NULL,NULL,'54:72:0D:21:02:90','132230',5000.00,'2025-09-12 05:52:41','2025-09-12 05:52:41'),(847,8,NULL,NULL,NULL,NULL,'7E:28:9B:C1:AB:64','636499',500.00,'2025-09-12 07:04:29','2025-09-12 07:04:29'),(848,6,NULL,NULL,NULL,NULL,'7E:28:9B:C1:AB:64','453763',210.00,'2025-09-12 07:18:20','2025-09-12 07:18:20'),(852,6,NULL,NULL,NULL,NULL,'4C:63:71:96:C0:61','858471',210.00,'2025-09-12 08:51:19','2025-09-12 08:51:19'),(853,8,NULL,NULL,NULL,NULL,'4C:63:71:96:C0:61','111146',500.00,'2025-09-12 08:53:07','2025-09-12 08:53:07'),(854,8,NULL,NULL,NULL,NULL,'4C:63:71:96:C0:61','929289',500.00,'2025-09-12 08:53:54','2025-09-12 08:53:54'),(856,8,NULL,NULL,NULL,NULL,'86:87:D5:B9:81:15','389306',500.00,'2025-09-12 08:58:45','2025-09-12 08:58:45'),(857,8,NULL,NULL,NULL,NULL,'86:87:D5:B9:81:15','768933',500.00,'2025-09-12 08:59:55','2025-09-12 08:59:55'),(858,7,NULL,NULL,NULL,NULL,'86:87:D5:B9:81:15','857539',300.00,'2025-09-12 09:00:52','2025-09-12 09:00:52'),(859,7,NULL,NULL,NULL,NULL,'86:87:D5:B9:81:15','335949',300.00,'2025-09-12 09:01:23','2025-09-12 09:01:23'),(860,8,NULL,NULL,NULL,NULL,'86:87:D5:B9:81:15','730312',500.00,'2025-09-12 09:04:17','2025-09-12 09:04:17'),(861,9,NULL,NULL,NULL,NULL,'BA:D2:DD:68:55:2A','706538',1000.00,'2025-09-12 09:07:39','2025-09-12 09:07:39'),(862,8,NULL,NULL,NULL,NULL,'86:87:D5:B9:81:15','973935',500.00,'2025-09-12 09:08:33','2025-09-12 09:08:33'),(864,6,NULL,NULL,NULL,NULL,'DE:98:99:5B:C0:28','397195',210.00,'2025-09-12 12:45:18','2025-09-12 12:45:18'),(865,9,NULL,NULL,NULL,NULL,'D0:2A:AA:90:40:ED','153324',1000.00,'2025-09-12 12:46:04','2025-09-12 12:46:04'),(866,7,NULL,NULL,NULL,NULL,'6E:17:7E:77:CC:17','672097',300.00,'2025-09-12 14:38:30','2025-09-12 14:38:30'),(867,7,NULL,NULL,NULL,NULL,'EE:27:90:CF:93:40','898526',300.00,'2025-09-12 14:45:46','2025-09-12 14:45:46'),(868,7,NULL,NULL,NULL,NULL,'EE:27:90:CF:93:40','061276',300.00,'2025-09-12 14:47:22','2025-09-12 14:47:22'),(869,7,NULL,NULL,NULL,NULL,'22:6A:1A:31:4A:46','938810',300.00,'2025-09-12 14:59:56','2025-09-12 14:59:56'),(870,6,NULL,NULL,NULL,NULL,'22:6A:1A:31:4A:46','918421',210.00,'2025-09-12 15:00:38','2025-09-12 15:00:38'),(873,24,NULL,NULL,NULL,NULL,'BE:B3:CB:9E:09:DC','302512',2500.00,'2025-09-12 15:54:01','2025-09-12 15:54:01'),(875,8,NULL,NULL,NULL,NULL,'0A:15:74:AF:16:87','254393',500.00,'2025-09-12 16:56:36','2025-09-12 16:56:36'),(876,8,NULL,NULL,NULL,NULL,'0A:15:74:AF:16:87','992707',500.00,'2025-09-12 16:59:32','2025-09-12 16:59:32'),(877,8,NULL,NULL,NULL,NULL,'0A:15:74:AF:16:87','421993',500.00,'2025-09-12 17:01:09','2025-09-12 17:01:09'),(878,8,NULL,NULL,NULL,NULL,'0A:15:74:AF:16:87','781350',500.00,'2025-09-12 17:02:19','2025-09-12 17:02:19'),(879,8,NULL,NULL,NULL,NULL,'0A:15:74:AF:16:87','645740',500.00,'2025-09-12 17:03:29','2025-09-12 17:03:29'),(881,8,NULL,NULL,NULL,NULL,'0A:15:74:AF:16:87','223010',500.00,'2025-09-12 17:08:17','2025-09-12 17:08:17'),(882,8,NULL,NULL,NULL,NULL,'0A:15:74:AF:16:87','277207',500.00,'2025-09-12 17:08:52','2025-09-12 17:08:52'),(886,8,NULL,NULL,NULL,NULL,'46:77:95:51:89:9D','664535',500.00,'2025-09-12 18:00:05','2025-09-12 18:00:05'),(887,8,NULL,NULL,NULL,NULL,'46:77:95:51:89:9D','193286',500.00,'2025-09-12 18:02:52','2025-09-12 18:02:52'),(888,8,NULL,NULL,NULL,NULL,'46:77:95:51:89:9D','671106',500.00,'2025-09-12 18:05:47','2025-09-12 18:05:47'),(889,8,NULL,NULL,NULL,NULL,'46:77:95:51:89:9D','865609',500.00,'2025-09-12 18:06:32','2025-09-12 18:06:32'),(890,8,NULL,NULL,NULL,NULL,'4E:63:7D:67:95:A8','159519',500.00,'2025-09-12 18:11:42','2025-09-12 18:11:42'),(891,8,NULL,NULL,NULL,NULL,'4E:63:7D:67:95:A8','618600',500.00,'2025-09-12 18:14:22','2025-09-12 18:14:22'),(892,8,NULL,NULL,NULL,NULL,'4E:63:7D:67:95:A8','049469',500.00,'2025-09-12 18:15:44','2025-09-12 18:15:44'),(893,8,NULL,NULL,NULL,NULL,'4E:63:7D:67:95:A8','903889',500.00,'2025-09-12 18:16:03','2025-09-12 18:16:03'),(895,8,NULL,NULL,NULL,NULL,'4E:63:7D:67:95:A8','492567',500.00,'2025-09-12 18:22:15','2025-09-12 18:22:15'),(896,8,NULL,NULL,NULL,NULL,'54:72:0D:21:02:90','303665',500.00,'2025-09-12 18:30:34','2025-09-12 18:30:34'),(897,7,NULL,NULL,NULL,NULL,'54:72:0D:21:02:90','599715',300.00,'2025-09-12 18:32:25','2025-09-12 18:32:25'),(899,9,NULL,NULL,NULL,NULL,'16:90:94:94:7D:93','690655',1000.00,'2025-09-12 19:34:04','2025-09-12 19:34:04'),(900,6,NULL,NULL,NULL,NULL,'62:DE:8D:9D:2E:58','647144',210.00,'2025-09-12 19:35:27','2025-09-12 19:35:27'),(903,7,NULL,NULL,NULL,NULL,'F2:C6:C1:71:E4:92','564012',300.00,'2025-09-12 21:20:37','2025-09-12 21:20:37'),(904,26,NULL,NULL,NULL,NULL,'C2:07:CA:D4:63:E8','426205',7000.00,'2025-09-13 04:53:42','2025-09-13 04:53:42'),(907,7,NULL,NULL,NULL,NULL,'DA:CB:3F:CA:8C:AE','545659',300.00,'2025-09-13 07:09:29','2025-09-13 07:09:29'),(909,8,NULL,NULL,NULL,NULL,'86:B6:B4:B9:05:BA','027515',500.00,'2025-09-13 07:29:58','2025-09-13 07:29:58'),(910,8,NULL,NULL,NULL,NULL,'10:3F:44:60:C7:32','241488',500.00,'2025-09-13 07:30:41','2025-09-13 07:30:41'),(911,8,NULL,NULL,NULL,NULL,'86:B6:B4:B9:05:BA','411110',500.00,'2025-09-13 07:30:54','2025-09-13 07:30:54'),(912,8,NULL,NULL,NULL,NULL,'86:B6:B4:B9:05:BA','087446',500.00,'2025-09-13 07:31:45','2025-09-13 07:31:45'),(913,8,NULL,NULL,NULL,NULL,'10:3F:44:60:C7:32','741525',500.00,'2025-09-13 07:32:34','2025-09-13 07:32:34'),(914,8,NULL,NULL,NULL,NULL,'0E:12:73:FB:15:E1','590658',500.00,'2025-09-13 07:32:52','2025-09-13 07:32:52'),(915,8,NULL,NULL,NULL,NULL,'10:3F:44:60:C7:32','447790',500.00,'2025-09-13 07:34:53','2025-09-13 07:34:53'),(916,7,NULL,NULL,NULL,NULL,'86:B6:B4:B9:05:BA','517173',300.00,'2025-09-13 07:35:08','2025-09-13 07:35:08'),(917,8,NULL,NULL,NULL,NULL,'86:B6:B4:B9:05:BA','443493',500.00,'2025-09-13 07:37:23','2025-09-13 07:37:23'),(918,8,NULL,NULL,NULL,NULL,'86:B6:B4:B9:05:BA','623957',500.00,'2025-09-13 07:39:02','2025-09-13 07:39:02'),(919,8,NULL,NULL,NULL,NULL,'10:3F:44:60:C7:32','277482',500.00,'2025-09-13 07:40:02','2025-09-13 07:40:02'),(921,8,NULL,NULL,NULL,NULL,'32:FE:B8:B0:34:56','657038',500.00,'2025-09-13 07:52:35','2025-09-13 07:52:35'),(925,7,NULL,NULL,NULL,NULL,'0A:00:F5:20:D1:35','708417',300.00,'2025-09-13 10:31:45','2025-09-13 10:31:45'),(926,6,NULL,NULL,NULL,NULL,'0A:00:F5:20:D1:35','171721',210.00,'2025-09-13 10:32:46','2025-09-13 10:32:46'),(928,9,NULL,NULL,NULL,NULL,'BE:13:B8:AF:2F:FD','873959',1000.00,'2025-09-13 12:21:10','2025-09-13 12:21:10'),(933,6,NULL,NULL,NULL,NULL,'D0:2A:AA:90:40:ED','899376',210.00,'2025-09-13 14:08:37','2025-09-13 14:08:37'),(939,9,NULL,NULL,NULL,NULL,'3E:A5:2D:34:21:C5','391305',1000.00,'2025-09-13 19:04:16','2025-09-13 19:04:16'),(941,8,NULL,NULL,NULL,NULL,'9A:0E:0A:D3:60:5E','123895',500.00,'2025-09-13 19:21:55','2025-09-13 19:21:55'),(946,24,NULL,NULL,NULL,NULL,'62:06:D0:8C:47:36','773132',2500.00,'2025-09-13 21:33:01','2025-09-13 21:33:01'),(951,7,NULL,NULL,NULL,NULL,'34:82:C5:A8:29:D5','578939',300.00,'2025-09-13 23:26:22','2025-09-13 23:26:22'),(952,7,NULL,NULL,NULL,NULL,'4E:63:7D:67:95:A8','415842',300.00,'2025-09-13 23:39:31','2025-09-13 23:39:31'),(955,9,NULL,NULL,NULL,NULL,'6A:63:B7:3F:DD:C6','256715',1000.00,'2025-09-14 06:21:06','2025-09-14 06:21:06'),(956,6,NULL,NULL,NULL,NULL,'6A:63:B7:3F:DD:C6','920406',210.00,'2025-09-14 06:24:29','2025-09-14 06:24:29'),(957,9,NULL,NULL,NULL,NULL,'6A:63:B7:3F:DD:C6','156802',1000.00,'2025-09-14 06:25:44','2025-09-14 06:25:44'),(958,9,NULL,NULL,NULL,NULL,'6A:63:B7:3F:DD:C6','599500',1000.00,'2025-09-14 06:26:44','2025-09-14 06:26:44'),(959,9,NULL,NULL,NULL,NULL,'6A:63:B7:3F:DD:C6','195764',1000.00,'2025-09-14 06:30:34','2025-09-14 06:30:34'),(960,9,NULL,NULL,NULL,NULL,'6A:63:B7:3F:DD:C6','005806',1000.00,'2025-09-14 06:34:56','2025-09-14 06:34:56'),(963,7,NULL,NULL,NULL,NULL,'7C:1C:68:44:0C:6E','330009',300.00,'2025-09-14 07:43:46','2025-09-14 07:43:46'),(967,9,NULL,NULL,NULL,NULL,'22:6A:1A:31:4A:46','287967',1000.00,'2025-09-14 08:48:48','2025-09-14 08:48:48'),(969,8,NULL,NULL,NULL,NULL,'9A:0E:0A:D3:60:5E','156060',500.00,'2025-09-14 09:07:42','2025-09-14 09:07:42'),(970,7,NULL,NULL,NULL,NULL,'9A:0E:0A:D3:60:5E','048840',300.00,'2025-09-14 09:11:27','2025-09-14 09:11:27'),(971,6,NULL,NULL,NULL,NULL,'9A:0E:0A:D3:60:5E','167570',210.00,'2025-09-14 09:12:26','2025-09-14 09:12:26'),(976,8,NULL,NULL,NULL,NULL,'CA:72:22:4C:C5:32','177854',500.00,'2025-09-14 10:22:45','2025-09-14 10:22:45'),(978,8,NULL,NULL,NULL,NULL,'6A:86:AF:78:71:7A','301248',500.00,'2025-09-14 10:37:42','2025-09-14 10:37:42'),(982,9,NULL,NULL,NULL,NULL,'A8:13:06:C0:4E:B3','485636',1000.00,'2025-09-14 14:18:49','2025-09-14 14:18:49'),(983,9,NULL,NULL,NULL,NULL,'F2:C6:C1:71:E4:92','110205',1000.00,'2025-09-14 14:40:39','2025-09-14 14:40:39'),(985,8,NULL,NULL,NULL,NULL,'22:F0:CA:D5:AF:FC','909880',500.00,'2025-09-14 15:27:54','2025-09-14 15:27:54'),(987,6,NULL,NULL,NULL,NULL,'58:C9:35:97:DA:42','702957',210.00,'2025-09-14 16:08:15','2025-09-14 16:08:15'),(988,6,NULL,NULL,NULL,NULL,'58:C9:35:97:DA:42','268492',210.00,'2025-09-14 16:09:20','2025-09-14 16:09:20'),(990,6,NULL,NULL,NULL,NULL,'92:85:32:EB:61:BE','206039',210.00,'2025-09-14 17:42:50','2025-09-14 17:42:50'),(991,6,NULL,NULL,NULL,NULL,'92:85:32:EB:61:BE','363206',210.00,'2025-09-14 17:45:34','2025-09-14 17:45:34'),(997,24,NULL,NULL,NULL,NULL,'5C:C5:D4:F0:72:92','010919',2500.00,'2025-09-14 19:41:07','2025-09-14 19:41:07'),(998,24,NULL,NULL,NULL,NULL,'5C:C5:D4:F0:72:92','476927',2500.00,'2025-09-14 19:46:27','2025-09-14 19:46:27'),(999,9,NULL,NULL,NULL,NULL,'2A:01:6A:E3:EF:FF','980147',1000.00,'2025-09-14 19:53:10','2025-09-14 19:53:10'),(1002,9,NULL,NULL,NULL,NULL,'5C:C5:D4:F0:72:92','652761',1000.00,'2025-09-14 22:01:40','2025-09-14 22:01:40'),(1007,6,NULL,NULL,NULL,NULL,'DE:AC:4C:36:26:06','596329',210.00,'2025-09-15 05:46:00','2025-09-15 05:46:00'),(1008,7,NULL,NULL,NULL,NULL,'FE:06:92:FA:87:6B','925376',300.00,'2025-09-15 06:08:35','2025-09-15 06:08:35'),(1009,6,NULL,NULL,NULL,NULL,'FE:06:92:FA:87:6B','015309',210.00,'2025-09-15 06:11:18','2025-09-15 06:11:18'),(1010,6,NULL,NULL,NULL,NULL,'FE:06:92:FA:87:6B','195153',210.00,'2025-09-15 06:13:09','2025-09-15 06:13:09'),(1011,6,NULL,NULL,NULL,NULL,'FE:06:92:FA:87:6B','148558',210.00,'2025-09-15 06:15:04','2025-09-15 06:15:04'),(1012,9,NULL,NULL,NULL,NULL,'5A:22:D6:25:36:E9','109979',1000.00,'2025-09-15 06:35:19','2025-09-15 06:35:19'),(1017,8,NULL,NULL,NULL,NULL,'5A:2A:26:B9:46:80','765739',500.00,'2025-09-15 11:56:54','2025-09-15 11:56:54'),(1025,9,NULL,NULL,NULL,NULL,'F4:60:E2:58:0E:DA','098058',1000.00,'2025-09-15 15:50:44','2025-09-15 15:50:44'),(1027,9,NULL,NULL,NULL,NULL,'B2:08:B4:45:AA:47','240420',1000.00,'2025-09-15 17:34:18','2025-09-15 17:34:18'),(1031,8,NULL,NULL,NULL,NULL,'10:3F:44:60:C7:32','922816',500.00,'2025-09-15 18:05:45','2025-09-15 18:05:45'),(1032,8,NULL,NULL,NULL,NULL,'22:F0:CA:D5:AF:FC','873870',500.00,'2025-09-15 18:18:00','2025-09-15 18:18:00'),(1033,8,NULL,NULL,NULL,NULL,'22:F0:CA:D5:AF:FC','484639',500.00,'2025-09-15 18:18:56','2025-09-15 18:18:56'),(1034,6,NULL,NULL,NULL,NULL,'60:F1:89:64:28:26','822853',210.00,'2025-09-15 18:22:51','2025-09-15 18:22:51'),(1035,10,NULL,NULL,NULL,NULL,'22:F0:CA:D5:AF:FC','725499',5000.00,'2025-09-15 18:22:57','2025-09-15 18:22:57'),(1036,8,NULL,NULL,NULL,NULL,'22:F0:CA:D5:AF:FC','527504',500.00,'2025-09-15 18:23:45','2025-09-15 18:23:45'),(1039,24,NULL,NULL,NULL,NULL,'3A:13:89:8C:B7:66','211701',2500.00,'2025-09-15 18:40:07','2025-09-15 18:40:07'),(1040,6,NULL,NULL,NULL,NULL,'92:85:32:EB:61:BE','482024',210.00,'2025-09-15 18:45:03','2025-09-15 18:45:03'),(1041,24,NULL,NULL,NULL,NULL,'3A:13:89:8C:B7:66','305376',2500.00,'2025-09-15 18:47:11','2025-09-15 18:47:11'),(1042,24,NULL,NULL,NULL,NULL,'3A:13:89:8C:B7:66','369040',2500.00,'2025-09-15 18:48:39','2025-09-15 18:48:39'),(1044,9,NULL,NULL,NULL,NULL,'5C:C5:D4:F0:72:92','669535',1000.00,'2025-09-15 19:15:05','2025-09-15 19:15:05'),(1045,9,NULL,NULL,NULL,NULL,'5C:C5:D4:F0:72:92','687002',1000.00,'2025-09-15 19:19:48','2025-09-15 19:19:48'),(1046,9,NULL,NULL,NULL,NULL,'5C:C5:D4:F0:72:92','110815',1000.00,'2025-09-15 19:20:13','2025-09-15 19:20:13'),(1047,9,NULL,NULL,NULL,NULL,'5C:C5:D4:F0:72:92','669919',1000.00,'2025-09-15 19:20:15','2025-09-15 19:20:15'),(1048,6,NULL,NULL,NULL,NULL,'5C:C5:D4:F0:72:92','487682',210.00,'2025-09-15 19:20:24','2025-09-15 19:20:24'),(1049,6,NULL,NULL,NULL,NULL,'A2:0F:93:4E:A6:AC','296874',210.00,'2025-09-15 19:28:53','2025-09-15 19:28:53'),(1050,24,NULL,NULL,NULL,NULL,'3A:13:89:8C:B7:66','660271',2500.00,'2025-09-15 19:30:33','2025-09-15 19:30:33'),(1052,8,NULL,NULL,NULL,NULL,'D6:12:9E:9D:91:0E','580032',500.00,'2025-09-15 19:36:07','2025-09-15 19:36:07'),(1053,8,NULL,NULL,NULL,NULL,'D6:12:9E:9D:91:0E','108618',500.00,'2025-09-15 19:38:26','2025-09-15 19:38:26'),(1055,9,NULL,NULL,NULL,NULL,'F4:60:E2:58:0E:DA','087232',1000.00,'2025-09-15 19:52:48','2025-09-15 19:52:48'),(1056,9,NULL,NULL,NULL,NULL,'3A:13:89:8C:B7:66','438787',1000.00,'2025-09-15 19:52:50','2025-09-15 19:52:50'),(1057,24,NULL,NULL,NULL,NULL,'3A:13:89:8C:B7:66','159885',2500.00,'2025-09-15 19:53:33','2025-09-15 19:53:33'),(1059,9,NULL,NULL,NULL,NULL,'92:85:32:EB:61:BE','264004',1000.00,'2025-09-15 19:59:26','2025-09-15 19:59:26'),(1061,9,NULL,NULL,NULL,NULL,'92:85:32:EB:61:BE','870580',1000.00,'2025-09-15 20:02:13','2025-09-15 20:02:13'),(1062,7,NULL,NULL,NULL,NULL,'CA:EB:B1:E4:E1:08','098175',300.00,'2025-09-15 20:04:45','2025-09-15 20:04:45'),(1063,9,NULL,NULL,NULL,NULL,'22:CA:22:F4:49:10','449252',1000.00,'2025-09-15 20:04:59','2025-09-15 20:04:59'),(1064,6,NULL,NULL,NULL,NULL,'CA:EB:B1:E4:E1:08','876782',210.00,'2025-09-15 20:06:29','2025-09-15 20:06:29'),(1065,9,NULL,NULL,NULL,NULL,'92:85:32:EB:61:BE','796024',1000.00,'2025-09-15 20:07:26','2025-09-15 20:07:26'),(1071,9,NULL,NULL,NULL,NULL,'B2:68:94:58:12:BE','656499',1000.00,'2025-09-16 06:32:06','2025-09-16 06:32:06'),(1073,9,NULL,NULL,NULL,NULL,'14:9F:3C:6B:96:77','149364',1000.00,'2025-09-16 06:59:38','2025-09-16 06:59:38'),(1074,9,NULL,NULL,NULL,NULL,'14:9F:3C:6B:96:77','887444',1000.00,'2025-09-16 07:01:26','2025-09-16 07:01:26'),(1075,9,NULL,NULL,NULL,NULL,'14:9F:3C:6B:96:77','637364',1000.00,'2025-09-16 07:04:42','2025-09-16 07:04:42'),(1077,9,NULL,NULL,NULL,NULL,'FE:06:92:FA:87:6B','902629',1000.00,'2025-09-16 08:04:51','2025-09-16 08:04:51'),(1078,9,NULL,NULL,NULL,NULL,'FE:06:92:FA:87:6B','744242',1000.00,'2025-09-16 08:06:39','2025-09-16 08:06:39'),(1079,9,NULL,NULL,NULL,NULL,'FE:06:92:FA:87:6B','619469',1000.00,'2025-09-16 08:13:17','2025-09-16 08:13:17'),(1080,9,NULL,NULL,NULL,NULL,'FE:06:92:FA:87:6B','635461',1000.00,'2025-09-16 08:14:57','2025-09-16 08:14:57'),(1081,9,NULL,NULL,NULL,NULL,'FE:06:92:FA:87:6B','764307',1000.00,'2025-09-16 08:30:01','2025-09-16 08:30:01'),(1083,9,NULL,NULL,NULL,NULL,'4C:63:71:96:C0:61','242263',1000.00,'2025-09-16 10:29:19','2025-09-16 10:29:19'),(1084,9,NULL,NULL,NULL,NULL,'FE:06:92:FA:87:6B','358137',1000.00,'2025-09-16 11:25:24','2025-09-16 11:25:24'),(1087,6,NULL,NULL,NULL,NULL,'86:87:D5:B9:81:15','285543',210.00,'2025-09-16 13:06:43','2025-09-16 13:06:43'),(1088,6,NULL,NULL,NULL,NULL,'86:87:D5:B9:81:15','456157',210.00,'2025-09-16 13:08:26','2025-09-16 13:08:26'),(1089,24,NULL,NULL,NULL,NULL,'BE:B3:CB:9E:09:DC','579842',2500.00,'2025-09-16 13:08:56','2025-09-16 13:08:56'),(1092,9,NULL,NULL,NULL,NULL,'FE:06:92:FA:87:6B','913134',1000.00,'2025-09-16 14:52:30','2025-09-16 14:52:30'),(1093,9,NULL,NULL,NULL,NULL,'FE:06:92:FA:87:6B','963373',1000.00,'2025-09-16 15:30:35','2025-09-16 15:30:35'),(1094,9,NULL,NULL,NULL,NULL,'FE:06:92:FA:87:6B','692002',1000.00,'2025-09-16 15:31:15','2025-09-16 15:31:15'),(1105,7,NULL,NULL,NULL,NULL,'22:F0:CA:D5:AF:FC','286730',300.00,'2025-09-16 18:15:37','2025-09-16 18:15:37'),(1108,6,NULL,NULL,NULL,NULL,'60:F1:89:64:28:26','919851',210.00,'2025-09-16 19:02:00','2025-09-16 19:02:00'),(1114,8,NULL,NULL,NULL,NULL,'62:06:D0:8C:47:36','670531',500.00,'2025-09-17 07:35:53','2025-09-17 07:35:53'),(1117,6,NULL,NULL,NULL,NULL,'10:3F:44:60:C7:32','015535',210.00,'2025-09-17 10:51:45','2025-09-17 10:51:45'),(1118,8,NULL,NULL,NULL,NULL,'BE:13:B8:AF:2F:FD','650010',500.00,'2025-09-17 10:59:34','2025-09-17 10:59:34'),(1119,6,NULL,NULL,NULL,NULL,'AA:C1:1A:D2:79:24','569215',210.00,'2025-09-17 11:13:49','2025-09-17 11:13:49'),(1120,6,NULL,NULL,NULL,NULL,'AA:C1:1A:D2:79:24','898962',210.00,'2025-09-17 11:16:39','2025-09-17 11:16:39'),(1121,6,NULL,NULL,NULL,NULL,'AA:C1:1A:D2:79:24','987913',210.00,'2025-09-17 11:17:06','2025-09-17 11:17:06'),(1122,6,NULL,NULL,NULL,NULL,'AA:C1:1A:D2:79:24','114867',210.00,'2025-09-17 11:20:32','2025-09-17 11:20:32'),(1124,7,NULL,NULL,NULL,NULL,'10:3F:44:60:C7:32','820855',300.00,'2025-09-17 14:40:21','2025-09-17 14:40:21'),(1126,7,NULL,NULL,NULL,NULL,'90:2B:D2:AA:09:B8','708210',300.00,'2025-09-17 16:27:55','2025-09-17 16:27:55'),(1128,31,NULL,NULL,NULL,NULL,'4A:DD:88:7A:F7:85','313777',210.00,'2025-09-17 17:01:24','2025-09-17 17:01:24'),(1131,31,NULL,NULL,NULL,NULL,'4A:DD:88:7A:F7:85','481187',210.00,'2025-09-17 17:21:49','2025-09-17 17:21:49'),(1132,8,NULL,NULL,NULL,NULL,'FC:AA:B6:3B:A0:48','827271',500.00,'2025-09-17 17:26:07','2025-09-17 17:26:07'),(1134,8,NULL,NULL,NULL,NULL,'FC:AA:B6:3B:A0:48','349010',500.00,'2025-09-17 17:29:40','2025-09-17 17:29:40'),(1136,8,NULL,NULL,NULL,NULL,'CA:EB:B1:E4:E1:08','632603',500.00,'2025-09-17 17:40:58','2025-09-17 17:40:58'),(1138,7,NULL,NULL,NULL,NULL,'CA:EB:B1:E4:E1:08','588797',300.00,'2025-09-17 17:52:21','2025-09-17 17:52:21'),(1140,9,NULL,NULL,NULL,NULL,'16:90:94:94:7D:93','716781',1000.00,'2025-09-17 18:00:22','2025-09-17 18:00:22'),(1141,9,NULL,NULL,NULL,NULL,'16:90:94:94:7D:93','711693',1000.00,'2025-09-17 18:02:11','2025-09-17 18:02:11'),(1143,6,NULL,NULL,NULL,NULL,'A2:0F:93:4E:A6:AC','729934',210.00,'2025-09-17 18:17:23','2025-09-17 18:17:23'),(1146,8,NULL,NULL,NULL,NULL,'F2:C6:C1:71:E4:92','179687',500.00,'2025-09-17 19:19:59','2025-09-17 19:19:59'),(1148,8,NULL,NULL,NULL,NULL,'F2:C6:C1:71:E4:92','262878',500.00,'2025-09-17 19:21:08','2025-09-17 19:21:08'),(1149,7,NULL,NULL,NULL,NULL,'14:9F:3C:6B:96:77','699319',300.00,'2025-09-17 19:21:34','2025-09-17 19:21:34'),(1150,8,NULL,NULL,NULL,NULL,'F2:C6:C1:71:E4:92','316391',500.00,'2025-09-17 19:23:21','2025-09-17 19:23:21'),(1151,8,NULL,NULL,NULL,NULL,'F2:C6:C1:71:E4:92','419084',500.00,'2025-09-17 19:24:20','2025-09-17 19:24:20'),(1157,9,NULL,NULL,NULL,NULL,'06:9D:01:F5:0E:47','405297',1000.00,'2025-09-18 06:58:14','2025-09-18 06:58:14'),(1164,6,NULL,NULL,NULL,NULL,'22:6A:1A:31:4A:46','264100',210.00,'2025-09-18 10:33:14','2025-09-18 10:33:14'),(1166,32,NULL,NULL,NULL,NULL,'DE:16:B2:45:FC:E1','122994',500.00,'2025-09-18 10:45:10','2025-09-18 10:45:10'),(1171,8,NULL,NULL,NULL,NULL,'0A:15:74:AF:16:87','865151',500.00,'2025-09-18 17:06:45','2025-09-18 17:06:45'),(1172,10,NULL,NULL,NULL,NULL,'0A:15:74:AF:16:87','861536',5000.00,'2025-09-18 17:08:08','2025-09-18 17:08:08'),(1173,7,NULL,NULL,NULL,NULL,'4A:87:2C:39:9D:A6','013911',300.00,'2025-09-18 17:38:41','2025-09-18 17:38:41'),(1178,6,NULL,NULL,NULL,NULL,'BE:49:81:0F:B7:75','396564',210.00,'2025-09-18 18:28:29','2025-09-18 18:28:29'),(1179,6,NULL,NULL,NULL,NULL,'BE:49:81:0F:B7:75','607332',210.00,'2025-09-18 18:30:50','2025-09-18 18:30:50'),(1180,NULL,NULL,NULL,NULL,332,NULL,'365620',40000.00,'2025-09-18 19:19:09','2025-09-18 19:19:09'),(1182,9,NULL,NULL,NULL,NULL,'16:90:94:94:7D:93','069076',1000.00,'2025-09-18 19:25:21','2025-09-18 19:25:21'),(1192,6,NULL,NULL,NULL,NULL,'7E:AE:DF:95:2F:8C','122545',210.00,'2025-09-19 06:03:18','2025-09-19 06:03:18'),(1193,9,NULL,NULL,NULL,NULL,'06:9D:01:F5:0E:47','194445',1000.00,'2025-09-19 07:50:57','2025-09-19 07:50:57'),(1195,64,NULL,NULL,NULL,NULL,'B6:F8:A7:D2:D2:73','375028',1000.00,'2025-09-19 08:44:15','2025-09-19 08:44:15'),(1196,31,NULL,NULL,NULL,NULL,'82:C3:7B:73:B5:3D','144090',210.00,'2025-09-19 09:18:20','2025-09-19 09:18:20'),(1197,9,NULL,NULL,NULL,NULL,'76:B4:55:80:75:CE','695477',1000.00,'2025-09-19 09:38:46','2025-09-19 09:38:46'),(1199,7,NULL,NULL,NULL,NULL,'10:3F:44:60:C7:32','616911',300.00,'2025-09-19 11:14:10','2025-09-19 11:14:10'),(1206,65,NULL,NULL,NULL,NULL,'50:29:F5:B4:72:53','389033',500.00,'2025-09-19 14:16:50','2025-09-19 14:16:50'),(1210,8,NULL,NULL,NULL,NULL,'F4:60:E2:58:0E:DA','838157',500.00,'2025-09-19 18:06:39','2025-09-19 18:06:39'),(1211,7,NULL,NULL,NULL,NULL,'22:F0:CA:D5:AF:FC','916843',300.00,'2025-09-19 18:29:59','2025-09-19 18:29:59'),(1214,6,NULL,NULL,NULL,NULL,'8A:B7:46:D2:A4:15','314318',210.00,'2025-09-19 18:45:01','2025-09-19 18:45:01'),(1215,7,NULL,NULL,NULL,NULL,'24:DA:33:08:FD:6A','796966',300.00,'2025-09-19 18:45:02','2025-09-19 18:45:02'),(1216,7,NULL,NULL,NULL,NULL,'24:DA:33:08:FD:6A','907940',300.00,'2025-09-19 18:45:56','2025-09-19 18:45:56'),(1220,7,NULL,NULL,NULL,NULL,'F2:C6:C1:71:E4:92','241109',300.00,'2025-09-19 19:33:13','2025-09-19 19:33:13'),(1224,7,NULL,NULL,NULL,NULL,'86:B6:B4:B9:05:BA','851699',300.00,'2025-09-19 20:54:59','2025-09-19 20:54:59'),(1226,9,NULL,NULL,NULL,NULL,'5C:C5:D4:F0:72:92','827658',1000.00,'2025-09-19 21:12:18','2025-09-19 21:12:18'),(1227,9,NULL,NULL,NULL,NULL,'5C:C5:D4:F0:72:92','610252',1000.00,'2025-09-19 21:14:43','2025-09-19 21:14:43'),(1228,7,NULL,NULL,NULL,NULL,'FE:13:2B:4F:8A:16','943095',300.00,'2025-09-19 21:24:24','2025-09-19 21:24:24'),(1229,7,NULL,NULL,NULL,NULL,'FE:13:2B:4F:8A:16','070184',300.00,'2025-09-19 21:26:08','2025-09-19 21:26:08'),(1230,7,NULL,NULL,NULL,NULL,'FE:13:2B:4F:8A:16','090600',300.00,'2025-09-19 21:28:21','2025-09-19 21:28:21'),(1231,8,NULL,NULL,NULL,NULL,'FC:AA:B6:3B:A0:48','045160',500.00,'2025-09-19 21:45:55','2025-09-19 21:45:55'),(1232,8,NULL,NULL,NULL,NULL,'FC:AA:B6:3B:A0:48','943140',500.00,'2025-09-19 21:46:42','2025-09-19 21:46:42'),(1233,8,NULL,NULL,NULL,NULL,'FC:AA:B6:3B:A0:48','801773',500.00,'2025-09-19 21:47:54','2025-09-19 21:47:54'),(1234,8,NULL,NULL,NULL,NULL,'FC:AA:B6:3B:A0:48','174350',500.00,'2025-09-19 21:48:42','2025-09-19 21:48:42'),(1235,8,NULL,NULL,NULL,NULL,'FC:AA:B6:3B:A0:48','724804',500.00,'2025-09-19 21:52:03','2025-09-19 21:52:03'),(1236,8,NULL,NULL,NULL,NULL,'FC:AA:B6:3B:A0:48','069464',500.00,'2025-09-19 21:54:31','2025-09-19 21:54:31'),(1237,8,NULL,NULL,NULL,NULL,'FC:AA:B6:3B:A0:48','947820',500.00,'2025-09-19 22:03:57','2025-09-19 22:03:57'),(1238,8,NULL,NULL,NULL,NULL,'06:9D:01:F5:0E:47','977060',500.00,'2025-09-19 22:27:31','2025-09-19 22:27:31'),(1239,8,NULL,NULL,NULL,NULL,'06:9D:01:F5:0E:47','636560',500.00,'2025-09-19 22:28:50','2025-09-19 22:28:50'),(1240,8,NULL,NULL,NULL,NULL,'06:9D:01:F5:0E:47','020878',500.00,'2025-09-19 22:33:12','2025-09-19 22:33:12'),(1241,8,NULL,NULL,NULL,NULL,'06:9D:01:F5:0E:47','605297',500.00,'2025-09-19 23:06:04','2025-09-19 23:06:04'),(1244,7,NULL,NULL,NULL,NULL,'FE:06:92:FA:87:6B','082857',300.00,'2025-09-20 05:35:31','2025-09-20 05:35:31'),(1246,6,NULL,NULL,NULL,NULL,'9E:0D:04:94:2B:3A','746692',210.00,'2025-09-20 06:49:46','2025-09-20 06:49:46'),(1247,6,NULL,NULL,NULL,NULL,'86:87:D5:B9:81:15','994201',210.00,'2025-09-20 07:16:15','2025-09-20 07:16:15'),(1248,6,NULL,NULL,NULL,NULL,'86:87:D5:B9:81:15','141330',210.00,'2025-09-20 07:17:16','2025-09-20 07:17:16'),(1249,6,NULL,NULL,NULL,NULL,'86:87:D5:B9:81:15','097482',210.00,'2025-09-20 07:23:06','2025-09-20 07:23:06'),(1250,23,NULL,NULL,NULL,NULL,'9E:0D:04:94:2B:3A','467508',15000.00,'2025-09-20 07:36:44','2025-09-20 07:36:44'),(1252,64,NULL,NULL,NULL,NULL,'E2:10:2C:4A:57:9B','382532',1000.00,'2025-09-20 07:47:02','2025-09-20 07:47:02'),(1253,6,NULL,NULL,NULL,NULL,'1E:F4:99:E5:CD:AD','589624',210.00,'2025-09-20 08:48:48','2025-09-20 08:48:48'),(1254,9,NULL,NULL,NULL,NULL,'8A:B7:46:D2:A4:15','170990',1000.00,'2025-09-20 09:20:32','2025-09-20 09:20:32'),(1255,9,NULL,NULL,NULL,NULL,'8A:B7:46:D2:A4:15','241818',1000.00,'2025-09-20 09:25:04','2025-09-20 09:25:04'),(1256,9,NULL,NULL,NULL,NULL,'8A:B7:46:D2:A4:15','824583',1000.00,'2025-09-20 09:26:01','2025-09-20 09:26:01'),(1258,9,NULL,NULL,NULL,NULL,'F4:60:E2:58:0E:DA','835553',1000.00,'2025-09-20 10:01:55','2025-09-20 10:01:55'),(1259,9,NULL,NULL,NULL,NULL,'E2:CA:F4:73:20:C8','520773',1000.00,'2025-09-20 10:48:47','2025-09-20 10:48:47'),(1265,8,NULL,NULL,NULL,NULL,'CA:EB:B1:E4:E1:08','641798',500.00,'2025-09-20 15:05:24','2025-09-20 15:05:24'),(1266,9,NULL,NULL,NULL,NULL,'CA:EB:B1:E4:E1:08','318401',1000.00,'2025-09-20 15:13:41','2025-09-20 15:13:41'),(1268,6,NULL,NULL,NULL,NULL,'86:87:D5:B9:81:15','701898',210.00,'2025-09-20 15:20:55','2025-09-20 15:20:55'),(1271,9,NULL,NULL,NULL,NULL,'62:91:19:5C:29:7C','137846',1000.00,'2025-09-20 17:44:27','2025-09-20 17:44:27'),(1273,8,NULL,NULL,NULL,NULL,'86:87:D5:B9:81:15','455341',500.00,'2025-09-20 18:15:09','2025-09-20 18:15:09'),(1274,8,NULL,NULL,NULL,NULL,'86:87:D5:B9:81:15','488675',500.00,'2025-09-20 18:21:03','2025-09-20 18:21:03'),(1278,NULL,NULL,NULL,NULL,138,NULL,'457708',40000.00,'2025-09-20 19:39:53','2025-09-20 19:39:53'),(1279,NULL,NULL,NULL,NULL,138,NULL,'063324',40000.00,'2025-09-20 19:40:20','2025-09-20 19:40:20'),(1288,64,NULL,NULL,NULL,NULL,'E6:66:E1:F0:DF:D9','280026',1000.00,'2025-09-21 07:35:55','2025-09-21 07:35:55'),(1290,6,NULL,NULL,NULL,NULL,'1E:1B:E0:50:5B:19','773274',210.00,'2025-09-21 08:44:19','2025-09-21 08:44:19'),(1295,9,NULL,NULL,NULL,NULL,'10:3F:44:60:C7:32','569001',1000.00,'2025-09-21 09:29:41','2025-09-21 09:29:41'),(1296,9,NULL,NULL,NULL,NULL,'10:3F:44:60:C7:32','070009',1000.00,'2025-09-21 09:32:39','2025-09-21 09:32:39'),(1297,9,NULL,NULL,NULL,NULL,'10:3F:44:60:C7:32','078269',1000.00,'2025-09-21 09:35:22','2025-09-21 09:35:22'),(1299,8,NULL,NULL,NULL,NULL,'F2:14:5F:EE:3E:9B','215447',500.00,'2025-09-21 10:23:45','2025-09-21 10:23:45'),(1300,8,NULL,NULL,NULL,NULL,'CA:EB:B1:E4:E1:08','263749',500.00,'2025-09-21 10:26:30','2025-09-21 10:26:30'),(1301,7,NULL,NULL,NULL,NULL,'5E:29:F0:50:83:C4','225901',300.00,'2025-09-21 10:39:59','2025-09-21 10:39:59'),(1302,8,NULL,NULL,NULL,NULL,'6E:86:6A:C0:08:FA','249910',500.00,'2025-09-21 10:45:22','2025-09-21 10:45:22'),(1303,8,NULL,NULL,NULL,NULL,'6E:86:6A:C0:08:FA','411710',500.00,'2025-09-21 10:46:02','2025-09-21 10:46:02'),(1305,8,NULL,NULL,NULL,NULL,'5A:22:D6:25:36:E9','599580',500.00,'2025-09-21 11:19:00','2025-09-21 11:19:00'),(1307,8,NULL,NULL,NULL,NULL,'22:F0:CA:D5:AF:FC','134580',500.00,'2025-09-21 14:16:04','2025-09-21 14:16:04'),(1308,8,NULL,NULL,NULL,NULL,'F6:1D:E3:77:F2:61','646121',500.00,'2025-09-21 14:17:37','2025-09-21 14:17:37'),(1309,8,NULL,NULL,NULL,NULL,'22:F0:CA:D5:AF:FC','342953',500.00,'2025-09-21 14:18:39','2025-09-21 14:18:39'),(1310,8,NULL,NULL,NULL,NULL,'22:F0:CA:D5:AF:FC','553231',500.00,'2025-09-21 14:19:29','2025-09-21 14:19:29'),(1311,8,NULL,NULL,NULL,NULL,'22:F0:CA:D5:AF:FC','265301',500.00,'2025-09-21 14:21:31','2025-09-21 14:21:31'),(1313,8,NULL,NULL,NULL,NULL,'22:F0:CA:D5:AF:FC','095233',500.00,'2025-09-21 14:25:20','2025-09-21 14:25:20'),(1314,8,NULL,NULL,NULL,NULL,'22:F0:CA:D5:AF:FC','917331',500.00,'2025-09-21 14:29:05','2025-09-21 14:29:05'),(1315,8,NULL,NULL,NULL,NULL,'22:F0:CA:D5:AF:FC','445214',500.00,'2025-09-21 14:33:00','2025-09-21 14:33:00'),(1316,8,NULL,NULL,NULL,NULL,'22:F0:CA:D5:AF:FC','822412',500.00,'2025-09-21 14:34:16','2025-09-21 14:34:16'),(1317,65,NULL,NULL,NULL,NULL,'9E:E7:81:41:25:42','036747',500.00,'2025-09-21 14:34:48','2025-09-21 14:34:48'),(1319,65,NULL,NULL,NULL,NULL,'9E:E7:81:41:25:42','827887',500.00,'2025-09-21 14:35:18','2025-09-21 14:35:18'),(1320,36,NULL,NULL,NULL,NULL,'A6:BE:1E:B4:8C:A0','623131',8000.00,'2025-09-21 15:46:29','2025-09-21 15:46:29'),(1325,64,NULL,NULL,NULL,NULL,'3A:B7:A6:1E:8E:F8','273867',1000.00,'2025-09-21 17:46:36','2025-09-21 17:46:36'),(1326,6,NULL,NULL,NULL,NULL,'6A:A6:E1:4B:01:70','445645',210.00,'2025-09-21 17:50:05','2025-09-21 17:50:05'),(1329,7,NULL,NULL,NULL,NULL,'86:B6:B4:B9:05:BA','595478',300.00,'2025-09-21 19:15:01','2025-09-21 19:15:01'),(1333,NULL,NULL,NULL,NULL,140,NULL,'823304',40000.00,'2025-09-21 21:49:02','2025-09-21 21:49:02'),(1336,8,NULL,NULL,NULL,NULL,'4E:63:7D:67:95:A8','830526',500.00,'2025-09-22 04:44:38','2025-10-18 19:26:48'),(1337,6,NULL,NULL,NULL,NULL,'78:3A:6C:7F:20:71','035645',210.00,'2025-09-22 04:50:20','2025-09-22 04:50:20'),(1338,6,NULL,NULL,NULL,NULL,'78:3A:6C:7F:20:71','175796',210.00,'2025-09-22 04:53:16','2025-09-22 04:53:16'),(1339,7,NULL,NULL,NULL,NULL,'78:3A:6C:7F:20:71','931495',300.00,'2025-09-22 05:56:54','2025-09-22 05:56:54'),(1340,9,NULL,NULL,NULL,NULL,'46:07:90:4F:40:4C','338027',1000.00,'2025-09-22 06:56:17','2025-09-22 06:56:17'),(1341,9,NULL,NULL,NULL,NULL,'46:07:90:4F:40:4C','078558',1000.00,'2025-09-22 07:09:34','2025-09-22 07:09:34'),(1347,NULL,NULL,NULL,NULL,140,NULL,'356889',40000.00,'2025-09-22 09:00:25','2025-09-22 09:00:25'),(1351,9,NULL,NULL,NULL,NULL,'10:3F:44:60:C7:32','744210',1000.00,'2025-09-22 12:24:19','2025-09-22 12:24:19'),(1352,9,NULL,NULL,NULL,NULL,'10:3F:44:60:C7:32','277544',1000.00,'2025-09-22 12:32:45','2025-09-22 12:32:45'),(1354,64,NULL,NULL,NULL,NULL,'FA:B7:7A:E7:CF:31','432026',1000.00,'2025-09-22 14:14:23','2025-09-22 14:14:23'),(1355,64,NULL,NULL,NULL,NULL,'0E:D3:CE:3C:3D:31','103252',1000.00,'2025-09-22 14:56:16','2025-09-22 14:56:16'),(1356,64,NULL,NULL,NULL,NULL,'0E:D3:CE:3C:3D:31','502488',1000.00,'2025-09-22 14:56:45','2025-09-22 14:56:45'),(1357,64,NULL,NULL,NULL,NULL,'0E:D3:CE:3C:3D:31','161293',1000.00,'2025-09-22 14:56:50','2025-09-22 14:56:50'),(1358,8,NULL,NULL,NULL,NULL,'BE:B3:CB:9E:09:DC','666855',500.00,'2025-09-22 15:35:40','2025-09-22 15:35:40'),(1363,8,NULL,NULL,NULL,NULL,'FE:06:92:FA:87:6B','835612',500.00,'2025-09-22 17:22:08','2025-09-22 17:22:08'),(1364,8,NULL,NULL,NULL,NULL,'FE:06:92:FA:87:6B','361013',500.00,'2025-09-22 17:23:31','2025-09-22 17:23:31'),(1367,10,NULL,NULL,NULL,NULL,'FE:06:92:FA:87:6B','071755',5000.00,'2025-09-22 17:48:42','2025-09-22 17:48:42'),(1371,9,NULL,NULL,NULL,NULL,'30:07:4D:C1:22:74','539516',1000.00,'2025-09-22 19:03:00','2025-09-22 19:03:00'),(1373,7,NULL,NULL,NULL,NULL,'2A:01:6A:E3:EF:FF','935937',300.00,'2025-09-22 19:42:17','2025-09-22 19:42:17'),(1374,7,NULL,NULL,NULL,NULL,'2A:01:6A:E3:EF:FF','838343',300.00,'2025-09-22 19:46:20','2025-09-22 19:46:20'),(1376,7,NULL,NULL,NULL,NULL,'78:3A:6C:7F:20:71','172171',300.00,'2025-09-22 20:05:07','2025-09-22 20:05:07'),(1377,7,NULL,NULL,NULL,NULL,'2A:01:6A:E3:EF:FF','604042',300.00,'2025-09-22 20:07:06','2025-09-22 20:07:06'),(1379,7,NULL,NULL,NULL,NULL,'02:AE:8E:00:79:71','615469',300.00,'2025-09-22 20:41:01','2025-09-22 20:41:01'),(1381,7,NULL,NULL,NULL,NULL,'02:AE:8E:00:79:71','835190',300.00,'2025-09-22 20:42:26','2025-09-22 20:42:26'),(1382,6,NULL,NULL,NULL,NULL,'42:CC:90:DA:81:CB','870524',210.00,'2025-09-22 20:44:35','2025-09-22 20:44:35'),(1386,8,NULL,NULL,NULL,NULL,'C2:75:91:4A:D0:2B','838481',500.00,'2025-09-22 20:56:23','2025-09-22 20:56:23'),(1390,6,NULL,NULL,NULL,NULL,'4A:87:2C:39:9D:A6','138863',210.00,'2025-09-23 06:00:53','2025-09-23 06:00:53'),(1392,6,NULL,NULL,NULL,NULL,'4A:87:2C:39:9D:A6','458301',210.00,'2025-09-23 06:03:02','2025-09-23 06:03:02'),(1393,8,NULL,NULL,NULL,NULL,'FE:06:92:FA:87:6B','904895',500.00,'2025-09-23 06:14:25','2025-09-23 06:14:25'),(1401,8,NULL,NULL,NULL,NULL,'A8:13:06:C0:4E:B3','402960',500.00,'2025-09-23 11:08:01','2025-09-23 11:08:01'),(1404,7,NULL,NULL,NULL,NULL,'02:AE:8E:00:79:71','389123',300.00,'2025-09-23 13:34:09','2025-09-23 13:34:09'),(1405,7,NULL,NULL,NULL,NULL,'4A:87:2C:39:9D:A6','430968',300.00,'2025-09-23 13:53:41','2025-09-23 13:53:41'),(1408,6,NULL,NULL,NULL,NULL,'66:31:C5:1D:19:94','362089',210.00,'2025-09-23 14:35:06','2025-09-23 14:35:06'),(1409,8,NULL,NULL,NULL,NULL,'10:3F:44:60:C7:32','837215',500.00,'2025-09-23 14:48:05','2025-09-23 14:48:05'),(1410,8,NULL,NULL,NULL,NULL,'10:3F:44:60:C7:32','799451',500.00,'2025-09-23 14:49:10','2025-09-23 14:49:10'),(1411,8,NULL,NULL,NULL,NULL,'10:3F:44:60:C7:32','820607',500.00,'2025-09-23 14:54:19','2025-09-23 14:54:19'),(1413,8,NULL,NULL,NULL,NULL,'10:3F:44:60:C7:32','081582',500.00,'2025-09-23 15:03:36','2025-09-23 15:03:36'),(1414,8,NULL,NULL,NULL,NULL,'10:3F:44:60:C7:32','718284',500.00,'2025-09-23 15:04:27','2025-09-23 15:04:27'),(1415,8,NULL,NULL,NULL,NULL,'10:3F:44:60:C7:32','834787',500.00,'2025-09-23 15:41:25','2025-09-23 15:41:25'),(1417,24,NULL,NULL,NULL,NULL,'3A:13:89:8C:B7:66','934219',2500.00,'2025-09-23 16:21:41','2025-09-23 16:21:41'),(1418,24,NULL,NULL,NULL,NULL,'3A:13:89:8C:B7:66','857970',2500.00,'2025-09-23 16:26:43','2025-09-23 16:26:43'),(1419,24,NULL,NULL,NULL,NULL,'3A:13:89:8C:B7:66','509414',2500.00,'2025-09-23 16:29:38','2025-09-23 16:29:38'),(1420,7,NULL,NULL,NULL,NULL,'24:DA:33:08:FD:6A','016859',300.00,'2025-09-23 16:29:55','2025-09-23 16:29:55'),(1421,6,NULL,NULL,NULL,NULL,'24:DA:33:08:FD:6A','914484',210.00,'2025-09-23 16:30:35','2025-09-23 16:30:35'),(1422,59,NULL,NULL,NULL,NULL,'80:AF:CA:23:CF:5C','201596',1000.00,'2025-09-23 16:30:39','2025-09-23 16:30:39'),(1424,8,NULL,NULL,NULL,NULL,'10:3F:44:60:C7:32','295034',500.00,'2025-09-23 16:43:30','2025-09-23 16:43:30'),(1425,64,NULL,NULL,NULL,NULL,'$(mac)','075923',1000.00,'2025-09-23 16:53:21','2025-09-23 16:53:21'),(1426,64,NULL,NULL,NULL,NULL,'$(mac)','359433',1000.00,'2025-09-23 16:53:35','2025-09-23 16:53:35'),(1427,64,NULL,NULL,NULL,NULL,'$(mac)','670060',1000.00,'2025-09-23 16:53:39','2025-09-23 16:53:39'),(1428,59,NULL,NULL,NULL,NULL,'80:AF:CA:23:CF:5C','276805',1000.00,'2025-09-23 17:14:56','2025-09-23 17:14:56'),(1429,59,NULL,NULL,NULL,NULL,'80:AF:CA:23:CF:5C','588520',1000.00,'2025-09-23 17:15:59','2025-09-23 17:15:59'),(1430,6,NULL,NULL,NULL,NULL,'3E:A5:2D:34:21:C5','745580',210.00,'2025-09-23 17:35:58','2025-09-23 17:35:58'),(1431,8,NULL,NULL,NULL,NULL,'CA:EB:B1:E4:E1:08','612540',500.00,'2025-09-23 17:43:24','2025-09-23 17:43:24'),(1436,9,NULL,NULL,NULL,NULL,'8A:20:CA:39:F5:D0','465514',1000.00,'2025-09-23 18:12:34','2025-09-23 18:12:34'),(1438,9,NULL,NULL,NULL,NULL,'FE:06:92:FA:87:6B','538068',1000.00,'2025-09-23 18:26:26','2025-09-23 18:26:26'),(1439,9,NULL,NULL,NULL,NULL,'FE:06:92:FA:87:6B','134324',1000.00,'2025-09-23 18:54:38','2025-09-23 18:54:38'),(1443,8,NULL,NULL,NULL,NULL,'92:85:32:EB:61:BE','500209',500.00,'2025-09-23 20:00:52','2025-10-22 08:12:27'),(1445,9,NULL,NULL,NULL,NULL,'B2:17:11:1E:76:42','197252',1000.00,'2025-09-23 20:42:51','2025-09-23 20:42:51'),(1446,9,NULL,NULL,NULL,NULL,'B2:17:11:1E:76:42','854062',1000.00,'2025-09-23 20:47:46','2025-09-23 20:47:46'),(1449,9,NULL,NULL,NULL,NULL,'4E:3D:13:06:1F:4B','703206',1000.00,'2025-09-24 00:58:08','2025-09-24 00:58:08'),(1453,64,NULL,NULL,NULL,NULL,'C2:59:CB:D0:5F:CB','811750',1000.00,'2025-09-24 08:29:26','2025-09-24 08:29:26'),(1454,8,NULL,NULL,NULL,NULL,'06:9D:01:F5:0E:47','681718',500.00,'2025-09-24 08:30:14','2025-09-24 08:30:14'),(1458,65,NULL,NULL,NULL,NULL,'5E:1A:B5:46:3F:65','140081',500.00,'2025-09-24 09:49:03','2025-09-24 09:49:03'),(1459,65,NULL,NULL,NULL,NULL,'5E:1A:B5:46:3F:65','848501',500.00,'2025-09-24 09:49:47','2025-09-24 09:49:47'),(1460,65,NULL,NULL,NULL,NULL,'5E:1A:B5:46:3F:65','322964',500.00,'2025-09-24 09:49:50','2025-09-24 09:49:50'),(1461,65,NULL,NULL,NULL,NULL,'5E:1A:B5:46:3F:65','465849',500.00,'2025-09-24 09:49:58','2025-09-24 09:49:58'),(1462,65,NULL,NULL,NULL,NULL,'5E:1A:B5:46:3F:65','220450',500.00,'2025-09-24 09:50:45','2025-09-24 09:50:45'),(1463,65,NULL,NULL,NULL,NULL,'5E:1A:B5:46:3F:65','847726',500.00,'2025-09-24 09:54:46','2025-09-24 09:54:46'),(1464,65,NULL,NULL,NULL,NULL,'5E:1A:B5:46:3F:65','817652',500.00,'2025-09-24 09:55:09','2025-09-24 09:55:09'),(1465,65,NULL,NULL,NULL,NULL,'5E:1A:B5:46:3F:65','696766',500.00,'2025-09-24 09:56:26','2025-09-24 09:56:26'),(1466,65,NULL,NULL,NULL,NULL,'5E:1A:B5:46:3F:65','483779',500.00,'2025-09-24 09:57:01','2025-09-24 09:57:01'),(1468,65,NULL,NULL,NULL,NULL,'$(mac)','634683',500.00,'2025-09-24 10:33:31','2025-09-24 10:33:31'),(1469,64,NULL,NULL,NULL,NULL,'$(mac)','925872',1000.00,'2025-09-24 10:34:21','2025-09-24 10:34:21'),(1470,64,NULL,NULL,NULL,NULL,'3A:6A:07:B2:C5:C7','130538',1000.00,'2025-09-24 11:12:22','2025-09-24 11:12:22'),(1471,7,NULL,NULL,NULL,NULL,'AA:C1:1A:D2:79:24','422914',300.00,'2025-09-24 11:22:38','2025-09-24 11:22:38'),(1472,8,NULL,NULL,NULL,NULL,'AA:C1:1A:D2:79:24','507150',500.00,'2025-09-24 11:23:35','2025-09-24 11:23:35'),(1473,8,NULL,NULL,NULL,NULL,'AA:C1:1A:D2:79:24','618831',500.00,'2025-09-24 11:26:23','2025-09-24 11:26:23'),(1474,8,NULL,NULL,NULL,NULL,'AA:C1:1A:D2:79:24','063044',500.00,'2025-09-24 11:27:18','2025-09-24 11:27:18'),(1475,7,NULL,NULL,NULL,NULL,'AA:C1:1A:D2:79:24','962218',300.00,'2025-09-24 11:28:26','2025-09-24 11:28:26'),(1476,8,NULL,NULL,NULL,NULL,'AA:C1:1A:D2:79:24','759977',500.00,'2025-09-24 11:35:43','2025-09-24 11:35:43'),(1477,8,NULL,NULL,NULL,NULL,'AA:C1:1A:D2:79:24','960824',500.00,'2025-09-24 11:37:30','2025-09-24 11:37:30'),(1478,7,NULL,NULL,NULL,NULL,'92:9C:38:2D:F4:86','740350',300.00,'2025-09-24 13:32:28','2025-09-24 13:32:28'),(1479,7,NULL,NULL,NULL,NULL,'C6:82:84:09:10:28','710576',300.00,'2025-09-24 13:33:54','2025-09-24 13:33:54'),(1481,64,NULL,NULL,NULL,NULL,'CA:52:0B:74:71:92','547584',1000.00,'2025-09-24 14:15:57','2025-09-24 14:15:57'),(1483,8,NULL,NULL,NULL,NULL,'2E:86:96:AC:FF:06','334014',500.00,'2025-09-24 16:45:56','2025-09-24 16:45:56'),(1484,7,NULL,NULL,NULL,NULL,'86:87:D5:B9:81:15','136556',300.00,'2025-09-24 17:21:50','2025-09-24 17:21:50'),(1485,7,NULL,NULL,NULL,NULL,'86:87:D5:B9:81:15','050803',300.00,'2025-09-24 17:22:29','2025-09-24 17:22:29'),(1486,7,NULL,NULL,NULL,NULL,'86:87:D5:B9:81:15','441489',300.00,'2025-09-24 17:23:20','2025-09-24 17:23:20'),(1487,7,NULL,NULL,NULL,NULL,'86:87:D5:B9:81:15','172180',300.00,'2025-09-24 17:32:10','2025-09-24 17:32:10'),(1488,7,NULL,NULL,NULL,NULL,'E6:94:D2:8C:72:72','134946',300.00,'2025-09-24 17:33:14','2025-09-24 17:33:14'),(1489,7,NULL,NULL,NULL,NULL,'86:87:D5:B9:81:15','743204',300.00,'2025-09-24 17:33:56','2025-09-24 17:33:56'),(1490,7,NULL,NULL,NULL,NULL,'86:87:D5:B9:81:15','527152',300.00,'2025-09-24 17:34:29','2025-09-24 17:34:29'),(1493,7,NULL,NULL,NULL,NULL,'CA:EB:B1:E4:E1:08','496006',300.00,'2025-09-24 18:39:48','2025-09-24 18:39:48'),(1496,8,NULL,NULL,NULL,NULL,'3E:A5:2D:34:21:C5','825609',500.00,'2025-09-24 19:26:53','2025-09-24 19:26:53'),(1497,8,NULL,NULL,NULL,NULL,'3E:A5:2D:34:21:C5','766282',500.00,'2025-09-24 19:28:10','2025-09-24 19:28:10'),(1498,8,NULL,NULL,NULL,NULL,'CC:C0:79:8D:5E:35','157619',500.00,'2025-09-24 19:29:09','2025-09-24 19:29:09'),(1505,6,NULL,NULL,NULL,NULL,'9A:E6:33:FA:BC:B3','653058',210.00,'2025-09-24 21:39:13','2025-09-24 21:39:13'),(1506,8,NULL,NULL,NULL,NULL,'FE:06:92:FA:87:6B','349003',500.00,'2025-09-24 21:52:53','2025-09-24 21:52:53'),(1507,65,NULL,NULL,NULL,NULL,'9E:E7:81:41:25:42','589980',500.00,'2025-09-25 09:23:39','2025-09-25 09:23:39'),(1508,65,NULL,NULL,NULL,NULL,'9E:E7:81:41:25:42','250474',500.00,'2025-09-25 09:23:49','2025-09-25 09:23:49'),(1509,65,NULL,NULL,NULL,NULL,'9E:E7:81:41:25:42','890260',500.00,'2025-09-25 09:23:58','2025-09-25 09:23:58'),(1510,65,NULL,NULL,NULL,NULL,'9E:E7:81:41:25:42','708251',500.00,'2025-09-25 09:24:18','2025-09-25 09:24:18'),(1511,64,NULL,NULL,NULL,NULL,'9E:E7:81:41:25:42','895938',1000.00,'2025-09-25 09:24:31','2025-09-25 09:24:31'),(1513,8,NULL,NULL,NULL,NULL,'F2:C6:C1:71:E4:92','093707',500.00,'2025-09-25 18:37:36','2025-09-25 18:37:36'),(1515,9,NULL,NULL,NULL,NULL,'24:DA:33:08:FD:6A','146872',1000.00,'2025-09-25 18:59:19','2025-09-25 18:59:19'),(1516,9,NULL,NULL,NULL,NULL,'56:06:7B:29:60:43','675611',1000.00,'2025-09-25 18:59:50','2025-09-25 18:59:50'),(1517,9,NULL,NULL,NULL,NULL,'56:06:7B:29:60:43','960700',1000.00,'2025-09-25 19:00:30','2025-09-25 19:00:30'),(1519,8,NULL,NULL,NULL,NULL,'D0:2A:AA:90:40:ED','434267',500.00,'2025-09-25 19:11:23','2025-09-25 19:11:23'),(1520,8,NULL,NULL,NULL,NULL,'60:F1:89:64:28:26','701376',500.00,'2025-09-25 19:14:58','2025-09-25 19:14:58'),(1521,8,NULL,NULL,NULL,NULL,'0E:0B:4A:F4:B0:26','082228',500.00,'2025-09-25 19:15:01','2025-09-25 19:15:01'),(1522,7,NULL,NULL,NULL,NULL,'0E:0B:4A:F4:B0:26','863905',300.00,'2025-09-25 19:18:44','2025-09-25 19:18:44'),(1523,7,NULL,NULL,NULL,NULL,'0E:0B:4A:F4:B0:26','971428',300.00,'2025-09-25 19:21:52','2025-09-25 19:21:52'),(1524,7,NULL,NULL,NULL,NULL,'0E:0B:4A:F4:B0:26','298284',300.00,'2025-09-25 19:23:07','2025-09-25 19:23:07'),(1525,7,NULL,NULL,NULL,NULL,'0E:0B:4A:F4:B0:26','370457',300.00,'2025-09-25 19:25:14','2025-09-25 19:25:14'),(1527,7,NULL,NULL,NULL,NULL,'0E:0B:4A:F4:B0:26','575202',300.00,'2025-09-25 19:25:47','2025-09-25 19:25:47'),(1528,7,NULL,NULL,NULL,NULL,'BE:B3:CB:9E:09:DC','471426',300.00,'2025-09-25 19:43:44','2025-09-25 19:43:44'),(1530,7,NULL,NULL,NULL,NULL,'22:F0:CA:D5:AF:FC','760814',300.00,'2025-09-25 20:18:32','2025-09-25 20:18:32'),(1532,8,NULL,NULL,NULL,NULL,'FE:06:92:FA:87:6B','897262',500.00,'2025-09-25 20:55:46','2025-09-25 20:55:46'),(1533,59,NULL,NULL,NULL,NULL,'30:A1:FA:F5:5C:4A','933669',1000.00,'2025-09-25 21:06:56','2025-09-25 21:06:56'),(1534,9,NULL,NULL,NULL,NULL,'B2:17:11:1E:76:42','562541',1000.00,'2025-09-25 21:10:02','2025-09-25 21:10:02'),(1535,9,NULL,NULL,NULL,NULL,'B2:17:11:1E:76:42','692150',1000.00,'2025-09-25 21:12:01','2025-09-25 21:12:01'),(1536,8,NULL,NULL,NULL,NULL,'CA:72:22:4C:C5:32','899487',500.00,'2025-09-26 06:27:20','2025-09-26 06:27:20'),(1540,68,NULL,NULL,NULL,NULL,'B4:63:6F:95:EE:75','911409',1500.00,'2025-09-26 08:17:00','2025-09-26 08:17:00'),(1546,23,NULL,NULL,NULL,NULL,'2A:2B:4F:09:82:4C','888406',15000.00,'2025-09-26 09:32:44','2025-09-26 09:32:44'),(1549,59,NULL,NULL,NULL,NULL,'80:AF:CA:23:CF:5C','100407',1000.00,'2025-09-26 10:28:49','2025-09-26 10:28:49'),(1550,8,NULL,NULL,NULL,NULL,'E6:94:D2:8C:72:72','869754',500.00,'2025-09-26 10:53:48','2025-09-26 10:53:48'),(1551,8,NULL,NULL,NULL,NULL,'86:87:D5:B9:81:15','276313',500.00,'2025-09-26 10:57:16','2025-09-26 10:57:16'),(1552,8,NULL,NULL,NULL,NULL,'86:87:D5:B9:81:15','641439',500.00,'2025-09-26 10:58:55','2025-09-26 10:58:55'),(1553,65,NULL,NULL,NULL,NULL,'9E:E7:81:41:25:42','012576',500.00,'2025-09-26 11:41:24','2025-09-26 11:41:24'),(1554,65,NULL,NULL,NULL,NULL,'9E:E7:81:41:25:42','215530',500.00,'2025-09-26 11:42:36','2025-09-26 11:42:36'),(1555,65,NULL,NULL,NULL,NULL,'9E:E7:81:41:25:42','933088',500.00,'2025-09-26 11:42:44','2025-09-26 11:42:44'),(1556,65,NULL,NULL,NULL,NULL,'9E:E7:81:41:25:42','028961',500.00,'2025-09-26 11:43:05','2025-09-26 11:43:05'),(1557,65,NULL,NULL,NULL,NULL,'9E:E7:81:41:25:42','938578',500.00,'2025-09-26 11:49:03','2025-09-26 11:49:03'),(1560,70,NULL,NULL,NULL,NULL,'3E:54:23:6F:EA:26','483954',750.00,'2025-09-26 13:58:16','2025-09-26 13:58:16'),(1564,8,NULL,NULL,NULL,NULL,'1A:89:CC:42:69:58','497687',500.00,'2025-09-26 17:05:00','2025-09-26 17:05:00'),(1566,65,NULL,NULL,NULL,NULL,'6E:F3:75:3E:13:7E','302385',500.00,'2025-09-26 18:31:48','2025-09-26 18:31:48'),(1567,65,NULL,NULL,NULL,NULL,'6E:F3:75:3E:13:7E','918106',500.00,'2025-09-26 18:32:03','2025-09-26 18:32:03'),(1568,65,NULL,NULL,NULL,NULL,'6E:F3:75:3E:13:7E','842413',500.00,'2025-09-26 18:32:48','2025-09-26 18:32:48'),(1569,65,NULL,NULL,NULL,NULL,'C6:61:2B:22:2D:29','111512',500.00,'2025-09-26 18:33:40','2025-09-26 18:33:40'),(1570,65,NULL,NULL,NULL,NULL,'C6:61:2B:22:2D:29','600789',500.00,'2025-09-26 18:33:49','2025-09-26 18:33:49'),(1571,65,NULL,NULL,NULL,NULL,'6E:F3:75:3E:13:7E','131724',500.00,'2025-09-26 18:37:20','2025-09-26 18:37:20'),(1572,65,NULL,NULL,NULL,NULL,'6E:F3:75:3E:13:7E','377542',500.00,'2025-09-26 18:37:31','2025-09-26 18:37:31'),(1573,65,NULL,NULL,NULL,NULL,'6E:F3:75:3E:13:7E','043840',500.00,'2025-09-26 18:37:36','2025-09-26 18:37:36'),(1574,65,NULL,NULL,NULL,NULL,'6E:F3:75:3E:13:7E','937260',500.00,'2025-09-26 18:37:40','2025-09-26 18:37:40'),(1575,65,NULL,NULL,NULL,NULL,'6E:F3:75:3E:13:7E','247700',500.00,'2025-09-26 18:37:48','2025-09-26 18:37:48'),(1576,8,NULL,NULL,NULL,NULL,'FC:AA:B6:3B:A0:48','811875',500.00,'2025-09-26 18:50:37','2025-09-26 18:50:37'),(1577,8,NULL,NULL,NULL,NULL,'FC:AA:B6:3B:A0:48','536415',500.00,'2025-09-26 18:51:50','2025-09-26 18:51:50'),(1580,8,NULL,NULL,NULL,NULL,'3E:A5:2D:34:21:C5','565915',500.00,'2025-09-26 19:25:55','2025-09-26 19:25:55'),(1581,8,NULL,NULL,NULL,NULL,'3E:A5:2D:34:21:C5','622819',500.00,'2025-09-26 19:26:54','2025-09-26 19:26:54'),(1582,8,NULL,NULL,NULL,NULL,'3E:A5:2D:34:21:C5','479209',500.00,'2025-09-26 19:28:53','2025-09-26 19:28:53'),(1583,8,NULL,NULL,NULL,NULL,'3E:A5:2D:34:21:C5','367842',500.00,'2025-09-26 19:43:49','2025-09-26 19:43:49'),(1584,8,NULL,NULL,NULL,NULL,'3E:A5:2D:34:21:C5','549848',500.00,'2025-09-26 19:44:58','2025-09-26 19:44:58'),(1585,8,NULL,NULL,NULL,NULL,'3E:A5:2D:34:21:C5','915004',500.00,'2025-09-26 19:45:41','2025-09-26 19:45:41'),(1586,7,NULL,NULL,NULL,NULL,'24:2E:02:2C:C6:79','043944',300.00,'2025-09-26 19:47:22','2025-09-26 19:47:22'),(1587,7,NULL,NULL,NULL,NULL,'24:2E:02:2C:C6:79','416975',300.00,'2025-09-26 19:47:23','2025-09-26 19:47:23'),(1588,8,NULL,NULL,NULL,NULL,'3E:A5:2D:34:21:C5','157239',500.00,'2025-09-26 19:48:31','2025-09-26 19:48:31'),(1589,8,NULL,NULL,NULL,NULL,'3E:A5:2D:34:21:C5','013435',500.00,'2025-09-26 19:50:43','2025-09-26 19:50:43'),(1590,7,NULL,NULL,NULL,NULL,'24:2E:02:2C:C6:79','718978',300.00,'2025-09-26 19:52:32','2025-09-26 19:52:32'),(1591,9,NULL,NULL,NULL,NULL,'3E:A5:2D:34:21:C5','805434',1000.00,'2025-09-26 19:54:59','2025-09-26 19:54:59'),(1592,8,NULL,NULL,NULL,NULL,'3E:A5:2D:34:21:C5','946226',500.00,'2025-09-26 19:55:26','2025-09-26 19:55:26'),(1597,70,NULL,NULL,NULL,NULL,'F8:2E:3F:C2:26:48','866400',1000.00,'2025-09-26 21:42:16','2025-09-26 21:42:16'),(1598,70,NULL,NULL,NULL,NULL,'F8:2E:3F:C2:26:48','784397',1000.00,'2025-09-26 21:55:22','2025-09-26 21:55:22'),(1599,70,NULL,NULL,NULL,NULL,'F8:2E:3F:C2:26:48','315277',1000.00,'2025-09-26 21:58:13','2025-09-26 21:58:13'),(1600,73,NULL,NULL,NULL,NULL,'F8:2E:3F:C2:26:48','197922',3500.00,'2025-09-26 22:11:35','2025-09-26 22:11:35'),(1602,8,NULL,NULL,NULL,NULL,'06:9D:01:F5:0E:47','143815',500.00,'2025-09-27 04:56:59','2025-09-27 04:56:59'),(1604,9,NULL,NULL,NULL,NULL,'CA:EB:B1:E4:E1:08','182149',1000.00,'2025-09-27 06:53:27','2025-09-27 06:53:27'),(1607,8,NULL,NULL,NULL,NULL,'B2:17:11:1E:76:42','557140',500.00,'2025-09-27 07:33:13','2025-09-27 07:33:13'),(1608,70,NULL,NULL,NULL,NULL,'F8:2E:3F:C2:26:47','731407',1000.00,'2025-09-27 09:14:06','2025-09-27 09:14:06'),(1609,72,NULL,NULL,NULL,NULL,'F8:2E:3F:C2:26:47','565398',5500.00,'2025-09-27 09:20:14','2025-09-27 09:20:14'),(1610,71,NULL,NULL,NULL,NULL,'F8:2E:3F:C2:26:47','360959',1750.00,'2025-09-27 09:58:41','2025-09-27 09:58:41'),(1612,70,NULL,NULL,NULL,NULL,'DE:8D:37:80:FA:22','058433',1000.00,'2025-09-27 10:38:57','2025-09-27 10:38:57'),(1614,64,NULL,NULL,NULL,NULL,'EA:ED:3E:EB:CE:9C','458999',1000.00,'2025-09-27 13:25:53','2025-09-27 13:25:53'),(1615,65,NULL,NULL,NULL,NULL,'EA:ED:3E:EB:CE:9C','986551',500.00,'2025-09-27 13:34:11','2025-09-27 13:34:11'),(1616,65,NULL,NULL,NULL,NULL,'EA:ED:3E:EB:CE:9C','928365',500.00,'2025-09-27 13:34:20','2025-09-27 13:34:20'),(1617,65,NULL,NULL,NULL,NULL,'EA:ED:3E:EB:CE:9C','159674',500.00,'2025-09-27 13:34:30','2025-09-27 13:34:30'),(1618,64,NULL,NULL,NULL,NULL,'EA:ED:3E:EB:CE:9C','651676',1000.00,'2025-09-27 14:28:06','2025-09-27 14:28:06'),(1619,64,NULL,NULL,NULL,NULL,'EA:ED:3E:EB:CE:9C','460534',1000.00,'2025-09-27 14:28:16','2025-09-27 14:28:16'),(1620,65,NULL,NULL,NULL,NULL,'EA:ED:3E:EB:CE:9C','221181',500.00,'2025-09-27 14:30:14','2025-09-27 14:30:14'),(1621,64,NULL,NULL,NULL,NULL,'EA:ED:3E:EB:CE:9C','206435',1000.00,'2025-09-27 14:31:05','2025-09-27 14:31:05'),(1622,64,NULL,NULL,NULL,NULL,'EA:ED:3E:EB:CE:9C','880871',1000.00,'2025-09-27 14:31:12','2025-09-27 14:31:12'),(1625,9,NULL,NULL,NULL,NULL,'10:3F:44:60:C7:32','878427',1000.00,'2025-09-27 15:13:29','2025-09-27 15:13:29'),(1627,8,NULL,NULL,NULL,NULL,'B2:17:11:1E:76:42','404967',500.00,'2025-09-27 15:45:00','2025-09-27 15:45:00'),(1630,8,NULL,NULL,NULL,NULL,'0A:15:74:AF:16:87','696792',500.00,'2025-09-27 16:27:33','2025-09-27 16:27:33'),(1631,8,NULL,NULL,NULL,NULL,'0A:15:74:AF:16:87','192233',500.00,'2025-09-27 16:28:52','2025-09-27 16:28:52'),(1632,8,NULL,NULL,NULL,NULL,'0A:15:74:AF:16:87','609943',500.00,'2025-09-27 16:29:59','2025-09-27 16:29:59'),(1635,8,NULL,NULL,NULL,NULL,'1A:89:CC:42:69:58','861246',500.00,'2025-09-27 17:59:24','2025-09-27 17:59:24'),(1637,9,NULL,NULL,NULL,NULL,'A2:1C:0F:04:37:59','300243',1000.00,'2025-09-27 18:22:47','2025-09-27 18:22:47'),(1638,8,NULL,NULL,NULL,NULL,'5A:2A:26:B9:46:80','754056',500.00,'2025-09-27 18:26:43','2025-09-27 18:26:43'),(1642,6,NULL,NULL,NULL,NULL,'4E:63:7D:67:95:A8','128374',210.00,'2025-09-27 20:20:31','2025-09-27 20:20:31'),(1646,65,NULL,NULL,NULL,NULL,'DA:34:9C:FC:36:C5','171867',500.00,'2025-09-28 06:08:51','2025-09-28 06:08:51'),(1647,65,NULL,NULL,NULL,NULL,'DA:34:9C:FC:36:C5','243798',500.00,'2025-09-28 06:09:07','2025-09-28 06:09:07'),(1648,7,NULL,NULL,NULL,NULL,'FE:06:92:FA:87:6B','445278',300.00,'2025-09-28 06:10:11','2025-09-28 06:10:11'),(1650,9,NULL,NULL,NULL,NULL,'CA:EB:B1:E4:E1:08','057658',1000.00,'2025-09-28 06:20:09','2025-09-28 06:20:09'),(1651,8,NULL,NULL,NULL,NULL,'CA:EB:B1:E4:E1:08','043786',500.00,'2025-09-28 06:21:01','2025-09-28 06:21:01'),(1659,7,NULL,NULL,NULL,NULL,'CA:EB:B1:E4:E1:08','564102',300.00,'2025-09-28 09:24:26','2025-09-28 09:24:26'),(1661,9,NULL,NULL,NULL,NULL,'C6:C2:9D:CB:45:91','156376',1000.00,'2025-09-28 09:40:10','2025-09-28 09:40:10'),(1662,9,NULL,NULL,NULL,NULL,'C6:C2:9D:CB:45:91','613678',1000.00,'2025-09-28 09:42:20','2025-09-28 09:42:20'),(1663,9,NULL,NULL,NULL,NULL,'C6:C2:9D:CB:45:91','650679',1000.00,'2025-09-28 09:45:38','2025-09-28 09:45:38'),(1664,9,NULL,NULL,NULL,NULL,'C6:C2:9D:CB:45:91','367915',1000.00,'2025-09-28 10:19:26','2025-09-28 10:19:26'),(1665,9,NULL,NULL,NULL,NULL,'C6:C2:9D:CB:45:91','532773',1000.00,'2025-09-28 10:27:35','2025-09-28 10:27:35'),(1666,9,NULL,NULL,NULL,NULL,'C6:C2:9D:CB:45:91','755569',1000.00,'2025-09-28 10:33:20','2025-09-28 10:33:20'),(1667,9,NULL,NULL,NULL,NULL,'8A:2F:6A:03:15:68','683558',1000.00,'2025-09-28 11:55:54','2025-09-28 11:55:54'),(1668,9,NULL,NULL,NULL,NULL,'8A:2F:6A:03:15:68','411799',1000.00,'2025-09-28 11:57:29','2025-09-28 11:57:29'),(1670,8,NULL,NULL,NULL,NULL,'3E:A5:2D:34:21:C5','061526',500.00,'2025-09-28 12:27:38','2025-09-28 12:27:38'),(1672,65,NULL,NULL,NULL,NULL,'F6:F3:C6:A2:04:0B','409571',500.00,'2025-09-28 13:25:30','2025-09-28 13:25:30'),(1673,6,NULL,NULL,NULL,NULL,'20:26:81:EC:2E:02','734486',210.00,'2025-09-28 13:40:18','2025-09-28 13:40:18'),(1677,7,NULL,NULL,NULL,NULL,'5E:29:F0:50:83:C4','175994',300.00,'2025-09-28 15:32:23','2025-09-28 15:32:23'),(1678,6,NULL,NULL,NULL,NULL,'CA:EB:B1:E4:E1:08','918759',210.00,'2025-09-28 15:42:20','2025-09-28 15:42:20'),(1680,6,NULL,NULL,NULL,NULL,'1A:89:CC:42:69:58','339693',210.00,'2025-09-28 16:12:30','2025-09-28 16:12:30'),(1681,6,NULL,NULL,NULL,NULL,'1A:89:CC:42:69:58','216242',210.00,'2025-09-28 16:13:49','2025-09-28 16:13:49'),(1682,6,NULL,NULL,NULL,NULL,'1A:89:CC:42:69:58','995805',210.00,'2025-09-28 16:18:42','2025-09-28 16:18:42'),(1683,65,NULL,NULL,NULL,NULL,'D6:5B:7C:61:AB:95','499854',500.00,'2025-09-28 16:27:41','2025-09-28 16:27:41'),(1684,77,NULL,NULL,NULL,NULL,'16:42:10:3E:7D:21','897983',700.00,'2025-09-28 16:28:15','2025-09-28 16:28:15'),(1686,8,NULL,NULL,NULL,NULL,'9A:E6:33:FA:BC:B3','300164',500.00,'2025-09-28 16:34:00','2025-09-28 16:34:00'),(1688,8,NULL,NULL,NULL,NULL,'9A:E6:33:FA:BC:B3','963709',500.00,'2025-09-28 16:36:27','2025-09-28 16:36:27'),(1689,8,NULL,NULL,NULL,NULL,'FE:06:92:FA:87:6B','817865',500.00,'2025-09-28 16:39:19','2025-09-28 16:39:19'),(1691,7,NULL,NULL,NULL,NULL,'FE:06:92:FA:87:6B','950567',300.00,'2025-09-28 16:55:23','2025-09-28 16:55:23'),(1692,8,NULL,NULL,NULL,NULL,'FE:06:92:FA:87:6B','244546',500.00,'2025-09-28 17:20:47','2025-09-28 17:20:47'),(1694,8,NULL,NULL,NULL,NULL,'FE:06:92:FA:87:6B','840677',500.00,'2025-09-28 18:11:31','2025-09-28 18:11:31'),(1695,7,NULL,NULL,NULL,NULL,'A8:13:06:C0:4E:B3','504927',300.00,'2025-09-28 18:36:32','2025-09-28 18:36:32'),(1698,78,NULL,NULL,NULL,NULL,'86:41:1C:60:68:46','446242',1000.00,'2025-09-28 18:56:28','2025-09-28 18:56:28'),(1699,8,NULL,NULL,NULL,NULL,'FE:06:92:FA:87:6B','627500',500.00,'2025-09-28 19:11:42','2025-09-28 19:11:42'),(1700,8,NULL,NULL,NULL,NULL,'FE:06:92:FA:87:6B','201878',500.00,'2025-09-28 19:14:09','2025-09-28 19:14:09'),(1701,8,NULL,NULL,NULL,NULL,'FE:06:92:FA:87:6B','373162',500.00,'2025-09-28 19:15:30','2025-09-28 19:15:30'),(1702,8,NULL,NULL,NULL,NULL,'FE:06:92:FA:87:6B','437428',500.00,'2025-09-28 19:16:17','2025-09-28 19:16:17'),(1703,8,NULL,NULL,NULL,NULL,'FC:AA:B6:3B:A0:48','580867',500.00,'2025-09-28 20:25:31','2025-09-28 20:25:31'),(1705,65,NULL,NULL,NULL,NULL,'26:99:E1:6D:9C:1C','450687',500.00,'2025-09-28 20:41:14','2025-09-28 20:41:14'),(1708,9,NULL,NULL,NULL,NULL,'B2:17:11:1E:76:42','530538',1000.00,'2025-09-28 21:03:43','2025-09-28 21:03:43'),(1710,6,NULL,NULL,NULL,NULL,'5A:22:D6:25:36:E9','992313',210.00,'2025-09-28 22:54:06','2025-09-28 22:54:06'),(1714,8,NULL,NULL,NULL,NULL,'06:9D:01:F5:0E:47','234063',500.00,'2025-09-29 05:50:18','2025-09-29 05:50:18'),(1717,6,NULL,NULL,NULL,NULL,'22:44:96:CC:3C:8D','719053',210.00,'2025-09-29 07:45:47','2025-09-29 07:45:47'),(1718,77,NULL,NULL,NULL,NULL,'66:61:3D:A7:FA:8E','004022',700.00,'2025-09-29 08:06:38','2025-09-29 08:06:38'),(1722,10,NULL,NULL,NULL,NULL,'10:3F:44:60:C7:32','886004',5000.00,'2025-09-29 09:40:57','2025-09-29 09:40:57'),(1726,7,NULL,NULL,NULL,NULL,'78:3A:6C:7F:20:71','607041',300.00,'2025-09-29 10:20:07','2025-09-29 10:20:07'),(1730,7,NULL,NULL,NULL,NULL,'B2:CB:0B:28:DC:8B','772194',300.00,'2025-09-29 10:43:52','2025-09-29 10:43:52'),(1731,7,NULL,NULL,NULL,NULL,'B2:CB:0B:28:DC:8B','508911',300.00,'2025-09-29 10:45:34','2025-09-29 10:45:34'),(1732,7,NULL,NULL,NULL,NULL,'B2:CB:0B:28:DC:8B','436440',300.00,'2025-09-29 10:46:34','2025-09-29 10:46:34'),(1733,6,NULL,NULL,NULL,NULL,'22:44:96:CC:3C:8D','644570',210.00,'2025-09-29 10:50:49','2025-09-29 10:50:49'),(1734,6,NULL,NULL,NULL,NULL,'22:44:96:CC:3C:8D','223943',210.00,'2025-09-29 10:51:36','2025-09-29 10:51:36'),(1735,7,NULL,NULL,NULL,NULL,'22:44:96:CC:3C:8D','603708',300.00,'2025-09-29 10:53:13','2025-09-29 10:53:13'),(1737,9,NULL,NULL,NULL,NULL,'B6:22:24:47:61:B5','559384',1000.00,'2025-09-29 11:11:35','2025-09-29 11:11:35'),(1738,79,NULL,NULL,NULL,NULL,'70:52:D8:9D:03:CC','789700',5000.00,'2025-09-29 11:12:06','2025-09-29 11:12:06'),(1739,9,NULL,NULL,NULL,NULL,'B6:22:24:47:61:B5','190622',1000.00,'2025-09-29 11:13:44','2025-09-29 11:13:44'),(1741,9,NULL,NULL,NULL,NULL,'B6:22:24:47:61:B5','755133',1000.00,'2025-09-29 11:17:10','2025-09-29 11:17:10'),(1742,9,NULL,NULL,NULL,NULL,'B6:22:24:47:61:B5','267955',1000.00,'2025-09-29 11:28:57','2025-09-29 11:28:57'),(1743,9,NULL,NULL,NULL,NULL,'B6:22:24:47:61:B5','621681',1000.00,'2025-09-29 11:29:49','2025-09-29 11:29:49'),(1745,77,NULL,NULL,NULL,NULL,'96:E8:68:23:C5:E3','760552',700.00,'2025-09-29 12:03:54','2025-09-29 12:03:54'),(1746,77,NULL,NULL,NULL,NULL,'96:E8:68:23:C5:E3','866768',700.00,'2025-09-29 12:05:35','2025-09-29 12:05:35'),(1747,9,NULL,NULL,NULL,NULL,'60:70:72:60:6A:C2','251826',1000.00,'2025-09-29 12:19:24','2025-09-29 12:19:24'),(1749,64,NULL,NULL,NULL,NULL,'CA:52:0B:74:71:92','390577',1000.00,'2025-09-29 12:24:53','2025-09-29 12:24:53'),(1750,64,NULL,NULL,NULL,NULL,'CA:52:0B:74:71:92','923607',1000.00,'2025-09-29 12:25:21','2025-09-29 12:25:21'),(1751,64,NULL,NULL,NULL,NULL,'CA:52:0B:74:71:92','425945',1000.00,'2025-09-29 12:26:59','2025-09-29 12:26:59'),(1752,64,NULL,NULL,NULL,NULL,'CA:52:0B:74:71:92','836040',1000.00,'2025-09-29 12:27:02','2025-09-29 12:27:02'),(1753,64,NULL,NULL,NULL,NULL,'CA:52:0B:74:71:92','535560',1000.00,'2025-09-29 12:27:05','2025-09-29 12:27:05'),(1754,64,NULL,NULL,NULL,NULL,'CA:52:0B:74:71:92','516914',1000.00,'2025-09-29 12:27:12','2025-09-29 12:27:12'),(1755,64,NULL,NULL,NULL,NULL,'CA:52:0B:74:71:92','398351',1000.00,'2025-09-29 12:27:15','2025-09-29 12:27:15'),(1756,9,NULL,NULL,NULL,NULL,'B6:28:6A:AF:47:B3','711769',1000.00,'2025-09-29 12:43:08','2025-09-29 12:43:08'),(1761,81,NULL,NULL,NULL,NULL,'72:E5:7A:4F:18:50','371071',700.00,'2025-09-29 14:24:52','2025-09-29 14:24:52'),(1766,77,NULL,NULL,NULL,NULL,'72:58:58:4C:F5:AA','120577',700.00,'2025-09-29 17:31:15','2025-09-29 17:31:15'),(1768,68,NULL,NULL,NULL,NULL,'72:E9:F2:58:60:EA','216270',1500.00,'2025-09-29 17:58:05','2025-09-29 17:58:05'),(1769,59,NULL,NULL,NULL,NULL,'80:AF:CA:23:CF:5C','045296',1000.00,'2025-09-29 17:59:37','2025-09-29 17:59:37'),(1770,69,NULL,NULL,NULL,NULL,'80:AF:CA:23:CF:5C','670154',3000.00,'2025-09-29 18:17:49','2025-09-29 18:17:49'),(1773,NULL,NULL,NULL,NULL,61,NULL,'345880',40000.00,'2025-09-29 19:07:29','2025-09-29 19:07:29'),(1774,NULL,NULL,NULL,NULL,61,NULL,'632915',40000.00,'2025-09-29 19:12:16','2025-09-29 19:12:16'),(1775,NULL,NULL,NULL,NULL,61,NULL,'463609',40000.00,'2025-09-29 19:12:40','2025-09-29 19:12:40'),(1776,8,NULL,NULL,NULL,NULL,'FE:06:92:FA:87:6B','851171',500.00,'2025-09-29 19:58:12','2025-09-29 19:58:12'),(1781,7,NULL,NULL,NULL,NULL,'78:3A:6C:7F:20:71','249536',300.00,'2025-09-29 20:38:05','2025-09-29 20:38:05'),(1783,9,NULL,NULL,NULL,NULL,'0A:57:0C:DB:64:8E','409670',1000.00,'2025-09-29 21:41:53','2025-09-29 21:41:53'),(1784,59,NULL,NULL,NULL,NULL,'80:AF:CA:23:CF:5C','346945',1000.00,'2025-09-29 21:49:47','2025-09-29 21:49:47'),(1785,9,NULL,NULL,NULL,NULL,'C6:C2:9D:CB:45:91','647065',1000.00,'2025-09-29 21:56:49','2025-09-29 21:56:49'),(1786,9,NULL,NULL,NULL,NULL,'C6:C2:9D:CB:45:91','728279',1000.00,'2025-09-29 21:58:36','2025-09-29 21:58:36'),(1787,9,NULL,NULL,NULL,NULL,'C6:C2:9D:CB:45:91','373905',1000.00,'2025-09-29 22:05:51','2025-09-29 22:05:51'),(1788,9,NULL,NULL,NULL,NULL,'C6:C2:9D:CB:45:91','670478',1000.00,'2025-09-29 22:10:05','2025-09-29 22:10:05'),(1790,7,NULL,NULL,NULL,NULL,'5A:F8:D7:0F:BF:9E','486840',300.00,'2025-09-30 06:00:42','2025-09-30 06:00:42'),(1791,8,NULL,NULL,NULL,NULL,'5A:F8:D7:0F:BF:9E','098548',500.00,'2025-09-30 06:01:07','2025-09-30 06:01:07'),(1792,7,NULL,NULL,NULL,NULL,'5A:F8:D7:0F:BF:9E','619941',300.00,'2025-09-30 06:05:36','2025-09-30 06:05:36'),(1793,7,NULL,NULL,NULL,NULL,'5A:F8:D7:0F:BF:9E','108508',300.00,'2025-09-30 06:08:17','2025-09-30 06:08:17'),(1794,81,NULL,NULL,NULL,NULL,'5A:BE:94:39:75:6E','399726',700.00,'2025-09-30 06:13:04','2025-09-30 06:13:04'),(1798,7,NULL,NULL,NULL,NULL,'5A:F8:D7:0F:BF:9E','156958',300.00,'2025-09-30 07:13:50','2025-09-30 07:13:50'),(1800,77,NULL,NULL,NULL,NULL,'04:01:BB:60:C1:CB','128599',700.00,'2025-09-30 07:36:06','2025-09-30 07:36:06'),(1802,78,NULL,NULL,NULL,NULL,'5A:EC:BA:59:65:CD','701627',1000.00,'2025-09-30 07:56:57','2025-09-30 07:56:57'),(1804,78,NULL,NULL,NULL,NULL,'76:BC:44:99:ED:4A','417536',1000.00,'2025-09-30 08:27:52','2025-09-30 08:27:52'),(1805,9,NULL,NULL,NULL,NULL,'BE:B3:CB:9E:09:DC','853263',1000.00,'2025-09-30 08:59:43','2025-09-30 08:59:43'),(1809,77,NULL,NULL,NULL,NULL,'90:56:FC:75:73:35','476948',700.00,'2025-09-30 09:39:26','2025-09-30 09:39:26'),(1811,77,NULL,NULL,NULL,NULL,'9E:EF:47:4A:D0:F0','799212',700.00,'2025-09-30 10:13:12','2025-09-30 10:13:12'),(1814,9,NULL,NULL,NULL,NULL,'EE:1D:BE:C9:63:A6','109447',1000.00,'2025-09-30 10:42:14','2025-09-30 10:42:14'),(1817,8,NULL,NULL,NULL,NULL,'52:23:86:29:18:8C','502707',500.00,'2025-09-30 11:35:38','2025-09-30 11:35:38'),(1818,8,NULL,NULL,NULL,NULL,'52:23:86:29:18:8C','184132',500.00,'2025-09-30 11:37:13','2025-09-30 11:37:13'),(1821,8,NULL,NULL,NULL,NULL,'06:9D:01:F5:0E:47','896632',500.00,'2025-09-30 11:41:12','2025-09-30 11:41:12'),(1823,90,NULL,NULL,NULL,NULL,'54:48:10:E8:A2:61','462811',1000.00,'2025-09-30 11:53:53','2025-09-30 11:53:53'),(1824,90,NULL,NULL,NULL,NULL,'54:48:10:E8:A2:61','549199',1000.00,'2025-09-30 11:56:44','2025-09-30 11:56:44'),(1825,90,NULL,NULL,NULL,NULL,'54:48:10:E8:A2:61','190941',1000.00,'2025-09-30 11:58:54','2025-09-30 11:58:54'),(1828,70,NULL,NULL,NULL,NULL,'DE:8D:37:80:FA:22','328767',1000.00,'2025-09-30 12:45:52','2025-09-30 12:45:52'),(1829,78,NULL,NULL,NULL,NULL,'C6:20:02:EC:C4:3E','918549',1000.00,'2025-09-30 12:51:37','2025-09-30 12:51:37'),(1830,70,NULL,NULL,NULL,NULL,'14:09:DC:07:3E:A9','879149',1000.00,'2025-09-30 12:53:52','2025-09-30 12:53:52'),(1831,70,NULL,NULL,NULL,NULL,'14:09:DC:07:3E:A9','281837',1000.00,'2025-09-30 12:55:04','2025-09-30 12:55:04'),(1832,70,NULL,NULL,NULL,NULL,'14:09:DC:07:3E:A9','533109',1000.00,'2025-09-30 12:55:52','2025-09-30 12:55:52'),(1833,70,NULL,NULL,NULL,NULL,'F8:2E:3F:C2:26:47','189854',1000.00,'2025-09-30 13:24:00','2025-09-30 13:24:00'),(1834,70,NULL,NULL,NULL,NULL,'F8:2E:3F:C2:26:47','391843',1000.00,'2025-09-30 13:25:48','2025-09-30 13:25:48'),(1835,70,NULL,NULL,NULL,NULL,'F8:2E:3F:C2:26:47','996414',1000.00,'2025-09-30 13:27:09','2025-09-30 13:27:09'),(1836,70,NULL,NULL,NULL,NULL,'F8:2E:3F:C2:26:47','867303',1000.00,'2025-09-30 13:27:23','2025-09-30 13:27:23'),(1837,77,NULL,NULL,NULL,NULL,'86:BC:F2:6C:D3:88','670366',700.00,'2025-09-30 14:10:07','2025-09-30 14:10:07'),(1840,7,NULL,NULL,NULL,NULL,'24:DA:33:08:FD:6A','430272',300.00,'2025-09-30 17:13:23','2025-09-30 17:13:23'),(1841,7,NULL,NULL,NULL,NULL,'24:DA:33:08:FD:6A','365890',300.00,'2025-09-30 17:14:21','2025-09-30 17:14:21'),(1843,6,NULL,NULL,NULL,NULL,'54:41:05:02:22:41','780656',210.00,'2025-09-30 17:16:47','2025-09-30 17:16:47'),(1844,70,NULL,NULL,NULL,NULL,'E6:D3:25:3B:5C:84','647213',1000.00,'2025-09-30 17:24:56','2025-09-30 17:24:56'),(1845,6,NULL,NULL,NULL,NULL,'52:23:86:29:18:8C','446325',210.00,'2025-09-30 17:34:04','2025-09-30 17:34:04'),(1846,6,NULL,NULL,NULL,NULL,'52:23:86:29:18:8C','353848',210.00,'2025-09-30 17:38:57','2025-09-30 17:38:57'),(1848,6,NULL,NULL,NULL,NULL,'52:23:86:29:18:8C','482423',210.00,'2025-09-30 17:44:00','2025-09-30 17:44:00'),(1849,9,NULL,NULL,NULL,NULL,'B2:08:B4:45:AA:47','612184',1000.00,'2025-09-30 17:48:58','2025-09-30 17:48:58'),(1850,8,NULL,NULL,NULL,NULL,'9A:E6:33:FA:BC:B3','270798',500.00,'2025-09-30 17:51:01','2025-09-30 17:51:01'),(1852,8,NULL,NULL,NULL,NULL,'FE:06:92:FA:87:6B','821679',500.00,'2025-09-30 17:59:17','2025-09-30 17:59:17'),(1854,70,NULL,NULL,NULL,NULL,'2E:AD:D4:20:5C:A5','068420',1000.00,'2025-09-30 18:04:42','2025-09-30 18:04:42'),(1855,7,NULL,NULL,NULL,NULL,'22:F0:CA:D5:AF:FC','850734',300.00,'2025-09-30 18:15:58','2025-09-30 18:15:58'),(1857,90,NULL,NULL,NULL,NULL,'D6:93:02:40:75:F2','917476',1000.00,'2025-09-30 18:20:59','2025-09-30 18:20:59'),(1860,7,NULL,NULL,NULL,NULL,'4A:16:D9:48:F9:0B','180631',300.00,'2025-09-30 18:59:02','2025-09-30 18:59:02'),(1865,6,NULL,NULL,NULL,NULL,'66:B6:E7:2B:0C:88','135973',210.00,'2025-09-30 19:11:27','2025-09-30 19:11:27'),(1867,6,NULL,NULL,NULL,NULL,'80:79:5D:00:12:75','420102',210.00,'2025-09-30 19:33:27','2025-09-30 19:33:27'),(1868,8,NULL,NULL,NULL,NULL,'3E:A5:2D:34:21:C5','460852',500.00,'2025-09-30 19:37:30','2025-09-30 19:37:30'),(1869,8,NULL,NULL,NULL,NULL,'3E:A5:2D:34:21:C5','721032',500.00,'2025-09-30 19:38:26','2025-09-30 19:38:26'),(1870,8,NULL,NULL,NULL,NULL,'3E:A5:2D:34:21:C5','096579',500.00,'2025-09-30 19:39:16','2025-09-30 19:39:16'),(1871,8,NULL,NULL,NULL,NULL,'3E:A5:2D:34:21:C5','333720',500.00,'2025-09-30 19:43:37','2025-09-30 19:43:37'),(1872,8,NULL,NULL,NULL,NULL,'3E:A5:2D:34:21:C5','903771',500.00,'2025-09-30 19:44:41','2025-09-30 19:44:41'),(1874,9,NULL,NULL,NULL,NULL,'54:41:05:02:22:41','169528',1000.00,'2025-09-30 20:19:47','2025-09-30 20:19:47'),(1877,8,NULL,NULL,NULL,NULL,'F2:C6:C1:71:E4:92','461017',500.00,'2025-09-30 21:01:44','2025-09-30 21:01:44'),(1879,77,NULL,NULL,NULL,NULL,'FE:9E:23:BB:10:90','863010',700.00,'2025-09-30 21:27:30','2025-09-30 21:27:30'),(1883,6,NULL,NULL,NULL,NULL,'1E:BC:B2:4F:03:65','482338',210.00,'2025-09-30 22:53:22','2025-09-30 22:53:22'),(1884,6,NULL,NULL,NULL,NULL,'1E:BC:B2:4F:03:65','539039',210.00,'2025-09-30 22:54:45','2025-09-30 22:54:45'),(1885,78,NULL,NULL,NULL,NULL,'8A:5F:9A:22:96:0B','271578',1000.00,'2025-10-01 00:02:09','2025-10-01 00:02:09'),(1886,90,NULL,NULL,NULL,NULL,'76:A5:6B:0D:08:DE','480379',1000.00,'2025-10-01 04:28:58','2025-10-01 04:28:58'),(1887,8,NULL,NULL,NULL,NULL,'CA:72:22:4C:C5:32','895911',500.00,'2025-10-01 06:33:04','2025-10-01 06:33:04'),(1888,8,NULL,NULL,NULL,NULL,'AA:78:91:3C:3F:A4','484640',500.00,'2025-10-01 06:35:31','2025-10-01 06:35:31'),(1889,8,NULL,NULL,NULL,NULL,'CA:72:22:4C:C5:32','135862',500.00,'2025-10-01 06:37:04','2025-10-01 06:37:04'),(1893,78,NULL,NULL,NULL,NULL,'DA:1A:0F:E4:D0:2B','862438',1000.00,'2025-10-01 08:15:00','2025-10-01 08:15:00'),(1896,8,NULL,NULL,NULL,NULL,'B2:17:11:1E:76:42','429057',500.00,'2025-10-01 08:56:05','2025-10-01 08:56:05'),(1898,78,NULL,NULL,NULL,NULL,'F6:64:11:4D:F5:90','235119',1000.00,'2025-10-01 09:19:18','2025-10-01 09:19:18'),(1900,8,NULL,NULL,NULL,NULL,'06:FA:AE:DF:BA:72','125590',500.00,'2025-10-01 09:41:31','2025-10-01 09:41:31'),(1901,7,NULL,NULL,NULL,NULL,'06:FA:AE:DF:BA:72','806442',300.00,'2025-10-01 09:43:09','2025-10-01 09:43:09'),(1902,90,NULL,NULL,NULL,NULL,'86:54:F4:A7:B4:70','135183',1000.00,'2025-10-01 09:51:00','2025-10-01 09:51:00'),(1906,78,NULL,NULL,NULL,NULL,'D6:06:04:2B:C9:4F','198064',1000.00,'2025-10-01 09:58:18','2025-10-01 09:58:18'),(1908,6,NULL,NULL,NULL,NULL,'AA:C1:1A:D2:79:24','912213',210.00,'2025-10-01 10:03:13','2025-10-01 10:03:13'),(1909,6,NULL,NULL,NULL,NULL,'AA:C1:1A:D2:79:24','500236',210.00,'2025-10-01 10:06:04','2025-10-01 10:06:04'),(1912,77,NULL,NULL,NULL,NULL,'36:10:9B:16:5B:F2','118777',700.00,'2025-10-01 10:55:59','2025-10-01 10:55:59'),(1917,9,NULL,NULL,NULL,NULL,'16:90:94:94:7D:93','794742',1000.00,'2025-10-01 11:46:55','2025-10-01 11:46:55'),(1918,9,NULL,NULL,NULL,NULL,'16:90:94:94:7D:93','400674',1000.00,'2025-10-01 11:48:16','2025-10-01 11:48:16'),(1920,6,NULL,NULL,NULL,NULL,'BA:9C:E5:DE:13:4B','641229',210.00,'2025-10-01 11:58:04','2025-10-01 11:58:04'),(1921,6,NULL,NULL,NULL,NULL,'BA:9C:E5:DE:13:4B','236086',210.00,'2025-10-01 12:04:24','2025-10-01 12:04:24'),(1924,9,NULL,NULL,NULL,NULL,'B6:28:6A:AF:47:B3','859020',1000.00,'2025-10-01 13:24:28','2025-10-01 13:24:28'),(1926,81,NULL,NULL,NULL,NULL,'F6:43:5D:F3:E3:65','632948',500.00,'2025-10-01 13:51:10','2025-10-01 13:51:10'),(1927,81,NULL,NULL,NULL,NULL,'12:B9:FC:29:B9:B0','708188',500.00,'2025-10-01 13:52:32','2025-10-01 13:52:32'),(1928,81,NULL,NULL,NULL,NULL,'F6:43:5D:F3:E3:65','720990',500.00,'2025-10-01 13:53:18','2025-10-01 13:53:18'),(1929,82,NULL,NULL,NULL,NULL,'F6:43:5D:F3:E3:65','448446',700.00,'2025-10-01 13:55:14','2025-10-01 13:55:14'),(1930,82,NULL,NULL,NULL,NULL,'56:44:57:EB:B1:B4','758506',800.00,'2025-10-01 13:58:54','2025-10-21 07:39:05'),(1932,9,NULL,NULL,NULL,NULL,'D4:67:D3:E3:17:BD','762717',1000.00,'2025-10-01 14:28:19','2025-10-01 14:28:19'),(1933,9,NULL,NULL,NULL,NULL,'D4:67:D3:E3:17:BD','336264',1000.00,'2025-10-01 14:29:32','2025-10-01 14:29:32'),(1934,8,NULL,NULL,NULL,NULL,'D4:67:D3:E3:17:BD','241421',500.00,'2025-10-01 14:45:36','2025-10-01 14:45:36'),(1936,8,NULL,NULL,NULL,NULL,'9A:E6:33:FA:BC:B3','650827',500.00,'2025-10-01 16:14:45','2025-10-01 16:14:45'),(1938,59,NULL,NULL,NULL,NULL,'80:AF:CA:23:CF:5C','415525',1000.00,'2025-10-01 16:28:42','2025-10-01 16:28:42'),(1939,59,NULL,NULL,NULL,NULL,'80:AF:CA:23:CF:5C','139466',1000.00,'2025-10-01 16:57:14','2025-10-01 16:57:14'),(1941,97,NULL,NULL,NULL,NULL,'FE:AF:8D:55:69:86','563325',1000.00,'2025-10-01 17:08:07','2025-10-01 17:08:07'),(1942,77,NULL,NULL,NULL,NULL,'F6:9D:C1:72:21:31','406564',700.00,'2025-10-01 17:15:39','2025-10-01 17:15:39'),(1943,77,NULL,NULL,NULL,NULL,'F6:9D:C1:72:21:31','680364',700.00,'2025-10-01 17:18:25','2025-10-01 17:18:25'),(1944,77,NULL,NULL,NULL,NULL,'F6:9D:C1:72:21:31','941393',700.00,'2025-10-01 17:19:21','2025-10-01 17:19:21'),(1945,97,NULL,NULL,NULL,NULL,'FE:AF:8D:55:69:86','884361',500.00,'2025-10-01 17:27:17','2025-10-01 17:27:17'),(1946,6,NULL,NULL,NULL,NULL,'4A:87:2C:39:9D:A6','248245',210.00,'2025-10-01 17:41:57','2025-10-01 17:41:57'),(1947,6,NULL,NULL,NULL,NULL,'4A:87:2C:39:9D:A6','451513',210.00,'2025-10-01 17:47:49','2025-10-01 17:47:49'),(1948,6,NULL,NULL,NULL,NULL,'4A:87:2C:39:9D:A6','734682',210.00,'2025-10-01 17:48:36','2025-10-01 17:48:36'),(1950,7,NULL,NULL,NULL,NULL,'F6:1D:E3:77:F2:61','130894',300.00,'2025-10-01 17:55:03','2025-10-01 17:55:03'),(1951,7,NULL,NULL,NULL,NULL,'F6:1D:E3:77:F2:61','592114',300.00,'2025-10-01 17:55:35','2025-10-01 17:55:35'),(1953,77,NULL,NULL,NULL,NULL,'A8:87:B3:23:4F:BF','102309',700.00,'2025-10-01 18:05:06','2025-10-01 18:05:06'),(1955,97,NULL,NULL,NULL,NULL,'86:BB:AA:75:64:DC','824784',500.00,'2025-10-01 18:07:54','2025-10-01 18:07:54'),(1956,97,NULL,NULL,NULL,NULL,'86:BB:AA:75:64:DC','082106',500.00,'2025-10-01 18:14:19','2025-10-01 18:14:19'),(1957,97,NULL,NULL,NULL,NULL,'86:BB:AA:75:64:DC','082226',500.00,'2025-10-01 18:16:20','2025-10-01 18:16:20'),(1958,97,NULL,NULL,NULL,NULL,'18:21:95:86:1E:6B','474004',500.00,'2025-10-01 18:19:10','2025-10-01 18:19:10'),(1959,97,NULL,NULL,NULL,NULL,'18:21:95:86:1E:6B','022275',500.00,'2025-10-01 18:20:21','2025-10-01 18:20:21'),(1962,97,NULL,NULL,NULL,NULL,'86:BB:AA:75:64:DC','006440',500.00,'2025-10-01 18:31:04','2025-10-01 18:31:04'),(1963,97,NULL,NULL,NULL,NULL,'86:BB:AA:75:64:DC','359444',500.00,'2025-10-01 18:32:05','2025-10-01 18:32:05'),(1964,97,NULL,NULL,NULL,NULL,'86:BB:AA:75:64:DC','701531',500.00,'2025-10-01 18:34:21','2025-10-01 18:34:21'),(1965,97,NULL,NULL,NULL,NULL,'86:BB:AA:75:64:DC','159530',500.00,'2025-10-01 18:35:16','2025-10-01 18:35:16'),(1966,97,NULL,NULL,NULL,NULL,'86:BB:AA:75:64:DC','378416',500.00,'2025-10-01 18:37:01','2025-10-01 18:37:01'),(1969,59,NULL,NULL,NULL,NULL,'5A:2D:A2:9E:96:EF','287600',1000.00,'2025-10-01 18:53:57','2025-10-01 18:53:57'),(1970,78,NULL,NULL,NULL,NULL,'62:97:9F:A7:A9:8E','200569',1000.00,'2025-10-01 18:59:58','2025-10-01 18:59:58'),(1972,64,NULL,NULL,NULL,NULL,'9E:D3:BD:D5:C0:CB','380836',1000.00,'2025-10-01 19:12:32','2025-10-01 19:12:32'),(1974,64,NULL,NULL,NULL,NULL,'9E:D3:BD:D5:C0:CB','568078',1000.00,'2025-10-01 19:12:50','2025-10-01 19:12:50'),(1975,8,NULL,NULL,NULL,NULL,'10:3F:44:60:C7:32','937173',500.00,'2025-10-01 19:41:06','2025-10-01 19:41:06'),(1976,6,NULL,NULL,NULL,NULL,'FE:13:2B:4F:8A:16','937979',210.00,'2025-10-01 20:04:06','2025-10-01 20:04:06'),(1978,10,NULL,NULL,NULL,NULL,'10:3F:44:60:C7:32','307186',5000.00,'2025-10-01 20:18:01','2025-10-01 20:18:01'),(1982,59,NULL,NULL,NULL,NULL,'12:5B:74:D8:6D:FE','139509',1000.00,'2025-10-01 20:24:46','2025-10-01 20:24:46'),(1984,70,NULL,NULL,NULL,NULL,'1E:8A:36:29:22:A4','006043',1000.00,'2025-10-01 20:35:01','2025-10-01 20:35:01'),(1985,9,NULL,NULL,NULL,NULL,'06:FA:AE:DF:BA:72','816836',1000.00,'2025-10-01 20:35:41','2025-10-01 20:35:41'),(1986,70,NULL,NULL,NULL,NULL,'D2:FB:45:DD:AC:94','834744',1000.00,'2025-10-01 20:35:50','2025-10-01 20:35:50'),(1987,24,NULL,NULL,NULL,NULL,'3A:13:89:8C:B7:66','880006',2500.00,'2025-10-01 20:41:04','2025-10-01 20:41:04'),(1988,24,NULL,NULL,NULL,NULL,'3A:13:89:8C:B7:66','529520',2500.00,'2025-10-01 21:18:09','2025-10-01 21:18:09'),(1992,97,NULL,NULL,NULL,NULL,'52:A2:65:65:1A:B8','758227',500.00,'2025-10-01 21:57:17','2025-10-01 21:57:17'),(1993,97,NULL,NULL,NULL,NULL,'52:A2:65:65:1A:B8','457945',500.00,'2025-10-01 21:58:08','2025-10-01 21:58:08'),(1994,97,NULL,NULL,NULL,NULL,'34:E1:2D:94:3B:58','958883',500.00,'2025-10-01 22:05:53','2025-10-01 22:05:53'),(1995,97,NULL,NULL,NULL,NULL,'52:A2:65:65:1A:B8','923934',500.00,'2025-10-01 22:06:50','2025-10-01 22:06:50'),(1998,78,NULL,NULL,NULL,NULL,'CE:AE:E9:2D:35:C4','910540',1000.00,'2025-10-01 23:00:52','2025-10-01 23:00:52'),(2000,8,NULL,NULL,NULL,NULL,'5A:F8:D7:0F:BF:9E','263320',500.00,'2025-10-02 04:20:08','2025-10-02 04:20:08'),(2001,70,NULL,NULL,NULL,NULL,'1E:8A:36:29:22:A4','179608',1000.00,'2025-10-02 04:30:56','2025-10-02 04:30:56'),(2003,8,NULL,NULL,NULL,NULL,'E6:94:D2:8C:72:72','130269',500.00,'2025-10-02 05:08:35','2025-10-02 05:08:35'),(2004,7,NULL,NULL,NULL,NULL,'E6:94:D2:8C:72:72','127896',300.00,'2025-10-02 05:09:18','2025-10-02 05:09:18'),(2005,77,NULL,NULL,NULL,NULL,'32:67:7E:83:97:B1','155216',700.00,'2025-10-02 05:34:51','2025-10-02 05:34:51'),(2007,8,NULL,NULL,NULL,NULL,'AA:78:91:3C:3F:A4','764275',500.00,'2025-10-02 05:42:06','2025-10-02 05:42:06'),(2008,8,NULL,NULL,NULL,NULL,'AA:78:91:3C:3F:A4','131191',500.00,'2025-10-02 05:43:13','2025-10-02 05:43:13'),(2009,8,NULL,NULL,NULL,NULL,'AA:78:91:3C:3F:A4','527940',500.00,'2025-10-02 05:45:00','2025-10-02 05:45:00'),(2010,8,NULL,NULL,NULL,NULL,'1A:89:CC:42:69:58','223481',500.00,'2025-10-02 05:49:10','2025-10-02 05:49:10'),(2011,8,NULL,NULL,NULL,NULL,'1A:89:CC:42:69:58','006728',500.00,'2025-10-02 05:50:59','2025-10-02 05:50:59'),(2013,8,NULL,NULL,NULL,NULL,'1A:89:CC:42:69:58','627730',500.00,'2025-10-02 05:56:59','2025-10-02 05:56:59'),(2014,8,NULL,NULL,NULL,NULL,'1A:89:CC:42:69:58','102254',500.00,'2025-10-02 06:06:42','2025-10-02 06:06:42'),(2015,8,NULL,NULL,NULL,NULL,'1A:89:CC:42:69:58','769700',500.00,'2025-10-02 06:21:17','2025-10-02 06:21:17'),(2017,81,NULL,NULL,NULL,NULL,'12:B9:FC:29:B9:B0','606246',600.00,'2025-10-02 15:09:04','2025-10-02 15:09:04'),(2018,7,NULL,NULL,NULL,NULL,'CA:72:22:4C:C5:32','242128',300.00,'2025-10-02 15:24:36','2025-10-02 15:24:36'),(2023,6,NULL,NULL,NULL,NULL,'B2:1A:49:7E:1F:58','205275',210.00,'2025-10-02 16:26:25','2025-10-02 16:26:25'),(2025,9,NULL,NULL,NULL,NULL,'D4:67:D3:E3:17:BD','559065',1000.00,'2025-10-02 17:33:26','2025-10-02 17:33:26'),(2029,7,NULL,NULL,NULL,NULL,'72:34:EB:AB:58:0A','959597',300.00,'2025-10-02 18:05:06','2025-10-02 18:05:06'),(2031,70,NULL,NULL,NULL,NULL,'14:09:DC:07:3E:A9','697033',1000.00,'2025-10-02 18:12:46','2025-10-02 18:12:46'),(2033,97,NULL,NULL,NULL,NULL,'18:21:95:86:1E:6B','085239',500.00,'2025-10-02 18:48:30','2025-10-02 18:48:30'),(2040,7,NULL,NULL,NULL,NULL,'1A:89:CC:42:69:58','127827',300.00,'2025-10-02 20:55:48','2025-10-02 20:55:48'),(2043,6,NULL,NULL,NULL,NULL,'52:23:86:29:18:8C','181828',210.00,'2025-10-03 03:58:28','2025-10-03 03:58:28'),(2046,8,NULL,NULL,NULL,NULL,'AA:78:91:3C:3F:A4','537648',500.00,'2025-10-03 05:02:03','2025-10-03 05:02:03'),(2047,8,NULL,NULL,NULL,NULL,'AA:78:91:3C:3F:A4','039754',500.00,'2025-10-03 06:13:29','2025-10-03 06:13:29'),(2058,9,NULL,NULL,NULL,NULL,'1A:D4:A3:02:07:CD','363028',1000.00,'2025-10-03 10:10:33','2025-10-03 10:10:33'),(2059,8,NULL,NULL,NULL,NULL,'1A:D4:A3:02:07:CD','773041',500.00,'2025-10-03 10:11:20','2025-10-03 10:11:20'),(2060,8,NULL,NULL,NULL,NULL,'9E:0D:04:94:2B:3A','720487',500.00,'2025-10-03 10:12:42','2025-10-03 10:12:42'),(2061,8,NULL,NULL,NULL,NULL,'9E:0D:04:94:2B:3A','877788',500.00,'2025-10-03 10:18:27','2025-10-03 10:18:27'),(2064,32,NULL,NULL,NULL,NULL,'52:08:0A:CC:15:CA','033193',500.00,'2025-10-03 11:42:34','2025-10-03 11:42:34'),(2066,65,NULL,NULL,NULL,NULL,'E2:E7:76:C7:F6:39','850414',500.00,'2025-10-03 12:56:00','2025-10-03 12:56:00'),(2067,65,NULL,NULL,NULL,NULL,'E2:E7:76:C7:F6:39','075581',500.00,'2025-10-03 12:56:20','2025-10-03 12:56:20'),(2068,34,NULL,NULL,NULL,NULL,'E4:A4:71:DD:24:CB','081333',1000.00,'2025-10-03 13:35:50','2025-10-03 13:35:50'),(2069,8,NULL,NULL,NULL,NULL,'7C:6B:9C:51:46:73','645834',500.00,'2025-10-03 13:40:58','2025-10-03 13:40:58'),(2070,8,NULL,NULL,NULL,NULL,'7C:6B:9C:51:46:73','248599',500.00,'2025-10-03 13:42:08','2025-10-03 13:42:08'),(2071,8,NULL,NULL,NULL,NULL,'7C:6B:9C:51:46:73','187025',500.00,'2025-10-03 14:14:30','2025-10-03 14:14:30'),(2072,8,NULL,NULL,NULL,NULL,'7C:6B:9C:51:46:73','689416',500.00,'2025-10-03 14:20:10','2025-10-03 14:20:10'),(2076,6,NULL,NULL,NULL,NULL,'1E:43:B2:97:E8:AE','319332',210.00,'2025-10-03 15:15:42','2025-10-03 15:15:42'),(2078,8,NULL,NULL,NULL,NULL,'1E:F8:02:AD:CE:D9','340697',500.00,'2025-10-03 16:19:15','2025-10-03 16:19:15'),(2081,8,NULL,NULL,NULL,NULL,'C6:44:E9:5D:62:54','045392',500.00,'2025-10-03 17:18:38','2025-10-03 17:18:38'),(2082,8,NULL,NULL,NULL,NULL,'C6:44:E9:5D:62:54','781162',500.00,'2025-10-03 17:23:39','2025-10-03 17:23:39'),(2084,8,NULL,NULL,NULL,NULL,'C6:44:E9:5D:62:54','974805',500.00,'2025-10-03 17:27:59','2025-10-03 17:27:59'),(2085,7,NULL,NULL,NULL,NULL,'1A:89:CC:42:69:58','579773',300.00,'2025-10-03 17:33:07','2025-10-03 17:33:07'),(2086,7,NULL,NULL,NULL,NULL,'0A:15:6E:77:2E:DE','593048',300.00,'2025-10-03 17:33:51','2025-10-03 17:33:51'),(2087,97,NULL,NULL,NULL,NULL,'52:A2:65:65:1A:B8','493937',500.00,'2025-10-03 17:37:15','2025-10-03 17:37:15'),(2090,8,NULL,NULL,NULL,NULL,'FE:06:92:FA:87:6B','593573',500.00,'2025-10-03 18:32:25','2025-10-03 18:32:25'),(2092,73,NULL,NULL,NULL,NULL,'52:EE:54:35:84:EB','642113',3500.00,'2025-10-03 18:35:35','2025-10-03 18:35:35'),(2093,8,NULL,NULL,NULL,NULL,'1A:FA:73:E9:FA:23','611420',500.00,'2025-10-03 19:00:41','2025-10-03 19:00:41'),(2095,6,NULL,NULL,NULL,NULL,'1E:DF:38:42:C7:60','958443',210.00,'2025-10-03 19:04:06','2025-10-03 19:04:06'),(2096,6,NULL,NULL,NULL,NULL,'1E:DF:38:42:C7:60','711320',210.00,'2025-10-03 19:05:35','2025-10-03 19:05:35'),(2097,6,NULL,NULL,NULL,NULL,'1E:DF:38:42:C7:60','337305',210.00,'2025-10-03 19:08:19','2025-10-03 19:08:19'),(2101,6,NULL,NULL,NULL,NULL,'1A:89:CC:42:69:58','179813',210.00,'2025-10-03 19:47:16','2025-10-03 19:47:16'),(2104,8,NULL,NULL,NULL,NULL,'5A:F8:D7:0F:BF:9E','892298',500.00,'2025-10-04 06:34:23','2025-10-04 06:34:23'),(2105,65,NULL,NULL,NULL,NULL,'9E:AA:51:08:1C:86','024263',500.00,'2025-10-04 07:12:12','2025-10-04 07:12:12'),(2106,65,NULL,NULL,NULL,NULL,'9E:AA:51:08:1C:86','947661',500.00,'2025-10-04 07:12:28','2025-10-04 07:12:28'),(2107,65,NULL,NULL,NULL,NULL,'9E:AA:51:08:1C:86','307500',500.00,'2025-10-04 07:12:50','2025-10-04 07:12:50'),(2108,65,NULL,NULL,NULL,NULL,'AA:E6:1B:2B:30:EC','301311',500.00,'2025-10-04 07:17:37','2025-10-04 07:17:37'),(2109,7,NULL,NULL,NULL,NULL,'5A:F8:D7:0F:BF:9E','483844',300.00,'2025-10-04 07:18:11','2025-10-04 07:18:11'),(2110,65,NULL,NULL,NULL,NULL,'AA:E6:1B:2B:30:EC','515745',500.00,'2025-10-04 07:18:35','2025-10-04 07:18:35'),(2111,6,NULL,NULL,NULL,NULL,'5A:F8:D7:0F:BF:9E','429358',210.00,'2025-10-04 07:19:04','2025-10-04 07:19:04'),(2112,65,NULL,NULL,NULL,NULL,'AA:E6:1B:2B:30:EC','678333',500.00,'2025-10-04 07:19:17','2025-10-04 07:19:17'),(2113,65,NULL,NULL,NULL,NULL,'AA:E6:1B:2B:30:EC','928175',500.00,'2025-10-04 07:19:46','2025-10-04 07:19:46'),(2114,8,NULL,NULL,NULL,NULL,'5A:F8:D7:0F:BF:9E','089492',500.00,'2025-10-04 07:27:43','2025-10-04 07:27:43'),(2116,8,NULL,NULL,NULL,NULL,'CA:72:22:4C:C5:32','558984',500.00,'2025-10-04 07:30:01','2025-10-04 07:30:01'),(2117,8,NULL,NULL,NULL,NULL,'CA:72:22:4C:C5:32','699298',500.00,'2025-10-04 07:30:37','2025-10-04 07:30:37'),(2121,9,NULL,NULL,NULL,NULL,'16:90:94:94:7D:93','272434',1000.00,'2025-10-04 09:30:34','2025-10-04 09:30:34'),(2132,8,NULL,NULL,NULL,NULL,'5A:22:D6:25:36:E9','289711',500.00,'2025-10-04 13:40:48','2025-10-04 13:40:48'),(2134,8,NULL,NULL,NULL,NULL,'AE:56:C4:2C:DB:22','482340',500.00,'2025-10-04 14:59:35','2025-10-04 14:59:35'),(2135,72,NULL,NULL,NULL,NULL,'14:09:DC:07:3E:A9','946872',5500.00,'2025-10-04 15:01:43','2025-10-04 15:01:43'),(2136,72,NULL,NULL,NULL,NULL,'14:09:DC:07:3E:A9','368848',5500.00,'2025-10-04 15:05:11','2025-10-04 15:05:11'),(2137,72,NULL,NULL,NULL,NULL,'14:09:DC:07:3E:A9','463922',5500.00,'2025-10-04 15:06:24','2025-10-04 15:06:24'),(2138,72,NULL,NULL,NULL,NULL,'14:09:DC:07:3E:A9','707651',5500.00,'2025-10-04 15:07:38','2025-10-04 15:07:38'),(2141,9,NULL,NULL,NULL,NULL,'3E:72:8B:99:F0:DB','573715',1000.00,'2025-10-04 15:34:03','2025-10-04 15:34:03'),(2142,9,NULL,NULL,NULL,NULL,'3E:72:8B:99:F0:DB','477313',1000.00,'2025-10-04 15:40:15','2025-10-04 15:40:15'),(2143,65,NULL,NULL,NULL,NULL,'AA:E6:1B:2B:30:EC','524883',500.00,'2025-10-04 15:44:52','2025-10-04 15:44:52'),(2149,7,NULL,NULL,NULL,NULL,'06:FA:AE:DF:BA:72','282055',300.00,'2025-10-04 17:33:55','2025-10-04 17:33:55'),(2151,6,NULL,NULL,NULL,NULL,'FE:02:BF:6C:60:89','200871',210.00,'2025-10-04 17:51:08','2025-10-04 17:51:08'),(2153,8,NULL,NULL,NULL,NULL,'3E:A5:2D:34:21:C5','308779',500.00,'2025-10-04 18:32:40','2025-10-04 18:32:40'),(2154,8,NULL,NULL,NULL,NULL,'3E:A5:2D:34:21:C5','497249',500.00,'2025-10-04 18:33:50','2025-10-04 18:33:50'),(2155,7,NULL,NULL,NULL,NULL,'22:F0:CA:D5:AF:FC','531038',300.00,'2025-10-04 19:10:15','2025-10-04 19:10:15'),(2157,9,NULL,NULL,NULL,NULL,'B2:17:11:1E:76:42','050835',1000.00,'2025-10-04 20:11:25','2025-10-04 20:11:25'),(2162,8,NULL,NULL,NULL,NULL,'F2:65:ED:BF:19:CD','015681',500.00,'2025-10-04 21:36:59','2025-10-04 21:36:59'),(2163,8,NULL,NULL,NULL,NULL,'F2:65:ED:BF:19:CD','830245',500.00,'2025-10-04 21:40:02','2025-10-04 21:40:02'),(2164,8,NULL,NULL,NULL,NULL,'F2:65:ED:BF:19:CD','626503',500.00,'2025-10-04 21:44:59','2025-10-04 21:44:59'),(2173,9,NULL,NULL,NULL,NULL,'3E:72:8B:99:F0:DB','592766',1000.00,'2025-10-05 08:04:56','2025-10-05 08:04:56'),(2176,8,NULL,NULL,NULL,NULL,'5A:F8:D7:0F:BF:9E','193821',500.00,'2025-10-05 09:07:57','2025-10-05 09:07:57'),(2178,7,NULL,NULL,NULL,NULL,'06:FA:AE:DF:BA:72','252660',300.00,'2025-10-05 09:14:20','2025-10-05 09:14:20'),(2179,8,NULL,NULL,NULL,NULL,'10:3F:44:60:C7:32','496329',500.00,'2025-10-05 09:16:52','2025-10-05 09:16:52'),(2180,65,NULL,NULL,NULL,NULL,'6A:A3:3F:4F:83:31','199967',500.00,'2025-10-05 09:49:10','2025-10-05 09:49:10'),(2181,65,NULL,NULL,NULL,NULL,'6A:A3:3F:4F:83:31','126448',500.00,'2025-10-05 09:49:22','2025-10-05 09:49:22'),(2184,7,NULL,NULL,NULL,NULL,'A2:32:59:BA:56:02','058241',300.00,'2025-10-05 11:07:03','2025-10-05 11:07:03'),(2185,6,NULL,NULL,NULL,NULL,'A2:32:59:BA:56:02','207972',210.00,'2025-10-05 11:11:17','2025-10-05 11:11:17'),(2186,6,NULL,NULL,NULL,NULL,'A2:32:59:BA:56:02','132179',210.00,'2025-10-05 11:12:36','2025-10-05 11:12:36'),(2188,7,NULL,NULL,NULL,NULL,'5A:F8:D7:0F:BF:9E','426257',300.00,'2025-10-05 12:47:01','2025-10-05 12:47:01'),(2190,6,NULL,NULL,NULL,NULL,'5A:F8:D7:0F:BF:9E','079284',210.00,'2025-10-05 12:59:48','2025-10-05 12:59:48'),(2191,6,NULL,NULL,NULL,NULL,'5A:F8:D7:0F:BF:9E','452442',210.00,'2025-10-05 13:02:47','2025-10-05 13:02:47'),(2193,6,NULL,NULL,NULL,NULL,'5A:F8:D7:0F:BF:9E','745623',210.00,'2025-10-05 13:42:30','2025-10-05 13:42:30'),(2194,6,NULL,NULL,NULL,NULL,'5A:F8:D7:0F:BF:9E','822359',210.00,'2025-10-05 14:06:01','2025-10-05 14:06:01'),(2195,7,NULL,NULL,NULL,NULL,'60:F1:89:64:28:26','422024',300.00,'2025-10-05 14:19:28','2025-10-05 14:19:28'),(2203,6,NULL,NULL,NULL,NULL,'4E:63:7D:67:95:A8','970909',210.00,'2025-10-05 16:14:28','2025-10-05 16:14:28'),(2204,6,NULL,NULL,NULL,NULL,'4E:63:7D:67:95:A8','422814',210.00,'2025-10-05 16:16:27','2025-10-05 16:16:27'),(2205,81,NULL,NULL,NULL,NULL,'22:E7:FA:7F:28:F6','510683',600.00,'2025-10-05 16:20:35','2025-10-05 16:20:35'),(2207,8,NULL,NULL,NULL,NULL,'BE:B3:CB:9E:09:DC','354587',500.00,'2025-10-05 17:12:54','2025-10-05 17:12:54'),(2208,6,NULL,NULL,NULL,NULL,'BE:B3:CB:9E:09:DC','541220',210.00,'2025-10-05 17:14:48','2025-10-05 17:14:48'),(2209,6,NULL,NULL,NULL,NULL,'BE:B3:CB:9E:09:DC','315817',210.00,'2025-10-05 17:17:46','2025-10-05 17:17:46'),(2210,7,NULL,NULL,NULL,NULL,'BE:B3:CB:9E:09:DC','211587',300.00,'2025-10-05 17:19:07','2025-10-05 17:19:07'),(2212,8,NULL,NULL,NULL,NULL,'FE:06:92:FA:87:6B','401497',500.00,'2025-10-05 18:13:07','2025-10-05 18:13:07'),(2213,8,NULL,NULL,NULL,NULL,'9A:E6:33:FA:BC:B3','861844',500.00,'2025-10-05 18:29:26','2025-10-05 18:29:26'),(2215,8,NULL,NULL,NULL,NULL,'9A:E6:33:FA:BC:B3','703699',500.00,'2025-10-05 19:24:28','2025-10-05 19:24:28'),(2216,8,NULL,NULL,NULL,NULL,'9A:E6:33:FA:BC:B3','874796',500.00,'2025-10-05 19:25:20','2025-10-05 19:25:20'),(2217,8,NULL,NULL,NULL,NULL,'FE:06:92:FA:87:6B','290082',500.00,'2025-10-05 19:30:20','2025-10-05 19:30:20'),(2218,8,NULL,NULL,NULL,NULL,'FE:06:92:FA:87:6B','883779',500.00,'2025-10-05 19:37:40','2025-10-05 19:37:40'),(2219,8,NULL,NULL,NULL,NULL,'FE:06:92:FA:87:6B','899043',500.00,'2025-10-05 19:38:56','2025-10-05 19:38:56'),(2220,8,NULL,NULL,NULL,NULL,'FE:06:92:FA:87:6B','992391',500.00,'2025-10-05 20:07:25','2025-10-05 20:07:25'),(2221,8,NULL,NULL,NULL,NULL,'FE:06:92:FA:87:6B','756165',500.00,'2025-10-05 20:08:04','2025-10-05 20:08:04'),(2223,6,NULL,NULL,NULL,NULL,'4E:63:7D:67:95:A8','558008',210.00,'2025-10-05 20:38:49','2025-10-05 20:38:49'),(2224,6,NULL,NULL,NULL,NULL,'4E:63:7D:67:95:A8','811691',210.00,'2025-10-05 20:47:30','2025-10-05 20:47:30'),(2225,6,NULL,NULL,NULL,NULL,'36:05:56:65:9A:CC','735067',210.00,'2025-10-05 21:23:15','2025-10-05 21:23:15'),(2226,6,NULL,NULL,NULL,NULL,'36:05:56:65:9A:CC','108391',210.00,'2025-10-05 21:26:35','2025-10-05 21:26:35'),(2227,6,NULL,NULL,NULL,NULL,'36:05:56:65:9A:CC','221479',210.00,'2025-10-05 21:30:49','2025-10-05 21:30:49'),(2229,6,NULL,NULL,NULL,NULL,'36:05:56:65:9A:CC','695179',210.00,'2025-10-05 21:35:18','2025-10-05 21:35:18'),(2230,6,NULL,NULL,NULL,NULL,'36:05:56:65:9A:CC','217204',210.00,'2025-10-05 21:38:22','2025-10-05 21:38:22'),(2231,6,NULL,NULL,NULL,NULL,'36:05:56:65:9A:CC','964773',210.00,'2025-10-05 21:42:01','2025-10-05 21:42:01'),(2232,6,NULL,NULL,NULL,NULL,'36:05:56:65:9A:CC','953152',210.00,'2025-10-05 21:42:54','2025-10-05 21:42:54'),(2234,8,NULL,NULL,NULL,NULL,'FE:06:92:FA:87:6B','676224',500.00,'2025-10-05 21:50:58','2025-10-05 21:50:58'),(2237,9,NULL,NULL,NULL,NULL,'76:41:E9:B1:C9:13','977126',1000.00,'2025-10-05 23:21:00','2025-10-05 23:21:00'),(2238,70,NULL,NULL,NULL,NULL,'DE:8D:37:80:FA:22','653956',1000.00,'2025-10-06 04:02:20','2025-10-06 04:02:20'),(2239,24,NULL,NULL,NULL,NULL,'8E:84:80:D7:56:E5','339364',2500.00,'2025-10-06 04:17:42','2025-10-06 04:17:42'),(2242,70,NULL,NULL,NULL,NULL,'B2:4E:CF:0C:BF:C2','612847',1000.00,'2025-10-06 06:12:00','2025-10-06 06:12:00'),(2243,82,NULL,NULL,NULL,NULL,'9C:5C:F9:CC:C4:60','947113',800.00,'2025-10-06 06:26:38','2025-10-06 06:26:38'),(2244,82,NULL,NULL,NULL,NULL,'9C:5C:F9:CC:C4:60','672578',800.00,'2025-10-06 06:28:46','2025-10-06 06:28:46'),(2246,8,NULL,NULL,NULL,NULL,'86:87:D5:B9:81:15','683816',500.00,'2025-10-06 08:36:40','2025-10-06 08:36:40'),(2247,8,NULL,NULL,NULL,NULL,'86:87:D5:B9:81:15','554663',500.00,'2025-10-06 08:37:25','2025-10-06 08:37:25'),(2248,9,NULL,NULL,NULL,NULL,'D4:67:D3:E3:17:BD','476471',1000.00,'2025-10-06 08:52:20','2025-10-06 08:52:20'),(2251,9,NULL,NULL,NULL,NULL,'AE:A7:4D:CE:89:BF','160880',1000.00,'2025-10-06 10:06:30','2025-10-06 10:06:30'),(2252,9,NULL,NULL,NULL,NULL,'AE:A7:4D:CE:89:BF','383086',1000.00,'2025-10-06 10:09:03','2025-10-06 10:09:03'),(2253,9,NULL,NULL,NULL,NULL,'AE:A7:4D:CE:89:BF','914755',1000.00,'2025-10-06 10:09:30','2025-10-06 10:09:30'),(2254,6,NULL,NULL,NULL,NULL,'1A:89:CC:42:69:58','078134',210.00,'2025-10-06 10:32:45','2025-10-06 10:32:45'),(2255,9,NULL,NULL,NULL,NULL,'14:9F:3C:6B:96:77','418295',1000.00,'2025-10-06 10:37:56','2025-10-06 10:37:56'),(2256,8,NULL,NULL,NULL,NULL,'B2:1A:49:7E:1F:58','496469',500.00,'2025-10-06 10:38:07','2025-10-06 10:38:07'),(2263,9,NULL,NULL,NULL,NULL,'86:87:D5:B9:81:15','025067',1000.00,'2025-10-06 14:19:09','2025-10-06 14:19:09'),(2266,8,NULL,NULL,NULL,NULL,'5A:F8:D7:0F:BF:9E','838315',500.00,'2025-10-06 16:29:02','2025-10-06 16:29:02'),(2275,9,NULL,NULL,NULL,NULL,'8E:5A:73:94:6B:D3','137914',1000.00,'2025-10-06 19:55:50','2025-10-06 19:55:50'),(2276,9,NULL,NULL,NULL,NULL,'26:FD:5C:BC:F1:CF','393869',1000.00,'2025-10-06 20:02:27','2025-10-06 20:02:27'),(2277,8,NULL,NULL,NULL,NULL,'A8:13:06:C0:4E:B3','298049',500.00,'2025-10-06 20:04:20','2025-10-06 20:04:20'),(2279,7,NULL,NULL,NULL,NULL,'A8:13:06:C0:4E:B3','063879',300.00,'2025-10-06 20:12:30','2025-10-06 20:12:30'),(2286,8,NULL,NULL,NULL,NULL,'9A:E6:33:FA:BC:B3','593093',500.00,'2025-10-06 22:01:51','2025-10-06 22:01:51'),(2289,8,NULL,NULL,NULL,NULL,'FE:06:92:FA:87:6B','143025',500.00,'2025-10-06 22:07:42','2025-10-06 22:07:42'),(2291,8,NULL,NULL,NULL,NULL,'FE:06:92:FA:87:6B','420547',500.00,'2025-10-06 23:00:08','2025-10-06 23:00:08'),(2297,7,NULL,NULL,NULL,NULL,'3A:13:89:8C:B7:66','397007',300.00,'2025-10-07 06:49:16','2025-10-07 06:49:16'),(2299,7,NULL,NULL,NULL,NULL,'7E:A5:C8:0E:3C:6A','192954',300.00,'2025-10-07 07:51:00','2025-10-07 07:51:00'),(2301,64,NULL,NULL,NULL,NULL,'E6:4B:10:FA:2B:3E','350832',1000.00,'2025-10-07 09:16:25','2025-10-07 09:16:25'),(2302,64,NULL,NULL,NULL,NULL,'E6:4B:10:FA:2B:3E','584826',1000.00,'2025-10-07 09:16:56','2025-10-07 09:16:56'),(2303,64,NULL,NULL,NULL,NULL,'E6:4B:10:FA:2B:3E','478387',1000.00,'2025-10-07 09:17:01','2025-10-07 09:17:01'),(2304,64,NULL,NULL,NULL,NULL,'E6:4B:10:FA:2B:3E','813498',1000.00,'2025-10-07 09:17:38','2025-10-07 09:17:38'),(2305,65,NULL,NULL,NULL,NULL,'E6:4B:10:FA:2B:3E','549045',500.00,'2025-10-07 09:17:58','2025-10-07 09:17:58'),(2306,70,NULL,NULL,NULL,NULL,'F8:2E:3F:C2:26:46','574153',1000.00,'2025-10-07 10:30:34','2025-10-07 10:30:34'),(2307,7,NULL,NULL,NULL,NULL,'9E:0D:04:94:2B:3A','236053',300.00,'2025-10-07 10:36:20','2025-10-07 10:36:20'),(2309,6,NULL,NULL,NULL,NULL,'9E:0D:04:94:2B:3A','835667',210.00,'2025-10-07 10:38:28','2025-10-07 10:38:28'),(2310,7,NULL,NULL,NULL,NULL,'1A:D4:A3:02:07:CD','444272',300.00,'2025-10-07 10:42:06','2025-10-07 10:42:06'),(2311,8,NULL,NULL,NULL,NULL,'FE:06:92:FA:87:6B','333707',500.00,'2025-10-07 11:08:37','2025-10-07 11:08:37'),(2312,8,NULL,NULL,NULL,NULL,'FE:06:92:FA:87:6B','926208',500.00,'2025-10-07 11:11:32','2025-10-07 11:11:32'),(2313,77,NULL,NULL,NULL,NULL,'EA:20:82:96:79:F9','064518',700.00,'2025-10-07 11:15:56','2025-10-07 11:15:56'),(2314,77,NULL,NULL,NULL,NULL,'EA:20:82:96:79:F9','384631',700.00,'2025-10-07 11:17:32','2025-10-07 11:17:32'),(2318,7,NULL,NULL,NULL,NULL,'C6:9F:66:6D:0D:3E','357032',300.00,'2025-10-07 12:37:02','2025-10-07 12:37:02'),(2319,7,NULL,NULL,NULL,NULL,'C6:9F:66:6D:0D:3E','410296',300.00,'2025-10-07 12:38:55','2025-10-07 12:38:55'),(2320,8,NULL,NULL,NULL,NULL,'56:67:20:4B:77:24','216428',500.00,'2025-10-07 12:41:03','2025-10-07 12:41:03'),(2324,NULL,NULL,NULL,NULL,167,NULL,'814237',40000.00,'2025-10-07 14:07:37','2025-10-07 14:07:37'),(2326,7,NULL,NULL,NULL,NULL,'FE:7D:17:D6:B7:19','820281',300.00,'2025-10-07 15:16:17','2025-10-07 15:16:17'),(2332,6,NULL,NULL,NULL,NULL,'7E:A5:C8:0E:3C:6A','796863',210.00,'2025-10-07 17:27:12','2025-10-07 17:27:12'),(2333,8,NULL,NULL,NULL,NULL,'A8:13:06:C0:4E:B3','219617',500.00,'2025-10-07 17:28:42','2025-10-07 17:28:42'),(2334,8,NULL,NULL,NULL,NULL,'A8:13:06:C0:4E:B3','196017',500.00,'2025-10-07 17:29:33','2025-10-07 17:29:33'),(2335,77,NULL,NULL,NULL,NULL,'BA:6C:89:EE:35:BB','570976',700.00,'2025-10-07 17:30:39','2025-10-07 17:30:39'),(2336,7,NULL,NULL,NULL,NULL,'A8:13:06:C0:4E:B3','900251',300.00,'2025-10-07 17:31:51','2025-10-07 17:31:51'),(2339,78,NULL,NULL,NULL,NULL,'14:11:14:81:88:04','457792',1000.00,'2025-10-07 18:04:26','2025-10-07 18:04:26'),(2343,64,NULL,NULL,NULL,NULL,'EE:E7:0B:2C:72:2E','903973',1000.00,'2025-10-07 18:17:44','2025-10-07 18:17:44'),(2344,64,NULL,NULL,NULL,NULL,'EE:E7:0B:2C:72:2E','496564',1000.00,'2025-10-07 18:17:56','2025-10-07 18:17:56'),(2346,8,NULL,NULL,NULL,NULL,'D4:67:D3:E3:17:BD','927836',500.00,'2025-10-07 18:39:58','2025-10-07 18:39:58'),(2347,8,NULL,NULL,NULL,NULL,'D4:67:D3:E3:17:BD','939803',500.00,'2025-10-07 18:40:38','2025-10-07 18:40:38'),(2348,8,NULL,NULL,NULL,NULL,'D4:67:D3:E3:17:BD','022770',500.00,'2025-10-07 18:41:12','2025-10-07 18:41:12'),(2351,8,NULL,NULL,NULL,NULL,'FE:02:BF:6C:60:89','559528',500.00,'2025-10-07 18:57:18','2025-10-07 18:57:18'),(2352,8,NULL,NULL,NULL,NULL,'FE:02:BF:6C:60:89','796904',500.00,'2025-10-07 18:59:46','2025-10-07 18:59:46'),(2353,8,NULL,NULL,NULL,NULL,'10:3F:44:60:C7:32','431353',500.00,'2025-10-07 19:00:28','2025-10-07 19:00:28'),(2354,8,NULL,NULL,NULL,NULL,'4E:63:7D:67:95:A8','952074',500.00,'2025-10-07 19:00:52','2025-10-07 19:00:52'),(2357,9,NULL,NULL,NULL,NULL,'BE:B3:CB:9E:09:DC','008853',1000.00,'2025-10-07 19:10:28','2025-10-07 19:10:28'),(2361,8,NULL,NULL,NULL,NULL,'FE:06:92:FA:87:6B','612002',500.00,'2025-10-07 20:19:24','2025-10-07 20:19:24'),(2363,9,NULL,NULL,NULL,NULL,'62:34:DF:44:9A:A4','503234',1000.00,'2025-10-07 21:15:53','2025-10-07 21:15:53'),(2364,9,NULL,NULL,NULL,NULL,'B2:17:11:1E:76:42','567983',1000.00,'2025-10-07 21:20:31','2025-10-07 21:20:31'),(2366,77,NULL,NULL,NULL,NULL,'AC:29:29:4A:C3:C3','740260',700.00,'2025-10-07 23:38:51','2025-10-07 23:38:51'),(2367,77,NULL,NULL,NULL,NULL,'AC:29:29:4A:C3:C3','927847',700.00,'2025-10-07 23:39:18','2025-10-07 23:39:18'),(2370,81,NULL,NULL,NULL,NULL,'CE:69:16:A8:AE:B0','109778',600.00,'2025-10-08 01:38:57','2025-10-08 01:38:57'),(2372,8,NULL,NULL,NULL,NULL,'02:AE:8E:00:79:71','462218',500.00,'2025-10-08 05:58:58','2025-10-08 05:58:58'),(2374,7,NULL,NULL,NULL,NULL,'5A:F8:D7:0F:BF:9E','198166',300.00,'2025-10-08 06:01:20','2025-10-08 06:01:20'),(2376,7,NULL,NULL,NULL,NULL,'5A:F8:D7:0F:BF:9E','811198',300.00,'2025-10-08 06:02:31','2025-10-08 06:02:31'),(2381,6,NULL,NULL,NULL,NULL,'5A:F8:D7:0F:BF:9E','165529',210.00,'2025-10-08 07:10:14','2025-10-08 07:10:14'),(2382,78,NULL,NULL,NULL,NULL,'A2:26:D9:47:C7:EC','804824',1000.00,'2025-10-08 07:12:40','2025-10-08 07:12:40'),(2384,NULL,30,NULL,NULL,NULL,NULL,'212075',21000.00,'2025-10-08 08:20:02','2025-10-08 08:20:02'),(2386,78,NULL,NULL,NULL,NULL,'A8:87:B3:23:4F:BF','943062',1000.00,'2025-10-08 08:56:11','2025-10-08 08:56:11'),(2387,78,NULL,NULL,NULL,NULL,'A8:87:B3:23:4F:BF','532753',1000.00,'2025-10-08 08:56:49','2025-10-08 08:56:49'),(2389,8,NULL,NULL,NULL,NULL,'24:DA:33:08:FD:6A','503664',500.00,'2025-10-08 09:27:41','2025-10-08 09:27:41'),(2391,96,NULL,NULL,NULL,NULL,'E6:86:E0:B9:44:65','240549',1500.00,'2025-10-08 09:37:01','2025-10-08 09:37:01'),(2392,64,NULL,NULL,NULL,NULL,'62:38:2E:D4:44:86','459217',1000.00,'2025-10-08 09:37:22','2025-10-08 09:37:22'),(2393,64,NULL,NULL,NULL,NULL,'62:38:2E:D4:44:86','258163',1000.00,'2025-10-08 09:38:00','2025-10-08 09:38:00'),(2394,96,NULL,NULL,NULL,NULL,'12:B9:FC:29:B9:B0','560162',1500.00,'2025-10-08 09:39:40','2025-10-08 09:39:40'),(2395,96,NULL,NULL,NULL,NULL,'CA:07:EA:5F:DB:02','848261',1500.00,'2025-10-08 09:41:52','2025-10-08 09:41:52'),(2396,95,NULL,NULL,NULL,NULL,'E6:86:E0:B9:44:65','132303',1000.00,'2025-10-08 09:43:49','2025-10-08 09:43:49'),(2397,95,NULL,NULL,NULL,NULL,'CA:07:EA:5F:DB:02','208632',1000.00,'2025-10-08 09:44:30','2025-10-08 09:44:30'),(2400,32,NULL,NULL,NULL,NULL,'4A:34:37:63:EB:03','268533',500.00,'2025-10-08 12:19:01','2025-10-08 12:19:01'),(2402,95,NULL,NULL,NULL,NULL,'8E:66:93:23:BB:D0','816826',1000.00,'2025-10-08 13:29:17','2025-10-08 13:29:17'),(2403,124,NULL,NULL,NULL,NULL,'8E:66:93:23:BB:D0','543739',10000.00,'2025-10-08 13:36:35','2025-10-08 13:36:35'),(2406,78,NULL,NULL,NULL,NULL,'86:C2:30:71:5F:D3','833857',1000.00,'2025-10-08 14:04:50','2025-10-08 14:04:50'),(2407,78,NULL,NULL,NULL,NULL,'86:C2:30:71:5F:D3','589808',1000.00,'2025-10-08 14:06:18','2025-10-08 14:06:18'),(2408,78,NULL,NULL,NULL,NULL,'86:C2:30:71:5F:D3','633513',1000.00,'2025-10-08 14:55:20','2025-10-08 14:55:20'),(2409,78,NULL,NULL,NULL,NULL,'86:C2:30:71:5F:D3','414213',1000.00,'2025-10-08 15:06:49','2025-10-08 15:06:49'),(2410,78,NULL,NULL,NULL,NULL,'86:C2:30:71:5F:D3','385350',1000.00,'2025-10-08 15:07:54','2025-10-08 15:07:54'),(2411,78,NULL,NULL,NULL,NULL,'86:C2:30:71:5F:D3','962190',1000.00,'2025-10-08 15:09:05','2025-10-08 15:09:05'),(2412,78,NULL,NULL,NULL,NULL,'86:C2:30:71:5F:D3','956551',1000.00,'2025-10-08 15:11:56','2025-10-08 15:11:56'),(2413,78,NULL,NULL,NULL,NULL,'86:C2:30:71:5F:D3','237629',1000.00,'2025-10-08 15:15:24','2025-10-08 15:15:24'),(2414,78,NULL,NULL,NULL,NULL,'86:C2:30:71:5F:D3','483495',1000.00,'2025-10-08 15:18:17','2025-10-08 15:18:17'),(2416,23,NULL,NULL,NULL,NULL,'8E:CC:F9:80:BC:C7','725432',15000.00,'2025-10-08 17:12:27','2025-10-08 17:12:27'),(2419,8,NULL,NULL,NULL,NULL,'5A:F8:D7:0F:BF:9E','739274',500.00,'2025-10-08 17:48:08','2025-10-08 17:48:08'),(2420,7,NULL,NULL,NULL,NULL,'5A:F8:D7:0F:BF:9E','881566',300.00,'2025-10-08 17:49:12','2025-10-08 17:49:12'),(2423,9,NULL,NULL,NULL,NULL,'BE:13:B8:AF:2F:FD','119681',1000.00,'2025-10-08 17:57:24','2025-10-08 17:57:24'),(2424,8,NULL,NULL,NULL,NULL,'EE:F7:43:4A:79:AC','580226',500.00,'2025-10-08 18:14:25','2025-10-08 18:14:25'),(2425,8,NULL,NULL,NULL,NULL,'5A:2A:26:B9:46:80','288634',500.00,'2025-10-08 18:16:46','2025-10-08 18:16:46'),(2427,78,NULL,NULL,NULL,NULL,'14:11:14:81:88:04','828570',1000.00,'2025-10-08 18:17:38','2025-10-08 18:17:38'),(2431,70,NULL,NULL,NULL,NULL,'56:C2:6F:7E:1A:50','887673',1000.00,'2025-10-08 18:33:55','2025-10-08 18:33:55'),(2432,9,NULL,NULL,NULL,NULL,'66:69:37:E7:6B:00','188729',1000.00,'2025-10-08 19:27:59','2025-10-08 19:27:59'),(2433,9,NULL,NULL,NULL,NULL,'66:69:37:E7:6B:00','083082',1000.00,'2025-10-08 19:30:32','2025-10-08 19:30:32'),(2434,8,NULL,NULL,NULL,NULL,'66:69:37:E7:6B:00','629627',500.00,'2025-10-08 19:31:53','2025-10-08 19:31:53'),(2437,9,NULL,NULL,NULL,NULL,'5C:C5:D4:F0:72:92','668547',1000.00,'2025-10-08 19:42:13','2025-10-08 19:42:13'),(2439,6,NULL,NULL,NULL,NULL,'C6:82:84:09:10:28','870513',210.00,'2025-10-08 19:46:48','2025-10-08 19:46:48'),(2441,9,NULL,NULL,NULL,NULL,'14:9F:3C:6B:96:77','012084',1000.00,'2025-10-08 20:25:53','2025-10-08 20:25:53'),(2442,65,NULL,NULL,NULL,NULL,'76:65:15:32:93:BE','593824',500.00,'2025-10-08 20:26:51','2025-10-08 20:26:51'),(2443,65,NULL,NULL,NULL,NULL,'76:65:15:32:93:BE','252977',500.00,'2025-10-08 20:27:04','2025-10-08 20:27:04'),(2444,65,NULL,NULL,NULL,NULL,'76:65:15:32:93:BE','821083',500.00,'2025-10-08 20:27:33','2025-10-08 20:27:33'),(2445,65,NULL,NULL,NULL,NULL,'76:65:15:32:93:BE','778701',500.00,'2025-10-08 20:27:39','2025-10-08 20:27:39'),(2451,77,NULL,NULL,NULL,NULL,'F6:2F:B8:B7:B8:41','940827',700.00,'2025-10-08 22:50:22','2025-10-08 22:50:22'),(2452,8,NULL,NULL,NULL,NULL,'FE:06:92:FA:87:6B','442223',500.00,'2025-10-09 00:14:10','2025-10-09 00:14:10'),(2453,8,NULL,NULL,NULL,NULL,'FE:06:92:FA:87:6B','917256',500.00,'2025-10-09 03:23:40','2025-10-09 03:23:40'),(2454,8,NULL,NULL,NULL,NULL,'FE:06:92:FA:87:6B','005601',500.00,'2025-10-09 03:24:30','2025-10-09 03:24:30'),(2455,6,NULL,NULL,NULL,NULL,'FE:06:92:FA:87:6B','891378',210.00,'2025-10-09 03:26:00','2025-10-09 03:26:00'),(2456,78,NULL,NULL,NULL,NULL,'32:A0:E0:9E:5D:E1','856290',1000.00,'2025-10-09 03:48:45','2025-10-09 03:48:45'),(2461,8,NULL,NULL,NULL,NULL,'02:AE:8E:00:79:71','909095',500.00,'2025-10-09 07:03:29','2025-10-09 07:03:29'),(2464,82,NULL,NULL,NULL,NULL,'16:9B:E3:AC:D8:E0','952570',800.00,'2025-10-09 07:38:22','2025-10-09 07:38:22'),(2465,8,NULL,NULL,NULL,NULL,'5A:F8:D7:0F:BF:9E','194231',500.00,'2025-10-09 08:02:43','2025-10-09 08:02:43'),(2467,8,NULL,NULL,NULL,NULL,'5A:F8:D7:0F:BF:9E','345673',500.00,'2025-10-09 08:08:25','2025-10-09 08:08:25'),(2468,9,NULL,NULL,NULL,NULL,'5A:F8:D7:0F:BF:9E','749919',1000.00,'2025-10-09 08:11:50','2025-10-09 08:11:50'),(2472,7,NULL,NULL,NULL,NULL,'5A:22:D6:25:36:E9','192337',300.00,'2025-10-09 08:54:15','2025-10-09 08:54:15'),(2473,7,NULL,NULL,NULL,NULL,'5A:22:D6:25:36:E9','740847',300.00,'2025-10-09 08:55:26','2025-10-09 08:55:26'),(2474,8,NULL,NULL,NULL,NULL,'C6:3B:86:7E:E7:2B','964630',500.00,'2025-10-09 09:12:06','2025-10-09 09:12:06'),(2475,78,NULL,NULL,NULL,NULL,'36:A5:D1:E4:E3:83','045127',1000.00,'2025-10-09 09:15:26','2025-10-09 09:15:26'),(2476,78,NULL,NULL,NULL,NULL,'36:A5:D1:E4:E3:83','009999',1000.00,'2025-10-09 09:17:51','2025-10-09 09:17:51'),(2477,8,NULL,NULL,NULL,NULL,'A2:74:55:A8:D1:B7','679020',500.00,'2025-10-09 09:26:13','2025-10-09 09:26:13'),(2481,7,NULL,NULL,NULL,NULL,'5A:22:D6:25:36:E9','166024',300.00,'2025-10-09 10:08:30','2025-10-09 10:08:30'),(2483,77,NULL,NULL,NULL,NULL,'F2:05:7F:4C:8A:A1','549351',700.00,'2025-10-09 10:17:02','2025-10-09 10:17:02'),(2484,77,NULL,NULL,NULL,NULL,'F2:05:7F:4C:8A:A1','757260',700.00,'2025-10-09 10:19:29','2025-10-09 10:19:29'),(2485,9,NULL,NULL,NULL,NULL,'AE:A7:4D:CE:89:BF','276930',1000.00,'2025-10-09 10:23:39','2025-10-09 10:23:39'),(2488,77,NULL,NULL,NULL,NULL,'86:41:1C:60:68:46','423516',700.00,'2025-10-09 11:04:15','2025-10-09 11:04:15'),(2489,7,NULL,NULL,NULL,NULL,'5A:F8:D7:0F:BF:9E','318373',300.00,'2025-10-09 11:08:07','2025-10-09 11:08:07'),(2494,65,NULL,NULL,NULL,NULL,'D6:5B:7C:61:AB:95','111180',500.00,'2025-10-09 12:19:08','2025-10-09 12:19:08'),(2497,78,NULL,NULL,NULL,NULL,'DE:46:DF:28:62:3B','325504',1000.00,'2025-10-09 12:33:01','2025-10-09 12:33:01'),(2498,6,NULL,NULL,NULL,NULL,'A2:74:55:A8:D1:B7','935470',210.00,'2025-10-09 12:55:00','2025-10-09 12:55:00'),(2500,7,NULL,NULL,NULL,NULL,'EE:20:C1:F6:95:D2','069500',300.00,'2025-10-09 14:32:00','2025-10-09 14:32:00'),(2501,7,NULL,NULL,NULL,NULL,'EE:20:C1:F6:95:D2','011270',300.00,'2025-10-09 14:32:16','2025-10-09 14:32:16'),(2502,7,NULL,NULL,NULL,NULL,'EE:20:C1:F6:95:D2','860140',300.00,'2025-10-09 14:32:22','2025-10-09 14:32:22'),(2503,7,NULL,NULL,NULL,NULL,'EE:20:C1:F6:95:D2','563711',300.00,'2025-10-09 14:32:28','2025-10-09 14:32:28'),(2504,7,NULL,NULL,NULL,NULL,'EE:20:C1:F6:95:D2','523759',300.00,'2025-10-09 14:32:43','2025-10-09 14:32:43'),(2505,7,NULL,NULL,NULL,NULL,'EE:20:C1:F6:95:D2','970510',300.00,'2025-10-09 14:33:32','2025-10-09 14:33:32'),(2506,7,NULL,NULL,NULL,NULL,'EE:20:C1:F6:95:D2','360978',300.00,'2025-10-09 14:33:50','2025-10-09 14:33:50'),(2507,6,NULL,NULL,NULL,NULL,'EE:20:C1:F6:95:D2','115536',210.00,'2025-10-09 14:34:13','2025-10-09 14:34:13'),(2508,6,NULL,NULL,NULL,NULL,'EE:20:C1:F6:95:D2','835695',210.00,'2025-10-09 14:34:21','2025-10-09 14:34:21'),(2509,7,NULL,NULL,NULL,NULL,'EE:20:C1:F6:95:D2','778250',300.00,'2025-10-09 14:36:31','2025-10-09 14:36:31'),(2513,9,NULL,NULL,NULL,NULL,'82:3D:CF:B1:31:9B','578785',1000.00,'2025-10-09 16:35:18','2025-10-09 16:35:18'),(2515,9,NULL,NULL,NULL,NULL,'82:3D:CF:B1:31:9B','239242',1000.00,'2025-10-09 17:02:18','2025-10-09 17:02:18'),(2516,79,NULL,NULL,NULL,NULL,'26:8F:7E:BB:D6:7C','651214',5000.00,'2025-10-09 17:22:55','2025-10-09 17:22:55'),(2518,9,NULL,NULL,NULL,NULL,'82:3D:CF:B1:31:9B','214967',1000.00,'2025-10-09 17:32:36','2025-10-09 17:32:36'),(2519,73,NULL,NULL,NULL,NULL,'14:09:DC:07:3E:A9','567469',3500.00,'2025-10-09 17:32:41','2025-10-09 17:32:41'),(2520,71,NULL,NULL,NULL,NULL,'14:09:DC:07:3E:A9','682083',1750.00,'2025-10-09 17:38:21','2025-10-09 17:38:21'),(2522,6,NULL,NULL,NULL,NULL,'EE:20:C1:F6:95:D2','334640',210.00,'2025-10-09 17:43:00','2025-10-09 17:43:00'),(2523,6,NULL,NULL,NULL,NULL,'EE:20:C1:F6:95:D2','127587',210.00,'2025-10-09 17:46:37','2025-10-09 17:46:37'),(2524,9,NULL,NULL,NULL,NULL,'82:3D:CF:B1:31:9B','566398',1000.00,'2025-10-09 17:47:30','2025-10-09 17:47:30'),(2526,9,NULL,NULL,NULL,NULL,'82:3D:CF:B1:31:9B','741636',1000.00,'2025-10-09 17:50:08','2025-10-09 17:50:08'),(2528,78,NULL,NULL,NULL,NULL,'14:11:14:81:88:04','114338',1000.00,'2025-10-09 18:49:08','2025-10-09 18:49:08'),(2529,128,NULL,NULL,NULL,NULL,'EA:E3:D1:1D:12:03','881773',500.00,'2025-10-09 19:19:31','2025-10-09 19:19:31'),(2530,8,NULL,NULL,NULL,NULL,'F6:CD:F8:58:15:32','161740',500.00,'2025-10-09 19:43:41','2025-10-09 19:43:41'),(2531,8,NULL,NULL,NULL,NULL,'F2:65:ED:BF:19:CD','653756',500.00,'2025-10-09 20:30:10','2025-10-09 20:30:10'),(2534,7,NULL,NULL,NULL,NULL,'A8:13:06:C0:4E:B3','827597',300.00,'2025-10-09 21:05:07','2025-10-09 21:05:07'),(2537,81,NULL,NULL,NULL,NULL,'22:4C:7D:8D:E2:A6','346752',600.00,'2025-10-09 22:34:56','2025-10-09 22:34:56'),(2538,96,NULL,NULL,NULL,NULL,'22:4C:7D:8D:E2:A6','587992',1500.00,'2025-10-09 22:38:15','2025-10-09 22:38:15'),(2539,78,NULL,NULL,NULL,NULL,'CA:B5:26:3C:00:4E','550338',1000.00,'2025-10-10 00:09:27','2025-10-10 00:09:27'),(2540,8,NULL,NULL,NULL,NULL,'5A:F8:D7:0F:BF:9E','168219',500.00,'2025-10-10 00:36:17','2025-10-10 00:36:17'),(2541,7,NULL,NULL,NULL,NULL,'5A:F8:D7:0F:BF:9E','584861',300.00,'2025-10-10 00:37:12','2025-10-10 00:37:12'),(2542,7,NULL,NULL,NULL,NULL,'5A:F8:D7:0F:BF:9E','162659',300.00,'2025-10-10 00:38:10','2025-10-10 00:38:10'),(2543,7,NULL,NULL,NULL,NULL,'5A:F8:D7:0F:BF:9E','686318',300.00,'2025-10-10 00:41:29','2025-10-10 00:41:29'),(2544,7,NULL,NULL,NULL,NULL,'5A:F8:D7:0F:BF:9E','575843',300.00,'2025-10-10 00:42:13','2025-10-10 00:42:13'),(2545,7,NULL,NULL,NULL,NULL,'5A:F8:D7:0F:BF:9E','823070',300.00,'2025-10-10 00:43:15','2025-10-10 00:43:15'),(2546,7,NULL,NULL,NULL,NULL,'5A:F8:D7:0F:BF:9E','663717',300.00,'2025-10-10 00:43:56','2025-10-10 00:43:56'),(2547,7,NULL,NULL,NULL,NULL,'5A:F8:D7:0F:BF:9E','272807',300.00,'2025-10-10 00:46:06','2025-10-10 00:46:06'),(2548,77,NULL,NULL,NULL,NULL,'5A:ED:D3:04:DA:E9','621176',700.00,'2025-10-10 01:58:01','2025-10-10 01:58:01'),(2551,9,NULL,NULL,NULL,NULL,'A2:1C:0F:04:37:59','429581',1000.00,'2025-10-10 05:59:58','2025-10-10 05:59:58'),(2552,78,NULL,NULL,NULL,NULL,'14:11:14:81:88:04','694838',1000.00,'2025-10-10 06:30:04','2025-10-10 06:30:04'),(2554,77,NULL,NULL,NULL,NULL,'86:41:1C:60:68:46','746237',700.00,'2025-10-10 06:59:07','2025-10-10 06:59:07'),(2555,77,NULL,NULL,NULL,NULL,'32:67:7E:83:97:B1','177760',700.00,'2025-10-10 07:13:18','2025-10-10 07:13:18'),(2557,8,NULL,NULL,NULL,NULL,'5A:F8:D7:0F:BF:9E','043353',500.00,'2025-10-10 07:51:31','2025-10-10 07:51:31'),(2558,9,NULL,NULL,NULL,NULL,'82:3D:CF:B1:31:9B','756011',1000.00,'2025-10-10 07:54:19','2025-10-10 07:54:19'),(2560,9,NULL,NULL,NULL,NULL,'82:3D:CF:B1:31:9B','692580',1000.00,'2025-10-10 07:55:10','2025-10-10 07:55:10'),(2561,9,NULL,NULL,NULL,NULL,'82:3D:CF:B1:31:9B','689498',1000.00,'2025-10-10 07:57:23','2025-10-10 07:57:23'),(2562,9,NULL,NULL,NULL,NULL,'82:3D:CF:B1:31:9B','090869',1000.00,'2025-10-10 07:58:37','2025-10-10 07:58:37'),(2565,65,NULL,NULL,NULL,NULL,'E6:91:A3:27:C2:BD','411959',500.00,'2025-10-10 08:04:42','2025-10-10 08:04:42'),(2566,65,NULL,NULL,NULL,NULL,'E6:91:A3:27:C2:BD','245015',500.00,'2025-10-10 08:05:01','2025-10-10 08:05:01'),(2567,65,NULL,NULL,NULL,NULL,'E6:91:A3:27:C2:BD','035440',500.00,'2025-10-10 08:05:10','2025-10-10 08:05:10'),(2573,7,NULL,NULL,NULL,NULL,'5A:F8:D7:0F:BF:9E','704775',300.00,'2025-10-10 10:58:20','2025-10-10 10:58:20'),(2574,7,NULL,NULL,NULL,NULL,'5A:F8:D7:0F:BF:9E','494779',300.00,'2025-10-10 10:59:35','2025-10-10 10:59:35'),(2575,6,NULL,NULL,NULL,NULL,'5A:F8:D7:0F:BF:9E','069411',210.00,'2025-10-10 11:03:29','2025-10-10 11:03:29'),(2576,6,NULL,NULL,NULL,NULL,'5A:F8:D7:0F:BF:9E','451497',210.00,'2025-10-10 11:10:31','2025-10-10 11:10:31'),(2577,65,NULL,NULL,NULL,NULL,'E6:91:A3:27:C2:BD','862198',500.00,'2025-10-10 11:16:49','2025-10-10 11:16:49'),(2579,64,NULL,NULL,NULL,NULL,'E6:91:A3:27:C2:BD','716964',1000.00,'2025-10-10 11:19:57','2025-10-10 11:19:57'),(2580,64,NULL,NULL,NULL,NULL,'E6:91:A3:27:C2:BD','918567',1000.00,'2025-10-10 11:26:21','2025-10-10 11:26:21'),(2581,65,NULL,NULL,NULL,NULL,'E6:91:A3:27:C2:BD','671493',500.00,'2025-10-10 11:27:17','2025-10-10 11:27:17'),(2583,64,NULL,NULL,NULL,NULL,'E6:91:A3:27:C2:BD','352958',1000.00,'2025-10-10 11:39:17','2025-10-10 11:39:17'),(2584,81,NULL,NULL,NULL,NULL,'8E:66:93:23:BB:D0','994698',600.00,'2025-10-10 11:44:29','2025-10-10 11:44:29'),(2585,81,NULL,NULL,NULL,NULL,'8E:66:93:23:BB:D0','027257',600.00,'2025-10-10 11:49:56','2025-10-10 11:49:56'),(2586,81,NULL,NULL,NULL,NULL,'8E:66:93:23:BB:D0','406443',600.00,'2025-10-10 11:51:37','2025-10-10 11:51:37'),(2597,6,NULL,NULL,NULL,NULL,'A8:13:06:C0:4E:B3','810044',210.00,'2025-10-10 15:04:23','2025-10-10 15:04:23'),(2599,24,NULL,NULL,NULL,NULL,'3A:13:89:8C:B7:66','870242',2500.00,'2025-10-10 17:45:50','2025-10-10 17:45:50'),(2604,9,NULL,NULL,NULL,NULL,'7E:98:5B:13:C0:41','434198',1000.00,'2025-10-10 19:01:36','2025-10-10 19:01:36'),(2605,6,NULL,NULL,NULL,NULL,'F2:64:93:13:D3:7D','924392',210.00,'2025-10-10 19:38:34','2025-10-10 19:38:34'),(2608,9,NULL,NULL,NULL,NULL,'FE:06:92:FA:87:6B','278598',1000.00,'2025-10-10 20:02:24','2025-10-10 20:02:24'),(2609,9,NULL,NULL,NULL,NULL,'FE:06:92:FA:87:6B','314330',1000.00,'2025-10-10 20:03:48','2025-10-10 20:03:48'),(2610,9,NULL,NULL,NULL,NULL,'FE:06:92:FA:87:6B','646715',1000.00,'2025-10-10 20:09:18','2025-10-10 20:09:18'),(2611,8,NULL,NULL,NULL,NULL,'FE:06:92:FA:87:6B','549279',500.00,'2025-10-10 20:12:15','2025-10-10 20:12:15'),(2612,8,NULL,NULL,NULL,NULL,'FE:06:92:FA:87:6B','129547',500.00,'2025-10-10 20:14:48','2025-10-10 20:14:48'),(2614,7,NULL,NULL,NULL,NULL,'C6:82:84:09:10:28','771027',300.00,'2025-10-10 20:30:34','2025-10-10 20:30:34'),(2616,7,NULL,NULL,NULL,NULL,'FE:06:92:FA:87:6B','452447',300.00,'2025-10-10 20:43:21','2025-10-10 20:43:21'),(2618,77,NULL,NULL,NULL,NULL,'CE:AE:E9:2D:35:C4','243031',700.00,'2025-10-10 21:19:03','2025-10-10 21:19:03'),(2619,8,NULL,NULL,NULL,NULL,'C6:3B:86:7E:E7:2B','827614',500.00,'2025-10-10 21:30:30','2025-10-10 21:30:30'),(2622,7,NULL,NULL,NULL,NULL,'5A:F8:D7:0F:BF:9E','434692',300.00,'2025-10-10 23:32:56','2025-10-10 23:32:56'),(2625,6,NULL,NULL,NULL,NULL,'32:AD:3F:FF:E3:59','113202',210.00,'2025-10-11 05:02:41','2025-10-11 05:02:41'),(2627,9,NULL,NULL,NULL,NULL,'90:B6:86:C2:29:A1','809927',1000.00,'2025-10-11 06:06:31','2025-10-11 06:06:31'),(2628,9,NULL,NULL,NULL,NULL,'90:B6:86:C2:29:A1','927247',1000.00,'2025-10-11 06:08:19','2025-10-11 06:08:19'),(2631,77,NULL,NULL,NULL,NULL,'32:67:7E:83:97:B1','113998',700.00,'2025-10-11 07:08:46','2025-10-11 07:08:46'),(2636,9,NULL,NULL,NULL,NULL,'BE:B3:CB:9E:09:DC','984422',1000.00,'2025-10-11 08:10:38','2025-10-11 08:10:38'),(2638,81,NULL,NULL,NULL,NULL,'A6:0F:27:8C:85:55','348442',600.00,'2025-10-11 08:24:15','2025-10-11 08:24:15'),(2639,81,NULL,NULL,NULL,NULL,'A6:0F:27:8C:85:55','907919',600.00,'2025-10-11 08:27:01','2025-10-11 08:27:01'),(2640,82,NULL,NULL,NULL,NULL,'96:A3:3E:19:CC:D8','923118',800.00,'2025-10-11 08:31:41','2025-10-11 08:31:41'),(2641,77,NULL,NULL,NULL,NULL,'46:56:81:3B:45:DD','736412',700.00,'2025-10-11 09:28:11','2025-10-11 09:28:11'),(2642,65,NULL,NULL,NULL,NULL,'26:7A:63:64:8B:7B','485067',500.00,'2025-10-11 09:47:18','2025-10-11 09:47:18'),(2643,65,NULL,NULL,NULL,NULL,'26:7A:63:64:8B:7B','971584',500.00,'2025-10-11 09:47:26','2025-10-11 09:47:26'),(2645,9,NULL,NULL,NULL,NULL,'4A:F0:CA:55:81:84','195109',1000.00,'2025-10-11 10:14:55','2025-10-11 10:14:55'),(2647,8,NULL,NULL,NULL,NULL,'5A:F8:D7:0F:BF:9E','197408',500.00,'2025-10-11 11:10:47','2025-10-11 11:10:47'),(2648,32,NULL,NULL,NULL,NULL,'EE:3A:86:79:90:6F','799130',500.00,'2025-10-11 12:46:51','2025-10-11 12:46:51'),(2649,6,NULL,NULL,NULL,NULL,'24:2E:02:2C:C6:79','779969',210.00,'2025-10-11 13:33:23','2025-10-11 13:33:23'),(2652,8,NULL,NULL,NULL,NULL,'5A:F8:D7:0F:BF:9E','469039',500.00,'2025-10-11 13:47:00','2025-10-11 13:47:00'),(2653,79,NULL,NULL,NULL,NULL,'$(mac)','704559',5000.00,'2025-10-11 13:47:19','2025-10-11 13:47:19'),(2654,78,NULL,NULL,NULL,NULL,'$(mac)','551051',1000.00,'2025-10-11 13:47:33','2025-10-11 13:47:33'),(2655,78,NULL,NULL,NULL,NULL,'$(mac)','279504',1000.00,'2025-10-11 13:50:18','2025-10-11 13:50:18'),(2656,78,NULL,NULL,NULL,NULL,'$(mac)','138747',1000.00,'2025-10-11 13:51:12','2025-10-11 13:51:12'),(2657,78,NULL,NULL,NULL,NULL,'$(mac)','328440',1000.00,'2025-10-11 13:52:24','2025-10-11 13:52:24'),(2658,78,NULL,NULL,NULL,NULL,'$(mac)','604024',1000.00,'2025-10-11 13:53:34','2025-10-11 13:53:34'),(2659,78,NULL,NULL,NULL,NULL,'$(mac)','474278',1000.00,'2025-10-11 13:55:40','2025-10-11 13:55:40'),(2660,78,NULL,NULL,NULL,NULL,'$(mac)','441675',1000.00,'2025-10-11 13:58:01','2025-10-11 13:58:01'),(2661,8,NULL,NULL,NULL,NULL,'5A:F8:D7:0F:BF:9E','483970',500.00,'2025-10-11 14:16:28','2025-10-11 14:16:28'),(2662,6,NULL,NULL,NULL,NULL,'56:9C:1A:9D:22:BB','476713',210.00,'2025-10-11 14:23:42','2025-10-11 14:23:42'),(2663,78,NULL,NULL,NULL,NULL,'$(mac)','625679',1000.00,'2025-10-11 14:25:25','2025-10-11 14:25:25'),(2667,77,NULL,NULL,NULL,NULL,'FE:55:2E:D8:E1:F3','295543',700.00,'2025-10-11 15:36:10','2025-10-11 15:36:10'),(2668,77,NULL,NULL,NULL,NULL,'FE:55:2E:D8:E1:F3','724960',700.00,'2025-10-11 15:38:27','2025-10-11 15:38:27'),(2669,8,NULL,NULL,NULL,NULL,'24:DA:33:08:FD:6A','654076',500.00,'2025-10-11 15:48:41','2025-10-11 15:48:41'),(2670,8,NULL,NULL,NULL,NULL,'24:DA:33:08:FD:6A','703932',500.00,'2025-10-11 15:52:01','2025-10-11 15:52:01'),(2672,7,NULL,NULL,NULL,NULL,'24:DA:33:08:FD:6A','662612',300.00,'2025-10-11 15:59:51','2025-10-11 15:59:51'),(2674,9,NULL,NULL,NULL,NULL,'26:FD:5C:BC:F1:CF','208735',1000.00,'2025-10-11 16:53:27','2025-10-11 16:53:27'),(2676,9,NULL,NULL,NULL,NULL,'86:C5:D3:62:1A:52','717135',1000.00,'2025-10-11 17:06:18','2025-10-11 17:06:18'),(2677,9,NULL,NULL,NULL,NULL,'86:C5:D3:62:1A:52','400267',1000.00,'2025-10-11 17:09:09','2025-10-11 17:09:09'),(2678,8,NULL,NULL,NULL,NULL,'86:C5:D3:62:1A:52','565978',500.00,'2025-10-11 17:12:34','2025-10-11 17:12:34'),(2680,9,NULL,NULL,NULL,NULL,'D4:67:D3:E3:17:BD','880655',1000.00,'2025-10-11 17:17:17','2025-10-11 17:17:17'),(2681,9,NULL,NULL,NULL,NULL,'D4:67:D3:E3:17:BD','509462',1000.00,'2025-10-11 17:19:06','2025-10-11 17:19:06'),(2683,9,NULL,NULL,NULL,NULL,'D4:67:D3:E3:17:BD','204526',1000.00,'2025-10-11 17:31:42','2025-10-11 17:31:42'),(2685,70,NULL,NULL,NULL,NULL,'90:81:75:41:2F:DE','736862',1000.00,'2025-10-11 18:26:31','2025-10-11 18:26:31'),(2687,70,NULL,NULL,NULL,NULL,'0E:25:8E:23:47:6D','833464',1000.00,'2025-10-11 19:01:07','2025-10-11 19:01:07'),(2688,70,NULL,NULL,NULL,NULL,'0E:25:8E:23:47:6D','039579',1000.00,'2025-10-11 19:08:11','2025-10-11 19:08:11'),(2690,70,NULL,NULL,NULL,NULL,'0E:25:8E:23:47:6D','534594',1000.00,'2025-10-11 19:09:05','2025-10-11 19:09:05'),(2694,77,NULL,NULL,NULL,NULL,'16:CD:49:05:71:2D','552599',700.00,'2025-10-11 20:52:33','2025-10-11 20:52:33'),(2695,77,NULL,NULL,NULL,NULL,'92:59:BE:44:64:A2','945071',700.00,'2025-10-11 20:54:15','2025-10-11 20:54:15'),(2696,77,NULL,NULL,NULL,NULL,'92:59:BE:44:64:A2','517334',700.00,'2025-10-11 20:56:26','2025-10-11 20:56:26'),(2697,77,NULL,NULL,NULL,NULL,'92:59:BE:44:64:A2','548332',700.00,'2025-10-11 20:59:07','2025-10-11 20:59:07'),(2698,77,NULL,NULL,NULL,NULL,'92:59:BE:44:64:A2','984200',700.00,'2025-10-11 21:00:51','2025-10-11 21:00:51'),(2702,78,NULL,NULL,NULL,NULL,'92:59:BE:44:64:A2','342934',1000.00,'2025-10-11 23:50:03','2025-10-11 23:50:03'),(2703,77,NULL,NULL,NULL,NULL,'92:59:BE:44:64:A2','233716',700.00,'2025-10-11 23:50:40','2025-10-11 23:50:40'),(2705,7,NULL,NULL,NULL,NULL,'80:79:5D:00:12:75','940571',300.00,'2025-10-12 03:50:49','2025-10-12 03:50:49'),(2706,77,NULL,NULL,NULL,NULL,'32:67:7E:83:97:B1','846678',700.00,'2025-10-12 06:27:47','2025-10-12 06:27:47'),(2707,77,NULL,NULL,NULL,NULL,'32:67:7E:83:97:B1','424889',700.00,'2025-10-12 06:27:51','2025-10-12 06:27:51'),(2708,77,NULL,NULL,NULL,NULL,'32:67:7E:83:97:B1','968847',700.00,'2025-10-12 06:27:55','2025-10-12 06:27:55'),(2710,77,NULL,NULL,NULL,NULL,'32:67:7E:83:97:B1','727772',700.00,'2025-10-12 06:29:25','2025-10-12 06:29:25'),(2711,78,NULL,NULL,NULL,NULL,'78:C3:E9:DF:FD:6C','808904',1000.00,'2025-10-12 06:34:54','2025-10-12 06:34:54'),(2713,140,NULL,NULL,NULL,NULL,'D8:1E:DD:1C:FA:7B','883454',2000.00,'2025-10-12 07:48:49','2025-10-12 07:48:49'),(2714,140,NULL,NULL,NULL,NULL,'D8:1E:DD:1C:FA:7B','474329',2000.00,'2025-10-12 07:49:20','2025-10-12 07:49:20'),(2715,140,NULL,NULL,NULL,NULL,'D8:1E:DD:1C:FA:7B','421914',2000.00,'2025-10-12 07:49:29','2025-10-12 07:49:29'),(2716,9,NULL,NULL,NULL,NULL,'FC:AA:B6:3B:A0:48','696543',1000.00,'2025-10-12 07:55:29','2025-10-12 07:55:29'),(2717,9,NULL,NULL,NULL,NULL,'FC:AA:B6:3B:A0:48','499354',1000.00,'2025-10-12 07:55:47','2025-10-12 07:55:47'),(2718,9,NULL,NULL,NULL,NULL,'FC:AA:B6:3B:A0:48','904557',1000.00,'2025-10-12 07:56:03','2025-10-12 07:56:03'),(2719,9,NULL,NULL,NULL,NULL,'FC:AA:B6:3B:A0:48','394317',1000.00,'2025-10-12 07:56:25','2025-10-12 07:56:25'),(2720,9,NULL,NULL,NULL,NULL,'FC:AA:B6:3B:A0:48','964082',1000.00,'2025-10-12 07:58:43','2025-10-12 07:58:43'),(2722,8,NULL,NULL,NULL,NULL,'06:04:75:A8:AE:04','774284',500.00,'2025-10-12 08:03:00','2025-10-12 08:03:00'),(2723,9,NULL,NULL,NULL,NULL,'FC:AA:B6:3B:A0:48','453859',1000.00,'2025-10-12 08:03:12','2025-10-12 08:03:12'),(2725,8,NULL,NULL,NULL,NULL,'5A:F8:D7:0F:BF:9E','222251',500.00,'2025-10-12 08:25:36','2025-10-12 08:25:36'),(2726,7,NULL,NULL,NULL,NULL,'5A:F8:D7:0F:BF:9E','204964',300.00,'2025-10-12 08:26:56','2025-10-12 08:26:56'),(2728,9,NULL,NULL,NULL,NULL,'BE:B3:CB:9E:09:DC','863746',1000.00,'2025-10-12 08:28:14','2025-10-12 08:28:14'),(2729,9,NULL,NULL,NULL,NULL,'BE:B3:CB:9E:09:DC','260871',1000.00,'2025-10-12 08:28:18','2025-10-12 08:28:18'),(2730,7,NULL,NULL,NULL,NULL,'5A:F8:D7:0F:BF:9E','505549',300.00,'2025-10-12 08:39:44','2025-10-12 08:39:44'),(2731,140,NULL,NULL,NULL,NULL,'2E:C3:48:76:DB:F8','926161',2000.00,'2025-10-12 08:42:18','2025-10-12 08:42:18'),(2732,140,NULL,NULL,NULL,NULL,'2E:C3:48:76:DB:F8','910762',2000.00,'2025-10-12 08:42:47','2025-10-12 08:42:47'),(2733,140,NULL,NULL,NULL,NULL,'2E:C3:48:76:DB:F8','074051',2000.00,'2025-10-12 08:45:13','2025-10-12 08:45:13'),(2734,6,NULL,NULL,NULL,NULL,'5A:F8:D7:0F:BF:9E','082486',210.00,'2025-10-12 08:46:25','2025-10-12 08:46:25'),(2735,139,NULL,NULL,NULL,NULL,'EC:2E:98:77:F2:F9','707339',1000.00,'2025-10-12 08:57:53','2025-10-12 08:57:53'),(2736,139,NULL,NULL,NULL,NULL,'EC:2E:98:77:F2:F9','773687',500.00,'2025-10-12 09:00:53','2025-10-12 09:00:53'),(2739,8,NULL,NULL,NULL,NULL,'FE:54:93:3B:80:42','977995',500.00,'2025-10-12 09:12:16','2025-10-12 09:12:16'),(2741,7,NULL,NULL,NULL,NULL,'96:D4:9F:81:4D:92','065359',300.00,'2025-10-12 09:18:08','2025-10-12 09:18:08'),(2742,70,NULL,NULL,NULL,NULL,'CA:2F:DE:09:AE:46','847107',1000.00,'2025-10-12 09:24:29','2025-10-12 09:24:29'),(2744,77,NULL,NULL,NULL,NULL,'02:8F:5C:86:3F:C2','801406',700.00,'2025-10-12 09:45:14','2025-10-12 09:45:14'),(2746,8,NULL,NULL,NULL,NULL,'34:F3:9A:78:7D:6E','123355',500.00,'2025-10-12 10:26:07','2025-10-12 10:26:07'),(2748,96,NULL,NULL,NULL,NULL,'22:4C:7D:8D:E2:A6','819085',1500.00,'2025-10-12 11:30:23','2025-10-12 11:30:23'),(2749,8,NULL,NULL,NULL,NULL,'7E:28:9B:C1:AB:64','547668',500.00,'2025-10-12 12:38:41','2025-10-12 12:38:41'),(2750,140,NULL,NULL,NULL,NULL,'EE:F1:DA:B2:A0:D7','545955',2000.00,'2025-10-12 12:40:11','2025-10-12 12:40:11'),(2751,8,NULL,NULL,NULL,NULL,'7E:28:9B:C1:AB:64','484715',500.00,'2025-10-12 12:41:32','2025-10-12 12:41:32'),(2755,140,NULL,NULL,NULL,NULL,'AE:C1:54:56:85:DE','153056',2000.00,'2025-10-12 14:23:32','2025-10-12 14:23:32'),(2756,140,NULL,NULL,NULL,NULL,'AE:C1:54:56:85:DE','129818',2000.00,'2025-10-12 14:24:35','2025-10-12 14:24:35'),(2758,8,NULL,NULL,NULL,NULL,'22:F0:CA:D5:AF:FC','042612',500.00,'2025-10-12 14:50:36','2025-10-12 14:50:36'),(2759,8,NULL,NULL,NULL,NULL,'22:F0:CA:D5:AF:FC','646261',500.00,'2025-10-12 14:50:42','2025-10-12 14:50:42'),(2760,8,NULL,NULL,NULL,NULL,'22:F0:CA:D5:AF:FC','388525',500.00,'2025-10-12 14:50:56','2025-10-12 14:50:56'),(2761,6,NULL,NULL,NULL,NULL,'5A:F8:D7:0F:BF:9E','238167',210.00,'2025-10-12 15:33:39','2025-10-12 15:33:39'),(2762,9,NULL,NULL,NULL,NULL,'A8:13:06:C0:4E:B3','049186',1000.00,'2025-10-12 17:01:40','2025-10-12 17:01:40'),(2764,7,NULL,NULL,NULL,NULL,'6E:64:BE:16:9C:53','417819',300.00,'2025-10-12 17:38:03','2025-10-12 17:38:03'),(2765,7,NULL,NULL,NULL,NULL,'6E:64:BE:16:9C:53','738130',300.00,'2025-10-12 17:38:34','2025-10-12 17:38:34'),(2766,7,NULL,NULL,NULL,NULL,'6E:64:BE:16:9C:53','848419',300.00,'2025-10-12 17:38:40','2025-10-12 17:38:40'),(2767,7,NULL,NULL,NULL,NULL,'6E:64:BE:16:9C:53','995341',300.00,'2025-10-12 17:38:52','2025-10-12 17:38:52'),(2768,7,NULL,NULL,NULL,NULL,'6E:64:BE:16:9C:53','672695',300.00,'2025-10-12 17:39:02','2025-10-12 17:39:02'),(2769,7,NULL,NULL,NULL,NULL,'6E:64:BE:16:9C:53','896831',300.00,'2025-10-12 17:39:28','2025-10-12 17:39:28'),(2770,7,NULL,NULL,NULL,NULL,'22:0C:FE:A8:E4:7B','225834',300.00,'2025-10-12 17:43:58','2025-10-12 17:43:58'),(2771,7,NULL,NULL,NULL,NULL,'22:0C:FE:A8:E4:7B','440697',300.00,'2025-10-12 17:44:39','2025-10-12 17:44:39'),(2772,7,NULL,NULL,NULL,NULL,'22:0C:FE:A8:E4:7B','287203',300.00,'2025-10-12 17:45:12','2025-10-12 17:45:12'),(2773,9,NULL,NULL,NULL,NULL,'22:0C:FE:A8:E4:7B','900591',1000.00,'2025-10-12 17:54:51','2025-10-12 17:54:51'),(2774,8,NULL,NULL,NULL,NULL,'22:0C:FE:A8:E4:7B','331147',500.00,'2025-10-12 17:57:44','2025-10-12 17:57:44'),(2775,8,NULL,NULL,NULL,NULL,'22:0C:FE:A8:E4:7B','237415',500.00,'2025-10-12 17:59:30','2025-10-12 17:59:30'),(2776,8,NULL,NULL,NULL,NULL,'22:0C:FE:A8:E4:7B','243861',500.00,'2025-10-12 18:00:16','2025-10-12 18:00:16'),(2777,8,NULL,NULL,NULL,NULL,'22:0C:FE:A8:E4:7B','198494',500.00,'2025-10-12 18:00:25','2025-10-12 18:00:25'),(2778,8,NULL,NULL,NULL,NULL,'22:0C:FE:A8:E4:7B','621540',500.00,'2025-10-12 18:00:32','2025-10-12 18:00:32'),(2779,8,NULL,NULL,NULL,NULL,'22:0C:FE:A8:E4:7B','667849',500.00,'2025-10-12 18:04:42','2025-10-12 18:04:42'),(2780,8,NULL,NULL,NULL,NULL,'22:0C:FE:A8:E4:7B','073057',500.00,'2025-10-12 18:05:37','2025-10-12 18:05:37'),(2781,8,NULL,NULL,NULL,NULL,'22:0C:FE:A8:E4:7B','970200',500.00,'2025-10-12 18:05:45','2025-10-12 18:05:45'),(2782,8,NULL,NULL,NULL,NULL,'22:0C:FE:A8:E4:7B','745993',500.00,'2025-10-12 18:08:14','2025-10-12 18:08:14'),(2783,8,NULL,NULL,NULL,NULL,'22:0C:FE:A8:E4:7B','418689',500.00,'2025-10-12 18:08:24','2025-10-12 18:08:24'),(2784,8,NULL,NULL,NULL,NULL,'22:0C:FE:A8:E4:7B','664392',500.00,'2025-10-12 18:16:52','2025-10-12 18:16:52'),(2785,8,NULL,NULL,NULL,NULL,'22:0C:FE:A8:E4:7B','393388',500.00,'2025-10-12 18:17:01','2025-10-12 18:17:01'),(2786,8,NULL,NULL,NULL,NULL,'22:0C:FE:A8:E4:7B','644044',500.00,'2025-10-12 18:17:21','2025-10-12 18:17:21'),(2787,8,NULL,NULL,NULL,NULL,'22:0C:FE:A8:E4:7B','502385',500.00,'2025-10-12 18:19:24','2025-10-12 18:19:24'),(2788,8,NULL,NULL,NULL,NULL,'22:0C:FE:A8:E4:7B','461020',500.00,'2025-10-12 18:19:30','2025-10-12 18:19:30'),(2790,81,NULL,NULL,NULL,NULL,'4E:94:3C:14:9A:80','669028',600.00,'2025-10-12 18:35:10','2025-10-12 18:35:10'),(2791,81,NULL,NULL,NULL,NULL,'4E:94:3C:14:9A:80','853685',600.00,'2025-10-12 18:36:08','2025-10-12 18:36:08'),(2792,81,NULL,NULL,NULL,NULL,'4E:94:3C:14:9A:80','243563',600.00,'2025-10-12 18:37:30','2025-10-12 18:37:30'),(2796,140,NULL,NULL,NULL,NULL,'34:29:12:32:1D:5A','223608',2000.00,'2025-10-12 20:55:02','2025-10-12 20:55:02'),(2797,140,NULL,NULL,NULL,NULL,'34:29:12:32:1D:5A','319634',2000.00,'2025-10-12 20:55:36','2025-10-12 20:55:36'),(2801,6,NULL,NULL,NULL,NULL,'30:FC:EB:7A:0C:90','960811',210.00,'2025-10-12 21:58:37','2025-10-12 21:58:37'),(2802,141,NULL,NULL,NULL,NULL,'EC:2E:98:77:F2:F9','669304',1000.00,'2025-10-13 00:30:14','2025-10-13 00:30:14'),(2803,126,NULL,NULL,NULL,NULL,'3E:B2:A9:0D:49:EE','989198',30000.00,'2025-10-13 06:22:50','2025-10-13 06:22:50'),(2804,126,NULL,NULL,NULL,NULL,'3E:B2:A9:0D:49:EE','176894',30000.00,'2025-10-13 06:22:57','2025-10-13 06:22:57'),(2805,8,NULL,NULL,NULL,NULL,'EE:F7:43:4A:79:AC','924161',500.00,'2025-10-13 06:53:41','2025-10-13 06:53:41'),(2806,81,NULL,NULL,NULL,NULL,'3A:11:92:D3:AF:C9','262201',600.00,'2025-10-13 06:58:47','2025-10-13 06:58:47'),(2807,81,NULL,NULL,NULL,NULL,'3A:11:92:D3:AF:C9','924963',600.00,'2025-10-13 06:59:23','2025-10-13 06:59:23'),(2808,6,NULL,NULL,NULL,NULL,'30:FC:EB:7A:0C:90','301467',210.00,'2025-10-13 07:06:44','2025-10-13 07:06:44'),(2812,7,NULL,NULL,NULL,NULL,'86:87:D5:B9:81:15','306701',300.00,'2025-10-13 07:25:33','2025-10-13 07:25:33'),(2813,7,NULL,NULL,NULL,NULL,'86:87:D5:B9:81:15','617527',300.00,'2025-10-13 07:25:39','2025-10-13 07:25:39'),(2815,7,NULL,NULL,NULL,NULL,'86:87:D5:B9:81:15','023382',300.00,'2025-10-13 07:39:35','2025-10-13 07:39:35'),(2816,7,NULL,NULL,NULL,NULL,'86:87:D5:B9:81:15','982630',300.00,'2025-10-13 07:39:42','2025-10-13 07:39:42'),(2817,7,NULL,NULL,NULL,NULL,'86:87:D5:B9:81:15','838549',300.00,'2025-10-13 07:48:13','2025-10-13 07:48:13'),(2818,121,NULL,NULL,NULL,NULL,'FA:6B:37:9B:B1:E9','760919',1000.00,'2025-10-13 07:48:17','2025-10-18 18:49:59'),(2819,7,NULL,NULL,NULL,NULL,'86:87:D5:B9:81:15','490869',300.00,'2025-10-13 07:48:39','2025-10-13 07:48:39'),(2820,7,NULL,NULL,NULL,NULL,'86:87:D5:B9:81:15','956780',300.00,'2025-10-13 07:48:45','2025-10-13 07:48:45'),(2821,81,NULL,NULL,NULL,NULL,'2A:F0:3E:88:3F:ED','016811',600.00,'2025-10-13 08:12:20','2025-10-13 08:12:20'),(2822,81,NULL,NULL,NULL,NULL,'2A:F0:3E:88:3F:ED','686426',600.00,'2025-10-13 08:12:26','2025-10-13 08:12:26'),(2824,9,NULL,NULL,NULL,NULL,'8E:84:80:D7:56:E5','849440',1000.00,'2025-10-13 08:21:30','2025-10-13 08:21:30'),(2828,9,NULL,NULL,NULL,NULL,'BE:B3:CB:9E:09:DC','052630',1000.00,'2025-10-13 08:59:09','2025-10-13 08:59:09'),(2830,64,NULL,NULL,NULL,NULL,'80:CE:B9:CE:0C:AF','993692',1000.00,'2025-10-13 09:33:36','2025-10-13 09:33:36'),(2831,64,NULL,NULL,NULL,NULL,'80:CE:B9:CE:0C:AF','272297',1000.00,'2025-10-13 09:34:21','2025-10-13 09:34:21'),(2832,96,NULL,NULL,NULL,NULL,'D2:60:EF:A6:4A:C8','709782',1500.00,'2025-10-13 09:35:29','2025-10-13 09:35:29'),(2833,96,NULL,NULL,NULL,NULL,'D2:60:EF:A6:4A:C8','713017',1500.00,'2025-10-13 09:35:35','2025-10-13 09:35:35'),(2834,8,NULL,NULL,NULL,NULL,'B2:CB:0B:28:DC:8B','942125',500.00,'2025-10-13 10:02:04','2025-10-13 10:02:04'),(2836,7,NULL,NULL,NULL,NULL,'06:C2:96:BF:C6:A5','525589',300.00,'2025-10-13 10:33:19','2025-10-13 10:33:19'),(2837,7,NULL,NULL,NULL,NULL,'06:C2:96:BF:C6:A5','610119',300.00,'2025-10-13 10:33:55','2025-10-13 10:33:55'),(2838,7,NULL,NULL,NULL,NULL,'06:C2:96:BF:C6:A5','760158',300.00,'2025-10-13 10:34:41','2025-10-13 10:34:41'),(2839,7,NULL,NULL,NULL,NULL,'06:C2:96:BF:C6:A5','641545',300.00,'2025-10-13 10:35:35','2025-10-13 10:35:35'),(2840,7,NULL,NULL,NULL,NULL,'06:C2:96:BF:C6:A5','463745',300.00,'2025-10-13 10:36:20','2025-10-13 10:36:20'),(2841,7,NULL,NULL,NULL,NULL,'06:C2:96:BF:C6:A5','489266',300.00,'2025-10-13 10:36:32','2025-10-13 10:36:32'),(2842,8,NULL,NULL,NULL,NULL,'06:04:75:A8:AE:04','692327',500.00,'2025-10-13 10:36:46','2025-10-17 21:06:33'),(2843,7,NULL,NULL,NULL,NULL,'06:C2:96:BF:C6:A5','957018',300.00,'2025-10-13 10:37:13','2025-10-13 10:37:13'),(2844,6,NULL,NULL,NULL,NULL,'06:C2:96:BF:C6:A5','255587',210.00,'2025-10-13 10:38:21','2025-10-13 10:38:21'),(2845,7,NULL,NULL,NULL,NULL,'06:C2:96:BF:C6:A5','936926',300.00,'2025-10-13 10:40:58','2025-10-13 10:40:58'),(2846,7,NULL,NULL,NULL,NULL,'06:C2:96:BF:C6:A5','700134',300.00,'2025-10-13 10:41:11','2025-10-13 10:41:11'),(2848,95,NULL,NULL,NULL,NULL,'12:33:FA:AA:AB:11','844065',1000.00,'2025-10-13 11:26:31','2025-10-13 11:26:31'),(2850,8,NULL,NULL,NULL,NULL,'B2:1A:49:7E:1F:58','605096',500.00,'2025-10-13 11:38:35','2025-10-13 11:38:35'),(2851,8,NULL,NULL,NULL,NULL,'B2:1A:49:7E:1F:58','476052',500.00,'2025-10-13 11:38:45','2025-10-13 11:38:45'),(2852,8,NULL,NULL,NULL,NULL,'B2:1A:49:7E:1F:58','030890',500.00,'2025-10-13 11:40:16','2025-10-13 11:40:16'),(2853,8,NULL,NULL,NULL,NULL,'B2:1A:49:7E:1F:58','165261',500.00,'2025-10-13 11:40:28','2025-10-13 11:40:28'),(2854,8,NULL,NULL,NULL,NULL,'B2:1A:49:7E:1F:58','079202',500.00,'2025-10-13 11:41:43','2025-10-13 11:41:43'),(2855,8,NULL,NULL,NULL,NULL,'B2:1A:49:7E:1F:58','888120',500.00,'2025-10-13 11:42:27','2025-10-13 11:42:27'),(2856,8,NULL,NULL,NULL,NULL,'B2:1A:49:7E:1F:58','155047',500.00,'2025-10-13 11:58:19','2025-10-13 11:58:19'),(2857,8,NULL,NULL,NULL,NULL,'B2:1A:49:7E:1F:58','580469',500.00,'2025-10-13 11:59:00','2025-10-13 11:59:00'),(2858,7,NULL,NULL,NULL,NULL,'B2:1A:49:7E:1F:58','509488',300.00,'2025-10-13 11:59:47','2025-10-13 11:59:47'),(2860,8,NULL,NULL,NULL,NULL,'EE:20:C1:F6:95:D2','012650',500.00,'2025-10-13 12:07:16','2025-10-13 12:07:16'),(2861,8,NULL,NULL,NULL,NULL,'EE:20:C1:F6:95:D2','726531',500.00,'2025-10-13 12:07:34','2025-10-13 12:07:34'),(2862,8,NULL,NULL,NULL,NULL,'EE:20:C1:F6:95:D2','271134',500.00,'2025-10-13 12:07:57','2025-10-13 12:07:57'),(2863,8,NULL,NULL,NULL,NULL,'EE:20:C1:F6:95:D2','976185',500.00,'2025-10-13 12:08:16','2025-10-13 12:08:16'),(2864,8,NULL,NULL,NULL,NULL,'EE:20:C1:F6:95:D2','985894',500.00,'2025-10-13 12:09:26','2025-10-13 12:09:26'),(2866,64,NULL,NULL,NULL,NULL,'1A:8A:2E:7C:0E:5C','103116',1000.00,'2025-10-13 12:23:32','2025-10-13 12:23:32'),(2867,64,NULL,NULL,NULL,NULL,'1A:8A:2E:7C:0E:5C','212812',1000.00,'2025-10-13 12:23:41','2025-10-13 12:23:41'),(2868,64,NULL,NULL,NULL,NULL,'4E:2A:C0:14:99:BA','032451',1000.00,'2025-10-13 12:24:43','2025-10-13 12:24:43'),(2870,64,NULL,NULL,NULL,NULL,'8A:D3:62:AE:C2:9C','533840',1000.00,'2025-10-13 13:34:51','2025-10-13 13:34:51'),(2871,6,NULL,NULL,NULL,NULL,'AA:C1:1A:D2:79:24','331428',210.00,'2025-10-13 13:49:01','2025-10-13 13:49:01'),(2872,6,NULL,NULL,NULL,NULL,'AA:C1:1A:D2:79:24','304725',210.00,'2025-10-13 13:49:17','2025-10-13 13:49:17'),(2873,6,NULL,NULL,NULL,NULL,'AA:C1:1A:D2:79:24','250633',210.00,'2025-10-13 13:49:22','2025-10-13 13:49:22'),(2874,8,NULL,NULL,NULL,NULL,'4A:2E:09:EE:37:2A','330535',500.00,'2025-10-13 13:50:26','2025-10-13 13:50:26'),(2877,7,NULL,NULL,NULL,NULL,'F2:40:99:99:42:1C','551647',300.00,'2025-10-13 15:43:43','2025-10-13 15:43:43'),(2878,6,NULL,NULL,NULL,NULL,'F2:40:99:99:42:1C','176557',210.00,'2025-10-13 15:44:53','2025-10-13 15:44:53'),(2879,6,NULL,NULL,NULL,NULL,'F2:40:99:99:42:1C','333103',210.00,'2025-10-13 15:52:28','2025-10-13 15:52:28'),(2880,6,NULL,NULL,NULL,NULL,'F2:40:99:99:42:1C','939826',210.00,'2025-10-13 15:53:19','2025-10-13 15:53:19'),(2881,6,NULL,NULL,NULL,NULL,'F2:40:99:99:42:1C','010228',210.00,'2025-10-13 15:54:41','2025-10-13 15:54:41'),(2882,140,NULL,NULL,NULL,NULL,'8A:F1:55:2E:5E:4E','113095',2000.00,'2025-10-13 15:55:14','2025-10-13 15:55:14'),(2883,6,NULL,NULL,NULL,NULL,'F2:40:99:99:42:1C','594662',210.00,'2025-10-13 15:55:26','2025-10-13 15:55:26'),(2884,140,NULL,NULL,NULL,NULL,'8A:F1:55:2E:5E:4E','796074',2000.00,'2025-10-13 15:55:27','2025-10-13 15:55:27'),(2885,140,NULL,NULL,NULL,NULL,'8A:F1:55:2E:5E:4E','069443',2000.00,'2025-10-13 15:55:43','2025-10-13 15:55:43'),(2886,6,NULL,NULL,NULL,NULL,'F2:40:99:99:42:1C','560596',210.00,'2025-10-13 15:55:52','2025-10-13 15:55:52'),(2887,6,NULL,NULL,NULL,NULL,'F2:40:99:99:42:1C','990881',210.00,'2025-10-13 15:56:20','2025-10-13 15:56:20'),(2888,6,NULL,NULL,NULL,NULL,'F2:40:99:99:42:1C','773472',210.00,'2025-10-13 16:13:51','2025-10-13 16:13:51'),(2889,6,NULL,NULL,NULL,NULL,'F2:40:99:99:42:1C','218601',210.00,'2025-10-13 16:15:29','2025-10-13 16:15:29'),(2890,6,NULL,NULL,NULL,NULL,'F2:40:99:99:42:1C','756475',210.00,'2025-10-13 16:17:17','2025-10-13 16:17:17'),(2891,6,NULL,NULL,NULL,NULL,'F2:40:99:99:42:1C','862300',210.00,'2025-10-13 16:24:10','2025-10-13 16:24:10'),(2895,7,NULL,NULL,NULL,NULL,'22:F0:CA:D5:AF:FC','718843',300.00,'2025-10-13 17:33:11','2025-10-13 17:33:11'),(2896,6,NULL,NULL,NULL,NULL,'F2:C6:C1:71:E4:92','062440',210.00,'2025-10-13 17:39:18','2025-10-13 17:39:18'),(2897,6,NULL,NULL,NULL,NULL,'F2:C6:C1:71:E4:92','923767',210.00,'2025-10-13 17:39:24','2025-10-13 17:39:24'),(2899,7,NULL,NULL,NULL,NULL,'F2:C6:C1:71:E4:92','986430',300.00,'2025-10-13 17:40:19','2025-10-13 17:40:19'),(2900,9,NULL,NULL,NULL,NULL,'3E:99:FD:98:5C:5B','939618',1000.00,'2025-10-13 17:42:51','2025-10-13 17:42:51'),(2901,9,NULL,NULL,NULL,NULL,'3E:99:FD:98:5C:5B','654064',1000.00,'2025-10-13 17:42:56','2025-10-13 17:42:56'),(2902,9,NULL,NULL,NULL,NULL,'3E:99:FD:98:5C:5B','010663',1000.00,'2025-10-13 17:43:35','2025-10-13 17:43:35'),(2903,9,NULL,NULL,NULL,NULL,'3E:99:FD:98:5C:5B','792642',1000.00,'2025-10-13 17:44:12','2025-10-13 17:44:12'),(2905,9,NULL,NULL,NULL,NULL,'3E:99:FD:98:5C:5B','068189',1000.00,'2025-10-13 17:45:29','2025-10-13 17:45:29'),(2906,9,NULL,NULL,NULL,NULL,'3E:99:FD:98:5C:5B','343560',1000.00,'2025-10-13 17:50:07','2025-10-13 17:50:07'),(2907,9,NULL,NULL,NULL,NULL,'3E:99:FD:98:5C:5B','008218',1000.00,'2025-10-13 17:50:18','2025-10-13 17:50:18'),(2908,9,NULL,NULL,NULL,NULL,'3E:99:FD:98:5C:5B','830243',1000.00,'2025-10-13 18:03:44','2025-10-13 18:03:44'),(2909,9,NULL,NULL,NULL,NULL,'3E:99:FD:98:5C:5B','830316',1000.00,'2025-10-13 18:03:51','2025-10-13 18:03:51'),(2910,9,NULL,NULL,NULL,NULL,'3E:99:FD:98:5C:5B','709400',1000.00,'2025-10-13 18:03:55','2025-10-13 18:03:55'),(2911,9,NULL,NULL,NULL,NULL,'3E:99:FD:98:5C:5B','542279',1000.00,'2025-10-13 18:04:00','2025-10-13 18:04:00'),(2912,9,NULL,NULL,NULL,NULL,'3E:99:FD:98:5C:5B','234545',1000.00,'2025-10-13 18:04:07','2025-10-13 18:04:07'),(2913,9,NULL,NULL,NULL,NULL,'3E:99:FD:98:5C:5B','521761',1000.00,'2025-10-13 18:04:10','2025-10-13 18:04:10'),(2914,9,NULL,NULL,NULL,NULL,'3E:99:FD:98:5C:5B','491341',1000.00,'2025-10-13 18:04:15','2025-10-13 18:04:15'),(2915,9,NULL,NULL,NULL,NULL,'3E:99:FD:98:5C:5B','000268',1000.00,'2025-10-13 18:04:19','2025-10-13 18:04:19'),(2916,9,NULL,NULL,NULL,NULL,'3E:99:FD:98:5C:5B','310806',1000.00,'2025-10-13 18:04:25','2025-10-13 18:04:25'),(2917,9,NULL,NULL,NULL,NULL,'3E:99:FD:98:5C:5B','244806',1000.00,'2025-10-13 18:04:30','2025-10-13 18:04:30'),(2918,9,NULL,NULL,NULL,NULL,'3E:99:FD:98:5C:5B','651966',1000.00,'2025-10-13 18:04:34','2025-10-13 18:04:34'),(2919,9,NULL,NULL,NULL,NULL,'3E:99:FD:98:5C:5B','562923',1000.00,'2025-10-13 18:04:38','2025-10-13 18:04:38'),(2921,70,NULL,NULL,NULL,NULL,'CA:2F:DE:09:AE:46','946549',1000.00,'2025-10-13 18:56:29','2025-10-13 18:56:29'),(2923,70,NULL,NULL,NULL,NULL,'CA:2F:DE:09:AE:46','058098',1000.00,'2025-10-13 18:58:40','2025-10-13 18:58:40'),(2924,70,NULL,NULL,NULL,NULL,'CA:2F:DE:09:AE:46','541964',1000.00,'2025-10-13 18:59:07','2025-10-13 18:59:07'),(2925,70,NULL,NULL,NULL,NULL,'CA:2F:DE:09:AE:46','645315',1000.00,'2025-10-13 18:59:32','2025-10-13 18:59:32'),(2928,24,NULL,NULL,NULL,NULL,'3A:13:89:8C:B7:66','583317',2500.00,'2025-10-13 19:06:18','2025-10-13 19:06:18'),(2929,24,NULL,NULL,NULL,NULL,'3A:13:89:8C:B7:66','848449',2500.00,'2025-10-13 19:06:39','2025-10-13 19:06:39'),(2930,141,NULL,NULL,NULL,NULL,'3E:02:BD:86:E3:B9','498463',1000.00,'2025-10-13 20:18:17','2025-10-13 20:18:17'),(2931,141,NULL,NULL,NULL,NULL,'3E:02:BD:86:E3:B9','417461',1000.00,'2025-10-13 20:18:29','2025-10-13 20:18:29'),(2932,141,NULL,NULL,NULL,NULL,'3E:02:BD:86:E3:B9','424866',1000.00,'2025-10-13 20:18:36','2025-10-13 20:18:36'),(2934,141,NULL,NULL,NULL,NULL,'3E:02:BD:86:E3:B9','537460',1000.00,'2025-10-13 20:25:11','2025-10-13 20:25:11'),(2936,70,NULL,NULL,NULL,NULL,'F8:2E:3F:C2:26:47','860429',1000.00,'2025-10-13 22:11:08','2025-10-13 22:11:08'),(2937,70,NULL,NULL,NULL,NULL,'F8:2E:3F:C2:26:47','091474',1000.00,'2025-10-13 22:11:29','2025-10-13 22:11:29'),(2941,7,NULL,NULL,NULL,NULL,'D4:67:D3:E3:17:BD','324706',300.00,'2025-10-14 04:57:36','2025-10-14 04:57:36'),(2942,9,NULL,NULL,NULL,NULL,'D4:67:D3:E3:17:BD','069239',1000.00,'2025-10-14 04:59:03','2025-10-14 04:59:03'),(2944,8,NULL,NULL,NULL,NULL,'1E:BC:B2:4F:03:65','632538',500.00,'2025-10-14 05:28:57','2025-10-14 05:28:57'),(2945,8,NULL,NULL,NULL,NULL,'1E:BC:B2:4F:03:65','210118',500.00,'2025-10-14 05:29:13','2025-10-14 05:29:13'),(2946,8,NULL,NULL,NULL,NULL,'06:04:75:A8:AE:04','348801',500.00,'2025-10-14 05:31:52','2025-10-14 05:31:52'),(2947,8,NULL,NULL,NULL,NULL,'06:04:75:A8:AE:04','018923',500.00,'2025-10-14 05:32:02','2025-10-14 05:32:02'),(2948,8,NULL,NULL,NULL,NULL,'06:04:75:A8:AE:04','716967',500.00,'2025-10-14 05:32:26','2025-10-14 05:32:26'),(2949,8,NULL,NULL,NULL,NULL,'06:04:75:A8:AE:04','408619',500.00,'2025-10-14 05:33:27','2025-10-14 05:33:27'),(2950,8,NULL,NULL,NULL,NULL,'06:04:75:A8:AE:04','852804',500.00,'2025-10-14 05:34:15','2025-10-14 05:34:15'),(2951,8,NULL,NULL,NULL,NULL,'06:04:75:A8:AE:04','917098',500.00,'2025-10-14 05:34:33','2025-10-14 05:34:33'),(2952,8,NULL,NULL,NULL,NULL,'06:04:75:A8:AE:04','346284',500.00,'2025-10-14 05:35:54','2025-10-14 05:35:54'),(2953,8,NULL,NULL,NULL,NULL,'06:04:75:A8:AE:04','575215',500.00,'2025-10-14 05:36:51','2025-10-14 05:36:51'),(2954,8,NULL,NULL,NULL,NULL,'06:04:75:A8:AE:04','441387',500.00,'2025-10-14 05:37:29','2025-10-14 05:37:29'),(2955,9,NULL,NULL,NULL,NULL,'06:04:75:A8:AE:04','346607',1000.00,'2025-10-14 05:37:44','2025-10-14 05:37:44'),(2956,70,NULL,NULL,NULL,NULL,'F8:2E:3F:C2:26:47','610547',1000.00,'2025-10-14 06:44:50','2025-10-14 06:44:50'),(2958,70,NULL,NULL,NULL,NULL,'F8:2E:3F:C2:26:47','777056',1000.00,'2025-10-14 06:48:08','2025-10-14 06:48:08'),(2962,82,NULL,NULL,NULL,NULL,'2A:BD:C1:5B:2C:07','012751',800.00,'2025-10-14 08:34:47','2025-10-14 08:34:47'),(2963,10,NULL,NULL,NULL,NULL,'8E:84:80:D7:56:E5','226169',5000.00,'2025-10-14 08:45:20','2025-10-14 08:45:20'),(2965,10,NULL,NULL,NULL,NULL,'8E:84:80:D7:56:E5','741246',5000.00,'2025-10-14 08:57:09','2025-10-14 08:57:09'),(2968,70,NULL,NULL,NULL,NULL,'CA:2F:DE:09:AE:46','738913',1000.00,'2025-10-14 10:20:02','2025-10-14 10:20:02'),(2970,6,NULL,NULL,NULL,NULL,'2A:DA:E1:23:51:37','032553',210.00,'2025-10-14 10:37:25','2025-10-14 10:37:25'),(2973,81,NULL,NULL,NULL,NULL,'96:4C:FC:00:25:61','833009',600.00,'2025-10-14 11:16:13','2025-10-14 11:16:13'),(2974,81,NULL,NULL,NULL,NULL,'96:4C:FC:00:25:61','647897',600.00,'2025-10-14 11:16:26','2025-10-14 11:16:26'),(2975,65,NULL,NULL,NULL,NULL,'6A:A2:4A:BA:5C:6E','149451',500.00,'2025-10-14 11:18:04','2025-10-14 11:18:04'),(2976,65,NULL,NULL,NULL,NULL,'6A:A2:4A:BA:5C:6E','253118',500.00,'2025-10-14 11:18:24','2025-10-14 11:18:24'),(2977,65,NULL,NULL,NULL,NULL,'6A:A2:4A:BA:5C:6E','800498',500.00,'2025-10-14 11:19:01','2025-10-14 11:19:01'),(2978,8,NULL,NULL,NULL,NULL,'C2:90:68:DF:AC:2C','453166',500.00,'2025-10-14 11:45:06','2025-10-14 11:45:06'),(2981,9,NULL,NULL,NULL,NULL,'C2:90:68:DF:AC:2C','154089',1000.00,'2025-10-14 12:02:29','2025-10-14 12:02:29'),(2983,6,NULL,NULL,NULL,NULL,'B2:1A:49:7E:1F:58','490264',210.00,'2025-10-14 12:27:25','2025-10-14 12:27:25'),(2984,6,NULL,NULL,NULL,NULL,'B2:1A:49:7E:1F:58','473423',210.00,'2025-10-14 12:28:38','2025-10-14 12:28:38'),(2985,6,NULL,NULL,NULL,NULL,'B2:1A:49:7E:1F:58','636998',210.00,'2025-10-14 13:01:05','2025-10-14 13:01:05'),(2986,6,NULL,NULL,NULL,NULL,'B2:1A:49:7E:1F:58','021467',210.00,'2025-10-14 13:01:42','2025-10-14 13:01:42'),(2990,7,NULL,NULL,NULL,NULL,'86:87:D5:B9:81:15','083462',300.00,'2025-10-14 15:08:10','2025-10-14 15:08:10'),(2991,7,NULL,NULL,NULL,NULL,'86:87:D5:B9:81:15','625646',300.00,'2025-10-14 15:08:15','2025-10-14 15:08:15'),(2992,7,NULL,NULL,NULL,NULL,'86:87:D5:B9:81:15','305757',300.00,'2025-10-14 15:08:33','2025-10-14 15:08:33'),(2993,7,NULL,NULL,NULL,NULL,'86:87:D5:B9:81:15','236298',300.00,'2025-10-14 15:08:38','2025-10-14 15:08:38'),(2994,7,NULL,NULL,NULL,NULL,'86:87:D5:B9:81:15','584375',300.00,'2025-10-14 15:09:10','2025-10-14 15:09:10'),(2995,7,NULL,NULL,NULL,NULL,'86:87:D5:B9:81:15','651307',300.00,'2025-10-14 15:09:15','2025-10-14 15:09:15'),(2996,7,NULL,NULL,NULL,NULL,'86:87:D5:B9:81:15','696995',300.00,'2025-10-14 15:09:19','2025-10-14 15:09:19'),(2997,6,NULL,NULL,NULL,NULL,'86:87:D5:B9:81:15','069217',210.00,'2025-10-14 15:09:39','2025-10-14 15:09:39'),(2998,6,NULL,NULL,NULL,NULL,'86:87:D5:B9:81:15','133002',210.00,'2025-10-14 15:09:43','2025-10-14 15:09:43'),(2999,6,NULL,NULL,NULL,NULL,'86:87:D5:B9:81:15','147455',210.00,'2025-10-14 15:09:48','2025-10-14 15:09:48'),(3001,6,NULL,NULL,NULL,NULL,'7E:A5:C8:0E:3C:6A','770777',210.00,'2025-10-14 15:55:23','2025-10-14 15:55:23'),(3003,8,NULL,NULL,NULL,NULL,'82:3D:CF:B1:31:9B','219460',500.00,'2025-10-14 17:01:56','2025-10-14 17:01:56'),(3011,8,NULL,NULL,NULL,NULL,'EE:F7:43:4A:79:AC','401835',500.00,'2025-10-14 18:57:15','2025-10-14 18:57:15'),(3012,75,NULL,NULL,NULL,NULL,'F8:2E:3F:C2:26:47','619305',35000.00,'2025-10-14 19:07:40','2025-10-14 19:07:40'),(3013,75,NULL,NULL,NULL,NULL,'F8:2E:3F:C2:26:47','393629',35000.00,'2025-10-14 19:07:50','2025-10-14 19:07:50'),(3014,75,NULL,NULL,NULL,NULL,'F8:2E:3F:C2:26:47','851074',35000.00,'2025-10-14 19:08:11','2025-10-14 19:08:11'),(3015,75,NULL,NULL,NULL,NULL,'F8:2E:3F:C2:26:47','479951',35000.00,'2025-10-14 19:08:19','2025-10-14 19:08:19'),(3016,75,NULL,NULL,NULL,NULL,'F8:2E:3F:C2:26:47','728815',35000.00,'2025-10-14 19:09:27','2025-10-14 19:09:27'),(3017,7,NULL,NULL,NULL,NULL,'86:87:D5:B9:81:15','894386',300.00,'2025-10-14 19:15:17','2025-10-14 19:15:17'),(3018,7,NULL,NULL,NULL,NULL,'86:87:D5:B9:81:15','089740',300.00,'2025-10-14 19:15:21','2025-10-14 19:15:21'),(3019,7,NULL,NULL,NULL,NULL,'86:87:D5:B9:81:15','577903',300.00,'2025-10-14 19:15:25','2025-10-14 19:15:25'),(3020,7,NULL,NULL,NULL,NULL,'86:87:D5:B9:81:15','224299',300.00,'2025-10-14 19:15:25','2025-10-14 19:15:25'),(3021,7,NULL,NULL,NULL,NULL,'86:87:D5:B9:81:15','500094',300.00,'2025-10-14 19:15:29','2025-10-14 19:15:29'),(3023,8,NULL,NULL,NULL,NULL,'BE:B3:CB:9E:09:DC','388619',500.00,'2025-10-14 20:02:36','2025-10-14 20:02:36'),(3024,8,NULL,NULL,NULL,NULL,'BE:B3:CB:9E:09:DC','386148',500.00,'2025-10-14 20:02:41','2025-10-14 20:02:41'),(3025,70,NULL,NULL,NULL,NULL,'F8:2E:3F:C2:26:47','352539',1000.00,'2025-10-14 20:11:16','2025-10-14 20:11:16'),(3027,6,NULL,NULL,NULL,NULL,'A8:13:06:C0:4E:B3','475225',210.00,'2025-10-14 20:45:29','2025-10-14 20:45:29'),(3028,6,NULL,NULL,NULL,NULL,'A8:13:06:C0:4E:B3','217424',210.00,'2025-10-14 20:45:51','2025-10-14 20:45:51'),(3029,6,NULL,NULL,NULL,NULL,'A8:13:06:C0:4E:B3','916173',210.00,'2025-10-14 20:47:54','2025-10-14 20:47:54'),(3030,6,NULL,NULL,NULL,NULL,'A8:13:06:C0:4E:B3','301279',210.00,'2025-10-14 20:49:23','2025-10-14 20:49:23'),(3031,6,NULL,NULL,NULL,NULL,'A8:13:06:C0:4E:B3','532016',210.00,'2025-10-14 20:51:57','2025-10-14 20:51:57'),(3032,6,NULL,NULL,NULL,NULL,'A8:13:06:C0:4E:B3','269689',210.00,'2025-10-14 20:54:14','2025-10-14 20:54:14'),(3034,6,NULL,NULL,NULL,NULL,'5A:22:D6:25:36:E9','158259',210.00,'2025-10-14 22:23:02','2025-10-14 22:23:02'),(3037,8,NULL,NULL,NULL,NULL,'C2:90:68:DF:AC:2C','892538',500.00,'2025-10-15 06:33:09','2025-10-15 06:33:09'),(3038,7,NULL,NULL,NULL,NULL,'C2:90:68:DF:AC:2C','777991',300.00,'2025-10-15 07:39:12','2025-10-15 07:39:12'),(3044,9,NULL,NULL,NULL,NULL,'A2:05:34:27:13:AF','862331',1000.00,'2025-10-15 09:50:41','2025-10-15 09:50:41'),(3046,81,NULL,NULL,NULL,NULL,'16:82:06:E8:A9:4F','812256',600.00,'2025-10-15 10:34:56','2025-10-15 10:34:56'),(3047,81,NULL,NULL,NULL,NULL,'16:82:06:E8:A9:4F','711041',600.00,'2025-10-15 10:35:50','2025-10-15 10:35:50'),(3048,81,NULL,NULL,NULL,NULL,'B2:C4:81:3A:DE:1C','032977',600.00,'2025-10-15 10:37:31','2025-10-15 10:37:31'),(3049,6,NULL,NULL,NULL,NULL,'0C:CE:F6:FD:BC:87','151605',210.00,'2025-10-15 10:38:48','2025-10-15 10:38:48'),(3050,6,NULL,NULL,NULL,NULL,'0C:CE:F6:FD:BC:87','314298',210.00,'2025-10-15 10:38:55','2025-10-15 10:38:55'),(3051,6,NULL,NULL,NULL,NULL,'0C:CE:F6:FD:BC:87','000108',210.00,'2025-10-15 10:40:12','2025-10-15 10:40:12'),(3052,7,NULL,NULL,NULL,NULL,'AE:42:68:3C:D6:1F','960387',300.00,'2025-10-15 10:40:35','2025-10-15 10:40:35'),(3053,6,NULL,NULL,NULL,NULL,'0C:CE:F6:FD:BC:87','471621',210.00,'2025-10-15 10:40:46','2025-10-15 10:40:46'),(3054,7,NULL,NULL,NULL,NULL,'AE:42:68:3C:D6:1F','586380',300.00,'2025-10-15 10:40:47','2025-10-15 10:40:47'),(3055,6,NULL,NULL,NULL,NULL,'AE:42:68:3C:D6:1F','141514',210.00,'2025-10-15 10:42:44','2025-10-15 10:42:44'),(3056,6,NULL,NULL,NULL,NULL,'AE:42:68:3C:D6:1F','213734',210.00,'2025-10-15 10:43:17','2025-10-15 10:43:17'),(3057,6,NULL,NULL,NULL,NULL,'AE:42:68:3C:D6:1F','754991',210.00,'2025-10-15 10:50:15','2025-10-15 10:50:15'),(3058,6,NULL,NULL,NULL,NULL,'AE:42:68:3C:D6:1F','969946',210.00,'2025-10-15 10:50:25','2025-10-15 10:50:25'),(3059,6,NULL,NULL,NULL,NULL,'AE:42:68:3C:D6:1F','818832',210.00,'2025-10-15 10:50:49','2025-10-15 10:50:49'),(3060,6,NULL,NULL,NULL,NULL,'AE:42:68:3C:D6:1F','984534',210.00,'2025-10-15 10:51:17','2025-10-15 10:51:17'),(3061,6,NULL,NULL,NULL,NULL,'AE:42:68:3C:D6:1F','115092',210.00,'2025-10-15 10:52:33','2025-10-15 10:52:33'),(3062,6,NULL,NULL,NULL,NULL,'AE:42:68:3C:D6:1F','902965',210.00,'2025-10-15 10:52:43','2025-10-15 10:52:43'),(3063,6,NULL,NULL,NULL,NULL,'BE:13:B8:AF:2F:FD','004735',210.00,'2025-10-15 11:11:02','2025-10-15 11:11:02'),(3064,7,NULL,NULL,NULL,NULL,'B2:1A:49:7E:1F:58','861863',300.00,'2025-10-15 11:20:07','2025-10-15 11:20:07'),(3065,6,NULL,NULL,NULL,NULL,'B2:1A:49:7E:1F:58','378826',210.00,'2025-10-15 11:20:53','2025-10-15 11:20:53'),(3067,96,NULL,NULL,NULL,NULL,'30:FC:EB:93:50:AB','590001',1500.00,'2025-10-15 13:09:57','2025-10-15 13:09:57'),(3070,7,NULL,NULL,NULL,NULL,'86:87:D5:B9:81:15','669555',300.00,'2025-10-15 14:11:55','2025-10-15 14:11:55'),(3071,7,NULL,NULL,NULL,NULL,'86:87:D5:B9:81:15','292642',300.00,'2025-10-15 14:12:02','2025-10-15 14:12:02'),(3072,7,NULL,NULL,NULL,NULL,'86:87:D5:B9:81:15','266481',300.00,'2025-10-15 14:12:10','2025-10-15 14:12:10'),(3073,7,NULL,NULL,NULL,NULL,'86:87:D5:B9:81:15','148289',300.00,'2025-10-15 14:12:15','2025-10-15 14:12:15'),(3074,6,NULL,NULL,NULL,NULL,'86:87:D5:B9:81:15','278234',210.00,'2025-10-15 14:14:33','2025-10-15 14:14:33'),(3075,24,NULL,NULL,NULL,NULL,'3A:13:89:8C:B7:66','786458',2500.00,'2025-10-15 14:14:38','2025-10-26 05:47:10'),(3076,7,NULL,NULL,NULL,NULL,'62:D2:99:2F:ED:99','587252',300.00,'2025-10-15 14:38:53','2025-10-15 14:38:53'),(3077,8,NULL,NULL,NULL,NULL,'42:CC:90:DA:81:CB','281471',500.00,'2025-10-15 15:10:11','2025-10-15 15:10:11'),(3078,8,NULL,NULL,NULL,NULL,'42:CC:90:DA:81:CB','905769',500.00,'2025-10-15 15:10:54','2025-10-15 15:10:54'),(3080,96,NULL,NULL,NULL,NULL,'56:44:57:EB:B1:B4','062036',1500.00,'2025-10-15 15:55:46','2025-10-15 15:55:46'),(3081,96,NULL,NULL,NULL,NULL,'56:44:57:EB:B1:B4','894012',1500.00,'2025-10-15 15:56:28','2025-10-15 15:56:28'),(3085,96,NULL,NULL,NULL,NULL,'0E:AB:19:C4:3B:C9','205133',1500.00,'2025-10-15 16:43:51','2025-10-15 16:43:51'),(3086,96,NULL,NULL,NULL,NULL,'0E:AB:19:C4:3B:C9','231891',1500.00,'2025-10-15 16:43:56','2025-10-15 16:43:56'),(3087,96,NULL,NULL,NULL,NULL,'0E:AB:19:C4:3B:C9','798830',1500.00,'2025-10-15 16:44:08','2025-10-15 16:44:08'),(3088,96,NULL,NULL,NULL,NULL,'0E:AB:19:C4:3B:C9','247167',1500.00,'2025-10-15 16:44:25','2025-10-15 16:44:25'),(3089,96,NULL,NULL,NULL,NULL,'0E:AB:19:C4:3B:C9','638574',1500.00,'2025-10-15 16:44:47','2025-10-15 16:44:47'),(3091,96,NULL,NULL,NULL,NULL,'0E:AB:19:C4:3B:C9','191899',1500.00,'2025-10-15 16:45:39','2025-10-15 16:45:39'),(3092,9,NULL,NULL,NULL,NULL,'4A:F0:CA:55:81:84','521540',1000.00,'2025-10-15 17:05:29','2025-10-15 17:05:29'),(3093,9,NULL,NULL,NULL,NULL,'4A:F0:CA:55:81:84','920608',1000.00,'2025-10-15 17:06:17','2025-10-15 17:06:17'),(3094,9,NULL,NULL,NULL,NULL,'4A:F0:CA:55:81:84','401417',1000.00,'2025-10-15 17:09:00','2025-10-15 17:09:00'),(3095,9,NULL,NULL,NULL,NULL,'86:C5:D3:62:1A:52','864447',1000.00,'2025-10-15 17:09:32','2025-10-15 17:09:32'),(3096,9,NULL,NULL,NULL,NULL,'86:C5:D3:62:1A:52','537852',1000.00,'2025-10-15 17:09:43','2025-10-15 17:09:43'),(3097,9,NULL,NULL,NULL,NULL,'86:C5:D3:62:1A:52','788374',1000.00,'2025-10-15 17:09:54','2025-10-15 17:09:54'),(3098,9,NULL,NULL,NULL,NULL,'86:C5:D3:62:1A:52','299456',1000.00,'2025-10-15 17:10:42','2025-10-15 17:10:42'),(3099,9,NULL,NULL,NULL,NULL,'86:C5:D3:62:1A:52','548682',1000.00,'2025-10-15 17:11:22','2025-10-15 17:11:22'),(3100,9,NULL,NULL,NULL,NULL,'4A:F0:CA:55:81:84','994637',1000.00,'2025-10-15 17:19:02','2025-10-15 17:19:02'),(3101,8,NULL,NULL,NULL,NULL,'86:87:D5:B9:81:15','898321',500.00,'2025-10-15 17:42:02','2025-10-15 17:42:02'),(3102,8,NULL,NULL,NULL,NULL,'86:87:D5:B9:81:15','224405',500.00,'2025-10-15 17:42:07','2025-10-15 17:42:07'),(3103,8,NULL,NULL,NULL,NULL,'86:87:D5:B9:81:15','367577',500.00,'2025-10-15 17:42:58','2025-10-15 17:42:58'),(3104,8,NULL,NULL,NULL,NULL,'86:87:D5:B9:81:15','736365',500.00,'2025-10-15 17:43:03','2025-10-15 17:43:03'),(3105,7,NULL,NULL,NULL,NULL,'22:F0:CA:D5:AF:FC','108659',300.00,'2025-10-15 17:59:24','2025-10-15 17:59:24'),(3107,9,NULL,NULL,NULL,NULL,'6E:9E:9A:B6:06:5A','702235',1000.00,'2025-10-15 18:02:58','2025-10-15 18:02:58'),(3108,9,NULL,NULL,NULL,NULL,'6E:9E:9A:B6:06:5A','203656',1000.00,'2025-10-15 18:03:03','2025-10-15 18:03:03'),(3110,23,NULL,NULL,NULL,NULL,'7E:A5:C8:0E:3C:6A','418961',15000.00,'2025-10-15 18:55:02','2025-10-15 18:55:02'),(3112,9,NULL,NULL,NULL,NULL,'6E:9E:9A:B6:06:5A','409536',1000.00,'2025-10-16 06:21:42','2025-10-16 06:21:42'),(3113,9,NULL,NULL,NULL,NULL,'6E:9E:9A:B6:06:5A','394365',1000.00,'2025-10-16 06:22:16','2025-10-16 06:22:16'),(3114,8,NULL,NULL,NULL,NULL,'EE:F7:43:4A:79:AC','638081',500.00,'2025-10-16 06:56:04','2025-10-16 06:56:04'),(3116,9,NULL,NULL,NULL,NULL,'FE:AC:AA:09:8B:E5','955467',1000.00,'2025-10-16 07:06:06','2025-10-16 07:06:06'),(3120,8,NULL,NULL,NULL,NULL,'BE:B3:CB:9E:09:DC','842853',500.00,'2025-10-16 07:16:59','2025-10-16 07:16:59'),(3121,8,NULL,NULL,NULL,NULL,'38:CA:73:72:CF:B0','092046',500.00,'2025-10-16 07:27:41','2025-10-16 07:27:41'),(3122,8,NULL,NULL,NULL,NULL,'38:CA:73:72:CF:B0','935947',500.00,'2025-10-16 07:28:26','2025-10-16 07:28:26'),(3123,8,NULL,NULL,NULL,NULL,'38:CA:73:72:CF:B0','251468',500.00,'2025-10-16 07:28:51','2025-10-16 07:28:51'),(3131,65,NULL,NULL,NULL,NULL,'36:8F:7C:4B:C8:0A','264081',500.00,'2025-10-16 10:55:20','2025-10-16 10:55:20'),(3132,126,NULL,NULL,NULL,NULL,'C6:3F:5D:7B:61:54','355911',30000.00,'2025-10-16 11:18:16','2025-10-16 11:18:16'),(3133,126,NULL,NULL,NULL,NULL,'C6:3F:5D:7B:61:54','244276',30000.00,'2025-10-16 11:18:28','2025-10-16 11:18:28'),(3135,8,NULL,NULL,NULL,NULL,'CE:D5:26:D6:BE:9F','928772',500.00,'2025-10-16 12:06:07','2025-10-16 12:06:07'),(3136,8,NULL,NULL,NULL,NULL,'CE:D5:26:D6:BE:9F','351357',500.00,'2025-10-16 12:08:08','2025-10-16 12:08:08'),(3139,6,NULL,NULL,NULL,NULL,'B6:28:6A:AF:47:B3','756301',210.00,'2025-10-16 13:20:42','2025-10-16 13:20:42'),(3143,7,NULL,NULL,NULL,NULL,'C2:90:68:DF:AC:2C','804680',300.00,'2025-10-16 14:33:05','2025-10-16 14:33:05'),(3144,7,NULL,NULL,NULL,NULL,'C2:90:68:DF:AC:2C','622723',300.00,'2025-10-16 14:33:15','2025-10-16 14:33:15'),(3145,7,NULL,NULL,NULL,NULL,'C2:90:68:DF:AC:2C','126548',300.00,'2025-10-16 14:34:02','2025-10-16 14:34:02'),(3149,121,NULL,NULL,NULL,NULL,'A0:C9:A0:9D:5B:F4','783656',1000.00,'2025-10-16 16:13:13','2025-10-16 16:13:13'),(3150,121,NULL,NULL,NULL,NULL,'A0:C9:A0:9D:5B:F4','405208',1000.00,'2025-10-16 16:19:04','2025-10-16 16:19:04'),(3151,121,NULL,NULL,NULL,NULL,'A0:C9:A0:9D:5B:F4','701634',1000.00,'2025-10-16 16:19:56','2025-10-16 16:19:56'),(3152,121,NULL,NULL,NULL,NULL,'A0:C9:A0:9D:5B:F4','031812',1000.00,'2025-10-16 16:21:25','2025-10-16 16:21:25'),(3153,8,NULL,NULL,NULL,NULL,'62:D2:99:2F:ED:99','766361',500.00,'2025-10-16 17:17:01','2025-10-16 17:17:01'),(3154,121,NULL,NULL,NULL,NULL,'A0:C9:A0:9D:5B:F4','665969',1000.00,'2025-10-16 17:21:10','2025-10-16 17:21:10'),(3155,121,NULL,NULL,NULL,NULL,'A0:C9:A0:9D:5B:F4','333442',1000.00,'2025-10-16 17:28:21','2025-10-16 17:28:21'),(3157,6,NULL,NULL,NULL,NULL,'46:A8:8D:A0:81:EC','254624',210.00,'2025-10-16 17:32:46','2025-10-16 17:32:46'),(3158,121,NULL,NULL,NULL,NULL,'0E:AE:4D:48:0A:82','596502',1000.00,'2025-10-16 17:40:16','2025-10-16 17:40:16'),(3159,121,NULL,NULL,NULL,NULL,'0E:AE:4D:48:0A:82','686694',1000.00,'2025-10-16 17:40:35','2025-10-16 17:40:35'),(3160,121,NULL,NULL,NULL,NULL,'0E:AE:4D:48:0A:82','636856',1000.00,'2025-10-16 17:40:47','2025-10-16 17:40:47'),(3161,121,NULL,NULL,NULL,NULL,'0E:AE:4D:48:0A:82','169259',1000.00,'2025-10-16 17:41:01','2025-10-16 17:41:01'),(3162,6,NULL,NULL,NULL,NULL,'86:87:D5:B9:81:15','608708',210.00,'2025-10-16 17:42:26','2025-10-16 17:42:26'),(3163,6,NULL,NULL,NULL,NULL,'92:85:32:EB:61:BE','818141',210.00,'2025-10-16 17:56:28','2025-10-16 17:56:28'),(3164,6,NULL,NULL,NULL,NULL,'92:85:32:EB:61:BE','423599',210.00,'2025-10-16 17:56:36','2025-10-16 17:56:36'),(3166,8,NULL,NULL,NULL,NULL,'A8:13:06:C0:4E:B3','209047',500.00,'2025-10-16 17:56:48','2025-10-16 17:56:48'),(3167,6,NULL,NULL,NULL,NULL,'92:85:32:EB:61:BE','656538',210.00,'2025-10-16 17:56:48','2025-10-16 17:56:48'),(3168,6,NULL,NULL,NULL,NULL,'92:85:32:EB:61:BE','835052',210.00,'2025-10-16 17:57:02','2025-10-16 17:57:02'),(3169,8,NULL,NULL,NULL,NULL,'A8:13:06:C0:4E:B3','115150',500.00,'2025-10-16 17:57:04','2025-10-16 17:57:04'),(3170,8,NULL,NULL,NULL,NULL,'A8:13:06:C0:4E:B3','713021',500.00,'2025-10-16 17:57:14','2025-10-16 17:57:14'),(3171,8,NULL,NULL,NULL,NULL,'A8:13:06:C0:4E:B3','033789',500.00,'2025-10-16 17:57:29','2025-10-16 17:57:29'),(3172,6,NULL,NULL,NULL,NULL,'92:85:32:EB:61:BE','687072',210.00,'2025-10-16 17:57:46','2025-10-16 17:57:46'),(3173,6,NULL,NULL,NULL,NULL,'92:85:32:EB:61:BE','438563',210.00,'2025-10-16 17:57:52','2025-10-16 17:57:52'),(3175,7,NULL,NULL,NULL,NULL,'22:F0:CA:D5:AF:FC','223945',300.00,'2025-10-16 17:58:07','2025-10-16 17:58:07'),(3177,8,NULL,NULL,NULL,NULL,'A8:13:06:C0:4E:B3','438367',500.00,'2025-10-16 17:58:35','2025-10-16 17:58:35'),(3179,6,NULL,NULL,NULL,NULL,'92:85:32:EB:61:BE','673310',210.00,'2025-10-16 18:14:54','2025-10-16 18:14:54'),(3180,6,NULL,NULL,NULL,NULL,'92:85:32:EB:61:BE','581583',210.00,'2025-10-16 18:15:04','2025-10-16 18:15:04'),(3181,6,NULL,NULL,NULL,NULL,'92:85:32:EB:61:BE','273924',210.00,'2025-10-16 18:15:19','2025-10-16 18:15:19'),(3182,6,NULL,NULL,NULL,NULL,'1E:DF:38:42:C7:60','177152',210.00,'2025-10-16 18:16:29','2025-10-16 18:16:29'),(3184,6,NULL,NULL,NULL,NULL,'1E:DF:38:42:C7:60','268032',210.00,'2025-10-16 18:17:17','2025-10-16 18:17:17'),(3185,6,NULL,NULL,NULL,NULL,'1E:DF:38:42:C7:60','445512',210.00,'2025-10-16 18:18:21','2025-10-16 18:18:21'),(3186,7,NULL,NULL,NULL,NULL,'1E:DF:38:42:C7:60','131684',300.00,'2025-10-16 18:24:06','2025-10-16 18:24:06'),(3187,9,NULL,NULL,NULL,NULL,'86:87:D5:B9:81:15','550592',1000.00,'2025-10-16 18:26:14','2025-10-16 18:26:14'),(3189,121,NULL,NULL,NULL,NULL,'0E:86:DD:73:03:D3','667583',1000.00,'2025-10-16 19:05:09','2025-10-16 19:05:09'),(3190,121,NULL,NULL,NULL,NULL,'0E:86:DD:73:03:D3','000270',1000.00,'2025-10-16 19:05:29','2025-10-16 19:05:29'),(3192,8,NULL,NULL,NULL,NULL,'CA:AB:0C:3B:E0:FC','942156',500.00,'2025-10-16 19:09:17','2025-10-16 19:09:17'),(3196,8,NULL,NULL,NULL,NULL,'BE:B3:CB:9E:09:DC','190063',500.00,'2025-10-16 19:22:09','2025-10-16 19:22:09'),(3197,8,NULL,NULL,NULL,NULL,'42:CC:90:DA:81:CB','275652',500.00,'2025-10-16 19:49:25','2025-10-16 19:49:25'),(3198,8,NULL,NULL,NULL,NULL,'92:85:32:EB:61:BE','279328',500.00,'2025-10-16 19:52:20','2025-10-16 19:52:20'),(3199,8,NULL,NULL,NULL,NULL,'92:85:32:EB:61:BE','237470',500.00,'2025-10-16 19:52:27','2025-10-16 19:52:27'),(3200,8,NULL,NULL,NULL,NULL,'92:85:32:EB:61:BE','496751',500.00,'2025-10-16 19:53:07','2025-10-16 19:53:07'),(3201,9,NULL,NULL,NULL,NULL,'76:B4:55:80:75:CE','339997',1000.00,'2025-10-16 19:53:28','2025-10-16 19:53:28'),(3202,9,NULL,NULL,NULL,NULL,'76:B4:55:80:75:CE','035685',1000.00,'2025-10-16 19:54:41','2025-10-16 19:54:41'),(3203,8,NULL,NULL,NULL,NULL,'92:85:32:EB:61:BE','858710',500.00,'2025-10-16 19:55:17','2025-10-16 19:55:17'),(3204,9,NULL,NULL,NULL,NULL,'76:B4:55:80:75:CE','686171',1000.00,'2025-10-16 19:55:18','2025-10-16 19:55:18'),(3205,9,NULL,NULL,NULL,NULL,'76:B4:55:80:75:CE','518008',1000.00,'2025-10-16 19:55:31','2025-10-16 19:55:31'),(3206,8,NULL,NULL,NULL,NULL,'92:85:32:EB:61:BE','464621',500.00,'2025-10-16 19:56:23','2025-10-16 19:56:23'),(3207,8,NULL,NULL,NULL,NULL,'92:85:32:EB:61:BE','415692',500.00,'2025-10-16 19:59:17','2025-10-16 19:59:17'),(3208,8,NULL,NULL,NULL,NULL,'92:85:32:EB:61:BE','721785',500.00,'2025-10-16 19:59:27','2025-10-16 19:59:27'),(3209,8,NULL,NULL,NULL,NULL,'92:85:32:EB:61:BE','776790',500.00,'2025-10-16 19:59:30','2025-10-16 19:59:30'),(3210,8,NULL,NULL,NULL,NULL,'92:85:32:EB:61:BE','317570',500.00,'2025-10-16 20:00:49','2025-10-16 20:00:49'),(3211,8,NULL,NULL,NULL,NULL,'92:85:32:EB:61:BE','504832',500.00,'2025-10-16 20:00:57','2025-10-16 20:00:57'),(3212,8,NULL,NULL,NULL,NULL,'92:85:32:EB:61:BE','191172',500.00,'2025-10-16 20:01:06','2025-10-16 20:01:06'),(3213,8,NULL,NULL,NULL,NULL,'92:85:32:EB:61:BE','636811',500.00,'2025-10-16 20:01:19','2025-10-16 20:01:19'),(3214,8,NULL,NULL,NULL,NULL,'92:85:32:EB:61:BE','316528',500.00,'2025-10-16 20:01:25','2025-10-16 20:01:25'),(3215,8,NULL,NULL,NULL,NULL,'92:85:32:EB:61:BE','823839',500.00,'2025-10-16 20:01:41','2025-10-16 20:01:41'),(3216,8,NULL,NULL,NULL,NULL,'92:85:32:EB:61:BE','718808',500.00,'2025-10-16 20:01:50','2025-10-16 20:01:50'),(3217,7,NULL,NULL,NULL,NULL,'92:85:32:EB:61:BE','544342',300.00,'2025-10-16 20:02:23','2025-10-16 20:02:23'),(3218,7,NULL,NULL,NULL,NULL,'92:85:32:EB:61:BE','728351',300.00,'2025-10-16 20:02:29','2025-10-16 20:02:29'),(3219,7,NULL,NULL,NULL,NULL,'92:85:32:EB:61:BE','690975',300.00,'2025-10-16 20:02:43','2025-10-16 20:02:43'),(3220,8,NULL,NULL,NULL,NULL,'92:85:32:EB:61:BE','891485',500.00,'2025-10-16 20:04:04','2025-10-16 20:04:04'),(3221,8,NULL,NULL,NULL,NULL,'92:85:32:EB:61:BE','932052',500.00,'2025-10-16 20:04:11','2025-10-16 20:04:11'),(3222,8,NULL,NULL,NULL,NULL,'92:85:32:EB:61:BE','748368',500.00,'2025-10-16 20:04:32','2025-10-16 20:04:32'),(3223,8,NULL,NULL,NULL,NULL,'92:85:32:EB:61:BE','543447',500.00,'2025-10-16 20:04:39','2025-10-16 20:04:39'),(3224,8,NULL,NULL,NULL,NULL,'92:85:32:EB:61:BE','123325',500.00,'2025-10-16 20:04:45','2025-10-16 20:04:45'),(3225,8,NULL,NULL,NULL,NULL,'92:85:32:EB:61:BE','010039',500.00,'2025-10-16 20:04:50','2025-10-16 20:04:50'),(3226,8,NULL,NULL,NULL,NULL,'92:85:32:EB:61:BE','734543',500.00,'2025-10-16 20:04:54','2025-10-16 20:04:54'),(3227,8,NULL,NULL,NULL,NULL,'92:85:32:EB:61:BE','792593',500.00,'2025-10-16 20:05:02','2025-10-16 20:05:02'),(3228,8,NULL,NULL,NULL,NULL,'92:85:32:EB:61:BE','494183',500.00,'2025-10-16 20:05:21','2025-10-16 20:05:21'),(3229,8,NULL,NULL,NULL,NULL,'92:85:32:EB:61:BE','965370',500.00,'2025-10-16 20:06:07','2025-10-16 20:06:07'),(3230,8,NULL,NULL,NULL,NULL,'92:85:32:EB:61:BE','946223',500.00,'2025-10-16 20:07:27','2025-10-16 20:07:27'),(3231,8,NULL,NULL,NULL,NULL,'92:85:32:EB:61:BE','090091',500.00,'2025-10-16 20:07:49','2025-10-16 20:07:49'),(3232,8,NULL,NULL,NULL,NULL,'92:85:32:EB:61:BE','087158',500.00,'2025-10-16 20:08:02','2025-10-16 20:08:02'),(3233,8,NULL,NULL,NULL,NULL,'92:85:32:EB:61:BE','161279',500.00,'2025-10-16 20:09:34','2025-10-16 20:09:34'),(3234,8,NULL,NULL,NULL,NULL,'92:85:32:EB:61:BE','153254',500.00,'2025-10-16 20:09:44','2025-10-16 20:09:44'),(3235,8,NULL,NULL,NULL,NULL,'92:85:32:EB:61:BE','295612',500.00,'2025-10-16 20:34:55','2025-10-16 20:34:55'),(3236,8,NULL,NULL,NULL,NULL,'92:85:32:EB:61:BE','900981',500.00,'2025-10-16 20:35:02','2025-10-16 20:35:02'),(3237,8,NULL,NULL,NULL,NULL,'92:85:32:EB:61:BE','944584',500.00,'2025-10-16 20:53:54','2025-10-16 20:53:54'),(3238,8,NULL,NULL,NULL,NULL,'92:85:32:EB:61:BE','528471',500.00,'2025-10-16 20:54:01','2025-10-16 20:54:01'),(3239,9,NULL,NULL,NULL,NULL,'12:3F:E4:20:8A:DC','098392',1000.00,'2025-10-16 20:54:53','2025-10-16 20:54:53'),(3241,8,NULL,NULL,NULL,NULL,'76:37:43:48:70:A8','348135',500.00,'2025-10-16 20:57:21','2025-10-16 20:57:21'),(3244,142,NULL,NULL,NULL,NULL,'26:C9:7C:1C:01:D2','567085',20000.00,'2025-10-16 21:45:11','2025-10-16 21:45:11'),(3245,8,NULL,NULL,NULL,NULL,'F2:65:ED:BF:19:CD','950269',500.00,'2025-10-16 22:13:20','2025-10-16 22:13:20'),(3251,8,NULL,NULL,NULL,NULL,'EE:20:C1:F6:95:D2','982220',500.00,'2025-10-17 08:10:44','2025-10-17 08:10:44'),(3253,9,NULL,NULL,NULL,NULL,'FE:AC:AA:09:8B:E5','753430',1000.00,'2025-10-17 08:26:40','2025-10-17 08:26:40'),(3254,8,NULL,NULL,NULL,NULL,'BE:B3:CB:9E:09:DC','595399',500.00,'2025-10-17 08:27:03','2025-10-17 08:27:03'),(3255,8,NULL,NULL,NULL,NULL,'BE:B3:CB:9E:09:DC','234423',500.00,'2025-10-17 08:27:17','2025-10-17 08:27:17'),(3256,8,NULL,NULL,NULL,NULL,'BE:B3:CB:9E:09:DC','472495',500.00,'2025-10-17 08:27:36','2025-10-17 08:27:36'),(3257,9,NULL,NULL,NULL,NULL,'FE:AC:AA:09:8B:E5','698680',1000.00,'2025-10-17 08:33:17','2025-10-17 08:33:17'),(3259,81,NULL,NULL,NULL,NULL,'EA:D2:38:B3:A2:07','774858',600.00,'2025-10-17 09:23:04','2025-10-17 09:23:04'),(3260,81,NULL,NULL,NULL,NULL,'EA:D2:38:B3:A2:07','832332',600.00,'2025-10-17 09:23:11','2025-10-17 09:23:11'),(3261,81,NULL,NULL,NULL,NULL,'EA:D2:38:B3:A2:07','631299',600.00,'2025-10-17 09:23:16','2025-10-17 09:23:16'),(3262,81,NULL,NULL,NULL,NULL,'EA:D2:38:B3:A2:07','111079',600.00,'2025-10-17 09:23:35','2025-10-17 09:23:35'),(3263,81,NULL,NULL,NULL,NULL,'EA:D2:38:B3:A2:07','811825',600.00,'2025-10-17 09:23:40','2025-10-17 09:23:40'),(3264,81,NULL,NULL,NULL,NULL,'EA:D2:38:B3:A2:07','201685',600.00,'2025-10-17 09:23:44','2025-10-17 09:23:44'),(3265,81,NULL,NULL,NULL,NULL,'EA:D2:38:B3:A2:07','813048',600.00,'2025-10-17 09:23:48','2025-10-17 09:23:48'),(3266,81,NULL,NULL,NULL,NULL,'EA:D2:38:B3:A2:07','124983',600.00,'2025-10-17 09:24:09','2025-10-17 09:24:09'),(3267,7,NULL,NULL,NULL,NULL,'EE:27:90:CF:93:40','633059',300.00,'2025-10-17 09:38:19','2025-10-17 09:38:19'),(3268,7,NULL,NULL,NULL,NULL,'EE:27:90:CF:93:40','613255',300.00,'2025-10-17 09:38:26','2025-10-17 09:38:26'),(3270,8,NULL,NULL,NULL,NULL,'BE:B3:CB:9E:09:DC','763432',500.00,'2025-10-17 10:02:05','2025-10-17 10:02:05'),(3271,81,NULL,NULL,NULL,NULL,'0A:F9:74:EB:A1:66','213342',600.00,'2025-10-17 10:02:18','2025-10-17 10:02:18'),(3272,81,NULL,NULL,NULL,NULL,'0A:F9:74:EB:A1:66','552061',600.00,'2025-10-17 10:02:24','2025-10-17 10:02:24'),(3274,96,NULL,NULL,NULL,NULL,'0E:AB:19:C4:3B:C9','324612',1500.00,'2025-10-17 10:54:37','2025-10-17 10:54:37'),(3275,96,NULL,NULL,NULL,NULL,'0E:AB:19:C4:3B:C9','079383',1500.00,'2025-10-17 10:54:42','2025-10-17 10:54:42'),(3278,9,NULL,NULL,NULL,NULL,'0A:47:1B:5E:1E:BC','008421',1000.00,'2025-10-17 11:43:15','2025-10-17 11:43:15'),(3279,9,NULL,NULL,NULL,NULL,'0A:47:1B:5E:1E:BC','429076',1000.00,'2025-10-17 11:43:21','2025-10-17 11:43:21'),(3280,9,NULL,NULL,NULL,NULL,'0A:47:1B:5E:1E:BC','614352',1000.00,'2025-10-17 11:43:34','2025-10-17 11:43:34'),(3281,9,NULL,NULL,NULL,NULL,'0A:47:1B:5E:1E:BC','286581',1000.00,'2025-10-17 11:43:46','2025-10-17 11:43:46'),(3282,9,NULL,NULL,NULL,NULL,'0A:47:1B:5E:1E:BC','696003',1000.00,'2025-10-17 11:44:12','2025-10-17 11:44:12'),(3283,9,NULL,NULL,NULL,NULL,'0A:47:1B:5E:1E:BC','509006',1000.00,'2025-10-17 11:44:18','2025-10-17 11:44:18'),(3284,9,NULL,NULL,NULL,NULL,'0A:47:1B:5E:1E:BC','098601',1000.00,'2025-10-17 11:44:40','2025-10-17 11:44:40'),(3285,9,NULL,NULL,NULL,NULL,'0A:47:1B:5E:1E:BC','567501',1000.00,'2025-10-17 11:44:46','2025-10-17 11:44:46'),(3286,9,NULL,NULL,NULL,NULL,'0A:47:1B:5E:1E:BC','011832',1000.00,'2025-10-17 11:44:56','2025-10-17 11:44:56'),(3287,9,NULL,NULL,NULL,NULL,'0A:47:1B:5E:1E:BC','576338',1000.00,'2025-10-17 11:45:00','2025-10-17 11:45:00'),(3288,9,NULL,NULL,NULL,NULL,'0A:47:1B:5E:1E:BC','359121',1000.00,'2025-10-17 11:45:04','2025-10-17 11:45:04'),(3289,9,NULL,NULL,NULL,NULL,'0A:47:1B:5E:1E:BC','336444',1000.00,'2025-10-17 11:45:10','2025-10-17 11:45:10'),(3290,9,NULL,NULL,NULL,NULL,'0A:47:1B:5E:1E:BC','648462',1000.00,'2025-10-17 11:45:15','2025-10-17 11:45:15'),(3291,9,NULL,NULL,NULL,NULL,'0A:47:1B:5E:1E:BC','834583',1000.00,'2025-10-17 11:45:19','2025-10-17 11:45:19'),(3292,9,NULL,NULL,NULL,NULL,'0A:47:1B:5E:1E:BC','992621',1000.00,'2025-10-17 11:45:29','2025-10-17 11:45:29'),(3293,9,NULL,NULL,NULL,NULL,'0A:47:1B:5E:1E:BC','840207',1000.00,'2025-10-17 11:45:42','2025-10-17 11:45:42'),(3294,9,NULL,NULL,NULL,NULL,'0A:47:1B:5E:1E:BC','665348',1000.00,'2025-10-17 11:45:52','2025-10-17 11:45:52'),(3295,9,NULL,NULL,NULL,NULL,'0A:47:1B:5E:1E:BC','748504',1000.00,'2025-10-17 11:45:56','2025-10-17 11:45:56'),(3296,9,NULL,NULL,NULL,NULL,'0A:47:1B:5E:1E:BC','213688',1000.00,'2025-10-17 11:46:00','2025-10-17 11:46:00'),(3297,9,NULL,NULL,NULL,NULL,'0A:47:1B:5E:1E:BC','080626',1000.00,'2025-10-17 11:46:04','2025-10-17 11:46:04'),(3299,72,NULL,NULL,NULL,NULL,'14:09:DC:07:3E:A9','142441',5500.00,'2025-10-17 13:01:06','2025-10-17 13:01:06'),(3300,72,NULL,NULL,NULL,NULL,'14:09:DC:07:3E:A9','804953',5500.00,'2025-10-17 13:01:26','2025-10-17 13:01:26'),(3301,72,NULL,NULL,NULL,NULL,'14:09:DC:07:3E:A9','644419',5500.00,'2025-10-17 13:04:39','2025-10-17 13:04:39'),(3302,72,NULL,NULL,NULL,NULL,'14:09:DC:07:3E:A9','459732',5500.00,'2025-10-17 13:11:45','2025-10-17 13:11:45'),(3304,72,NULL,NULL,NULL,NULL,'14:09:DC:07:3E:A9','466005',5500.00,'2025-10-17 13:12:33','2025-10-17 13:12:33'),(3307,6,NULL,NULL,NULL,NULL,'A8:13:06:C0:4E:B3','516057',210.00,'2025-10-17 13:29:50','2025-10-17 13:29:50'),(3308,7,NULL,NULL,NULL,NULL,'B6:EC:CB:14:C9:A6','227540',300.00,'2025-10-17 13:47:47','2025-10-17 13:47:47'),(3310,121,NULL,NULL,NULL,NULL,'A0:C9:A0:9D:5B:F4','679531',1000.00,'2025-10-17 14:18:19','2025-10-17 14:18:19'),(3311,121,NULL,NULL,NULL,NULL,'A0:C9:A0:9D:5B:F4','342478',1000.00,'2025-10-17 14:18:50','2025-10-17 14:18:50'),(3312,7,NULL,NULL,NULL,NULL,'4E:36:D4:CB:59:EA','109280',300.00,'2025-10-17 15:00:07','2025-10-17 15:00:07'),(3313,7,NULL,NULL,NULL,NULL,'4E:36:D4:CB:59:EA','842174',300.00,'2025-10-17 15:00:20','2025-10-17 15:00:20'),(3314,7,NULL,NULL,NULL,NULL,'4E:36:D4:CB:59:EA','919429',300.00,'2025-10-17 15:00:39','2025-10-17 15:00:39'),(3315,7,NULL,NULL,NULL,NULL,'4E:36:D4:CB:59:EA','564014',300.00,'2025-10-17 15:00:52','2025-10-17 15:00:52'),(3316,7,NULL,NULL,NULL,NULL,'4E:36:D4:CB:59:EA','582361',300.00,'2025-10-17 15:12:42','2025-10-17 15:12:42'),(3317,7,NULL,NULL,NULL,NULL,'4E:36:D4:CB:59:EA','016376',300.00,'2025-10-17 15:12:52','2025-10-17 15:12:52'),(3318,7,NULL,NULL,NULL,NULL,'4E:36:D4:CB:59:EA','343772',300.00,'2025-10-17 15:12:57','2025-10-17 15:12:57'),(3319,7,NULL,NULL,NULL,NULL,'4E:36:D4:CB:59:EA','027027',300.00,'2025-10-17 15:13:04','2025-10-17 15:13:04'),(3320,7,NULL,NULL,NULL,NULL,'4E:36:D4:CB:59:EA','234222',300.00,'2025-10-17 15:13:15','2025-10-17 15:13:15'),(3321,9,NULL,NULL,NULL,NULL,'0A:00:F5:20:D1:35','012109',1000.00,'2025-10-17 15:14:41','2025-10-23 21:32:08'),(3322,6,NULL,NULL,NULL,NULL,'4E:36:D4:CB:59:EA','524702',210.00,'2025-10-17 15:17:59','2025-10-17 15:17:59'),(3323,6,NULL,NULL,NULL,NULL,'4E:36:D4:CB:59:EA','289884',210.00,'2025-10-17 15:18:08','2025-10-17 15:18:08'),(3324,6,NULL,NULL,NULL,NULL,'4E:36:D4:CB:59:EA','769993',210.00,'2025-10-17 15:19:50','2025-10-17 15:19:50'),(3325,7,NULL,NULL,NULL,NULL,'4E:36:D4:CB:59:EA','489741',300.00,'2025-10-17 16:58:18','2025-10-17 16:58:18'),(3326,7,NULL,NULL,NULL,NULL,'4E:36:D4:CB:59:EA','606714',300.00,'2025-10-17 16:58:26','2025-10-17 16:58:26'),(3327,7,NULL,NULL,NULL,NULL,'4E:36:D4:CB:59:EA','431471',300.00,'2025-10-17 16:58:35','2025-10-17 16:58:35'),(3328,7,NULL,NULL,NULL,NULL,'4E:36:D4:CB:59:EA','186974',300.00,'2025-10-17 16:58:57','2025-10-17 16:58:57'),(3329,7,NULL,NULL,NULL,NULL,'4E:36:D4:CB:59:EA','771469',300.00,'2025-10-17 16:59:26','2025-10-17 16:59:26'),(3330,7,NULL,NULL,NULL,NULL,'4E:36:D4:CB:59:EA','589694',300.00,'2025-10-17 16:59:32','2025-10-17 16:59:32'),(3331,7,NULL,NULL,NULL,NULL,'1A:70:0B:B3:95:02','039987',300.00,'2025-10-17 17:02:47','2025-10-17 17:02:47'),(3332,7,NULL,NULL,NULL,NULL,'1A:70:0B:B3:95:02','724341',300.00,'2025-10-17 17:03:03','2025-10-17 17:03:03'),(3333,7,NULL,NULL,NULL,NULL,'1A:70:0B:B3:95:02','512988',300.00,'2025-10-17 17:03:12','2025-10-17 17:03:12'),(3334,7,NULL,NULL,NULL,NULL,'1A:70:0B:B3:95:02','174459',300.00,'2025-10-17 17:03:17','2025-10-17 17:03:17'),(3335,139,NULL,NULL,NULL,NULL,'D8:1E:DD:1C:FA:7B','019331',500.00,'2025-10-17 17:26:20','2025-10-17 17:26:20'),(3336,8,NULL,NULL,NULL,NULL,'86:C5:D3:62:1A:52','816412',500.00,'2025-10-17 18:14:43','2025-10-17 18:14:43'),(3337,8,NULL,NULL,NULL,NULL,'86:C5:D3:62:1A:52','915272',500.00,'2025-10-17 18:15:45','2025-10-17 18:15:45'),(3342,70,NULL,NULL,NULL,NULL,'56:C2:6F:7E:1A:50','992089',1000.00,'2025-10-17 18:40:57','2025-10-17 18:40:57'),(3343,70,NULL,NULL,NULL,NULL,'56:C2:6F:7E:1A:50','200762',1000.00,'2025-10-17 18:42:36','2025-10-17 18:42:36'),(3344,7,NULL,NULL,NULL,NULL,'EE:27:90:CF:93:40','918906',300.00,'2025-10-17 19:02:27','2025-10-17 19:02:27'),(3345,8,NULL,NULL,NULL,NULL,'1A:FA:73:E9:FA:23','769130',500.00,'2025-10-17 19:19:13','2025-10-17 19:19:13'),(3346,8,NULL,NULL,NULL,NULL,'1A:FA:73:E9:FA:23','497394',500.00,'2025-10-17 19:19:30','2025-10-17 19:19:30'),(3347,8,NULL,NULL,NULL,NULL,'1A:FA:73:E9:FA:23','205070',500.00,'2025-10-17 19:20:04','2025-10-17 19:20:04'),(3348,8,NULL,NULL,NULL,NULL,'1A:FA:73:E9:FA:23','812576',500.00,'2025-10-17 19:20:35','2025-10-17 19:20:35'),(3349,8,NULL,NULL,NULL,NULL,'1A:FA:73:E9:FA:23','952925',500.00,'2025-10-17 19:20:48','2025-10-17 19:20:48'),(3350,8,NULL,NULL,NULL,NULL,'1A:FA:73:E9:FA:23','171453',500.00,'2025-10-17 19:20:55','2025-10-17 19:20:55'),(3351,8,NULL,NULL,NULL,NULL,'1A:FA:73:E9:FA:23','080416',500.00,'2025-10-17 19:21:02','2025-10-17 19:21:02'),(3352,8,NULL,NULL,NULL,NULL,'1A:FA:73:E9:FA:23','052812',500.00,'2025-10-17 19:21:11','2025-10-17 19:21:11'),(3353,8,NULL,NULL,NULL,NULL,'1A:FA:73:E9:FA:23','503738',500.00,'2025-10-17 19:21:31','2025-10-17 19:21:31'),(3354,8,NULL,NULL,NULL,NULL,'1A:FA:73:E9:FA:23','522189',500.00,'2025-10-17 19:21:51','2025-10-17 19:21:51'),(3355,8,NULL,NULL,NULL,NULL,'1A:FA:73:E9:FA:23','697029',500.00,'2025-10-17 19:22:13','2025-10-17 19:22:13'),(3356,8,NULL,NULL,NULL,NULL,'1A:FA:73:E9:FA:23','470383',500.00,'2025-10-17 19:22:20','2025-10-17 19:22:20'),(3357,8,NULL,NULL,NULL,NULL,'1A:FA:73:E9:FA:23','784904',500.00,'2025-10-17 19:23:32','2025-10-17 19:23:32'),(3358,8,NULL,NULL,NULL,NULL,'1A:FA:73:E9:FA:23','123630',500.00,'2025-10-17 19:24:17','2025-10-17 19:24:17'),(3359,7,NULL,NULL,NULL,NULL,'F6:E9:A8:B2:71:EC','269709',300.00,'2025-10-17 19:25:57','2025-10-17 19:25:57'),(3360,7,NULL,NULL,NULL,NULL,'F6:E9:A8:B2:71:EC','058981',300.00,'2025-10-17 19:26:09','2025-10-17 19:26:09'),(3361,8,NULL,NULL,NULL,NULL,'1A:FA:73:E9:FA:23','504032',500.00,'2025-10-17 19:26:20','2025-10-17 19:26:20'),(3362,7,NULL,NULL,NULL,NULL,'F6:E9:A8:B2:71:EC','344755',300.00,'2025-10-17 19:26:22','2025-10-17 19:26:22'),(3363,7,NULL,NULL,NULL,NULL,'F6:E9:A8:B2:71:EC','071044',300.00,'2025-10-17 19:26:30','2025-10-17 19:26:30'),(3364,7,NULL,NULL,NULL,NULL,'F6:E9:A8:B2:71:EC','437730',300.00,'2025-10-17 19:27:12','2025-10-17 19:27:12'),(3365,8,NULL,NULL,NULL,NULL,'F6:E9:A8:B2:71:EC','162865',500.00,'2025-10-17 19:28:02','2025-10-17 19:28:02'),(3366,8,NULL,NULL,NULL,NULL,'F6:E9:A8:B2:71:EC','842901',500.00,'2025-10-17 19:28:07','2025-10-17 19:28:07'),(3367,8,NULL,NULL,NULL,NULL,'F6:E9:A8:B2:71:EC','559351',500.00,'2025-10-17 19:28:13','2025-10-17 19:28:13'),(3368,8,NULL,NULL,NULL,NULL,'F6:E9:A8:B2:71:EC','941466',500.00,'2025-10-17 19:28:32','2025-10-17 19:28:32'),(3369,8,NULL,NULL,NULL,NULL,'F6:E9:A8:B2:71:EC','909920',500.00,'2025-10-17 19:28:41','2025-10-17 19:28:41'),(3370,8,NULL,NULL,NULL,NULL,'F6:E9:A8:B2:71:EC','945316',500.00,'2025-10-17 19:28:47','2025-10-17 19:28:47'),(3371,8,NULL,NULL,NULL,NULL,'C2:90:68:DF:AC:2C','647729',500.00,'2025-10-17 19:38:58','2025-10-17 19:38:58'),(3372,8,NULL,NULL,NULL,NULL,'C2:90:68:DF:AC:2C','228785',500.00,'2025-10-17 19:39:09','2025-10-17 19:39:09'),(3373,8,NULL,NULL,NULL,NULL,'C2:90:68:DF:AC:2C','863465',500.00,'2025-10-17 19:39:16','2025-10-17 19:39:16'),(3374,8,NULL,NULL,NULL,NULL,'C2:90:68:DF:AC:2C','849769',500.00,'2025-10-17 19:39:24','2025-10-17 19:39:24'),(3375,8,NULL,NULL,NULL,NULL,'C2:90:68:DF:AC:2C','852192',500.00,'2025-10-17 19:39:36','2025-10-17 19:39:36'),(3376,8,NULL,NULL,NULL,NULL,'C2:90:68:DF:AC:2C','318739',500.00,'2025-10-17 19:39:43','2025-10-17 19:39:43'),(3377,8,NULL,NULL,NULL,NULL,'72:5B:F0:4A:F7:74','427710',500.00,'2025-10-17 19:48:08','2025-10-17 19:48:08'),(3378,8,NULL,NULL,NULL,NULL,'72:5B:F0:4A:F7:74','298628',500.00,'2025-10-17 19:49:06','2025-10-17 19:49:06'),(3379,8,NULL,NULL,NULL,NULL,'72:5B:F0:4A:F7:74','842784',500.00,'2025-10-17 19:49:17','2025-10-17 19:49:17'),(3380,8,NULL,NULL,NULL,NULL,'72:5B:F0:4A:F7:74','726039',500.00,'2025-10-17 19:49:43','2025-10-17 19:49:43'),(3381,8,NULL,NULL,NULL,NULL,'72:5B:F0:4A:F7:74','761919',500.00,'2025-10-17 19:50:14','2025-10-17 19:50:14'),(3382,8,NULL,NULL,NULL,NULL,'06:04:75:A8:AE:04','530414',500.00,'2025-10-17 19:50:45','2025-10-17 19:50:45'),(3383,8,NULL,NULL,NULL,NULL,'06:04:75:A8:AE:04','046380',500.00,'2025-10-17 19:51:49','2025-10-17 19:51:49'),(3384,9,NULL,NULL,NULL,NULL,'30:FC:EB:7A:0C:90','454618',1000.00,'2025-10-17 19:56:45','2025-10-17 19:56:45'),(3385,9,NULL,NULL,NULL,NULL,'30:FC:EB:7A:0C:90','829082',1000.00,'2025-10-17 19:57:04','2025-10-17 19:57:04'),(3386,8,NULL,NULL,NULL,NULL,'F6:E9:A8:B2:71:EC','773306',500.00,'2025-10-17 20:16:48','2025-10-17 20:16:48'),(3387,8,NULL,NULL,NULL,NULL,'1A:FA:73:E9:FA:23','894161',500.00,'2025-10-17 20:18:59','2025-10-17 20:18:59'),(3388,8,NULL,NULL,NULL,NULL,'06:04:75:A8:AE:04','843308',500.00,'2025-10-17 21:05:13','2025-10-17 21:05:13'),(3389,8,NULL,NULL,NULL,NULL,'06:04:75:A8:AE:04','340217',500.00,'2025-10-17 21:05:40','2025-10-17 21:05:40'),(3390,8,NULL,NULL,NULL,NULL,'06:04:75:A8:AE:04','475268',500.00,'2025-10-17 21:05:55','2025-10-17 21:05:55'),(3391,8,NULL,NULL,NULL,NULL,'06:04:75:A8:AE:04','843706',500.00,'2025-10-17 21:06:17','2025-10-17 21:06:17'),(3392,8,NULL,NULL,NULL,NULL,'06:04:75:A8:AE:04','624952',500.00,'2025-10-17 21:07:43','2025-10-17 21:07:43'),(3393,8,NULL,NULL,NULL,NULL,'06:04:75:A8:AE:04','992269',500.00,'2025-10-17 21:07:55','2025-10-17 21:07:55'),(3394,8,NULL,NULL,NULL,NULL,'06:04:75:A8:AE:04','725349',500.00,'2025-10-17 21:08:04','2025-10-17 21:08:04'),(3395,8,NULL,NULL,NULL,NULL,'06:04:75:A8:AE:04','377723',500.00,'2025-10-17 21:08:15','2025-10-17 21:08:15'),(3396,8,NULL,NULL,NULL,NULL,'06:04:75:A8:AE:04','919761',500.00,'2025-10-17 21:08:57','2025-10-17 21:08:57'),(3397,8,NULL,NULL,NULL,NULL,'06:04:75:A8:AE:04','937875',500.00,'2025-10-17 21:09:24','2025-10-17 21:09:24'),(3398,8,NULL,NULL,NULL,NULL,'06:04:75:A8:AE:04','254338',500.00,'2025-10-17 21:09:37','2025-10-17 21:09:37'),(3399,8,NULL,NULL,NULL,NULL,'06:04:75:A8:AE:04','782503',500.00,'2025-10-17 21:09:51','2025-10-17 21:09:51'),(3400,8,NULL,NULL,NULL,NULL,'06:04:75:A8:AE:04','801355',500.00,'2025-10-17 21:09:56','2025-10-17 21:09:56'),(3401,8,NULL,NULL,NULL,NULL,'06:04:75:A8:AE:04','584439',500.00,'2025-10-17 21:10:06','2025-10-17 21:10:06'),(3402,8,NULL,NULL,NULL,NULL,'06:04:75:A8:AE:04','295170',500.00,'2025-10-17 21:10:18','2025-10-17 21:10:18'),(3403,8,NULL,NULL,NULL,NULL,'06:04:75:A8:AE:04','503827',500.00,'2025-10-17 21:10:25','2025-10-17 21:10:25'),(3404,8,NULL,NULL,NULL,NULL,'76:37:43:48:70:A8','238593',500.00,'2025-10-17 21:15:35','2025-10-17 21:15:35'),(3405,8,NULL,NULL,NULL,NULL,'76:37:43:48:70:A8','266484',500.00,'2025-10-17 21:15:52','2025-10-17 21:15:52'),(3406,8,NULL,NULL,NULL,NULL,'76:37:43:48:70:A8','143330',500.00,'2025-10-17 21:16:00','2025-10-17 21:16:00'),(3407,8,NULL,NULL,NULL,NULL,'76:37:43:48:70:A8','667828',500.00,'2025-10-17 21:16:07','2025-10-17 21:16:07'),(3408,8,NULL,NULL,NULL,NULL,'76:37:43:48:70:A8','134114',500.00,'2025-10-17 21:16:17','2025-10-17 21:16:17'),(3409,8,NULL,NULL,NULL,NULL,'76:37:43:48:70:A8','629794',500.00,'2025-10-17 21:16:28','2025-10-17 21:16:28'),(3410,8,NULL,NULL,NULL,NULL,'76:37:43:48:70:A8','713524',500.00,'2025-10-17 21:16:44','2025-10-17 21:16:44'),(3411,8,NULL,NULL,NULL,NULL,'76:37:43:48:70:A8','603588',500.00,'2025-10-17 21:16:55','2025-10-17 21:16:55'),(3412,8,NULL,NULL,NULL,NULL,'76:37:43:48:70:A8','547514',500.00,'2025-10-17 21:18:44','2025-10-17 21:18:44'),(3413,8,NULL,NULL,NULL,NULL,'76:37:43:48:70:A8','750122',500.00,'2025-10-17 21:19:04','2025-10-17 21:19:04'),(3414,8,NULL,NULL,NULL,NULL,'76:37:43:48:70:A8','385857',500.00,'2025-10-17 21:19:17','2025-10-17 21:19:17'),(3415,8,NULL,NULL,NULL,NULL,'76:37:43:48:70:A8','261298',500.00,'2025-10-17 21:19:20','2025-10-17 21:19:20'),(3416,8,NULL,NULL,NULL,NULL,'76:37:43:48:70:A8','583052',500.00,'2025-10-17 21:19:26','2025-10-17 21:19:26'),(3417,8,NULL,NULL,NULL,NULL,'76:37:43:48:70:A8','528693',500.00,'2025-10-17 21:19:35','2025-10-17 21:19:35'),(3418,8,NULL,NULL,NULL,NULL,'76:37:43:48:70:A8','208494',500.00,'2025-10-17 21:19:48','2025-10-17 21:19:48'),(3419,8,NULL,NULL,NULL,NULL,'76:37:43:48:70:A8','787355',500.00,'2025-10-17 21:19:58','2025-10-17 21:19:58'),(3420,8,NULL,NULL,NULL,NULL,'76:37:43:48:70:A8','229850',500.00,'2025-10-17 21:20:07','2025-10-17 21:20:07'),(3421,8,NULL,NULL,NULL,NULL,'76:37:43:48:70:A8','013188',500.00,'2025-10-17 21:20:15','2025-10-17 21:20:15'),(3422,8,NULL,NULL,NULL,NULL,'76:37:43:48:70:A8','769357',500.00,'2025-10-17 21:20:26','2025-10-17 21:20:26'),(3423,8,NULL,NULL,NULL,NULL,'76:37:43:48:70:A8','836500',500.00,'2025-10-17 21:20:39','2025-10-17 21:20:39'),(3424,8,NULL,NULL,NULL,NULL,'76:37:43:48:70:A8','100179',500.00,'2025-10-17 21:20:46','2025-10-17 21:20:46'),(3425,8,NULL,NULL,NULL,NULL,'76:37:43:48:70:A8','260688',500.00,'2025-10-17 21:21:05','2025-10-17 21:21:05'),(3426,8,NULL,NULL,NULL,NULL,'76:37:43:48:70:A8','919256',500.00,'2025-10-17 21:21:10','2025-10-17 21:21:10'),(3427,8,NULL,NULL,NULL,NULL,'76:37:43:48:70:A8','880818',500.00,'2025-10-17 21:21:35','2025-10-17 21:21:35'),(3428,8,NULL,NULL,NULL,NULL,'76:37:43:48:70:A8','904580',500.00,'2025-10-17 21:21:40','2025-10-17 21:21:40'),(3429,8,NULL,NULL,NULL,NULL,'76:37:43:48:70:A8','288151',500.00,'2025-10-17 21:21:47','2025-10-17 21:21:47'),(3430,8,NULL,NULL,NULL,NULL,'76:37:43:48:70:A8','307522',500.00,'2025-10-17 21:21:54','2025-10-17 21:21:54'),(3431,8,NULL,NULL,NULL,NULL,'76:37:43:48:70:A8','479004',500.00,'2025-10-17 21:22:02','2025-10-17 21:22:02'),(3432,8,NULL,NULL,NULL,NULL,'76:37:43:48:70:A8','335057',500.00,'2025-10-17 21:22:09','2025-10-17 21:22:09'),(3433,8,NULL,NULL,NULL,NULL,'76:37:43:48:70:A8','168545',500.00,'2025-10-17 21:22:37','2025-10-17 21:22:37'),(3434,8,NULL,NULL,NULL,NULL,'76:37:43:48:70:A8','543949',500.00,'2025-10-17 21:22:41','2025-10-17 21:22:41'),(3435,8,NULL,NULL,NULL,NULL,'76:37:43:48:70:A8','615173',500.00,'2025-10-17 21:22:51','2025-10-17 21:22:51'),(3436,8,NULL,NULL,NULL,NULL,'76:37:43:48:70:A8','472954',500.00,'2025-10-17 21:23:04','2025-10-17 21:23:04'),(3437,8,NULL,NULL,NULL,NULL,'76:37:43:48:70:A8','524804',500.00,'2025-10-17 21:23:14','2025-10-17 21:23:14'),(3438,8,NULL,NULL,NULL,NULL,'76:37:43:48:70:A8','831407',500.00,'2025-10-17 21:23:17','2025-10-17 21:23:17'),(3439,8,NULL,NULL,NULL,NULL,'76:37:43:48:70:A8','016867',500.00,'2025-10-17 21:23:30','2025-10-17 21:23:30'),(3440,8,NULL,NULL,NULL,NULL,'76:37:43:48:70:A8','035449',500.00,'2025-10-17 21:27:59','2025-10-17 21:27:59'),(3441,8,NULL,NULL,NULL,NULL,'76:37:43:48:70:A8','118410',500.00,'2025-10-17 21:28:04','2025-10-17 21:28:04'),(3442,8,NULL,NULL,NULL,NULL,'76:37:43:48:70:A8','674127',500.00,'2025-10-17 21:28:09','2025-10-17 21:28:09'),(3443,8,NULL,NULL,NULL,NULL,'76:37:43:48:70:A8','076294',500.00,'2025-10-17 21:28:14','2025-10-17 21:28:14'),(3444,8,NULL,NULL,NULL,NULL,'76:37:43:48:70:A8','429291',500.00,'2025-10-17 21:28:22','2025-10-17 21:28:22'),(3445,8,NULL,NULL,NULL,NULL,'76:37:43:48:70:A8','293642',500.00,'2025-10-17 21:28:30','2025-10-17 21:28:30'),(3446,8,NULL,NULL,NULL,NULL,'76:37:43:48:70:A8','703449',500.00,'2025-10-17 21:28:42','2025-10-17 21:28:42'),(3448,8,NULL,NULL,NULL,NULL,'76:37:43:48:70:A8','396946',500.00,'2025-10-17 21:28:50','2025-10-17 21:28:50'),(3449,8,NULL,NULL,NULL,NULL,'76:37:43:48:70:A8','054524',500.00,'2025-10-17 21:29:22','2025-10-17 21:29:22'),(3450,8,NULL,NULL,NULL,NULL,'76:37:43:48:70:A8','583527',500.00,'2025-10-17 21:29:33','2025-10-17 21:29:33'),(3451,8,NULL,NULL,NULL,NULL,'76:37:43:48:70:A8','759832',500.00,'2025-10-17 21:29:40','2025-10-17 21:29:40'),(3452,8,NULL,NULL,NULL,NULL,'76:37:43:48:70:A8','512893',500.00,'2025-10-17 21:29:49','2025-10-17 21:29:49'),(3453,8,NULL,NULL,NULL,NULL,'76:37:43:48:70:A8','038922',500.00,'2025-10-17 21:29:55','2025-10-17 21:29:55'),(3454,8,NULL,NULL,NULL,NULL,'C2:90:68:DF:AC:2C','092973',500.00,'2025-10-17 21:30:27','2025-10-17 21:30:27'),(3455,8,NULL,NULL,NULL,NULL,'C2:90:68:DF:AC:2C','107651',500.00,'2025-10-17 21:31:20','2025-10-17 21:31:20'),(3456,7,NULL,NULL,NULL,NULL,'C2:90:68:DF:AC:2C','465359',300.00,'2025-10-17 21:31:43','2025-10-17 21:31:43'),(3457,8,NULL,NULL,NULL,NULL,'C2:90:68:DF:AC:2C','663280',500.00,'2025-10-17 21:33:57','2025-10-17 21:33:57'),(3458,8,NULL,NULL,NULL,NULL,'5A:22:D6:25:36:E9','658599',500.00,'2025-10-17 22:49:05','2025-10-17 22:49:05'),(3459,8,NULL,NULL,NULL,NULL,'5A:22:D6:25:36:E9','209219',500.00,'2025-10-17 22:50:24','2025-10-17 22:50:24'),(3460,8,NULL,NULL,NULL,NULL,'5A:22:D6:25:36:E9','707453',500.00,'2025-10-17 22:50:34','2025-10-17 22:50:34'),(3461,8,NULL,NULL,NULL,NULL,'5A:22:D6:25:36:E9','682053',500.00,'2025-10-17 22:52:19','2025-10-17 22:52:19'),(3462,8,NULL,NULL,NULL,NULL,'5A:22:D6:25:36:E9','829284',500.00,'2025-10-17 22:52:30','2025-10-17 22:52:30'),(3463,7,NULL,NULL,NULL,NULL,'F2:C6:C1:71:E4:92','329086',300.00,'2025-10-18 01:12:49','2025-10-18 01:12:49'),(3465,7,NULL,NULL,NULL,NULL,'F2:C6:C1:71:E4:92','898663',300.00,'2025-10-18 01:13:28','2025-10-18 01:13:28'),(3466,7,NULL,NULL,NULL,NULL,'F2:C6:C1:71:E4:92','828211',300.00,'2025-10-18 01:13:41','2025-10-18 01:13:41'),(3468,8,NULL,NULL,NULL,NULL,'76:37:43:48:70:A8','858155',500.00,'2025-10-18 01:55:17','2025-10-18 01:55:17'),(3472,8,NULL,NULL,NULL,NULL,'CA:72:22:4C:C5:32','829262',500.00,'2025-10-18 06:35:19','2025-10-18 06:35:19'),(3474,8,NULL,NULL,NULL,NULL,'EE:DD:A9:17:42:89','278352',500.00,'2025-10-18 07:30:13','2025-10-18 07:30:13'),(3475,8,NULL,NULL,NULL,NULL,'EE:DD:A9:17:42:89','359132',500.00,'2025-10-18 07:31:00','2025-10-18 07:31:00'),(3476,8,NULL,NULL,NULL,NULL,'EE:20:C1:F6:95:D2','406813',500.00,'2025-10-18 07:34:14','2025-10-18 07:34:14'),(3478,8,NULL,NULL,NULL,NULL,'92:85:32:EB:61:BE','226965',500.00,'2025-10-18 07:49:58','2025-10-18 07:49:58'),(3479,8,NULL,NULL,NULL,NULL,'92:85:32:EB:61:BE','508654',500.00,'2025-10-18 07:50:08','2025-10-18 07:50:08'),(3480,8,NULL,NULL,NULL,NULL,'92:85:32:EB:61:BE','134986',500.00,'2025-10-18 07:50:13','2025-10-18 07:50:13'),(3481,8,NULL,NULL,NULL,NULL,'92:85:32:EB:61:BE','616953',500.00,'2025-10-18 07:50:19','2025-10-18 07:50:19'),(3482,8,NULL,NULL,NULL,NULL,'92:85:32:EB:61:BE','955752',500.00,'2025-10-18 07:50:22','2025-10-18 07:50:22'),(3485,70,NULL,NULL,NULL,NULL,'76:CD:64:29:1D:68','788005',1000.00,'2025-10-18 08:22:11','2025-10-18 08:22:11'),(3486,70,NULL,NULL,NULL,NULL,'76:CD:64:29:1D:68','796349',1000.00,'2025-10-18 08:23:01','2025-10-18 08:23:01'),(3487,8,NULL,NULL,NULL,NULL,'92:85:32:EB:61:BE','154030',500.00,'2025-10-18 09:47:44','2025-10-18 09:47:44'),(3488,8,NULL,NULL,NULL,NULL,'92:85:32:EB:61:BE','292309',500.00,'2025-10-18 09:47:49','2025-10-18 09:47:49'),(3489,8,NULL,NULL,NULL,NULL,'92:85:32:EB:61:BE','698580',500.00,'2025-10-18 09:48:27','2025-10-18 09:48:27'),(3490,8,NULL,NULL,NULL,NULL,'92:85:32:EB:61:BE','300973',500.00,'2025-10-18 09:49:25','2025-10-18 09:49:25'),(3491,8,NULL,NULL,NULL,NULL,'92:85:32:EB:61:BE','332831',500.00,'2025-10-18 09:50:08','2025-10-18 09:50:08'),(3492,8,NULL,NULL,NULL,NULL,'92:85:32:EB:61:BE','728467',500.00,'2025-10-18 09:50:29','2025-10-18 09:50:29'),(3493,8,NULL,NULL,NULL,NULL,'92:85:32:EB:61:BE','841261',500.00,'2025-10-18 09:55:58','2025-10-18 09:55:58'),(3494,8,NULL,NULL,NULL,NULL,'92:85:32:EB:61:BE','249666',500.00,'2025-10-18 09:56:03','2025-10-18 09:56:03'),(3495,8,NULL,NULL,NULL,NULL,'92:85:32:EB:61:BE','431430',500.00,'2025-10-18 09:56:21','2025-10-18 09:56:21'),(3496,8,NULL,NULL,NULL,NULL,'92:85:32:EB:61:BE','942037',500.00,'2025-10-18 09:56:27','2025-10-18 09:56:27'),(3497,8,NULL,NULL,NULL,NULL,'92:85:32:EB:61:BE','717792',500.00,'2025-10-18 09:57:39','2025-10-18 09:57:39'),(3498,8,NULL,NULL,NULL,NULL,'92:85:32:EB:61:BE','741238',500.00,'2025-10-18 09:57:46','2025-10-18 09:57:46'),(3499,8,NULL,NULL,NULL,NULL,'92:85:32:EB:61:BE','718000',500.00,'2025-10-18 09:58:18','2025-10-18 09:58:18'),(3500,8,NULL,NULL,NULL,NULL,'92:85:32:EB:61:BE','637808',500.00,'2025-10-18 10:04:02','2025-10-18 10:04:02'),(3501,8,NULL,NULL,NULL,NULL,'92:85:32:EB:61:BE','438375',500.00,'2025-10-18 10:04:08','2025-10-18 10:04:08'),(3502,8,NULL,NULL,NULL,NULL,'92:85:32:EB:61:BE','210058',500.00,'2025-10-18 10:06:31','2025-10-18 10:06:31'),(3503,8,NULL,NULL,NULL,NULL,'92:85:32:EB:61:BE','103366',500.00,'2025-10-18 10:06:37','2025-10-18 10:06:37'),(3505,8,NULL,NULL,NULL,NULL,'92:85:32:EB:61:BE','882074',500.00,'2025-10-18 10:15:25','2025-10-18 10:15:25'),(3506,8,NULL,NULL,NULL,NULL,'92:85:32:EB:61:BE','171619',500.00,'2025-10-18 10:15:41','2025-10-18 10:15:41'),(3507,8,NULL,NULL,NULL,NULL,'92:85:32:EB:61:BE','693857',500.00,'2025-10-18 10:16:17','2025-10-18 10:16:17'),(3508,9,NULL,NULL,NULL,NULL,'E8:C2:DD:A9:E2:19','961529',1000.00,'2025-10-18 10:16:19','2025-10-18 10:16:19'),(3509,8,NULL,NULL,NULL,NULL,'92:85:32:EB:61:BE','731187',500.00,'2025-10-18 10:16:52','2025-10-18 10:16:52'),(3510,8,NULL,NULL,NULL,NULL,'92:85:32:EB:61:BE','120823',500.00,'2025-10-18 10:16:59','2025-10-18 10:16:59'),(3511,8,NULL,NULL,NULL,NULL,'92:85:32:EB:61:BE','960739',500.00,'2025-10-18 10:31:26','2025-10-18 10:31:26'),(3512,8,NULL,NULL,NULL,NULL,'92:85:32:EB:61:BE','460989',500.00,'2025-10-18 10:31:31','2025-10-18 10:31:31'),(3513,8,NULL,NULL,NULL,NULL,'92:85:32:EB:61:BE','175577',500.00,'2025-10-18 10:31:38','2025-10-18 10:31:38'),(3514,8,NULL,NULL,NULL,NULL,'92:85:32:EB:61:BE','435276',500.00,'2025-10-18 10:31:46','2025-10-18 10:31:46'),(3515,8,NULL,NULL,NULL,NULL,'92:85:32:EB:61:BE','714963',500.00,'2025-10-18 10:31:50','2025-10-18 10:31:50'),(3516,8,NULL,NULL,NULL,NULL,'92:85:32:EB:61:BE','899104',500.00,'2025-10-18 10:31:55','2025-10-18 10:31:55'),(3517,8,NULL,NULL,NULL,NULL,'92:85:32:EB:61:BE','950409',500.00,'2025-10-18 10:32:02','2025-10-18 10:32:02'),(3518,8,NULL,NULL,NULL,NULL,'92:85:32:EB:61:BE','168904',500.00,'2025-10-18 10:32:08','2025-10-18 10:32:08'),(3519,8,NULL,NULL,NULL,NULL,'92:85:32:EB:61:BE','199852',500.00,'2025-10-18 10:32:11','2025-10-18 10:32:11'),(3520,8,NULL,NULL,NULL,NULL,'92:85:32:EB:61:BE','423809',500.00,'2025-10-18 10:32:17','2025-10-18 10:32:17'),(3521,8,NULL,NULL,NULL,NULL,'92:85:32:EB:61:BE','500636',500.00,'2025-10-18 10:32:53','2025-10-18 10:32:53'),(3522,8,NULL,NULL,NULL,NULL,'92:85:32:EB:61:BE','314590',500.00,'2025-10-18 10:32:58','2025-10-18 10:32:58'),(3523,8,NULL,NULL,NULL,NULL,'92:85:32:EB:61:BE','543400',500.00,'2025-10-18 10:33:04','2025-10-18 10:33:04'),(3526,8,NULL,NULL,NULL,NULL,'72:DF:92:5D:E7:F1','506819',500.00,'2025-10-18 10:54:11','2025-10-18 10:54:11'),(3527,8,NULL,NULL,NULL,NULL,'72:DF:92:5D:E7:F1','173440',500.00,'2025-10-18 10:56:35','2025-10-18 10:56:35'),(3528,8,NULL,NULL,NULL,NULL,'72:DF:92:5D:E7:F1','278647',500.00,'2025-10-18 11:09:03','2025-10-18 11:09:03'),(3529,8,NULL,NULL,NULL,NULL,'72:DF:92:5D:E7:F1','639202',500.00,'2025-10-18 11:09:12','2025-10-18 11:09:12'),(3530,8,NULL,NULL,NULL,NULL,'72:DF:92:5D:E7:F1','823109',500.00,'2025-10-18 11:09:54','2025-10-18 11:09:54'),(3531,9,NULL,NULL,NULL,NULL,'72:DF:92:5D:E7:F1','966263',1000.00,'2025-10-18 11:11:26','2025-10-18 11:11:26'),(3532,9,NULL,NULL,NULL,NULL,'72:DF:92:5D:E7:F1','870560',1000.00,'2025-10-18 11:11:31','2025-10-18 11:11:31'),(3537,9,NULL,NULL,NULL,NULL,'92:85:32:EB:61:BE','857668',1000.00,'2025-10-18 12:28:54','2025-10-18 12:28:54'),(3538,9,NULL,NULL,NULL,NULL,'92:85:32:EB:61:BE','783322',1000.00,'2025-10-18 12:29:53','2025-10-18 12:29:53'),(3539,9,NULL,NULL,NULL,NULL,'92:85:32:EB:61:BE','684970',1000.00,'2025-10-18 12:30:24','2025-10-18 12:30:24'),(3541,7,NULL,NULL,NULL,NULL,'1A:89:CC:42:69:58','304714',300.00,'2025-10-18 13:59:40','2025-10-18 13:59:40'),(3542,7,NULL,NULL,NULL,NULL,'1A:89:CC:42:69:58','752340',300.00,'2025-10-18 14:00:36','2025-10-18 14:00:36'),(3543,7,NULL,NULL,NULL,NULL,'1A:89:CC:42:69:58','824800',300.00,'2025-10-18 14:29:07','2025-10-18 14:29:07'),(3545,7,NULL,NULL,NULL,NULL,'76:37:43:48:70:A8','960526',300.00,'2025-10-18 14:55:58','2025-10-18 14:55:58'),(3546,121,NULL,NULL,NULL,NULL,'3E:3D:73:28:3D:E7','008242',1000.00,'2025-10-18 15:53:47','2025-10-18 15:53:47'),(3547,121,NULL,NULL,NULL,NULL,'3E:3D:73:28:3D:E7','522700',1000.00,'2025-10-18 15:53:56','2025-10-18 15:53:56'),(3548,121,NULL,NULL,NULL,NULL,'3E:3D:73:28:3D:E7','352730',1000.00,'2025-10-18 15:54:02','2025-10-18 15:54:02'),(3549,121,NULL,NULL,NULL,NULL,'3E:3D:73:28:3D:E7','848064',1000.00,'2025-10-18 15:56:00','2025-10-18 15:56:00'),(3552,8,NULL,NULL,NULL,NULL,'22:D2:DF:10:92:63','533163',500.00,'2025-10-18 18:13:23','2025-10-18 18:13:23'),(3553,121,NULL,NULL,NULL,NULL,'FA:6B:37:9B:B1:E9','831832',1000.00,'2025-10-18 18:21:54','2025-10-18 18:21:54'),(3554,121,NULL,NULL,NULL,NULL,'FA:6B:37:9B:B1:E9','316496',1000.00,'2025-10-18 18:22:07','2025-10-18 18:22:07'),(3555,121,NULL,NULL,NULL,NULL,'FA:6B:37:9B:B1:E9','259174',1000.00,'2025-10-18 18:22:24','2025-10-18 18:22:24'),(3556,121,NULL,NULL,NULL,NULL,'FA:6B:37:9B:B1:E9','774828',1000.00,'2025-10-18 18:24:15','2025-10-18 18:24:15'),(3557,121,NULL,NULL,NULL,NULL,'FA:6B:37:9B:B1:E9','571854',1000.00,'2025-10-18 18:24:27','2025-10-18 18:24:27'),(3558,121,NULL,NULL,NULL,NULL,'FA:6B:37:9B:B1:E9','011795',1000.00,'2025-10-18 18:24:42','2025-10-18 18:24:42'),(3559,121,NULL,NULL,NULL,NULL,'FA:6B:37:9B:B1:E9','675537',1000.00,'2025-10-18 18:24:47','2025-10-18 18:24:47'),(3560,121,NULL,NULL,NULL,NULL,'FA:6B:37:9B:B1:E9','658828',1000.00,'2025-10-18 18:33:48','2025-10-18 18:33:48'),(3561,121,NULL,NULL,NULL,NULL,'FA:6B:37:9B:B1:E9','187695',1000.00,'2025-10-18 18:33:59','2025-10-18 18:33:59'),(3562,121,NULL,NULL,NULL,NULL,'FA:6B:37:9B:B1:E9','562861',1000.00,'2025-10-18 18:34:19','2025-10-18 18:34:19'),(3567,8,NULL,NULL,NULL,NULL,'4E:63:7D:67:95:A8','108468',500.00,'2025-10-18 19:23:51','2025-10-18 19:23:51'),(3568,8,NULL,NULL,NULL,NULL,'4E:63:7D:67:95:A8','037715',500.00,'2025-10-18 19:24:37','2025-10-18 19:24:37'),(3569,8,NULL,NULL,NULL,NULL,'4E:63:7D:67:95:A8','882971',500.00,'2025-10-18 19:24:53','2025-10-18 19:24:53'),(3570,8,NULL,NULL,NULL,NULL,'4E:63:7D:67:95:A8','489597',500.00,'2025-10-18 19:24:57','2025-10-18 19:24:57'),(3571,8,NULL,NULL,NULL,NULL,'4E:63:7D:67:95:A8','556432',500.00,'2025-10-18 19:25:05','2025-10-18 19:25:05'),(3572,121,NULL,NULL,NULL,NULL,'0E:86:DD:73:03:D3','485502',1000.00,'2025-10-18 19:25:16','2025-10-18 19:25:16'),(3573,121,NULL,NULL,NULL,NULL,'0E:86:DD:73:03:D3','877226',1000.00,'2025-10-18 19:25:38','2025-10-18 19:25:38'),(3574,8,NULL,NULL,NULL,NULL,'4E:63:7D:67:95:A8','003202',500.00,'2025-10-18 19:25:54','2025-10-18 19:25:54'),(3575,8,NULL,NULL,NULL,NULL,'4E:63:7D:67:95:A8','900151',500.00,'2025-10-18 19:26:02','2025-10-18 19:26:02'),(3576,8,NULL,NULL,NULL,NULL,'4E:63:7D:67:95:A8','061602',500.00,'2025-10-18 19:26:07','2025-10-18 19:26:07'),(3577,8,NULL,NULL,NULL,NULL,'4E:63:7D:67:95:A8','092103',500.00,'2025-10-18 19:26:35','2025-10-18 19:26:35'),(3578,8,NULL,NULL,NULL,NULL,'4E:63:7D:67:95:A8','003402',500.00,'2025-10-18 19:26:40','2025-10-18 19:26:40'),(3579,8,NULL,NULL,NULL,NULL,'4E:63:7D:67:95:A8','348250',500.00,'2025-10-18 19:27:30','2025-10-18 19:27:30'),(3580,7,NULL,NULL,NULL,NULL,'4E:63:7D:67:95:A8','381359',300.00,'2025-10-18 19:28:22','2025-10-18 19:28:22'),(3582,9,NULL,NULL,NULL,NULL,'76:B4:55:80:75:CE','437229',1000.00,'2025-10-18 19:30:23','2025-10-18 19:30:23'),(3584,121,NULL,NULL,NULL,NULL,'FA:6B:37:9B:B1:E9','878744',1000.00,'2025-10-18 19:41:41','2025-10-18 19:41:41'),(3585,121,NULL,NULL,NULL,NULL,'FA:6B:37:9B:B1:E9','422501',1000.00,'2025-10-18 19:41:51','2025-10-18 19:41:51'),(3586,9,NULL,NULL,NULL,NULL,'0E:4B:7F:E1:90:BC','814869',1000.00,'2025-10-18 19:58:38','2025-10-18 19:58:38'),(3587,9,NULL,NULL,NULL,NULL,'0E:4B:7F:E1:90:BC','826395',1000.00,'2025-10-18 19:58:48','2025-10-18 19:58:48'),(3588,9,NULL,NULL,NULL,NULL,'0E:4B:7F:E1:90:BC','768219',1000.00,'2025-10-18 19:59:00','2025-10-18 19:59:00'),(3589,9,NULL,NULL,NULL,NULL,'0E:4B:7F:E1:90:BC','881996',1000.00,'2025-10-18 19:59:04','2025-10-18 19:59:04'),(3590,9,NULL,NULL,NULL,NULL,'0E:4B:7F:E1:90:BC','825678',1000.00,'2025-10-18 19:59:09','2025-10-18 19:59:09'),(3591,9,NULL,NULL,NULL,NULL,'0E:4B:7F:E1:90:BC','536096',1000.00,'2025-10-18 19:59:13','2025-10-18 19:59:13'),(3592,9,NULL,NULL,NULL,NULL,'0E:4B:7F:E1:90:BC','533497',1000.00,'2025-10-18 19:59:17','2025-10-18 19:59:17'),(3593,9,NULL,NULL,NULL,NULL,'0E:4B:7F:E1:90:BC','453150',1000.00,'2025-10-18 19:59:52','2025-10-18 19:59:52'),(3594,9,NULL,NULL,NULL,NULL,'0E:4B:7F:E1:90:BC','471447',1000.00,'2025-10-18 19:59:58','2025-10-18 19:59:58'),(3595,9,NULL,NULL,NULL,NULL,'0E:4B:7F:E1:90:BC','706864',1000.00,'2025-10-18 20:01:49','2025-10-18 20:01:49'),(3596,8,NULL,NULL,NULL,NULL,'1A:FA:73:E9:FA:23','844904',500.00,'2025-10-18 20:33:01','2025-10-18 20:33:01'),(3597,8,NULL,NULL,NULL,NULL,'1A:FA:73:E9:FA:23','319630',500.00,'2025-10-18 20:34:01','2025-10-18 20:34:01'),(3600,8,NULL,NULL,NULL,NULL,'38:CA:73:72:CF:B0','091535',500.00,'2025-10-18 21:40:00','2025-10-18 21:40:00'),(3601,121,NULL,NULL,NULL,NULL,'FE:42:B5:D1:3D:41','693444',1000.00,'2025-10-19 04:48:53','2025-10-19 04:48:53'),(3602,121,NULL,NULL,NULL,NULL,'FE:42:B5:D1:3D:41','504045',1000.00,'2025-10-19 04:49:24','2025-10-19 04:49:24'),(3603,121,NULL,NULL,NULL,NULL,'FE:42:B5:D1:3D:41','258899',1000.00,'2025-10-19 04:50:28','2025-10-19 04:50:28'),(3604,81,NULL,NULL,NULL,NULL,'12:C9:76:FD:6F:6D','454120',600.00,'2025-10-19 05:31:38','2025-10-19 05:31:38'),(3605,8,NULL,NULL,NULL,NULL,'76:B4:55:80:75:CE','470703',500.00,'2025-10-19 07:34:58','2025-10-19 07:34:58'),(3606,8,NULL,NULL,NULL,NULL,'60:F1:89:64:28:26','115698',500.00,'2025-10-19 08:29:47','2025-10-19 08:29:47'),(3607,8,NULL,NULL,NULL,NULL,'60:F1:89:64:28:26','600840',500.00,'2025-10-19 08:30:10','2025-10-19 08:30:10'),(3609,70,NULL,NULL,NULL,NULL,'76:CD:64:29:1D:68','145195',1000.00,'2025-10-19 08:42:20','2025-10-19 08:42:20'),(3610,70,NULL,NULL,NULL,NULL,'76:CD:64:29:1D:68','175042',1000.00,'2025-10-19 08:42:55','2025-10-19 08:42:55'),(3611,70,NULL,NULL,NULL,NULL,'76:CD:64:29:1D:68','557527',1000.00,'2025-10-19 08:44:32','2025-10-19 08:44:32'),(3612,70,NULL,NULL,NULL,NULL,'76:CD:64:29:1D:68','525332',1000.00,'2025-10-19 08:44:45','2025-10-19 08:44:45'),(3614,7,NULL,NULL,NULL,NULL,'42:6E:6A:EA:58:EC','296090',300.00,'2025-10-19 10:13:48','2025-10-19 10:13:48'),(3615,7,NULL,NULL,NULL,NULL,'42:6E:6A:EA:58:EC','219603',300.00,'2025-10-19 10:14:07','2025-10-19 10:14:07'),(3617,8,NULL,NULL,NULL,NULL,'FA:DD:BA:69:C0:C7','110282',500.00,'2025-10-19 10:17:08','2025-10-19 10:17:08'),(3618,7,NULL,NULL,NULL,NULL,'1E:43:B2:97:E8:AE','608262',300.00,'2025-10-19 10:26:17','2025-10-19 10:26:17'),(3619,7,NULL,NULL,NULL,NULL,'1E:43:B2:97:E8:AE','733713',300.00,'2025-10-19 10:28:02','2025-10-19 10:28:02'),(3620,7,NULL,NULL,NULL,NULL,'1E:43:B2:97:E8:AE','471064',300.00,'2025-10-19 10:28:43','2025-10-19 10:28:43'),(3622,8,NULL,NULL,NULL,NULL,'7E:28:9B:C1:AB:64','590478',500.00,'2025-10-19 11:13:09','2025-10-19 11:13:09'),(3625,121,NULL,NULL,NULL,NULL,'0E:86:DD:73:03:D3','570958',1000.00,'2025-10-19 11:50:10','2025-10-19 11:50:10'),(3626,121,NULL,NULL,NULL,NULL,'0E:86:DD:73:03:D3','718506',1000.00,'2025-10-19 11:50:29','2025-10-19 11:50:29'),(3627,121,NULL,NULL,NULL,NULL,'0E:86:DD:73:03:D3','394479',1000.00,'2025-10-19 11:50:57','2025-10-19 11:50:57'),(3631,7,NULL,NULL,NULL,NULL,'92:85:32:EB:61:BE','613348',300.00,'2025-10-19 12:51:31','2025-10-19 12:51:31'),(3632,7,NULL,NULL,NULL,NULL,'92:85:32:EB:61:BE','511489',300.00,'2025-10-19 12:51:38','2025-10-19 12:51:38'),(3633,7,NULL,NULL,NULL,NULL,'92:85:32:EB:61:BE','812535',300.00,'2025-10-19 12:51:45','2025-10-19 12:51:45'),(3634,7,NULL,NULL,NULL,NULL,'92:85:32:EB:61:BE','678880',300.00,'2025-10-19 12:51:50','2025-10-19 12:51:50'),(3635,7,NULL,NULL,NULL,NULL,'92:85:32:EB:61:BE','486746',300.00,'2025-10-19 12:51:54','2025-10-19 12:51:54'),(3636,140,NULL,NULL,NULL,NULL,'2E:C3:48:76:DB:F8','344792',2000.00,'2025-10-19 12:54:30','2025-10-19 12:54:30'),(3638,9,NULL,NULL,NULL,NULL,'86:87:D5:B9:81:15','395986',1000.00,'2025-10-19 15:18:19','2025-10-19 15:18:19'),(3639,9,NULL,NULL,NULL,NULL,'86:87:D5:B9:81:15','276199',1000.00,'2025-10-19 15:18:25','2025-10-19 15:18:25'),(3640,9,NULL,NULL,NULL,NULL,'86:87:D5:B9:81:15','985340',1000.00,'2025-10-19 15:18:32','2025-10-19 15:18:32'),(3643,8,NULL,NULL,NULL,NULL,'CA:72:22:4C:C5:32','856925',500.00,'2025-10-19 15:30:05','2025-10-19 15:30:05'),(3644,8,NULL,NULL,NULL,NULL,'CA:72:22:4C:C5:32','882679',500.00,'2025-10-19 15:30:18','2025-10-19 15:30:18'),(3645,8,NULL,NULL,NULL,NULL,'CA:72:22:4C:C5:32','488671',500.00,'2025-10-19 15:30:22','2025-10-19 15:30:22'),(3646,8,NULL,NULL,NULL,NULL,'CA:72:22:4C:C5:32','005967',500.00,'2025-10-19 15:30:31','2025-10-19 15:30:31'),(3647,8,NULL,NULL,NULL,NULL,'CA:72:22:4C:C5:32','243288',500.00,'2025-10-19 15:30:38','2025-10-19 15:30:38'),(3648,8,NULL,NULL,NULL,NULL,'CA:72:22:4C:C5:32','718447',500.00,'2025-10-19 15:30:55','2025-10-19 15:30:55'),(3649,8,NULL,NULL,NULL,NULL,'CA:72:22:4C:C5:32','346129',500.00,'2025-10-19 15:32:04','2025-10-19 15:32:04'),(3650,8,NULL,NULL,NULL,NULL,'CA:72:22:4C:C5:32','138711',500.00,'2025-10-19 15:32:16','2025-10-19 15:32:16'),(3651,8,NULL,NULL,NULL,NULL,'CA:72:22:4C:C5:32','203941',500.00,'2025-10-19 15:32:54','2025-10-19 15:32:54'),(3654,121,NULL,NULL,NULL,NULL,'AE:86:E7:AC:4F:17','123948',1000.00,'2025-10-19 16:19:53','2025-10-19 16:19:53'),(3655,121,NULL,NULL,NULL,NULL,'AE:86:E7:AC:4F:17','498421',1000.00,'2025-10-19 16:20:06','2025-10-19 16:20:06'),(3659,8,NULL,NULL,NULL,NULL,'C2:90:68:DF:AC:2C','896715',500.00,'2025-10-19 17:48:32','2025-10-19 17:48:32'),(3663,7,NULL,NULL,NULL,NULL,'22:F0:CA:D5:AF:FC','895341',300.00,'2025-10-19 18:21:15','2025-10-19 18:21:15'),(3665,9,NULL,NULL,NULL,NULL,'16:90:94:94:7D:93','030219',1000.00,'2025-10-19 18:34:47','2025-10-19 18:34:47'),(3668,7,NULL,NULL,NULL,NULL,'E6:9C:C5:2C:07:A5','066025',300.00,'2025-10-19 18:55:23','2025-10-19 18:55:23'),(3670,8,NULL,NULL,NULL,NULL,'42:CC:90:DA:81:CB','834198',500.00,'2025-10-19 19:45:04','2025-10-19 19:45:04'),(3671,9,NULL,NULL,NULL,NULL,'42:CC:90:DA:81:CB','622392',1000.00,'2025-10-19 19:46:05','2025-10-19 19:46:05'),(3672,8,NULL,NULL,NULL,NULL,'A8:13:06:C0:4E:B3','378252',500.00,'2025-10-19 20:04:18','2025-10-19 20:04:18'),(3673,8,NULL,NULL,NULL,NULL,'A8:13:06:C0:4E:B3','602363',500.00,'2025-10-19 20:06:24','2025-10-19 20:06:24'),(3674,9,NULL,NULL,NULL,NULL,'BA:DF:A0:4F:FC:50','543169',1000.00,'2025-10-19 21:33:45','2025-10-19 21:33:45'),(3675,9,NULL,NULL,NULL,NULL,'BA:DF:A0:4F:FC:50','703671',1000.00,'2025-10-19 21:33:51','2025-10-19 21:33:51'),(3682,8,NULL,NULL,NULL,NULL,'24:DA:33:08:FD:6A','422446',500.00,'2025-10-20 07:00:31','2025-10-20 07:00:31'),(3683,8,NULL,NULL,NULL,NULL,'24:DA:33:08:FD:6A','894654',500.00,'2025-10-20 07:00:42','2025-10-20 07:00:42'),(3685,7,NULL,NULL,NULL,NULL,'24:DA:33:08:FD:6A','763868',300.00,'2025-10-20 07:00:58','2025-10-20 07:00:58'),(3686,96,NULL,NULL,NULL,NULL,'56:44:57:EB:B1:B4','305498',1500.00,'2025-10-20 07:01:14','2025-10-20 07:01:14'),(3687,8,NULL,NULL,NULL,NULL,'24:DA:33:08:FD:6A','474475',500.00,'2025-10-20 07:04:18','2025-10-20 07:04:18'),(3688,96,NULL,NULL,NULL,NULL,'C6:7C:1F:C8:BA:09','774044',1500.00,'2025-10-20 07:10:05','2025-10-20 07:10:05'),(3689,7,NULL,NULL,NULL,NULL,'92:85:32:EB:61:BE','894588',300.00,'2025-10-20 08:36:51','2025-10-20 08:36:51'),(3690,7,NULL,NULL,NULL,NULL,'92:85:32:EB:61:BE','002710',300.00,'2025-10-20 08:36:56','2025-10-20 08:36:56'),(3691,7,NULL,NULL,NULL,NULL,'92:85:32:EB:61:BE','618445',300.00,'2025-10-20 08:37:01','2025-10-20 08:37:01'),(3692,7,NULL,NULL,NULL,NULL,'92:85:32:EB:61:BE','797754',300.00,'2025-10-20 08:37:08','2025-10-20 08:37:08'),(3694,8,NULL,NULL,NULL,NULL,'BE:B3:CB:9E:09:DC','043972',500.00,'2025-10-20 08:39:10','2025-10-20 08:39:10'),(3695,8,NULL,NULL,NULL,NULL,'24:DA:33:08:FD:6A','721373',500.00,'2025-10-20 09:20:16','2025-10-20 09:20:16'),(3699,7,NULL,NULL,NULL,NULL,'42:6E:6A:EA:58:EC','639898',300.00,'2025-10-20 09:46:58','2025-10-20 09:46:58'),(3701,9,NULL,NULL,NULL,NULL,'1A:AD:C3:02:AB:DA','898702',1000.00,'2025-10-20 10:15:25','2025-10-20 10:15:25'),(3702,9,NULL,NULL,NULL,NULL,'1A:AD:C3:02:AB:DA','176740',1000.00,'2025-10-20 10:16:20','2025-10-20 10:16:20'),(3703,9,NULL,NULL,NULL,NULL,'1A:AD:C3:02:AB:DA','123666',1000.00,'2025-10-20 10:17:46','2025-10-20 10:17:46'),(3709,7,NULL,NULL,NULL,NULL,'78:3A:6C:7F:20:71','527654',300.00,'2025-10-20 13:43:05','2025-10-20 13:43:05'),(3711,7,NULL,NULL,NULL,NULL,'CA:CE:EF:52:D2:21','135552',300.00,'2025-10-20 14:09:01','2025-10-20 14:09:01'),(3712,7,NULL,NULL,NULL,NULL,'50:29:F5:FD:92:77','004848',300.00,'2025-10-20 14:18:50','2025-10-20 14:18:50'),(3713,7,NULL,NULL,NULL,NULL,'50:29:F5:FD:92:77','178648',300.00,'2025-10-20 14:19:41','2025-10-20 14:19:41'),(3714,7,NULL,NULL,NULL,NULL,'50:29:F5:FD:92:77','572032',300.00,'2025-10-20 14:20:05','2025-10-20 14:20:05'),(3717,121,NULL,NULL,NULL,NULL,'00:0A:1B:AC:47:C3','203169',1000.00,'2025-10-20 15:14:16','2025-10-20 15:14:16'),(3719,24,NULL,NULL,NULL,NULL,'3A:13:89:8C:B7:66','179333',2500.00,'2025-10-20 15:39:35','2025-10-20 15:39:35'),(3722,7,NULL,NULL,NULL,NULL,'6E:64:BE:16:9C:53','234605',300.00,'2025-10-20 16:43:31','2025-10-20 16:43:31'),(3723,7,NULL,NULL,NULL,NULL,'6E:64:BE:16:9C:53','898972',300.00,'2025-10-20 16:43:50','2025-10-20 16:43:50'),(3724,7,NULL,NULL,NULL,NULL,'6E:64:BE:16:9C:53','297820',300.00,'2025-10-20 16:43:57','2025-10-20 16:43:57'),(3725,7,NULL,NULL,NULL,NULL,'22:0C:FE:A8:E4:7B','633925',300.00,'2025-10-20 16:44:30','2025-10-20 16:44:30'),(3726,7,NULL,NULL,NULL,NULL,'22:0C:FE:A8:E4:7B','836293',300.00,'2025-10-20 16:44:42','2025-10-20 16:44:42'),(3727,7,NULL,NULL,NULL,NULL,'22:0C:FE:A8:E4:7B','117545',300.00,'2025-10-20 16:45:56','2025-10-20 16:45:56'),(3728,7,NULL,NULL,NULL,NULL,'22:0C:FE:A8:E4:7B','150602',300.00,'2025-10-20 16:46:08','2025-10-20 16:46:08'),(3729,7,NULL,NULL,NULL,NULL,'22:0C:FE:A8:E4:7B','157288',300.00,'2025-10-20 16:46:18','2025-10-20 16:46:18'),(3730,7,NULL,NULL,NULL,NULL,'22:0C:FE:A8:E4:7B','818595',300.00,'2025-10-20 16:46:25','2025-10-20 16:46:25'),(3731,7,NULL,NULL,NULL,NULL,'22:0C:FE:A8:E4:7B','611745',300.00,'2025-10-20 16:46:32','2025-10-20 16:46:32'),(3732,7,NULL,NULL,NULL,NULL,'22:0C:FE:A8:E4:7B','032516',300.00,'2025-10-20 16:46:40','2025-10-20 16:46:40'),(3733,7,NULL,NULL,NULL,NULL,'22:0C:FE:A8:E4:7B','738004',300.00,'2025-10-20 16:46:50','2025-10-20 16:46:50'),(3734,7,NULL,NULL,NULL,NULL,'22:0C:FE:A8:E4:7B','380712',300.00,'2025-10-20 16:46:59','2025-10-20 16:46:59'),(3735,7,NULL,NULL,NULL,NULL,'22:0C:FE:A8:E4:7B','943854',300.00,'2025-10-20 16:47:08','2025-10-20 16:47:08'),(3736,7,NULL,NULL,NULL,NULL,'6E:64:BE:16:9C:53','344892',300.00,'2025-10-20 16:47:49','2025-10-20 16:47:49'),(3737,7,NULL,NULL,NULL,NULL,'6E:64:BE:16:9C:53','181540',300.00,'2025-10-20 16:48:01','2025-10-20 16:48:01'),(3738,7,NULL,NULL,NULL,NULL,'6E:64:BE:16:9C:53','875713',300.00,'2025-10-20 16:48:08','2025-10-20 16:48:08'),(3739,7,NULL,NULL,NULL,NULL,'6E:64:BE:16:9C:53','160397',300.00,'2025-10-20 16:48:19','2025-10-20 16:48:19'),(3740,7,NULL,NULL,NULL,NULL,'22:0C:FE:A8:E4:7B','307895',300.00,'2025-10-20 16:49:20','2025-10-20 16:49:20'),(3741,7,NULL,NULL,NULL,NULL,'22:0C:FE:A8:E4:7B','001139',300.00,'2025-10-20 16:49:23','2025-10-20 16:49:23'),(3742,7,NULL,NULL,NULL,NULL,'22:0C:FE:A8:E4:7B','788494',300.00,'2025-10-20 16:49:48','2025-10-20 16:49:48'),(3743,7,NULL,NULL,NULL,NULL,'22:0C:FE:A8:E4:7B','982522',300.00,'2025-10-20 16:50:00','2025-10-20 16:50:00'),(3744,7,NULL,NULL,NULL,NULL,'22:0C:FE:A8:E4:7B','109004',300.00,'2025-10-20 16:50:11','2025-10-20 16:50:11'),(3745,82,NULL,NULL,NULL,NULL,'CA:C9:EA:E5:B4:E1','631446',800.00,'2025-10-20 17:33:28','2025-10-20 17:33:28'),(3746,82,NULL,NULL,NULL,NULL,'CA:C9:EA:E5:B4:E1','313049',800.00,'2025-10-20 17:34:52','2025-10-20 17:34:52'),(3747,82,NULL,NULL,NULL,NULL,'CA:C9:EA:E5:B4:E1','342799',800.00,'2025-10-20 17:36:11','2025-10-20 17:36:11'),(3748,81,NULL,NULL,NULL,NULL,'52:92:07:5B:59:28','163153',600.00,'2025-10-20 18:04:11','2025-10-20 18:04:11'),(3749,7,NULL,NULL,NULL,NULL,'22:0C:FE:A8:E4:7B','675621',300.00,'2025-10-20 18:33:43','2025-10-20 18:33:43'),(3750,7,NULL,NULL,NULL,NULL,'22:0C:FE:A8:E4:7B','406530',300.00,'2025-10-20 18:34:26','2025-10-20 18:34:26'),(3751,7,NULL,NULL,NULL,NULL,'22:0C:FE:A8:E4:7B','099190',300.00,'2025-10-20 18:34:34','2025-10-20 18:34:34'),(3752,8,NULL,NULL,NULL,NULL,'22:0C:FE:A8:E4:7B','949100',500.00,'2025-10-20 18:35:01','2025-10-20 18:35:01'),(3755,7,NULL,NULL,NULL,NULL,'22:F0:CA:D5:AF:FC','379484',300.00,'2025-10-20 19:09:25','2025-10-20 19:09:25'),(3756,7,NULL,NULL,NULL,NULL,'22:F0:CA:D5:AF:FC','172793',300.00,'2025-10-20 19:09:45','2025-10-20 19:09:45'),(3759,8,NULL,NULL,NULL,NULL,'0A:00:F5:20:D1:35','402585',500.00,'2025-10-20 19:15:24','2025-10-20 19:15:24'),(3760,7,NULL,NULL,NULL,NULL,'CE:D6:98:AB:E3:43','399725',300.00,'2025-10-20 19:40:38','2025-10-20 19:40:38'),(3763,9,NULL,NULL,NULL,NULL,'C6:44:E9:5D:62:54','073168',1000.00,'2025-10-20 20:19:37','2025-10-20 20:19:37'),(3767,8,NULL,NULL,NULL,NULL,'F6:E9:A8:B2:71:EC','008426',500.00,'2025-10-20 20:38:02','2025-10-20 20:38:02'),(3768,7,NULL,NULL,NULL,NULL,'0A:00:F5:20:D1:35','650978',300.00,'2025-10-20 20:51:23','2025-10-20 20:51:23'),(3770,8,NULL,NULL,NULL,NULL,'42:C7:00:F9:B6:D8','498502',500.00,'2025-10-20 23:55:12','2025-10-20 23:55:12'),(3771,8,NULL,NULL,NULL,NULL,'42:C7:00:F9:B6:D8','482112',500.00,'2025-10-20 23:55:42','2025-10-20 23:55:42'),(3774,96,NULL,NULL,NULL,NULL,'56:44:57:EB:B1:B4','270296',1500.00,'2025-10-21 07:34:41','2025-10-21 07:34:41'),(3775,96,NULL,NULL,NULL,NULL,'56:44:57:EB:B1:B4','148677',1500.00,'2025-10-21 07:35:00','2025-10-21 07:35:00'),(3776,96,NULL,NULL,NULL,NULL,'56:44:57:EB:B1:B4','570489',1500.00,'2025-10-21 07:35:29','2025-10-21 07:35:29'),(3777,82,NULL,NULL,NULL,NULL,'56:44:57:EB:B1:B4','820119',800.00,'2025-10-21 07:38:26','2025-10-21 07:38:26'),(3779,96,NULL,NULL,NULL,NULL,'C6:3F:5D:7B:61:54','420388',1500.00,'2025-10-21 07:42:34','2025-10-21 07:42:34'),(3780,96,NULL,NULL,NULL,NULL,'C6:3F:5D:7B:61:54','373107',1500.00,'2025-10-21 07:42:52','2025-10-21 07:42:52'),(3781,96,NULL,NULL,NULL,NULL,'C6:3F:5D:7B:61:54','319207',1500.00,'2025-10-21 07:43:12','2025-10-21 07:43:12'),(3782,96,NULL,NULL,NULL,NULL,'C6:3F:5D:7B:61:54','133701',1500.00,'2025-10-21 07:44:34','2025-10-21 07:44:34'),(3783,96,NULL,NULL,NULL,NULL,'C6:3F:5D:7B:61:54','027401',1500.00,'2025-10-21 07:45:08','2025-10-21 07:45:08'),(3784,96,NULL,NULL,NULL,NULL,'C6:3F:5D:7B:61:54','588140',1500.00,'2025-10-21 07:45:17','2025-10-21 07:45:17'),(3786,121,NULL,NULL,NULL,NULL,'08:ED:9D:A8:ED:8A','491172',1000.00,'2025-10-21 09:17:29','2025-10-21 09:17:29'),(3787,121,NULL,NULL,NULL,NULL,'08:ED:9D:A8:ED:8A','621724',1000.00,'2025-10-21 09:18:04','2025-10-21 09:18:04'),(3789,82,NULL,NULL,NULL,NULL,'86:5E:64:E4:CF:07','231924',800.00,'2025-10-21 09:34:23','2025-10-21 09:34:23'),(3790,82,NULL,NULL,NULL,NULL,'86:5E:64:E4:CF:07','434872',800.00,'2025-10-21 09:35:46','2025-10-21 09:35:46'),(3791,96,NULL,NULL,NULL,NULL,'FA:11:F1:41:A3:11','462011',1500.00,'2025-10-21 10:45:26','2025-10-21 10:45:26'),(3792,81,NULL,NULL,NULL,NULL,'C4:BF:60:76:FA:25','280848',600.00,'2025-10-21 10:46:22','2025-10-21 10:46:22'),(3794,81,NULL,NULL,NULL,NULL,'C4:BF:60:76:FA:25','242275',600.00,'2025-10-21 10:46:53','2025-10-21 10:46:53'),(3795,81,NULL,NULL,NULL,NULL,'C4:BF:60:76:FA:25','204599',600.00,'2025-10-21 10:48:55','2025-10-21 10:48:55'),(3797,8,NULL,NULL,NULL,NULL,'BE:B3:CB:9E:09:DC','832272',500.00,'2025-10-21 10:55:12','2025-10-21 10:55:12'),(3799,7,NULL,NULL,NULL,NULL,'5E:C7:9B:51:96:92','140398',300.00,'2025-10-21 11:03:56','2025-10-21 11:03:56'),(3800,70,NULL,NULL,NULL,NULL,'76:CD:64:29:1D:68','959980',1000.00,'2025-10-21 11:36:33','2025-10-21 11:36:33'),(3802,70,NULL,NULL,NULL,NULL,'76:CD:64:29:1D:68','860248',1000.00,'2025-10-21 11:39:57','2025-10-21 11:39:57'),(3804,8,NULL,NULL,NULL,NULL,'5A:22:D6:25:36:E9','670455',500.00,'2025-10-21 12:06:02','2025-10-21 12:06:02'),(3807,121,NULL,NULL,NULL,NULL,'46:8E:71:C9:86:DB','147299',1000.00,'2025-10-21 13:35:25','2025-10-21 13:35:25'),(3808,121,NULL,NULL,NULL,NULL,'46:8E:71:C9:86:DB','282960',1000.00,'2025-10-21 13:35:51','2025-10-21 13:35:51'),(3809,121,NULL,NULL,NULL,NULL,'46:8E:71:C9:86:DB','805374',1000.00,'2025-10-21 13:36:03','2025-10-21 13:36:03'),(3810,121,NULL,NULL,NULL,NULL,'46:8E:71:C9:86:DB','940397',1000.00,'2025-10-21 13:37:12','2025-10-21 13:37:12'),(3811,7,NULL,NULL,NULL,NULL,'C6:9F:66:6D:0D:3E','577663',300.00,'2025-10-21 14:07:25','2025-10-21 14:07:25'),(3812,9,NULL,NULL,NULL,NULL,'C6:9F:66:6D:0D:3E','982921',1000.00,'2025-10-21 14:08:21','2025-10-21 14:08:21'),(3814,9,NULL,NULL,NULL,NULL,'C6:9F:66:6D:0D:3E','259192',1000.00,'2025-10-21 14:11:11','2025-10-21 14:11:11'),(3818,8,NULL,NULL,NULL,NULL,'CE:D5:26:D6:BE:9F','934669',500.00,'2025-10-21 15:50:54','2025-10-21 15:50:54'),(3819,8,NULL,NULL,NULL,NULL,'CE:D5:26:D6:BE:9F','780248',500.00,'2025-10-21 15:51:46','2025-10-21 15:51:46'),(3820,8,NULL,NULL,NULL,NULL,'CE:D5:26:D6:BE:9F','842335',500.00,'2025-10-21 15:51:58','2025-10-21 15:51:58'),(3823,121,NULL,NULL,NULL,NULL,'A2:3E:1A:0E:C8:C0','578843',1000.00,'2025-10-21 16:50:19','2025-10-21 16:50:19'),(3824,121,NULL,NULL,NULL,NULL,'A2:3E:1A:0E:C8:C0','892950',1000.00,'2025-10-21 16:50:31','2025-10-21 16:50:31'),(3825,121,NULL,NULL,NULL,NULL,'A2:3E:1A:0E:C8:C0','887586',1000.00,'2025-10-21 16:50:54','2025-10-21 16:50:54'),(3826,121,NULL,NULL,NULL,NULL,'A2:3E:1A:0E:C8:C0','201055',1000.00,'2025-10-21 16:51:46','2025-10-21 16:51:46'),(3828,9,NULL,NULL,NULL,NULL,'82:3D:CF:B1:31:9B','933658',1000.00,'2025-10-21 18:53:54','2025-10-21 18:53:54'),(3829,9,NULL,NULL,NULL,NULL,'82:3D:CF:B1:31:9B','562382',1000.00,'2025-10-21 18:54:06','2025-10-21 18:54:06'),(3830,9,NULL,NULL,NULL,NULL,'82:3D:CF:B1:31:9B','019354',1000.00,'2025-10-21 18:54:13','2025-10-21 18:54:13'),(3831,9,NULL,NULL,NULL,NULL,'82:3D:CF:B1:31:9B','243876',1000.00,'2025-10-21 18:54:31','2025-10-21 18:54:31'),(3832,9,NULL,NULL,NULL,NULL,'82:3D:CF:B1:31:9B','020322',1000.00,'2025-10-21 18:54:42','2025-10-21 18:54:42'),(3833,9,NULL,NULL,NULL,NULL,'82:3D:CF:B1:31:9B','792350',1000.00,'2025-10-21 18:54:55','2025-10-21 18:54:55'),(3834,9,NULL,NULL,NULL,NULL,'82:3D:CF:B1:31:9B','846716',1000.00,'2025-10-21 18:55:04','2025-10-21 18:55:04'),(3835,7,NULL,NULL,NULL,NULL,'22:F0:CA:D5:AF:FC','242245',300.00,'2025-10-21 18:55:06','2025-10-21 18:55:06'),(3836,9,NULL,NULL,NULL,NULL,'82:3D:CF:B1:31:9B','181877',1000.00,'2025-10-21 18:55:09','2025-10-21 18:55:09'),(3837,7,NULL,NULL,NULL,NULL,'22:F0:CA:D5:AF:FC','835956',300.00,'2025-10-21 18:55:17','2025-10-21 18:55:17'),(3838,9,NULL,NULL,NULL,NULL,'82:3D:CF:B1:31:9B','197096',1000.00,'2025-10-21 18:55:18','2025-10-21 18:55:18'),(3839,9,NULL,NULL,NULL,NULL,'82:3D:CF:B1:31:9B','315533',1000.00,'2025-10-21 18:55:22','2025-10-21 18:55:22'),(3840,9,NULL,NULL,NULL,NULL,'82:3D:CF:B1:31:9B','416580',1000.00,'2025-10-21 18:55:30','2025-10-21 18:55:30'),(3841,7,NULL,NULL,NULL,NULL,'22:F0:CA:D5:AF:FC','795103',300.00,'2025-10-21 18:55:52','2025-10-21 18:55:52'),(3843,9,NULL,NULL,NULL,NULL,'82:3D:CF:B1:31:9B','194491',1000.00,'2025-10-21 19:01:28','2025-10-21 19:01:28'),(3844,8,NULL,NULL,NULL,NULL,'92:85:32:EB:61:BE','982803',500.00,'2025-10-21 19:02:09','2025-10-21 19:02:09'),(3845,9,NULL,NULL,NULL,NULL,'82:3D:CF:B1:31:9B','249733',1000.00,'2025-10-21 19:02:17','2025-10-21 19:02:17'),(3846,8,NULL,NULL,NULL,NULL,'92:85:32:EB:61:BE','094197',500.00,'2025-10-21 19:02:30','2025-10-21 19:02:30'),(3847,8,NULL,NULL,NULL,NULL,'82:3D:CF:B1:31:9B','619551',500.00,'2025-10-21 19:02:36','2025-10-21 19:02:36'),(3848,8,NULL,NULL,NULL,NULL,'92:85:32:EB:61:BE','148585',500.00,'2025-10-21 19:02:38','2025-10-21 19:02:38'),(3849,8,NULL,NULL,NULL,NULL,'92:85:32:EB:61:BE','752932',500.00,'2025-10-21 19:03:11','2025-10-21 19:03:11'),(3850,8,NULL,NULL,NULL,NULL,'92:85:32:EB:61:BE','445104',500.00,'2025-10-21 19:03:14','2025-10-21 19:03:14'),(3851,8,NULL,NULL,NULL,NULL,'82:3D:CF:B1:31:9B','604916',500.00,'2025-10-21 19:03:31','2025-10-21 19:03:31'),(3852,9,NULL,NULL,NULL,NULL,'82:3D:CF:B1:31:9B','763211',1000.00,'2025-10-21 19:04:20','2025-10-21 19:04:20'),(3853,9,NULL,NULL,NULL,NULL,'82:3D:CF:B1:31:9B','289264',1000.00,'2025-10-21 19:04:46','2025-10-21 19:04:46'),(3854,9,NULL,NULL,NULL,NULL,'82:3D:CF:B1:31:9B','802138',1000.00,'2025-10-21 19:05:39','2025-10-21 19:05:39'),(3855,9,NULL,NULL,NULL,NULL,'82:3D:CF:B1:31:9B','121601',1000.00,'2025-10-21 19:05:58','2025-10-21 19:05:58'),(3856,9,NULL,NULL,NULL,NULL,'82:3D:CF:B1:31:9B','202287',1000.00,'2025-10-21 19:06:18','2025-10-21 19:06:18'),(3857,9,NULL,NULL,NULL,NULL,'82:3D:CF:B1:31:9B','162587',1000.00,'2025-10-21 19:06:47','2025-10-21 19:06:47'),(3858,9,NULL,NULL,NULL,NULL,'82:3D:CF:B1:31:9B','403284',1000.00,'2025-10-21 19:06:57','2025-10-21 19:06:57'),(3859,7,NULL,NULL,NULL,NULL,'22:0C:FE:A8:E4:7B','956601',300.00,'2025-10-21 19:18:02','2025-10-21 19:18:02'),(3860,9,NULL,NULL,NULL,NULL,'82:3D:CF:B1:31:9B','543199',1000.00,'2025-10-21 19:19:06','2025-10-21 19:19:06'),(3861,9,NULL,NULL,NULL,NULL,'82:3D:CF:B1:31:9B','077865',1000.00,'2025-10-21 19:19:40','2025-10-21 19:19:40'),(3862,96,NULL,NULL,NULL,NULL,'0E:AB:19:C4:3B:C9','305269',1500.00,'2025-10-21 19:21:12','2025-10-21 19:21:12'),(3863,96,NULL,NULL,NULL,NULL,'0E:AB:19:C4:3B:C9','844893',1500.00,'2025-10-21 19:23:04','2025-10-21 19:23:04'),(3864,96,NULL,NULL,NULL,NULL,'0E:AB:19:C4:3B:C9','339094',1500.00,'2025-10-21 19:23:20','2025-10-21 19:23:20'),(3865,96,NULL,NULL,NULL,NULL,'0E:AB:19:C4:3B:C9','996646',1500.00,'2025-10-21 19:24:43','2025-10-21 19:24:43'),(3866,96,NULL,NULL,NULL,NULL,'0E:AB:19:C4:3B:C9','951607',1500.00,'2025-10-21 19:26:06','2025-10-21 19:26:06'),(3867,96,NULL,NULL,NULL,NULL,'0E:AB:19:C4:3B:C9','274593',1500.00,'2025-10-21 19:30:05','2025-10-21 19:30:05'),(3868,96,NULL,NULL,NULL,NULL,'0E:AB:19:C4:3B:C9','638350',1500.00,'2025-10-21 19:35:19','2025-10-21 19:35:19'),(3869,8,NULL,NULL,NULL,NULL,'82:3D:CF:B1:31:9B','235241',500.00,'2025-10-21 19:35:54','2025-10-21 19:35:54'),(3870,8,NULL,NULL,NULL,NULL,'82:3D:CF:B1:31:9B','698639',500.00,'2025-10-21 19:35:55','2025-10-21 19:35:55'),(3871,7,NULL,NULL,NULL,NULL,'22:0C:FE:A8:E4:7B','716398',300.00,'2025-10-21 19:39:44','2025-10-21 19:39:44'),(3872,7,NULL,NULL,NULL,NULL,'22:0C:FE:A8:E4:7B','791422',300.00,'2025-10-21 19:39:53','2025-10-21 19:39:53'),(3873,96,NULL,NULL,NULL,NULL,'0E:AB:19:C4:3B:C9','773249',1500.00,'2025-10-21 19:42:17','2025-10-21 19:42:17'),(3874,96,NULL,NULL,NULL,NULL,'0E:AB:19:C4:3B:C9','638064',1500.00,'2025-10-21 19:55:10','2025-10-21 19:55:10'),(3875,96,NULL,NULL,NULL,NULL,'0E:AB:19:C4:3B:C9','843596',1500.00,'2025-10-21 20:00:46','2025-10-21 20:00:46'),(3876,96,NULL,NULL,NULL,NULL,'0E:AB:19:C4:3B:C9','447036',1500.00,'2025-10-21 20:10:16','2025-10-21 20:10:16'),(3879,9,NULL,NULL,NULL,NULL,'4E:37:21:D1:E9:69','411573',1000.00,'2025-10-21 20:27:12','2025-10-21 20:27:12'),(3880,9,NULL,NULL,NULL,NULL,'4E:37:21:D1:E9:69','457495',1000.00,'2025-10-21 20:27:53','2025-10-21 20:27:53'),(3881,96,NULL,NULL,NULL,NULL,'0E:AB:19:C4:3B:C9','615628',1500.00,'2025-10-21 20:27:53','2025-10-21 20:27:53'),(3882,23,NULL,NULL,NULL,NULL,'4E:37:21:D1:E9:69','440950',15000.00,'2025-10-21 20:29:36','2025-10-21 20:29:36'),(3883,140,NULL,NULL,NULL,NULL,'34:29:12:32:1D:5A','800585',2000.00,'2025-10-21 20:58:57','2025-10-21 20:58:57'),(3884,140,NULL,NULL,NULL,NULL,'34:29:12:32:1D:5A','749970',2000.00,'2025-10-21 20:59:19','2025-10-21 20:59:19'),(3885,139,NULL,NULL,NULL,NULL,'34:29:12:32:1D:5A','577087',500.00,'2025-10-21 21:03:54','2025-10-21 21:03:54'),(3886,8,NULL,NULL,NULL,NULL,'1A:FA:73:E9:FA:23','851973',500.00,'2025-10-21 21:55:25','2025-10-21 21:55:25'),(3887,8,NULL,NULL,NULL,NULL,'1A:FA:73:E9:FA:23','730134',500.00,'2025-10-21 21:55:44','2025-10-21 21:55:44'),(3888,8,NULL,NULL,NULL,NULL,'1A:FA:73:E9:FA:23','734419',500.00,'2025-10-21 21:56:03','2025-10-21 21:56:03'),(3889,8,NULL,NULL,NULL,NULL,'1A:FA:73:E9:FA:23','515226',500.00,'2025-10-21 21:56:19','2025-10-21 21:56:19'),(3890,8,NULL,NULL,NULL,NULL,'1A:FA:73:E9:FA:23','469546',500.00,'2025-10-21 21:59:30','2025-10-21 21:59:30'),(3891,8,NULL,NULL,NULL,NULL,'1A:FA:73:E9:FA:23','521982',500.00,'2025-10-21 21:59:40','2025-10-21 21:59:40'),(3892,8,NULL,NULL,NULL,NULL,'1A:FA:73:E9:FA:23','205916',500.00,'2025-10-21 22:02:53','2025-10-21 22:02:53'),(3893,8,NULL,NULL,NULL,NULL,'1A:FA:73:E9:FA:23','156973',500.00,'2025-10-21 23:01:36','2025-10-21 23:01:36'),(3898,8,NULL,NULL,NULL,NULL,'92:85:32:EB:61:BE','569036',500.00,'2025-10-22 07:19:52','2025-10-22 07:19:52'),(3899,8,NULL,NULL,NULL,NULL,'92:85:32:EB:61:BE','179696',500.00,'2025-10-22 07:19:58','2025-10-22 07:19:58'),(3900,8,NULL,NULL,NULL,NULL,'92:85:32:EB:61:BE','930364',500.00,'2025-10-22 07:21:51','2025-10-22 07:21:51'),(3901,8,NULL,NULL,NULL,NULL,'92:85:32:EB:61:BE','905681',500.00,'2025-10-22 07:21:56','2025-10-22 07:21:56'),(3902,7,NULL,NULL,NULL,NULL,'92:85:32:EB:61:BE','227789',300.00,'2025-10-22 07:23:37','2025-10-22 07:23:37'),(3903,7,NULL,NULL,NULL,NULL,'92:85:32:EB:61:BE','046242',300.00,'2025-10-22 07:23:43','2025-10-22 07:23:43'),(3904,8,NULL,NULL,NULL,NULL,'92:85:32:EB:61:BE','672297',500.00,'2025-10-22 07:27:44','2025-10-22 07:27:44'),(3905,8,NULL,NULL,NULL,NULL,'92:85:32:EB:61:BE','215609',500.00,'2025-10-22 07:27:51','2025-10-22 07:27:51'),(3906,8,NULL,NULL,NULL,NULL,'92:85:32:EB:61:BE','004198',500.00,'2025-10-22 07:28:25','2025-10-22 07:28:25'),(3907,8,NULL,NULL,NULL,NULL,'92:85:32:EB:61:BE','803798',500.00,'2025-10-22 07:32:47','2025-10-22 07:32:47'),(3908,8,NULL,NULL,NULL,NULL,'92:85:32:EB:61:BE','777680',500.00,'2025-10-22 07:32:56','2025-10-22 07:32:56'),(3909,8,NULL,NULL,NULL,NULL,'92:85:32:EB:61:BE','734218',500.00,'2025-10-22 07:33:07','2025-10-22 07:33:07'),(3911,8,NULL,NULL,NULL,NULL,'22:CA:22:F4:49:10','473037',500.00,'2025-10-22 07:34:04','2025-10-22 07:34:04'),(3912,8,NULL,NULL,NULL,NULL,'22:CA:22:F4:49:10','408941',500.00,'2025-10-22 07:34:11','2025-10-22 07:34:11'),(3913,8,NULL,NULL,NULL,NULL,'CA:72:22:4C:C5:32','451670',500.00,'2025-10-22 08:05:28','2025-10-22 08:05:28'),(3914,9,NULL,NULL,NULL,NULL,'92:85:32:EB:61:BE','740478',1000.00,'2025-10-22 08:09:43','2025-10-22 08:09:43'),(3915,9,NULL,NULL,NULL,NULL,'92:85:32:EB:61:BE','835514',1000.00,'2025-10-22 08:09:48','2025-10-22 08:09:48'),(3916,9,NULL,NULL,NULL,NULL,'92:85:32:EB:61:BE','231920',1000.00,'2025-10-22 08:10:21','2025-10-22 08:10:21'),(3917,9,NULL,NULL,NULL,NULL,'92:85:32:EB:61:BE','773145',1000.00,'2025-10-22 08:10:25','2025-10-22 08:10:25'),(3918,9,NULL,NULL,NULL,NULL,'92:85:32:EB:61:BE','380441',1000.00,'2025-10-22 08:10:30','2025-10-22 08:10:30'),(3919,9,NULL,NULL,NULL,NULL,'92:85:32:EB:61:BE','965299',1000.00,'2025-10-22 08:10:55','2025-10-22 08:10:55'),(3920,9,NULL,NULL,NULL,NULL,'92:85:32:EB:61:BE','515525',1000.00,'2025-10-22 08:11:02','2025-10-22 08:11:02'),(3921,121,NULL,NULL,NULL,NULL,'CA:47:4A:03:01:80','892306',1000.00,'2025-10-22 08:12:32','2025-10-22 08:12:32'),(3922,8,NULL,NULL,NULL,NULL,'92:85:32:EB:61:BE','544736',500.00,'2025-10-22 08:12:40','2025-10-22 08:12:40'),(3923,121,NULL,NULL,NULL,NULL,'CA:47:4A:03:01:80','533876',1000.00,'2025-10-22 08:13:41','2025-10-22 08:13:41'),(3924,121,NULL,NULL,NULL,NULL,'CA:47:4A:03:01:80','824149',1000.00,'2025-10-22 08:14:40','2025-10-22 08:14:40'),(3925,8,NULL,NULL,NULL,NULL,'CA:72:22:4C:C5:32','769015',500.00,'2025-10-22 08:31:34','2025-10-22 08:31:34'),(3926,8,NULL,NULL,NULL,NULL,'CA:72:22:4C:C5:32','962236',500.00,'2025-10-22 08:32:11','2025-10-22 08:32:11'),(3927,8,NULL,NULL,NULL,NULL,'CA:72:22:4C:C5:32','034284',500.00,'2025-10-22 08:33:24','2025-10-22 08:33:24'),(3928,8,NULL,NULL,NULL,NULL,'CA:72:22:4C:C5:32','171685',500.00,'2025-10-22 08:34:27','2025-10-22 08:34:27'),(3929,8,NULL,NULL,NULL,NULL,'CA:72:22:4C:C5:32','109864',500.00,'2025-10-22 08:34:52','2025-10-22 08:34:52'),(3930,8,NULL,NULL,NULL,NULL,'CA:72:22:4C:C5:32','373976',500.00,'2025-10-22 08:35:33','2025-10-22 08:35:33'),(3931,8,NULL,NULL,NULL,NULL,'CA:72:22:4C:C5:32','178743',500.00,'2025-10-22 08:35:42','2025-10-22 08:35:42'),(3932,8,NULL,NULL,NULL,NULL,'CA:72:22:4C:C5:32','735107',500.00,'2025-10-22 08:38:39','2025-10-22 08:38:39'),(3933,121,NULL,NULL,NULL,NULL,'A2:D7:40:67:4D:13','910756',1000.00,'2025-10-22 08:55:05','2025-10-22 08:55:05'),(3934,8,NULL,NULL,NULL,NULL,'BE:B3:CB:9E:09:DC','161612',500.00,'2025-10-22 10:06:15','2025-10-22 10:06:15'),(3935,8,NULL,NULL,NULL,NULL,'BE:B3:CB:9E:09:DC','582133',500.00,'2025-10-22 10:06:38','2025-10-22 10:06:38'),(3936,8,NULL,NULL,NULL,NULL,'BE:B3:CB:9E:09:DC','574945',500.00,'2025-10-22 10:08:00','2025-10-22 10:08:00'),(3937,8,NULL,NULL,NULL,NULL,'BE:B3:CB:9E:09:DC','383178',500.00,'2025-10-22 10:10:31','2025-10-22 10:10:31'),(3938,8,NULL,NULL,NULL,NULL,'BE:B3:CB:9E:09:DC','316881',500.00,'2025-10-22 10:11:34','2025-10-22 10:11:34'),(3939,8,NULL,NULL,NULL,NULL,'BE:B3:CB:9E:09:DC','870751',500.00,'2025-10-22 10:12:13','2025-10-22 10:12:13'),(3940,8,NULL,NULL,NULL,NULL,'BE:B3:CB:9E:09:DC','570029',500.00,'2025-10-22 10:13:34','2025-10-22 10:13:34'),(3942,8,NULL,NULL,NULL,NULL,'06:9D:01:F5:0E:47','412846',500.00,'2025-10-22 10:25:58','2025-10-22 10:25:58'),(3943,8,NULL,NULL,NULL,NULL,'06:9D:01:F5:0E:47','666695',500.00,'2025-10-22 10:28:09','2025-10-22 10:28:09'),(3944,8,NULL,NULL,NULL,NULL,'06:9D:01:F5:0E:47','454832',500.00,'2025-10-22 10:28:30','2025-10-22 10:28:30'),(3945,8,NULL,NULL,NULL,NULL,'06:9D:01:F5:0E:47','627583',500.00,'2025-10-22 10:30:38','2025-10-22 10:30:38'),(3946,8,NULL,NULL,NULL,NULL,'06:9D:01:F5:0E:47','595360',500.00,'2025-10-22 10:31:55','2025-10-22 10:31:55'),(3947,8,NULL,NULL,NULL,NULL,'06:9D:01:F5:0E:47','104620',500.00,'2025-10-22 10:33:35','2025-10-22 10:33:35'),(3948,8,NULL,NULL,NULL,NULL,'06:9D:01:F5:0E:47','860521',500.00,'2025-10-22 10:35:48','2025-10-22 10:35:48'),(3949,9,NULL,NULL,NULL,NULL,'06:9D:01:F5:0E:47','866138',1000.00,'2025-10-22 10:36:27','2025-10-22 10:36:27'),(3950,9,NULL,NULL,NULL,NULL,'06:9D:01:F5:0E:47','542938',1000.00,'2025-10-22 10:37:00','2025-10-22 10:37:00'),(3951,96,NULL,NULL,NULL,NULL,'56:44:57:EB:B1:B4','727052',1500.00,'2025-10-22 10:37:52','2025-10-22 10:37:52'),(3952,96,NULL,NULL,NULL,NULL,'56:44:57:EB:B1:B4','416251',1500.00,'2025-10-22 10:39:23','2025-10-22 10:39:23'),(3953,8,NULL,NULL,NULL,NULL,'06:9D:01:F5:0E:47','049725',500.00,'2025-10-22 10:39:30','2025-10-22 10:39:30'),(3954,96,NULL,NULL,NULL,NULL,'56:44:57:EB:B1:B4','952513',1500.00,'2025-10-22 10:40:12','2025-10-22 10:40:12'),(3955,9,NULL,NULL,NULL,NULL,'06:9D:01:F5:0E:47','935930',1000.00,'2025-10-22 10:41:26','2025-10-22 10:41:26'),(3957,96,NULL,NULL,NULL,NULL,'56:44:57:EB:B1:B4','186213',1500.00,'2025-10-22 10:43:19','2025-10-22 10:43:19'),(3958,96,NULL,NULL,NULL,NULL,'56:44:57:EB:B1:B4','883461',1500.00,'2025-10-22 10:43:26','2025-10-22 10:43:26'),(3959,96,NULL,NULL,NULL,NULL,'56:44:57:EB:B1:B4','389005',1500.00,'2025-10-22 10:44:11','2025-10-22 10:44:11'),(3960,96,NULL,NULL,NULL,NULL,'56:44:57:EB:B1:B4','870107',1500.00,'2025-10-22 10:44:32','2025-10-22 10:44:32'),(3961,96,NULL,NULL,NULL,NULL,'56:44:57:EB:B1:B4','098986',1500.00,'2025-10-22 10:46:31','2025-10-22 10:46:31'),(3962,96,NULL,NULL,NULL,NULL,'56:44:57:EB:B1:B4','343129',1500.00,'2025-10-22 10:46:37','2025-10-22 10:46:37'),(3963,96,NULL,NULL,NULL,NULL,'56:44:57:EB:B1:B4','377897',1500.00,'2025-10-22 10:46:43','2025-10-22 10:46:43'),(3964,96,NULL,NULL,NULL,NULL,'56:44:57:EB:B1:B4','757746',1500.00,'2025-10-22 10:48:20','2025-10-22 10:48:20'),(3965,8,NULL,NULL,NULL,NULL,'06:9D:01:F5:0E:47','504209',500.00,'2025-10-22 10:49:45','2025-10-22 10:49:45'),(3966,8,NULL,NULL,NULL,NULL,'06:9D:01:F5:0E:47','046072',500.00,'2025-10-22 10:52:54','2025-10-22 10:52:54'),(3967,96,NULL,NULL,NULL,NULL,'86:6D:C9:C4:5B:3A','637989',1500.00,'2025-10-22 10:55:36','2025-10-22 10:55:36'),(3968,96,NULL,NULL,NULL,NULL,'86:6D:C9:C4:5B:3A','160392',1500.00,'2025-10-22 10:57:41','2025-10-22 10:57:41'),(3969,8,NULL,NULL,NULL,NULL,'06:9D:01:F5:0E:47','331844',500.00,'2025-10-22 11:32:26','2025-10-22 11:32:26'),(3970,8,NULL,NULL,NULL,NULL,'06:9D:01:F5:0E:47','965106',500.00,'2025-10-22 11:33:04','2025-10-22 11:33:04'),(3971,8,NULL,NULL,NULL,NULL,'06:9D:01:F5:0E:47','055589',500.00,'2025-10-22 11:33:12','2025-10-22 11:33:12'),(3972,8,NULL,NULL,NULL,NULL,'5A:22:D6:25:36:E9','603758',500.00,'2025-10-22 11:43:23','2025-10-22 11:43:23'),(3973,8,NULL,NULL,NULL,NULL,'5A:22:D6:25:36:E9','424322',500.00,'2025-10-22 11:44:23','2025-10-22 11:44:23'),(3974,8,NULL,NULL,NULL,NULL,'5A:22:D6:25:36:E9','211999',500.00,'2025-10-22 11:44:58','2025-10-22 11:44:58'),(3975,8,NULL,NULL,NULL,NULL,'5A:22:D6:25:36:E9','410414',500.00,'2025-10-22 11:55:13','2025-10-22 11:55:13'),(3976,8,NULL,NULL,NULL,NULL,'06:9D:01:F5:0E:47','198520',500.00,'2025-10-22 12:04:29','2025-10-22 12:04:29'),(3977,8,NULL,NULL,NULL,NULL,'06:9D:01:F5:0E:47','416779',500.00,'2025-10-22 12:08:15','2025-10-22 12:08:15'),(3978,8,NULL,NULL,NULL,NULL,'5A:22:D6:25:36:E9','056045',500.00,'2025-10-22 12:08:40','2025-10-22 12:08:40'),(3979,8,NULL,NULL,NULL,NULL,'06:9D:01:F5:0E:47','400421',500.00,'2025-10-22 12:09:41','2025-10-22 12:09:41'),(3980,8,NULL,NULL,NULL,NULL,'5A:22:D6:25:36:E9','514214',500.00,'2025-10-22 12:11:49','2025-10-22 12:11:49'),(3981,8,NULL,NULL,NULL,NULL,'06:9D:01:F5:0E:47','545543',500.00,'2025-10-22 12:12:17','2025-10-22 12:12:17'),(3982,8,NULL,NULL,NULL,NULL,'06:9D:01:F5:0E:47','900507',500.00,'2025-10-22 12:15:05','2025-10-22 12:15:05'),(3983,8,NULL,NULL,NULL,NULL,'5A:22:D6:25:36:E9','725144',500.00,'2025-10-22 12:20:38','2025-10-22 12:20:38'),(3984,8,NULL,NULL,NULL,NULL,'5A:22:D6:25:36:E9','384405',500.00,'2025-10-22 12:21:15','2025-10-22 12:21:15'),(3985,8,NULL,NULL,NULL,NULL,'5A:22:D6:25:36:E9','685852',500.00,'2025-10-22 12:21:16','2025-10-22 12:21:16'),(3986,8,NULL,NULL,NULL,NULL,'06:9D:01:F5:0E:47','516786',500.00,'2025-10-22 12:24:49','2025-10-22 12:24:49'),(3988,8,NULL,NULL,NULL,NULL,'CA:72:22:4C:C5:32','465167',500.00,'2025-10-22 12:59:47','2025-10-22 12:59:47'),(3989,122,NULL,NULL,NULL,NULL,'62:55:9A:66:5B:98','567809',6000.00,'2025-10-22 13:00:08','2025-10-22 13:00:08'),(3990,122,NULL,NULL,NULL,NULL,'62:55:9A:66:5B:98','523091',6000.00,'2025-10-22 13:00:21','2025-10-22 13:00:21'),(3991,122,NULL,NULL,NULL,NULL,'62:55:9A:66:5B:98','005460',6000.00,'2025-10-22 13:00:43','2025-10-22 13:00:43'),(3992,122,NULL,NULL,NULL,NULL,'62:55:9A:66:5B:98','385512',6000.00,'2025-10-22 13:01:20','2025-10-22 13:01:20'),(3993,8,NULL,NULL,NULL,NULL,'CA:72:22:4C:C5:32','499480',500.00,'2025-10-22 13:05:55','2025-10-22 13:05:55'),(3995,8,NULL,NULL,NULL,NULL,'EE:F7:43:4A:79:AC','434660',500.00,'2025-10-22 13:09:35','2025-10-22 13:09:35'),(3996,8,NULL,NULL,NULL,NULL,'CA:72:22:4C:C5:32','859258',500.00,'2025-10-22 13:12:37','2025-10-22 13:12:37'),(3997,8,NULL,NULL,NULL,NULL,'CA:72:22:4C:C5:32','655647',500.00,'2025-10-22 13:13:49','2025-10-22 13:13:49'),(3999,7,NULL,NULL,NULL,NULL,'CA:CE:EF:52:D2:21','921432',300.00,'2025-10-22 13:41:17','2025-10-22 13:41:17'),(4000,7,NULL,NULL,NULL,NULL,'CA:CE:EF:52:D2:21','464741',300.00,'2025-10-22 13:46:52','2025-10-22 13:46:52'),(4001,7,NULL,NULL,NULL,NULL,'CA:CE:EF:52:D2:21','113153',300.00,'2025-10-22 13:47:41','2025-10-22 13:47:41'),(4005,9,NULL,NULL,NULL,NULL,'86:87:D5:B9:81:15','802183',1000.00,'2025-10-22 14:20:11','2025-10-22 14:20:11'),(4006,9,NULL,NULL,NULL,NULL,'86:87:D5:B9:81:15','958406',1000.00,'2025-10-22 14:20:44','2025-10-22 14:20:44'),(4007,9,NULL,NULL,NULL,NULL,'86:87:D5:B9:81:15','250567',1000.00,'2025-10-22 14:22:18','2025-10-22 14:22:18'),(4009,65,NULL,NULL,NULL,NULL,'CA:5F:5D:98:C6:BE','693976',500.00,'2025-10-22 16:06:17','2025-10-22 16:06:17'),(4010,7,NULL,NULL,NULL,NULL,'4A:16:D9:48:F9:0B','653306',300.00,'2025-10-22 17:09:07','2025-10-22 17:09:07'),(4011,7,NULL,NULL,NULL,NULL,'4A:16:D9:48:F9:0B','144177',300.00,'2025-10-22 17:10:40','2025-10-22 17:10:40'),(4012,8,NULL,NULL,NULL,NULL,'4A:16:D9:48:F9:0B','584941',500.00,'2025-10-22 17:13:14','2025-10-22 17:13:14'),(4013,8,NULL,NULL,NULL,NULL,'4A:16:D9:48:F9:0B','507328',500.00,'2025-10-22 17:15:32','2025-10-22 17:15:32'),(4014,8,NULL,NULL,NULL,NULL,'4A:16:D9:48:F9:0B','323951',500.00,'2025-10-22 17:17:16','2025-10-22 17:17:16'),(4015,96,NULL,NULL,NULL,NULL,'92:8C:CD:A8:5E:05','089804',1500.00,'2025-10-22 17:34:19','2025-10-22 17:34:19'),(4016,96,NULL,NULL,NULL,NULL,'92:8C:CD:A8:5E:05','692278',1500.00,'2025-10-22 17:35:21','2025-10-22 17:35:21'),(4017,96,NULL,NULL,NULL,NULL,'92:8C:CD:A8:5E:05','896186',1500.00,'2025-10-22 17:37:33','2025-10-22 17:37:33'),(4019,8,NULL,NULL,NULL,NULL,'BE:13:B8:AF:2F:FD','148560',500.00,'2025-10-22 17:39:01','2025-10-22 17:39:01'),(4020,8,NULL,NULL,NULL,NULL,'96:AD:AE:3B:F4:1C','737612',500.00,'2025-10-22 17:39:06','2025-10-22 17:39:06'),(4021,8,NULL,NULL,NULL,NULL,'BE:13:B8:AF:2F:FD','534426',500.00,'2025-10-22 17:39:22','2025-10-22 17:39:22'),(4022,96,NULL,NULL,NULL,NULL,'92:8C:CD:A8:5E:05','378341',1500.00,'2025-10-22 17:40:33','2025-10-22 17:40:33'),(4023,8,NULL,NULL,NULL,NULL,'96:AD:AE:3B:F4:1C','584339',500.00,'2025-10-22 17:53:06','2025-10-22 17:53:06'),(4024,9,NULL,NULL,NULL,NULL,'C2:90:68:DF:AC:2C','612444',1000.00,'2025-10-22 17:53:15','2025-10-22 17:53:15'),(4025,9,NULL,NULL,NULL,NULL,'C2:90:68:DF:AC:2C','818324',1000.00,'2025-10-22 17:53:42','2025-10-22 17:53:42'),(4026,9,NULL,NULL,NULL,NULL,'C2:90:68:DF:AC:2C','790577',1000.00,'2025-10-22 17:54:19','2025-10-22 17:54:19'),(4027,9,NULL,NULL,NULL,NULL,'C2:90:68:DF:AC:2C','206085',1000.00,'2025-10-22 17:58:01','2025-10-22 17:58:01'),(4028,9,NULL,NULL,NULL,NULL,'C2:90:68:DF:AC:2C','635542',1000.00,'2025-10-22 17:59:26','2025-10-22 17:59:26'),(4029,9,NULL,NULL,NULL,NULL,'02:B9:EF:2A:02:7D','739655',1000.00,'2025-10-22 18:07:31','2025-10-22 18:07:31'),(4030,9,NULL,NULL,NULL,NULL,'02:B9:EF:2A:02:7D','654308',1000.00,'2025-10-22 18:08:21','2025-10-22 18:08:21'),(4031,9,NULL,NULL,NULL,NULL,'02:B9:EF:2A:02:7D','589048',1000.00,'2025-10-22 18:09:08','2025-10-22 18:09:08'),(4032,9,NULL,NULL,NULL,NULL,'02:B9:EF:2A:02:7D','591522',1000.00,'2025-10-22 18:09:26','2025-10-22 18:09:26'),(4033,9,NULL,NULL,NULL,NULL,'02:B9:EF:2A:02:7D','305073',1000.00,'2025-10-22 18:09:38','2025-10-22 18:09:38'),(4034,9,NULL,NULL,NULL,NULL,'02:B9:EF:2A:02:7D','778400',1000.00,'2025-10-22 18:09:53','2025-10-22 18:09:53'),(4035,9,NULL,NULL,NULL,NULL,'02:B9:EF:2A:02:7D','637842',1000.00,'2025-10-22 18:11:09','2025-10-22 18:11:09'),(4036,9,NULL,NULL,NULL,NULL,'02:B9:EF:2A:02:7D','162355',1000.00,'2025-10-22 18:16:15','2025-10-22 18:16:15'),(4037,9,NULL,NULL,NULL,NULL,'02:B9:EF:2A:02:7D','250424',1000.00,'2025-10-22 18:17:30','2025-10-22 18:17:30'),(4038,9,NULL,NULL,NULL,NULL,'02:B9:EF:2A:02:7D','387877',1000.00,'2025-10-22 18:22:53','2025-10-22 18:22:53'),(4039,9,NULL,NULL,NULL,NULL,'02:B9:EF:2A:02:7D','775960',1000.00,'2025-10-22 18:24:05','2025-10-22 18:24:05'),(4040,9,NULL,NULL,NULL,NULL,'02:B9:EF:2A:02:7D','091814',1000.00,'2025-10-22 18:25:40','2025-10-22 18:25:40'),(4041,9,NULL,NULL,NULL,NULL,'02:B9:EF:2A:02:7D','452494',1000.00,'2025-10-22 18:26:52','2025-10-22 18:26:52'),(4042,9,NULL,NULL,NULL,NULL,'02:B9:EF:2A:02:7D','592443',1000.00,'2025-10-22 18:27:06','2025-10-22 18:27:06'),(4043,9,NULL,NULL,NULL,NULL,'02:B9:EF:2A:02:7D','642341',1000.00,'2025-10-22 18:28:28','2025-10-22 18:28:28'),(4044,9,NULL,NULL,NULL,NULL,'02:B9:EF:2A:02:7D','138130',1000.00,'2025-10-22 18:35:15','2025-10-22 18:35:15'),(4045,9,NULL,NULL,NULL,NULL,'02:B9:EF:2A:02:7D','195272',1000.00,'2025-10-22 18:35:34','2025-10-22 18:35:34'),(4046,9,NULL,NULL,NULL,NULL,'02:B9:EF:2A:02:7D','567271',1000.00,'2025-10-22 18:35:43','2025-10-22 18:35:43'),(4047,9,NULL,NULL,NULL,NULL,'02:B9:EF:2A:02:7D','462416',1000.00,'2025-10-22 18:39:20','2025-10-22 18:39:20'),(4048,9,NULL,NULL,NULL,NULL,'02:B9:EF:2A:02:7D','524460',1000.00,'2025-10-22 18:40:35','2025-10-22 18:40:35'),(4049,9,NULL,NULL,NULL,NULL,'02:B9:EF:2A:02:7D','377304',1000.00,'2025-10-22 18:40:38','2025-10-22 18:40:38'),(4050,7,NULL,NULL,NULL,NULL,'4A:16:D9:48:F9:0B','484160',300.00,'2025-10-22 18:41:46','2025-10-22 18:41:46'),(4051,8,NULL,NULL,NULL,NULL,'4A:16:D9:48:F9:0B','911971',500.00,'2025-10-22 18:44:57','2025-10-22 18:44:57'),(4052,9,NULL,NULL,NULL,NULL,'C2:90:68:DF:AC:2C','631985',1000.00,'2025-10-22 18:50:24','2025-10-22 18:50:24'),(4053,8,NULL,NULL,NULL,NULL,'C2:90:68:DF:AC:2C','276243',500.00,'2025-10-22 18:50:59','2025-10-22 18:50:59'),(4054,9,NULL,NULL,NULL,NULL,'C2:90:68:DF:AC:2C','505582',1000.00,'2025-10-22 18:52:41','2025-10-22 18:52:41'),(4055,9,NULL,NULL,NULL,NULL,'C2:90:68:DF:AC:2C','579854',1000.00,'2025-10-22 18:55:22','2025-10-22 18:55:22'),(4056,9,NULL,NULL,NULL,NULL,'C2:90:68:DF:AC:2C','615952',1000.00,'2025-10-22 18:55:31','2025-10-22 18:55:31'),(4057,9,NULL,NULL,NULL,NULL,'C2:90:68:DF:AC:2C','752617',1000.00,'2025-10-22 18:56:28','2025-10-22 18:56:28'),(4061,23,NULL,NULL,NULL,NULL,'9E:0D:04:94:2B:3A','103887',15000.00,'2025-10-22 20:43:50','2025-10-22 20:43:50'),(4062,23,NULL,NULL,NULL,NULL,'9E:0D:04:94:2B:3A','763688',15000.00,'2025-10-22 20:44:30','2025-10-22 20:44:30'),(4063,23,NULL,NULL,NULL,NULL,'9E:0D:04:94:2B:3A','480789',15000.00,'2025-10-22 20:44:45','2025-10-22 20:44:45'),(4064,23,NULL,NULL,NULL,NULL,'9E:0D:04:94:2B:3A','814650',15000.00,'2025-10-22 20:45:18','2025-10-22 20:45:18'),(4068,8,NULL,NULL,NULL,NULL,'F4:60:E2:58:0E:DA','947934',500.00,'2025-10-22 22:28:28','2025-10-22 22:28:28'),(4071,7,NULL,NULL,NULL,NULL,'78:3A:6C:7F:20:71','640003',300.00,'2025-10-22 23:31:23','2025-10-22 23:31:23'),(4072,7,NULL,NULL,NULL,NULL,'78:3A:6C:7F:20:71','041794',300.00,'2025-10-22 23:32:08','2025-10-22 23:32:08'),(4073,7,NULL,NULL,NULL,NULL,'78:3A:6C:7F:20:71','580104',300.00,'2025-10-22 23:32:27','2025-10-22 23:32:27'),(4074,7,NULL,NULL,NULL,NULL,'78:3A:6C:7F:20:71','556779',300.00,'2025-10-22 23:32:54','2025-10-22 23:32:54'),(4075,7,NULL,NULL,NULL,NULL,'78:3A:6C:7F:20:71','137190',300.00,'2025-10-22 23:33:11','2025-10-22 23:33:11'),(4076,7,NULL,NULL,NULL,NULL,'78:3A:6C:7F:20:71','344937',300.00,'2025-10-22 23:33:26','2025-10-22 23:33:26'),(4077,7,NULL,NULL,NULL,NULL,'78:3A:6C:7F:20:71','204495',300.00,'2025-10-22 23:51:02','2025-10-22 23:51:02'),(4082,64,NULL,NULL,NULL,NULL,'DA:E7:B2:55:D9:AB','667794',1000.00,'2025-10-23 07:07:48','2025-10-23 07:07:48'),(4083,64,NULL,NULL,NULL,NULL,'DA:E7:B2:55:D9:AB','362015',1000.00,'2025-10-23 07:08:00','2025-10-23 07:08:00'),(4084,64,NULL,NULL,NULL,NULL,'DA:E7:B2:55:D9:AB','771593',1000.00,'2025-10-23 07:08:04','2025-10-23 07:08:04'),(4085,65,NULL,NULL,NULL,NULL,'DA:E7:B2:55:D9:AB','598411',500.00,'2025-10-23 07:08:51','2025-10-23 07:08:51'),(4089,8,NULL,NULL,NULL,NULL,'B6:28:6A:AF:47:B3','604347',500.00,'2025-10-23 09:51:27','2025-10-23 09:51:27'),(4090,8,NULL,NULL,NULL,NULL,'B6:28:6A:AF:47:B3','684826',500.00,'2025-10-23 09:51:51','2025-10-23 09:51:51'),(4091,8,NULL,NULL,NULL,NULL,'5A:FA:A2:DD:E8:DA','824108',500.00,'2025-10-23 09:52:25','2025-10-23 09:52:25'),(4092,8,NULL,NULL,NULL,NULL,'5A:FA:A2:DD:E8:DA','359754',500.00,'2025-10-23 09:52:40','2025-10-23 09:52:40'),(4093,8,NULL,NULL,NULL,NULL,'5A:FA:A2:DD:E8:DA','549227',500.00,'2025-10-23 09:53:02','2025-10-23 09:53:02'),(4095,8,NULL,NULL,NULL,NULL,'14:9F:3C:6B:96:77','096978',500.00,'2025-10-23 10:05:21','2025-10-23 10:05:21'),(4097,8,NULL,NULL,NULL,NULL,'CA:72:22:4C:C5:32','172909',500.00,'2025-10-23 11:34:51','2025-10-23 11:34:51'),(4098,8,NULL,NULL,NULL,NULL,'CA:72:22:4C:C5:32','104221',500.00,'2025-10-23 11:35:21','2025-10-23 11:35:21'),(4099,96,NULL,NULL,NULL,NULL,'5A:A7:EE:0B:1A:92','617934',1500.00,'2025-10-23 11:35:25','2025-10-23 11:35:25'),(4100,8,NULL,NULL,NULL,NULL,'5A:22:D6:25:36:E9','982187',500.00,'2025-10-23 11:36:10','2025-10-23 11:36:10'),(4101,96,NULL,NULL,NULL,NULL,'5A:A7:EE:0B:1A:92','602390',1500.00,'2025-10-23 11:38:38','2025-10-23 11:38:38'),(4102,96,NULL,NULL,NULL,NULL,'5A:A7:EE:0B:1A:92','497804',1500.00,'2025-10-23 11:41:18','2025-10-23 11:41:18'),(4104,96,NULL,NULL,NULL,NULL,'5A:A7:EE:0B:1A:92','696317',1500.00,'2025-10-23 11:44:12','2025-10-23 11:44:12'),(4105,96,NULL,NULL,NULL,NULL,'5A:A7:EE:0B:1A:92','461097',1500.00,'2025-10-23 11:44:16','2025-10-23 11:44:16'),(4106,96,NULL,NULL,NULL,NULL,'5A:A7:EE:0B:1A:92','512686',1500.00,'2025-10-23 11:44:24','2025-10-23 11:44:24'),(4107,96,NULL,NULL,NULL,NULL,'5A:A7:EE:0B:1A:92','717039',1500.00,'2025-10-23 11:44:30','2025-10-23 11:44:30'),(4108,96,NULL,NULL,NULL,NULL,'0E:AB:19:C4:3B:C9','770784',1500.00,'2025-10-23 11:45:53','2025-10-23 11:45:53'),(4109,96,NULL,NULL,NULL,NULL,'0E:AB:19:C4:3B:C9','545968',1500.00,'2025-10-23 11:46:01','2025-10-23 11:46:01'),(4111,96,NULL,NULL,NULL,NULL,'92:8C:CD:A8:5E:05','885195',1500.00,'2025-10-23 11:57:29','2025-10-23 11:57:29'),(4112,96,NULL,NULL,NULL,NULL,'92:8C:CD:A8:5E:05','628511',1500.00,'2025-10-23 11:58:38','2025-10-23 11:58:38'),(4113,96,NULL,NULL,NULL,NULL,'92:8C:CD:A8:5E:05','162025',1500.00,'2025-10-23 11:59:41','2025-10-23 11:59:41'),(4114,95,NULL,NULL,NULL,NULL,'92:8C:CD:A8:5E:05','483562',1000.00,'2025-10-23 12:00:33','2025-10-23 12:00:33'),(4115,95,NULL,NULL,NULL,NULL,'92:8C:CD:A8:5E:05','449072',1000.00,'2025-10-23 12:02:43','2025-10-23 12:02:43'),(4116,7,NULL,NULL,NULL,NULL,'BE:13:B8:AF:2F:FD','283418',300.00,'2025-10-23 12:18:32','2025-10-23 12:18:32'),(4117,7,NULL,NULL,NULL,NULL,'BE:13:B8:AF:2F:FD','361798',300.00,'2025-10-23 12:18:43','2025-10-23 12:18:43'),(4118,7,NULL,NULL,NULL,NULL,'BE:13:B8:AF:2F:FD','525388',300.00,'2025-10-23 12:19:17','2025-10-23 12:19:17'),(4119,7,NULL,NULL,NULL,NULL,'BE:13:B8:AF:2F:FD','896370',300.00,'2025-10-23 12:20:04','2025-10-23 12:20:04'),(4120,7,NULL,NULL,NULL,NULL,'BE:13:B8:AF:2F:FD','712561',300.00,'2025-10-23 12:20:23','2025-10-23 12:20:23'),(4121,7,NULL,NULL,NULL,NULL,'BE:13:B8:AF:2F:FD','419432',300.00,'2025-10-23 12:22:02','2025-10-23 12:22:02'),(4122,7,NULL,NULL,NULL,NULL,'BE:13:B8:AF:2F:FD','266661',300.00,'2025-10-23 12:23:14','2025-10-23 12:23:14'),(4124,7,NULL,NULL,NULL,NULL,'BE:13:B8:AF:2F:FD','586083',300.00,'2025-10-23 12:38:43','2025-10-23 12:38:43'),(4127,9,NULL,NULL,NULL,NULL,'0A:47:1B:5E:1E:BC','041225',1000.00,'2025-10-23 14:45:47','2025-10-23 14:45:47'),(4129,7,NULL,NULL,NULL,NULL,'B2:38:6E:36:D1:F2','599439',300.00,'2025-10-23 14:55:44','2025-10-23 14:55:44'),(4130,7,NULL,NULL,NULL,NULL,'B2:38:6E:36:D1:F2','433582',300.00,'2025-10-23 14:56:39','2025-10-23 14:56:39'),(4131,7,NULL,NULL,NULL,NULL,'B2:38:6E:36:D1:F2','573666',300.00,'2025-10-23 14:57:45','2025-10-23 14:57:45'),(4132,8,NULL,NULL,NULL,NULL,'B2:38:6E:36:D1:F2','909253',500.00,'2025-10-23 14:58:45','2025-10-23 14:58:45'),(4133,8,NULL,NULL,NULL,NULL,'B2:38:6E:36:D1:F2','580263',500.00,'2025-10-23 14:59:45','2025-10-23 14:59:45'),(4134,8,NULL,NULL,NULL,NULL,'B2:38:6E:36:D1:F2','026230',500.00,'2025-10-23 15:06:53','2025-10-23 15:06:53'),(4135,64,NULL,NULL,NULL,NULL,'7C:6B:9C:A0:7E:CD','194834',1000.00,'2025-10-23 15:13:37','2025-10-23 15:13:37'),(4136,64,NULL,NULL,NULL,NULL,'7C:6B:9C:A0:7E:CD','159774',1000.00,'2025-10-23 15:13:41','2025-10-23 15:13:41'),(4139,9,NULL,NULL,NULL,NULL,'B2:08:B4:45:AA:47','998358',1000.00,'2025-10-23 15:21:22','2025-10-23 15:21:22'),(4140,9,NULL,NULL,NULL,NULL,'B2:08:B4:45:AA:47','971292',1000.00,'2025-10-23 15:21:30','2025-10-23 15:21:30'),(4143,24,NULL,NULL,NULL,NULL,'3A:13:89:8C:B7:66','221769',2500.00,'2025-10-23 15:38:46','2025-10-23 15:38:46'),(4145,8,NULL,NULL,NULL,NULL,'BE:13:B8:AF:2F:FD','479824',500.00,'2025-10-23 15:44:02','2025-10-23 15:44:02'),(4147,65,NULL,NULL,NULL,NULL,'D4:38:9C:83:8B:71','718169',500.00,'2025-10-23 16:22:15','2025-10-23 16:22:15'),(4148,65,NULL,NULL,NULL,NULL,'D4:38:9C:83:8B:71','418309',500.00,'2025-10-23 16:25:01','2025-10-23 16:25:01'),(4149,65,NULL,NULL,NULL,NULL,'D4:38:9C:83:8B:71','956793',500.00,'2025-10-23 16:26:12','2025-10-23 16:26:12'),(4150,65,NULL,NULL,NULL,NULL,'D4:38:9C:83:8B:71','739774',500.00,'2025-10-23 16:29:34','2025-10-23 16:29:34'),(4151,121,NULL,NULL,NULL,NULL,'9E:E5:49:01:6E:98','587233',1000.00,'2025-10-23 16:35:46','2025-10-23 16:35:46'),(4152,121,NULL,NULL,NULL,NULL,'9E:E5:49:01:6E:98','223343',1000.00,'2025-10-23 17:00:11','2025-10-23 17:00:11'),(4153,121,NULL,NULL,NULL,NULL,'9E:E5:49:01:6E:98','190878',1000.00,'2025-10-23 17:00:42','2025-10-23 17:00:42'),(4154,121,NULL,NULL,NULL,NULL,'9E:E5:49:01:6E:98','117084',1000.00,'2025-10-23 17:01:47','2025-10-23 17:01:47'),(4155,121,NULL,NULL,NULL,NULL,'9E:E5:49:01:6E:98','714248',1000.00,'2025-10-23 17:02:03','2025-10-23 17:02:03'),(4157,7,NULL,NULL,NULL,NULL,'22:F0:CA:D5:AF:FC','084961',300.00,'2025-10-23 17:49:24','2025-10-23 17:49:24'),(4159,7,NULL,NULL,NULL,NULL,'22:F0:CA:D5:AF:FC','121844',300.00,'2025-10-23 17:52:01','2025-10-23 17:52:01'),(4160,9,NULL,NULL,NULL,NULL,'02:B9:EF:2A:02:7D','512412',1000.00,'2025-10-23 18:36:11','2025-10-23 18:36:11'),(4162,7,NULL,NULL,NULL,NULL,'EE:20:C1:F6:95:D2','452498',300.00,'2025-10-23 19:12:54','2025-10-23 19:12:54'),(4163,8,NULL,NULL,NULL,NULL,'F2:C6:C1:71:E4:92','871099',500.00,'2025-10-23 19:33:52','2025-10-23 19:33:52'),(4167,139,NULL,NULL,NULL,NULL,'B6:32:FA:3A:19:D2','879833',500.00,'2025-10-23 20:16:26','2025-10-23 20:16:26'),(4168,141,NULL,NULL,NULL,NULL,'B6:32:FA:3A:19:D2','351926',1000.00,'2025-10-23 20:26:59','2025-10-23 20:26:59'),(4169,144,NULL,NULL,NULL,NULL,'D6:99:47:B1:2C:60','288967',1000.00,'2025-10-23 20:42:26','2025-10-23 20:42:26'),(4174,7,NULL,NULL,NULL,NULL,'78:3A:6C:7F:20:71','944038',300.00,'2025-10-23 21:56:59','2025-10-23 21:56:59'),(4177,7,NULL,NULL,NULL,NULL,'52:F5:FC:57:EE:1E','349253',300.00,'2025-10-24 05:37:23','2025-10-24 05:37:23'),(4183,121,NULL,NULL,NULL,NULL,'9E:E5:49:01:6E:98','000865',1000.00,'2025-10-24 13:09:33','2025-10-24 13:09:33'),(4184,121,NULL,NULL,NULL,NULL,'9E:E5:49:01:6E:98','180311',1000.00,'2025-10-24 13:10:11','2025-10-24 13:10:11'),(4185,121,NULL,NULL,NULL,NULL,'9E:E5:49:01:6E:98','471827',1000.00,'2025-10-24 13:10:29','2025-10-24 13:10:29'),(4186,126,NULL,NULL,NULL,NULL,'9C:5C:F9:CC:C4:60','838129',30000.00,'2025-10-24 13:56:13','2025-10-24 13:56:13'),(4187,126,NULL,NULL,NULL,NULL,'9C:5C:F9:CC:C4:60','851909',30000.00,'2025-10-24 13:57:03','2025-10-24 13:57:03'),(4188,126,NULL,NULL,NULL,NULL,'9C:5C:F9:CC:C4:60','277936',30000.00,'2025-10-24 13:57:14','2025-10-24 13:57:14'),(4189,121,NULL,NULL,NULL,NULL,'6C:88:14:5A:11:C0','676031',1000.00,'2025-10-24 14:16:51','2025-10-24 14:16:51'),(4190,7,NULL,NULL,NULL,NULL,'3A:98:8E:E4:FF:40','147622',300.00,'2025-10-24 14:32:26','2025-10-24 14:32:26'),(4191,8,NULL,NULL,NULL,NULL,'3A:98:8E:E4:FF:40','303402',500.00,'2025-10-24 14:35:58','2025-10-24 14:35:58'),(4192,9,NULL,NULL,NULL,NULL,'C2:90:68:DF:AC:2C','538961',1000.00,'2025-10-24 14:37:47','2025-10-24 14:37:47'),(4194,9,NULL,NULL,NULL,NULL,'C2:90:68:DF:AC:2C','886566',1000.00,'2025-10-24 14:38:19','2025-10-24 14:38:19'),(4199,7,NULL,NULL,NULL,NULL,'E6:9C:C5:2C:07:A5','689759',300.00,'2025-10-24 16:51:43','2025-10-24 16:51:43'),(4201,65,NULL,NULL,NULL,NULL,'7C:6B:9C:A0:7E:CD','344274',500.00,'2025-10-24 17:04:25','2025-10-24 17:04:25'),(4202,65,NULL,NULL,NULL,NULL,'7C:6B:9C:A0:7E:CD','911806',500.00,'2025-10-24 17:04:37','2025-10-24 17:04:37'),(4203,65,NULL,NULL,NULL,NULL,'7C:6B:9C:A0:7E:CD','939504',500.00,'2025-10-24 17:04:51','2025-10-24 17:04:51'),(4204,64,NULL,NULL,NULL,NULL,'7C:6B:9C:A0:7E:CD','288783',1000.00,'2025-10-24 17:05:11','2025-10-24 17:05:11'),(4205,64,NULL,NULL,NULL,NULL,'7C:6B:9C:A0:7E:CD','596520',1000.00,'2025-10-24 17:05:25','2025-10-24 17:05:25'),(4206,65,NULL,NULL,NULL,NULL,'7A:D1:C3:C2:4B:AB','120281',500.00,'2025-10-24 17:06:14','2025-10-24 17:06:14'),(4207,65,NULL,NULL,NULL,NULL,'7A:D1:C3:C2:4B:AB','454478',500.00,'2025-10-24 17:07:06','2025-10-24 17:07:06'),(4208,65,NULL,NULL,NULL,NULL,'7A:D1:C3:C2:4B:AB','713538',500.00,'2025-10-24 17:07:09','2025-10-24 17:07:09'),(4213,8,NULL,NULL,NULL,NULL,'6E:24:CD:16:08:55','679967',500.00,'2025-10-24 17:24:00','2025-10-24 17:24:00'),(4215,7,NULL,NULL,NULL,NULL,'E6:AD:BE:BE:1C:F9','971326',300.00,'2025-10-24 18:01:20','2025-10-24 18:01:20'),(4216,9,NULL,NULL,NULL,NULL,'36:27:A6:94:6D:8E','205511',1000.00,'2025-10-24 18:02:42','2025-10-24 18:02:42'),(4217,9,NULL,NULL,NULL,NULL,'36:27:A6:94:6D:8E','422341',1000.00,'2025-10-24 18:02:57','2025-10-24 18:02:57'),(4219,96,NULL,NULL,NULL,NULL,'56:44:57:EB:B1:B4','788136',1500.00,'2025-10-24 18:59:32','2025-10-24 18:59:32'),(4220,96,NULL,NULL,NULL,NULL,'56:44:57:EB:B1:B4','298073',1500.00,'2025-10-24 18:59:38','2025-10-24 18:59:38'),(4221,96,NULL,NULL,NULL,NULL,'56:44:57:EB:B1:B4','173505',1500.00,'2025-10-24 18:59:44','2025-10-24 18:59:44'),(4222,96,NULL,NULL,NULL,NULL,'56:44:57:EB:B1:B4','562245',1500.00,'2025-10-24 19:04:20','2025-10-24 19:04:20'),(4224,96,NULL,NULL,NULL,NULL,'56:44:57:EB:B1:B4','048586',1500.00,'2025-10-24 19:04:28','2025-10-24 19:04:28'),(4225,96,NULL,NULL,NULL,NULL,'56:44:57:EB:B1:B4','419573',1500.00,'2025-10-24 19:04:55','2025-10-24 19:04:55'),(4227,141,NULL,NULL,NULL,NULL,'B6:32:FA:3A:19:D2','473059',1000.00,'2025-10-24 19:10:03','2025-10-24 19:10:03'),(4228,24,NULL,NULL,NULL,NULL,'CA:AB:0C:3B:E0:FC','545266',2500.00,'2025-10-24 19:12:10','2025-10-24 19:12:10'),(4229,96,NULL,NULL,NULL,NULL,'56:44:57:EB:B1:B4','750611',1500.00,'2025-10-24 19:15:52','2025-10-24 19:15:52'),(4230,96,NULL,NULL,NULL,NULL,'56:44:57:EB:B1:B4','929300',1500.00,'2025-10-24 19:16:01','2025-10-24 19:16:01'),(4233,96,NULL,NULL,NULL,NULL,'56:44:57:EB:B1:B4','794429',1500.00,'2025-10-24 19:16:59','2025-10-24 19:16:59'),(4235,8,NULL,NULL,NULL,NULL,'EA:0F:9C:20:9F:96','831314',500.00,'2025-10-24 19:34:17','2025-10-24 19:34:17'),(4236,8,NULL,NULL,NULL,NULL,'EA:0F:9C:20:9F:96','565080',500.00,'2025-10-24 19:35:25','2025-10-24 19:35:25'),(4237,8,NULL,NULL,NULL,NULL,'EA:0F:9C:20:9F:96','779544',500.00,'2025-10-24 19:36:07','2025-10-24 19:36:07'),(4241,8,NULL,NULL,NULL,NULL,'20:26:81:EC:2E:02','481989',500.00,'2025-10-24 21:49:24','2025-10-24 21:49:24'),(4242,8,NULL,NULL,NULL,NULL,'20:26:81:EC:2E:02','558393',500.00,'2025-10-24 21:49:37','2025-10-24 21:49:37'),(4243,72,NULL,NULL,NULL,NULL,'2A:CC:7E:77:B7:9A','726076',5500.00,'2025-10-25 03:25:20','2025-10-25 03:25:20'),(4245,9,NULL,NULL,NULL,NULL,'EE:61:D4:A2:D0:15','656142',1000.00,'2025-10-25 04:59:08','2025-10-25 04:59:08'),(4249,9,NULL,NULL,NULL,NULL,'16:90:94:94:7D:93','389264',1000.00,'2025-10-25 07:49:19','2025-10-25 07:49:19'),(4250,9,NULL,NULL,NULL,NULL,'16:90:94:94:7D:93','511852',1000.00,'2025-10-25 07:50:20','2025-10-25 07:50:20'),(4251,72,NULL,NULL,NULL,NULL,'14:09:DC:07:3E:A9','761248',5500.00,'2025-10-25 07:52:09','2025-10-25 07:52:09'),(4252,9,NULL,NULL,NULL,NULL,'16:90:94:94:7D:93','752488',1000.00,'2025-10-25 07:52:12','2025-10-25 07:52:12'),(4253,9,NULL,NULL,NULL,NULL,'16:90:94:94:7D:93','969951',1000.00,'2025-10-25 07:52:22','2025-10-25 07:52:22'),(4254,8,NULL,NULL,NULL,NULL,'16:90:94:94:7D:93','529239',500.00,'2025-10-25 07:52:33','2025-10-25 07:52:33'),(4257,8,NULL,NULL,NULL,NULL,'CE:D5:26:D6:BE:9F','788757',500.00,'2025-10-25 08:38:09','2025-10-25 08:38:09'),(4258,82,NULL,NULL,NULL,NULL,'92:C4:B9:23:66:6C','661756',800.00,'2025-10-25 11:35:31','2025-10-25 11:35:31'),(4260,7,NULL,NULL,NULL,NULL,'20:26:81:EC:2E:02','829736',300.00,'2025-10-25 12:23:47','2025-10-25 12:23:47'),(4261,7,NULL,NULL,NULL,NULL,'20:26:81:EC:2E:02','437655',300.00,'2025-10-25 12:24:35','2025-10-25 12:24:35'),(4262,8,NULL,NULL,NULL,NULL,'E6:06:5F:08:5F:58','178124',500.00,'2025-10-25 12:32:43','2025-10-25 12:32:43'),(4263,7,NULL,NULL,NULL,NULL,'E6:06:5F:08:5F:58','697212',300.00,'2025-10-25 12:36:16','2025-10-25 12:36:16'),(4264,8,NULL,NULL,NULL,NULL,'26:C2:3C:DC:C7:89','296338',500.00,'2025-10-25 12:37:42','2025-10-25 12:37:42'),(4265,8,NULL,NULL,NULL,NULL,'E6:06:5F:08:5F:58','142510',500.00,'2025-10-25 12:37:53','2025-10-25 12:37:53'),(4266,8,NULL,NULL,NULL,NULL,'E6:06:5F:08:5F:58','367218',500.00,'2025-10-25 12:38:00','2025-10-25 12:38:00'),(4267,7,NULL,NULL,NULL,NULL,'26:C2:3C:DC:C7:89','760873',300.00,'2025-10-25 12:38:09','2025-10-25 12:38:09'),(4269,8,NULL,NULL,NULL,NULL,'06:9D:01:F5:0E:47','183346',500.00,'2025-10-25 12:39:54','2025-10-25 12:39:54'),(4270,8,NULL,NULL,NULL,NULL,'06:9D:01:F5:0E:47','337467',500.00,'2025-10-25 12:40:30','2025-10-25 12:40:30'),(4272,8,NULL,NULL,NULL,NULL,'EE:F7:43:4A:79:AC','591509',500.00,'2025-10-25 13:23:26','2025-10-25 13:23:26'),(4273,8,NULL,NULL,NULL,NULL,'EE:F7:43:4A:79:AC','491931',500.00,'2025-10-25 13:24:09','2025-10-25 13:24:09'),(4274,8,NULL,NULL,NULL,NULL,'60:70:72:60:6A:C2','010218',500.00,'2025-10-25 14:42:46','2025-10-25 14:42:46'),(4275,8,NULL,NULL,NULL,NULL,'0A:00:F5:20:D1:35','883551',500.00,'2025-10-25 14:43:31','2025-10-25 14:43:31'),(4276,7,NULL,NULL,NULL,NULL,'12:95:C5:76:20:FE','726853',300.00,'2025-10-25 15:11:55','2025-10-25 15:11:55'),(4277,7,NULL,NULL,NULL,NULL,'12:95:C5:76:20:FE','229401',300.00,'2025-10-25 15:12:02','2025-10-25 15:12:02'),(4278,7,NULL,NULL,NULL,NULL,'12:95:C5:76:20:FE','138009',300.00,'2025-10-25 15:13:53','2025-10-25 15:13:53'),(4279,7,NULL,NULL,NULL,NULL,'12:95:C5:76:20:FE','446939',300.00,'2025-10-25 15:14:25','2025-10-25 15:14:25'),(4280,7,NULL,NULL,NULL,NULL,'12:95:C5:76:20:FE','475625',300.00,'2025-10-25 15:14:30','2025-10-25 15:14:30'),(4281,7,NULL,NULL,NULL,NULL,'12:95:C5:76:20:FE','345274',300.00,'2025-10-25 15:14:33','2025-10-25 15:14:33'),(4282,7,NULL,NULL,NULL,NULL,'12:95:C5:76:20:FE','814986',300.00,'2025-10-25 15:14:40','2025-10-25 15:14:40'),(4288,9,NULL,NULL,NULL,NULL,'38:CA:73:72:CF:B0','229361',1000.00,'2025-10-25 17:22:04','2025-10-25 17:22:04'),(4289,9,NULL,NULL,NULL,NULL,'38:CA:73:72:CF:B0','862278',1000.00,'2025-10-25 17:23:18','2025-10-25 17:23:18'),(4290,9,NULL,NULL,NULL,NULL,'38:CA:73:72:CF:B0','144174',1000.00,'2025-10-25 17:23:21','2025-10-25 17:23:21'),(4291,9,NULL,NULL,NULL,NULL,'38:CA:73:72:CF:B0','238738',1000.00,'2025-10-25 17:25:35','2025-10-25 17:25:35'),(4292,9,NULL,NULL,NULL,NULL,'38:CA:73:72:CF:B0','186353',1000.00,'2025-10-25 17:26:27','2025-10-25 17:26:27'),(4293,9,NULL,NULL,NULL,NULL,'38:CA:73:72:CF:B0','763318',1000.00,'2025-10-25 17:26:32','2025-10-25 17:26:32'),(4294,9,NULL,NULL,NULL,NULL,'38:CA:73:72:CF:B0','884012',1000.00,'2025-10-25 17:26:47','2025-10-25 17:26:47'),(4295,9,NULL,NULL,NULL,NULL,'38:CA:73:72:CF:B0','565897',1000.00,'2025-10-25 17:27:23','2025-10-25 17:27:23'),(4297,9,NULL,NULL,NULL,NULL,'7E:28:9B:C1:AB:64','418642',1000.00,'2025-10-25 17:32:42','2025-10-25 17:32:42'),(4301,7,NULL,NULL,NULL,NULL,'22:F0:CA:D5:AF:FC','862255',300.00,'2025-10-25 17:41:41','2025-10-25 17:41:41'),(4302,7,NULL,NULL,NULL,NULL,'22:F0:CA:D5:AF:FC','259347',300.00,'2025-10-25 17:41:45','2025-10-25 17:41:45'),(4303,7,NULL,NULL,NULL,NULL,'22:F0:CA:D5:AF:FC','033562',300.00,'2025-10-25 17:41:48','2025-10-25 17:41:48'),(4304,7,NULL,NULL,NULL,NULL,'22:F0:CA:D5:AF:FC','918247',300.00,'2025-10-25 17:41:51','2025-10-25 17:41:51'),(4305,8,NULL,NULL,NULL,NULL,'F2:D9:39:48:AA:C0','779506',500.00,'2025-10-25 18:26:28','2025-10-25 18:26:28'),(4306,8,NULL,NULL,NULL,NULL,'F2:D9:39:48:AA:C0','310120',500.00,'2025-10-25 18:27:15','2025-10-25 18:27:15'),(4307,7,NULL,NULL,NULL,NULL,'6E:64:BE:16:9C:53','991711',300.00,'2025-10-25 18:37:43','2025-10-25 18:37:43'),(4308,8,NULL,NULL,NULL,NULL,'06:04:75:A8:AE:04','957049',500.00,'2025-10-25 18:38:13','2025-10-25 18:38:13'),(4309,7,NULL,NULL,NULL,NULL,'6E:64:BE:16:9C:53','890224',300.00,'2025-10-25 18:38:30','2025-10-25 18:38:30'),(4310,7,NULL,NULL,NULL,NULL,'F2:C6:C1:71:E4:92','360165',300.00,'2025-10-25 18:38:41','2025-10-25 18:38:41'),(4311,8,NULL,NULL,NULL,NULL,'06:04:75:A8:AE:04','574980',500.00,'2025-10-25 18:39:53','2025-10-25 18:39:53'),(4312,7,NULL,NULL,NULL,NULL,'F2:C6:C1:71:E4:92','380424',300.00,'2025-10-25 18:40:07','2025-10-25 18:40:07'),(4316,8,NULL,NULL,NULL,NULL,'06:04:75:A8:AE:04','950046',500.00,'2025-10-25 18:41:20','2025-10-25 18:41:20'),(4317,8,NULL,NULL,NULL,NULL,'06:04:75:A8:AE:04','340813',500.00,'2025-10-25 18:43:38','2025-10-25 18:43:38'),(4318,8,NULL,NULL,NULL,NULL,'06:04:75:A8:AE:04','160724',500.00,'2025-10-25 18:55:44','2025-10-25 18:55:44'),(4322,7,NULL,NULL,NULL,NULL,'52:80:BA:46:A5:F4','883128',300.00,'2025-10-25 22:20:28','2025-10-25 22:20:28'),(4325,24,NULL,NULL,NULL,NULL,'3A:13:89:8C:B7:66','904896',2500.00,'2025-10-26 05:46:28','2025-10-26 05:46:28'),(4326,24,NULL,NULL,NULL,NULL,'3A:13:89:8C:B7:66','528685',2500.00,'2025-10-26 05:46:44','2025-10-26 05:46:44'),(4327,24,NULL,NULL,NULL,NULL,'3A:13:89:8C:B7:66','974370',2500.00,'2025-10-26 05:47:03','2025-10-26 05:47:03'),(4329,24,NULL,NULL,NULL,NULL,'3A:13:89:8C:B7:66','270188',2500.00,'2025-10-26 05:47:31','2025-10-26 05:47:31'),(4330,121,NULL,NULL,NULL,NULL,'B2:55:4D:29:CF:E7','496622',1000.00,'2025-10-26 05:55:40','2025-10-26 05:55:40'),(4331,121,NULL,NULL,NULL,NULL,'B2:55:4D:29:CF:E7','855444',1000.00,'2025-10-26 05:55:49','2025-10-26 05:55:49'),(4333,7,NULL,NULL,NULL,NULL,'42:C7:00:F9:B6:D8','468700',300.00,'2025-10-26 07:07:40','2025-10-26 07:07:40'),(4334,147,NULL,NULL,NULL,NULL,'42:C7:00:F9:B6:D8','196986',500.00,'2025-10-26 07:08:28','2025-10-26 07:08:28'),(4336,8,NULL,NULL,NULL,NULL,'F6:E9:A8:B2:71:EC','196461',500.00,'2025-10-26 08:15:45','2025-10-26 08:15:45'),(4338,23,NULL,NULL,NULL,NULL,'86:C5:D3:62:1A:52','665201',15000.00,'2025-10-26 08:16:17','2025-10-26 08:16:17'),(4340,8,NULL,NULL,NULL,NULL,'06:9D:01:F5:0E:47','213810',500.00,'2025-10-26 08:47:50','2025-10-26 08:47:50'),(4341,8,NULL,NULL,NULL,NULL,'06:9D:01:F5:0E:47','931412',500.00,'2025-10-26 09:03:15','2025-10-26 09:03:15'),(4342,7,NULL,NULL,NULL,NULL,'A0:C9:A0:BF:4C:12','475906',300.00,'2025-10-26 09:10:00','2025-10-26 09:10:00'),(4343,8,NULL,NULL,NULL,NULL,'A0:C9:A0:BF:4C:12','480947',500.00,'2025-10-26 09:10:26','2025-10-26 09:10:26'),(4346,70,NULL,NULL,NULL,NULL,'44:91:60:35:44:78','090854',1000.00,'2025-10-26 09:20:38','2025-10-26 09:20:38'),(4347,70,NULL,NULL,NULL,NULL,'44:91:60:35:44:78','418069',1000.00,'2025-10-26 09:21:11','2025-10-26 09:21:11'),(4348,70,NULL,NULL,NULL,NULL,'44:91:60:35:44:78','638674',1000.00,'2025-10-26 09:24:51','2025-10-26 09:24:51'),(4349,8,NULL,NULL,NULL,NULL,'06:9D:01:F5:0E:47','278905',500.00,'2025-10-26 09:26:36','2025-10-26 09:26:36'),(4351,147,NULL,NULL,NULL,NULL,'42:C7:00:F9:B6:D8','382947',500.00,'2025-10-26 10:15:33','2025-10-26 10:15:33'),(4353,24,NULL,NULL,NULL,NULL,'42:C7:00:F9:B6:D8','110530',2500.00,'2025-10-26 10:18:06','2025-10-26 10:18:06'),(4354,24,NULL,NULL,NULL,NULL,'42:C7:00:F9:B6:D8','034605',2500.00,'2025-10-26 10:18:43','2025-10-26 10:18:43'),(4355,24,NULL,NULL,NULL,NULL,'42:C7:00:F9:B6:D8','743819',2500.00,'2025-10-26 10:18:54','2025-10-26 10:18:54'),(4357,70,NULL,NULL,NULL,NULL,'44:91:60:35:44:78','232132',1000.00,'2025-10-26 10:46:36','2025-10-26 10:46:36'),(4359,8,NULL,NULL,NULL,NULL,'F2:D9:39:48:AA:C0','892679',500.00,'2025-10-26 11:01:41','2025-10-26 11:01:41'),(4360,8,NULL,NULL,NULL,NULL,'F2:D9:39:48:AA:C0','655591',500.00,'2025-10-26 11:03:03','2025-10-26 11:03:03'),(4361,8,NULL,NULL,NULL,NULL,'F2:D9:39:48:AA:C0','614662',500.00,'2025-10-26 11:03:40','2025-10-26 11:03:40'),(4362,8,NULL,NULL,NULL,NULL,'F2:D9:39:48:AA:C0','885242',500.00,'2025-10-26 11:04:54','2025-10-26 11:04:54'),(4363,8,NULL,NULL,NULL,NULL,'F2:D9:39:48:AA:C0','806333',500.00,'2025-10-26 11:05:56','2025-10-26 11:05:56'),(4364,8,NULL,NULL,NULL,NULL,'F2:D9:39:48:AA:C0','568910',500.00,'2025-10-26 11:06:26','2025-10-26 11:06:26'),(4365,8,NULL,NULL,NULL,NULL,'F2:D9:39:48:AA:C0','078918',500.00,'2025-10-26 11:06:33','2025-10-26 11:06:33'),(4366,148,NULL,NULL,NULL,NULL,'A0:C9:A0:9D:5B:F4','833660',500.00,'2025-10-26 11:08:20','2025-10-26 11:08:20'),(4367,8,NULL,NULL,NULL,NULL,'F2:D9:39:48:AA:C0','055192',500.00,'2025-10-26 11:14:36','2025-10-26 11:14:36'),(4368,8,NULL,NULL,NULL,NULL,'F2:D9:39:48:AA:C0','472906',500.00,'2025-10-26 11:15:39','2025-10-26 11:15:39'),(4369,8,NULL,NULL,NULL,NULL,'F2:D9:39:48:AA:C0','674953',500.00,'2025-10-26 11:16:58','2025-10-26 11:16:58'),(4371,26,NULL,NULL,NULL,NULL,'E2:0C:00:E6:9E:B4','035953',7000.00,'2025-10-26 12:33:49','2025-10-26 12:33:49'),(4372,121,NULL,NULL,NULL,NULL,'F6:C9:FE:B3:71:5B','907493',1000.00,'2025-10-26 12:39:32','2025-10-26 12:39:32'),(4373,8,NULL,NULL,NULL,NULL,'06:6F:6E:09:07:01','795194',500.00,'2025-10-26 13:21:07','2025-10-26 13:21:07'),(4374,8,NULL,NULL,NULL,NULL,'06:6F:6E:09:07:01','520644',500.00,'2025-10-26 13:22:12','2025-10-26 13:22:12'),(4375,8,NULL,NULL,NULL,NULL,'06:6F:6E:09:07:01','724461',500.00,'2025-10-26 13:23:13','2025-10-26 13:23:13'),(4376,8,NULL,NULL,NULL,NULL,'06:6F:6E:09:07:01','236488',500.00,'2025-10-26 13:23:20','2025-10-26 13:23:20'),(4377,9,NULL,NULL,NULL,NULL,'C6:25:77:C7:F8:E4','801840',1000.00,'2025-10-26 13:29:55','2025-10-26 13:29:55'),(4378,7,NULL,NULL,NULL,NULL,'D4:38:9C:01:96:BF','229829',300.00,'2025-10-26 13:37:04','2025-10-26 13:37:04'),(4380,7,NULL,NULL,NULL,NULL,'D4:38:9C:01:96:BF','064578',300.00,'2025-10-26 13:52:16','2025-10-26 13:52:16'),(4382,7,NULL,NULL,NULL,NULL,'72:DF:92:5D:E7:F1','950045',300.00,'2025-10-26 14:19:41','2025-10-26 14:19:41'),(4383,7,NULL,NULL,NULL,NULL,'72:DF:92:5D:E7:F1','287570',300.00,'2025-10-26 14:20:18','2025-10-26 14:20:18'),(4384,7,NULL,NULL,NULL,NULL,'20:26:81:EC:2E:02','060048',300.00,'2025-10-26 14:38:31','2025-10-26 14:38:31'),(4386,95,NULL,NULL,NULL,NULL,'F6:A1:80:80:71:F8','344209',1000.00,'2025-10-26 15:42:08','2025-10-26 15:42:08'),(4387,148,NULL,NULL,NULL,NULL,'F6:9B:E8:8F:F4:C9','044194',500.00,'2025-10-26 16:09:09','2025-10-26 16:09:09'),(4388,148,NULL,NULL,NULL,NULL,'F6:9B:E8:8F:F4:C9','176116',500.00,'2025-10-26 16:09:19','2025-10-26 16:09:19'),(4389,148,NULL,NULL,NULL,NULL,'F6:9B:E8:8F:F4:C9','194382',500.00,'2025-10-26 16:09:29','2025-10-26 16:09:29'),(4391,9,NULL,NULL,NULL,NULL,'0A:47:1B:5E:1E:BC','015860',1000.00,'2025-10-26 16:28:12','2025-10-26 16:28:12'),(4392,9,NULL,NULL,NULL,NULL,'0A:47:1B:5E:1E:BC','334238',1000.00,'2025-10-26 16:28:21','2025-10-26 16:28:21'),(4393,9,NULL,NULL,NULL,NULL,'E6:94:D2:8C:72:72','715397',1000.00,'2025-10-26 16:47:33','2025-10-26 16:47:33'),(4394,9,NULL,NULL,NULL,NULL,'E6:94:D2:8C:72:72','057165',1000.00,'2025-10-26 16:47:37','2025-10-26 16:47:37'),(4395,9,NULL,NULL,NULL,NULL,'E6:94:D2:8C:72:72','478820',1000.00,'2025-10-26 16:47:42','2025-10-26 16:47:42'),(4396,8,NULL,NULL,NULL,NULL,'60:F8:1D:AC:CE:3E','286087',500.00,'2025-10-26 16:47:57','2025-10-26 16:47:57'),(4399,9,NULL,NULL,NULL,NULL,'BE:E4:A0:43:F5:32','047160',1000.00,'2025-10-26 17:38:08','2025-10-26 17:38:08'),(4401,9,NULL,NULL,NULL,NULL,'BE:E4:A0:43:F5:32','184283',1000.00,'2025-10-26 17:38:55','2025-10-26 17:38:55'),(4402,9,NULL,NULL,NULL,NULL,'E6:94:D2:8C:72:72','700652',1000.00,'2025-10-26 17:43:12','2025-10-26 17:43:12'),(4403,9,NULL,NULL,NULL,NULL,'E6:94:D2:8C:72:72','064896',1000.00,'2025-10-26 17:43:16','2025-10-26 17:43:16'),(4404,9,NULL,NULL,NULL,NULL,'E6:94:D2:8C:72:72','483202',1000.00,'2025-10-26 17:43:30','2025-10-26 17:43:30'),(4405,9,NULL,NULL,NULL,NULL,'E6:94:D2:8C:72:72','539340',1000.00,'2025-10-26 17:43:45','2025-10-26 17:43:45'),(4406,9,NULL,NULL,NULL,NULL,'E6:94:D2:8C:72:72','663043',1000.00,'2025-10-26 17:43:54','2025-10-26 17:43:54'),(4408,9,NULL,NULL,NULL,NULL,'C2:90:68:DF:AC:2C','725651',1000.00,'2025-10-26 17:51:54','2025-10-26 17:51:54'),(4410,70,NULL,NULL,NULL,NULL,'2E:D9:0F:F2:8A:D7','779334',1000.00,'2025-10-26 17:59:14','2025-10-26 17:59:14'),(4412,8,NULL,NULL,NULL,NULL,'E6:94:D2:8C:72:72','435967',500.00,'2025-10-26 18:28:30','2025-10-26 18:28:30'),(4413,8,NULL,NULL,NULL,NULL,'E6:94:D2:8C:72:72','724996',500.00,'2025-10-26 18:28:34','2025-10-26 18:28:34'),(4414,8,NULL,NULL,NULL,NULL,'E6:94:D2:8C:72:72','866489',500.00,'2025-10-26 18:28:45','2025-10-26 18:28:45'),(4415,121,NULL,NULL,NULL,NULL,'A2:3E:1A:0E:C8:C0','811097',1000.00,'2025-10-26 18:34:24','2025-10-26 18:34:24'),(4416,121,NULL,NULL,NULL,NULL,'A2:3E:1A:0E:C8:C0','327627',1000.00,'2025-10-26 18:34:34','2025-10-26 18:34:34'),(4418,7,NULL,NULL,NULL,NULL,'1E:43:B2:97:E8:AE','764655',300.00,'2025-10-26 19:43:01','2025-10-26 19:43:01'),(4420,148,NULL,NULL,NULL,NULL,'AA:A9:53:8A:44:B7','255093',500.00,'2025-10-26 20:00:49','2025-10-26 20:00:49'),(4421,148,NULL,NULL,NULL,NULL,'AA:A9:53:8A:44:B7','202253',500.00,'2025-10-26 20:01:13','2025-10-26 20:01:13'),(4423,65,NULL,NULL,NULL,NULL,'82:27:41:57:13:A6','433642',500.00,'2025-10-26 20:05:31','2025-10-26 20:05:31'),(4424,8,NULL,NULL,NULL,NULL,'7A:D8:83:28:F3:E9','108515',500.00,'2025-10-26 20:06:59','2025-10-26 20:06:59'),(4425,7,NULL,NULL,NULL,NULL,'7A:D8:83:28:F3:E9','032561',300.00,'2025-10-26 20:07:58','2025-10-26 20:07:58'),(4426,7,NULL,NULL,NULL,NULL,'7A:D8:83:28:F3:E9','155449',300.00,'2025-10-26 20:08:06','2025-10-26 20:08:06'),(4427,7,NULL,NULL,NULL,NULL,'7A:D8:83:28:F3:E9','025328',300.00,'2025-10-26 20:11:09','2025-10-26 20:11:09'),(4428,7,NULL,NULL,NULL,NULL,'7A:D8:83:28:F3:E9','337322',300.00,'2025-10-26 20:11:16','2025-10-26 20:11:16'),(4429,7,NULL,NULL,NULL,NULL,'7A:D8:83:28:F3:E9','388947',300.00,'2025-10-26 20:11:53','2025-10-26 20:11:53'),(4430,8,NULL,NULL,NULL,NULL,'7A:D8:83:28:F3:E9','701714',500.00,'2025-10-26 20:13:12','2025-10-26 20:13:12'),(4431,9,NULL,NULL,NULL,NULL,'7A:D8:83:28:F3:E9','274845',1000.00,'2025-10-26 20:13:54','2025-10-26 20:13:54'),(4432,148,NULL,NULL,NULL,NULL,'AA:A9:53:8A:44:B7','117906',500.00,'2025-10-26 20:15:58','2025-10-26 20:15:58'),(4433,9,NULL,NULL,NULL,NULL,'7A:D8:83:28:F3:E9','494937',1000.00,'2025-10-26 20:15:58','2025-10-26 20:15:58'),(4434,9,NULL,NULL,NULL,NULL,'7A:D8:83:28:F3:E9','461202',1000.00,'2025-10-26 20:16:33','2025-10-26 20:16:33'),(4435,9,NULL,NULL,NULL,NULL,'7A:D8:83:28:F3:E9','185817',1000.00,'2025-10-26 20:16:36','2025-10-26 20:16:36'),(4436,9,NULL,NULL,NULL,NULL,'7A:D8:83:28:F3:E9','473218',1000.00,'2025-10-26 20:17:23','2025-10-26 20:17:23'),(4437,9,NULL,NULL,NULL,NULL,'7A:D8:83:28:F3:E9','429005',1000.00,'2025-10-26 20:18:57','2025-10-26 20:18:57'),(4438,9,NULL,NULL,NULL,NULL,'7A:D8:83:28:F3:E9','360097',1000.00,'2025-10-26 20:21:00','2025-10-26 20:21:00'),(4439,7,NULL,NULL,NULL,NULL,'20:26:81:EC:2E:02','418348',300.00,'2025-10-26 20:25:38','2025-10-26 20:25:38'),(4441,9,NULL,NULL,NULL,NULL,'30:FC:EB:7A:0C:90','079226',1000.00,'2025-10-26 20:41:47','2025-10-26 20:41:47'),(4443,8,NULL,NULL,NULL,NULL,'0E:6F:02:A5:2B:C0','696345',500.00,'2025-10-26 21:20:03','2025-10-26 21:20:03'),(4444,7,NULL,NULL,NULL,NULL,'22:F0:CA:D5:AF:FC','791382',300.00,'2025-10-26 21:33:19','2025-10-26 21:33:19'),(4445,7,NULL,NULL,NULL,NULL,'0E:6F:02:A5:2B:C0','024576',300.00,'2025-10-26 21:33:37','2025-10-26 21:33:37'),(4447,7,NULL,NULL,NULL,NULL,'0E:6F:02:A5:2B:C0','275589',300.00,'2025-10-26 21:35:07','2025-10-26 21:35:07'),(4448,10,NULL,NULL,NULL,NULL,'EA:F4:F3:34:A3:FC','030290',5000.00,'2025-10-26 21:53:34','2025-10-26 21:53:34'),(4449,7,NULL,NULL,NULL,NULL,'EA:F4:F3:34:A3:FC','184400',300.00,'2025-10-26 21:53:56','2025-10-26 21:53:56'),(4450,7,NULL,NULL,NULL,NULL,'CA:FA:21:03:42:33','735726',300.00,'2025-10-26 21:55:03','2025-10-26 21:55:03'),(4451,73,NULL,NULL,NULL,NULL,'F8:2E:3F:C2:26:47','335821',3500.00,'2025-10-26 21:55:50','2025-10-26 21:55:50'),(4452,73,NULL,NULL,NULL,NULL,'F8:2E:3F:C2:26:47','360010',3500.00,'2025-10-26 21:57:17','2025-10-26 21:57:17'),(4453,70,NULL,NULL,NULL,NULL,'F8:2E:3F:C2:26:47','737980',1000.00,'2025-10-26 22:00:02','2025-10-26 22:00:02'),(4455,8,NULL,NULL,NULL,NULL,'20:26:81:EC:2E:02','516506',500.00,'2025-10-26 22:02:37','2025-10-26 22:02:37'),(4456,148,NULL,NULL,NULL,NULL,'82:00:19:D6:3D:B9','086370',500.00,'2025-10-26 22:06:31','2025-10-26 22:06:31'),(4457,148,NULL,NULL,NULL,NULL,'82:00:19:D6:3D:B9','874678',500.00,'2025-10-26 22:07:03','2025-10-26 22:07:03'),(4459,8,NULL,NULL,NULL,NULL,'20:26:81:EC:2E:02','666911',500.00,'2025-10-26 22:15:56','2025-10-26 22:15:56'),(4461,9,NULL,NULL,NULL,NULL,'76:B4:55:80:75:CE','235454',1000.00,'2025-10-26 22:58:32','2025-10-26 22:58:32'),(4466,7,NULL,NULL,NULL,NULL,'BE:B3:CB:9E:09:DC','999110',300.00,'2025-10-27 05:45:36','2025-10-27 05:45:36'),(4467,121,NULL,NULL,NULL,NULL,'10:3F:44:EC:E4:D9','025162',1000.00,'2025-10-27 08:52:19','2025-10-27 08:52:19'),(4472,8,NULL,NULL,NULL,NULL,'F6:E9:A8:B2:71:EC','945864',500.00,'2025-10-27 11:44:48','2025-10-27 11:44:48'),(4473,81,NULL,NULL,NULL,NULL,'C6:19:A5:78:1E:F5','302015',600.00,'2025-10-27 11:57:05','2025-10-27 11:57:05'),(4474,7,NULL,NULL,NULL,NULL,'22:CD:A9:07:C0:49','986352',300.00,'2025-10-27 12:09:24','2025-10-27 12:09:24'),(4476,81,NULL,NULL,NULL,NULL,'00:01:12:7B:5A:AA','428545',600.00,'2025-10-27 13:22:06','2025-10-27 13:22:06'),