-- Table structure for table `company_referral_payments`
--

CREATE TABLE `company_referral_payments` (
  `id` bigint unsigned NOT NULL AUTO_INCREMENT,
  `company_referral_id` bigint unsigned NOT NULL,
  `company_router_invoice_payment_id` int NOT NULL,
  `user_id` int DEFAULT NULL,
  `payment_mode_id` bigint unsigned NOT NULL,
  `transaction_code` varchar(191) COLLATE utf8mb4_unicode_ci DEFAULT NULL,
  `amount` decimal(8,2) NOT NULL DEFAULT '0.00',
  `created_at` timestamp NULL DEFAULT NULL,
  `updated_at` timestamp NULL DEFAULT NULL,
  `deleted_at` timestamp NULL DEFAULT NULL,
  PRIMARY KEY (`id`),
  KEY `company_referral_payments_company_referral_id_foreign` (`company_referral_id`),
  KEY `company_referral_payments_payment_mode_id_foreign` (`payment_mode_id`),
  CONSTRAINT `company_referral_payments_company_referral_id_foreign` FOREIGN KEY (`company_referral_id`) REFERENCES `company_referrals` (`id`) ON DELETE CASCADE,
  CONSTRAINT `company_referral_payments_payment_mode_id_foreign` FOREIGN KEY (`payment_mode_id`) REFERENCES `payment_modes` (`id`) ON DELETE CASCADE
) ENGINE=InnoDB DEFAULT CHARSET=utf8mb4 COLLATE=utf8mb4_unicode_ci;

--
-- Dumping data for table `company_referral_payments`
--


--
-- Table structure for table `company_referrals`
--

CREATE TABLE `company_referrals` (
  `id` bigint unsigned NOT NULL AUTO_INCREMENT,
  `company_id` bigint unsigned NOT NULL,
  `referrer_id` int NOT NULL,
  `percentage_commission` decimal(8,2) NOT NULL DEFAULT '0.00',
  `created_at` timestamp NULL DEFAULT NULL,
  `updated_at` timestamp NULL DEFAULT NULL,
  `deleted_at` timestamp NULL DEFAULT NULL,
  PRIMARY KEY (`id`),
  KEY `company_referrals_company_id_foreign` (`company_id`),
  CONSTRAINT `company_referrals_company_id_foreign` FOREIGN KEY (`company_id`) REFERENCES `companies` (`id`) ON DELETE CASCADE
) ENGINE=InnoDB DEFAULT CHARSET=utf8mb4 COLLATE=utf8mb4_unicode_ci;

--
-- Dumping data for table `company_referrals`
--


--
-- Table structure for table `company_router_customers`
--

CREATE TABLE `company_router_customers` (
  `id` bigint unsigned NOT NULL AUTO_INCREMENT,
  `company_router_id` bigint unsigned NOT NULL,
  `name` varchar(191) COLLATE utf8mb4_unicode_ci DEFAULT NULL,
  `phone` varchar(191) COLLATE utf8mb4_unicode_ci NOT NULL,
  `created_at` timestamp NULL DEFAULT NULL,
  `updated_at` timestamp NULL DEFAULT NULL,
  `deleted_at` timestamp NULL DEFAULT NULL,
  PRIMARY KEY (`id`),
  KEY `company_router_customers_company_router_id_foreign` (`company_router_id`),
  CONSTRAINT `company_router_customers_company_router_id_foreign` FOREIGN KEY (`company_router_id`) REFERENCES `company_routers` (`id`) ON DELETE CASCADE
) ENGINE=InnoDB AUTO_INCREMENT=254 DEFAULT CHARSET=utf8mb4 COLLATE=utf8mb4_unicode_ci;

--
-- Dumping data for table `company_router_customers`
--

INSERT INTO `company_router_customers` VALUES (1,2,'7E:A5:C8:0E:3C:6A','255763752350','2025-08-05 18:59:16','2025-08-20 05:38:54',NULL),(2,2,'5A:DD:D5:00:65:24','255693311437','2025-08-05 19:03:34','2025-08-14 20:20:44',NULL),(3,2,'26:FD:5C:BC:F1:CF','255672040034','2025-08-07 18:53:51','2025-10-01 14:02:18',NULL),(4,2,'22:6A:1A:31:4A:46','255617595193','2025-08-08 15:56:01','2025-09-12 15:01:45',NULL),(5,2,'D4:67:D3:E3:17:BD','255656056606','2025-08-09 11:05:16','2025-08-09 11:05:16',NULL),(6,2,'76:B4:55:80:75:CE','255618250327','2025-08-11 19:33:35','2025-10-07 18:13:06',NULL),(7,2,'Silas','0796230626','2025-08-17 08:18:10','2025-08-17 08:18:10',NULL),(8,2,'Wankrew','0792222222','2025-08-17 13:16:10','2025-08-17 13:16:10',NULL),(9,2,'Admin','0723232334','2025-08-17 14:00:15','2025-08-17 14:00:15',NULL),(10,2,'Admin','0723232323','2025-08-17 14:05:10','2025-08-17 14:05:10',NULL),(11,2,'njovu','0763752350','2025-08-17 14:08:43','2025-08-17 14:08:43',NULL),(12,2,'EA:58:A4:7A:3F:40','255746278281','2025-08-17 15:44:23','2025-08-17 15:44:23',NULL),(13,2,'20:2B:20:82:46:81','255758728802','2025-08-19 09:09:34','2025-10-17 05:46:17',NULL),(14,2,'62:06:D0:8C:47:36','255673093138','2025-08-19 17:48:08','2025-08-19 17:48:08',NULL),(15,2,'E6:12:A3:41:F4:AD','255746184273','2025-08-19 20:41:06','2025-08-19 20:41:06',NULL),(16,2,'14:9F:3C:6B:96:77','255783709549','2025-08-20 10:01:10','2025-08-20 10:01:10',NULL),(17,2,'12:1A:2A:5F:0B:10','255747101974','2025-08-20 13:10:29','2025-09-23 09:41:58',NULL),(18,2,'Faith','0712050835','2025-08-20 14:09:02','2025-08-20 14:09:02',NULL),(19,2,'5A:22:D6:25:36:E9','255616535743','2025-08-20 18:26:13','2025-08-20 18:26:13',NULL),(20,2,'3E:A5:2D:34:21:C5','255617223653','2025-08-20 20:00:36','2025-08-24 08:24:28',NULL),(21,2,'BE:FD:23:A1:58:ED','255654966625','2025-08-21 06:30:08','2025-08-21 06:30:08',NULL),(22,2,'1A:4E:95:05:E9:3F','255625284273','2025-08-21 19:38:06','2025-09-20 01:05:35',NULL),(23,2,'0A:00:F5:20:D1:35','255769211401','2025-08-21 20:22:20','2025-08-21 20:22:20',NULL),(24,2,'FE:96:EF:57:F0:70','255714840147','2025-08-22 17:26:43','2025-08-22 17:26:43',NULL),(25,2,'F2:65:ED:BF:19:CD','255785162610','2025-08-22 20:56:29','2025-09-10 16:53:47',NULL),(26,2,'0A:00:F5:20:D1:35','255629671401','2025-08-22 22:46:53','2025-08-22 22:46:53',NULL),(27,2,'4E:ED:DD:40:F3:A1','255792736886','2025-08-23 09:26:25','2025-08-23 09:26:25',NULL),(28,2,'A6:85:AC:A3:94:CF','255742925839','2025-08-24 09:30:08','2025-08-24 09:30:08',NULL),(29,2,'FC:AA:B6:3B:A0:48','255769039595','2025-08-24 21:25:55','2025-09-08 19:02:40',NULL),(30,2,'66:BB:53:AB:22:4E','255715060369','2025-08-25 17:22:24','2025-09-03 18:00:08',NULL),(31,2,'1A:AD:C3:02:AB:DA','255774422687','2025-08-25 17:32:30','2025-10-02 17:59:24',NULL),(32,2,'CA:AB:0C:3B:E0:FC','255775514233','2025-08-25 19:15:59','2025-09-16 20:39:11',NULL),(33,2,'5A:22:D6:25:36:E9','255767631761','2025-08-26 14:51:15','2025-08-26 14:51:15',NULL),(34,6,'Mwamba','123456','2025-08-26 17:28:39','2025-08-26 17:28:39',NULL),(35,2,'EE:DD:A9:17:42:89','255761933535','2025-08-26 20:37:23','2025-10-17 07:13:09',NULL),(36,2,'F2:94:94:28:61:0A','255685827717','2025-08-26 21:17:04','2025-08-26 21:17:04',NULL),(37,5,'maleko','0713277244','2025-08-26 21:46:05','2025-08-26 21:46:05',NULL),(38,5,'magwila','0785949091','2025-08-26 21:53:10','2025-08-26 21:53:10',NULL),(39,5,'luta','0789880287','2025-08-26 21:58:54','2025-08-26 21:58:54',NULL),(40,5,'gilbert','0715807200','2025-08-26 22:02:34','2025-08-26 22:02:34',NULL),(41,6,'A2:ED:93:63:1B:07','255781995838','2025-08-27 10:46:41','2025-08-27 10:46:41',NULL),(42,6,'C2:14:39:F6:BE:64','255767506018','2025-08-27 10:48:07','2025-08-27 10:48:07',NULL),(43,2,'FA:DD:BA:69:C0:C7','255786509766','2025-08-28 13:09:31','2025-10-07 11:35:41',NULL),(44,2,'4E:AC:71:9B:AA:D8','255687691491','2025-08-28 15:53:52','2025-09-06 22:30:03',NULL),(45,2,'daniel','0657745566','2025-08-29 05:36:04','2025-08-29 05:36:04',NULL),(46,2,'munisi','0784354707','2025-08-29 05:38:44','2025-08-29 05:38:44',NULL),(47,2,'ndunguru','0763462201','2025-08-29 05:41:06','2025-08-29 05:41:06',NULL),(48,2,'2E:02:FF:6E:4D:83','255622713224','2025-08-29 12:02:21','2025-08-29 12:02:21',NULL),(49,2,'BE:B3:CB:9E:09:DC','255625387323','2025-08-29 12:46:55','2025-10-09 05:55:09',NULL),(50,2,'52:79:1D:E2:BB:02','255768091773','2025-08-29 13:16:58','2025-08-30 07:18:53',NULL),(51,7,'8E:E0:2B:0F:11:26','255754578434','2025-08-29 20:53:37','2025-08-29 20:53:37',NULL),(52,2,'7E:5E:FC:92:8D:6E','255656397070','2025-08-30 08:01:52','2025-08-30 08:01:52',NULL),(53,2,'26:FF:4F:81:B9:CD','255794449030','2025-08-30 09:12:33','2025-08-30 09:12:33',NULL),(54,2,'62:98:4F:47:C4:C9','255656537308','2025-08-30 11:39:29','2025-08-30 11:39:29',NULL),(55,2,'E2:CA:F4:73:20:C8','255747433974','2025-08-30 16:26:16','2025-09-27 20:01:34',NULL),(56,2,'CA:72:22:4C:C5:32','255794474606','2025-08-31 10:25:51','2025-09-08 11:24:33',NULL),(57,6,'7A:39:BF:E7:E7:A8','255784130128','2025-08-31 11:28:50','2025-08-31 11:28:50',NULL),(58,6,'C2:FB:8E:57:E1:CE','255712513119','2025-08-31 11:39:01','2025-08-31 11:39:01',NULL),(59,6,'C8:B2:9B:7C:5F:29','255758219626','2025-08-31 13:13:17','2025-08-31 13:13:17',NULL),(60,2,'BE:D8:5E:B0:49:F7','255752565788','2025-08-31 15:02:58','2025-09-20 10:51:08',NULL),(61,2,'10:3F:44:60:C7:32','255783339170','2025-08-31 19:08:51','2025-08-31 19:08:51',NULL),(62,2,'C2:90:68:DF:AC:2C','255749709448','2025-08-31 20:49:57','2025-10-14 12:03:42',NULL),(63,2,'C6:C2:9D:CB:45:91','255786334359','2025-08-31 21:27:22','2025-10-16 21:24:59',NULL),(64,2,'FE:54:93:3B:80:42','255764788454','2025-09-01 05:50:29','2025-10-16 05:00:31',NULL),(65,7,'C6:F2:E7:AB:DB:E5','255745071246','2025-09-01 08:25:02','2025-09-01 08:25:02',NULL),(66,6,'BA:C8:C0:76:B0:F5','255679180150','2025-09-01 09:41:32','2025-09-01 09:41:32',NULL),(67,2,'16:90:94:94:7D:93','255616692225','2025-09-01 10:11:33','2025-09-12 19:36:39',NULL),(68,7,'CE:0A:06:DF:1F:AA','255742455774','2025-09-01 10:21:41','2025-09-01 10:21:41',NULL),(69,7,'DE:FE:99:B9:7F:F5','255785581266','2025-09-01 10:47:55','2025-09-01 10:47:55',NULL),(70,2,'4C:63:71:96:C0:61','255760565257','2025-09-01 11:22:40','2025-09-01 11:22:40',NULL),(71,7,'EA:56:D4:D3:43:77','255766383956','2025-09-01 12:38:35','2025-09-02 07:22:06',NULL),(72,7,'F2:8D:73:23:0E:53','255794877187','2025-09-01 13:08:34','2025-09-01 13:08:34',NULL),(73,2,'6E:86:6A:C0:08:FA','255625593547','2025-09-01 14:36:31','2025-09-13 12:25:40',NULL),(74,2,'A6:FE:2D:DE:CA:43','255756686605','2025-09-01 15:25:14','2025-09-01 15:25:14',NULL),(75,7,'DA:A8:28:9C:36:F4','255684128557','2025-09-01 16:03:03','2025-09-01 16:03:03',NULL),(76,7,'5E:93:95:94:AB:32','255760634846','2025-09-01 16:31:16','2025-09-01 16:31:16',NULL),(77,7,'C6:1B:31:E0:18:15','255792840418','2025-09-01 17:21:13','2025-09-01 17:21:13',NULL),(78,7,'56:3C:66:83:95:BB','255745504484','2025-09-01 21:17:35','2025-09-01 21:17:35',NULL),(79,7,'A6:F5:4F:AB:DF:19','255695220884','2025-09-01 21:25:11','2025-09-01 21:25:11',NULL),(80,2,'8E:84:80:D7:56:E5','255784147778','2025-09-01 21:39:52','2025-09-24 05:48:08',NULL),(81,2,'4E:63:7D:67:95:A8','255611299495','2025-09-01 22:34:54','2025-09-08 11:15:10',NULL),(82,7,'9A:1F:40:7C:81:B4','255783748565','2025-09-02 09:24:52','2025-09-02 09:24:52',NULL),(83,2,'62:18:B0:28:93:23','255756172712','2025-09-02 09:36:11','2025-09-11 21:02:51',NULL),(84,2,'46:A8:8D:A0:81:EC','255699798976','2025-09-02 14:51:27','2025-10-16 17:32:57',NULL),(85,2,'7A:84:79:EC:32:66','255754410997','2025-09-02 16:45:57','2025-09-02 16:45:57',NULL),(86,2,'C6:82:84:09:10:28','255761028792','2025-09-02 19:19:24','2025-09-24 14:02:25',NULL),(87,2,'82:75:18:2D:C9:ED','255674057530','2025-09-02 19:35:14','2025-09-02 19:35:14',NULL),(88,2,'86:87:D5:B9:81:15','255654759552','2025-09-03 06:31:13','2025-09-27 16:25:25',NULL),(89,2,'CE:42:78:C4:E6:C9','255627130488','2025-09-03 07:53:49','2025-09-03 07:53:49',NULL),(90,2,'A0:CC:2B:B3:51:BB','255624253578','2025-09-03 08:46:53','2025-09-03 08:46:53',NULL),(91,2,'92:85:32:EB:61:BE','255627921037','2025-09-03 12:40:14','2025-09-14 17:50:02',NULL),(92,2,'FE:06:92:FA:87:6B','255753338233','2025-09-03 16:52:38','2025-09-03 16:52:38',NULL),(93,2,'22:F0:CA:D5:AF:FC','255781692464','2025-09-03 18:20:25','2025-10-04 19:30:34',NULL),(94,2,'3A:13:89:8C:B7:66','255747422865','2025-09-03 19:43:24','2025-09-06 18:32:52',NULL),(95,2,'C2:75:91:4A:D0:2B','255749757880','2025-09-03 19:56:14','2025-09-04 05:00:37',NULL),(96,2,'B2:C2:DD:A2:16:D9','255786116106','2025-09-03 20:55:49','2025-09-03 20:55:49',NULL),(97,2,'46:A4:18:50:39:B8','255765432361','2025-09-04 13:53:19','2025-09-04 13:53:19',NULL),(98,2,'24:DA:33:08:FD:6A','255622490139','2025-09-04 15:02:22','2025-09-04 15:02:22',NULL),(99,2,'AA:D6:9F:AD:AF:80','255740914542','2025-09-04 15:31:49','2025-09-04 15:31:49',NULL),(100,2,'C6:3B:86:7E:E7:2B','255742085274','2025-09-04 16:11:04','2025-10-08 13:26:43',NULL),(101,2,'74:C1:7D:15:5A:9A','255795143391','2025-09-04 16:45:16','2025-09-04 16:45:16',NULL),(102,2,'FE:06:92:FA:87:6B','255714222204','2025-09-04 17:49:57','2025-09-04 17:49:57',NULL),(103,2,'12:9B:F6:38:BA:E8','255761722492','2025-09-04 19:41:52','2025-09-04 19:41:52',NULL),(104,2,'22:46:15:C3:28:9B','255687982751','2025-09-05 11:58:37','2025-09-05 11:58:37',NULL),(105,2,'F6:D1:00:86:57:E6','255760087423','2025-09-05 18:57:36','2025-09-06 12:51:54',NULL),(106,2,'0A:00:F5:20:D1:35','255710137513','2025-09-05 22:08:38','2025-09-05 22:08:38',NULL),(107,9,'Admin','07123455650','2025-09-06 06:56:00','2025-09-06 06:56:00',NULL),(108,9,'80:AF:CA:23:CF:5C','255693519319','2025-09-06 10:40:09','2025-10-01 16:59:24',NULL),(109,2,'B2:08:B4:45:AA:47','255717139791','2025-09-06 10:58:58','2025-10-13 08:32:32',NULL),(110,2,'CE:F3:65:7D:D8:A3','255752578492','2025-09-06 19:03:13','2025-10-04 10:58:24',NULL),(111,2,'D2:AF:D0:06:95:D8','255781312402','2025-09-06 22:02:57','2025-09-06 22:02:57',NULL),(112,2,'C6:DA:37:27:8C:70','255619252915','2025-09-07 05:41:35','2025-09-07 05:41:35',NULL),(113,2,'86:B6:B4:B9:05:BA','255611073440','2025-09-07 09:29:15','2025-09-07 09:29:15',NULL),(114,2,'FE:AC:67:50:DD:CC','255755097003','2025-09-07 11:12:11','2025-09-07 11:12:11',NULL),(115,2,'10:3F:44:60:C7:32','255793339170','2025-09-07 15:12:41','2025-09-07 15:12:41',NULL),(116,2,'C6:3B:86:7E:E7:2B','255740579665','2025-09-07 19:44:32','2025-10-10 21:35:16',NULL),(117,2,'8A:24:9C:08:15:98','255784682699','2025-09-08 16:36:39','2025-09-08 16:36:39',NULL),(118,2,'A8:13:06:C0:4E:B3','255745890713','2025-09-08 17:12:55','2025-10-16 17:58:32',NULL),(119,2,'60:70:72:60:6A:C2','255712876627','2025-09-09 00:15:23','2025-09-09 00:15:23',NULL),(120,10,'Admin','0753432321','2025-09-09 11:06:17','2025-09-09 11:06:17',NULL),(121,10,'FA:16:BC:FD:54:06','255681905115','2025-09-09 13:28:05','2025-09-09 13:28:05',NULL),(122,2,'BE:B3:CB:9E:09:DC','255776288209','2025-09-09 13:56:44','2025-09-09 13:56:44',NULL),(123,2,'EE:F7:43:4A:79:AC','255785686231','2025-09-09 18:49:50','2025-10-03 19:16:16',NULL),(124,2,'temu','+255657745566','2025-09-10 19:02:48','2025-09-10 19:02:48',NULL),(125,2,'FE:06:92:FA:87:6B','255783338233','2025-09-11 19:22:53','2025-09-11 19:22:53',NULL),(126,2,'3A:13:89:8C:B7:66','255624046228','2025-09-11 20:00:22','2025-09-15 19:57:48',NULL),(127,2,'52:23:86:29:18:8C','255610203016','2025-09-13 17:26:56','2025-09-13 17:26:56',NULL),(128,2,'B2:08:B4:45:AA:47','255650077452','2025-09-13 17:54:45','2025-09-13 17:54:45',NULL),(129,2,'60:F1:89:64:28:26','255689986637','2025-09-13 21:33:40','2025-09-13 21:33:40',NULL),(130,2,'16:90:94:94:7D:93','255749747697','2025-09-14 05:54:25','2025-09-14 05:54:25',NULL),(131,2,'20:26:81:EC:2E:02','255628577119','2025-09-14 10:11:23','2025-09-14 10:11:23',NULL),(132,2,'veda','0754959295','2025-09-14 15:32:29','2025-09-14 15:32:29',NULL),(133,2,'36:31:1E:E1:DB:1B','255768654552','2025-09-14 16:46:57','2025-10-12 20:25:54',NULL),(134,2,'52:C3:10:22:FB:F4','255624465679','2025-09-15 13:03:04','2025-09-15 13:03:04',NULL),(135,2,'njovu','0716583413','2025-09-16 19:08:40','2025-09-16 19:08:40',NULL),(136,2,'AA:82:34:B6:ED:67','255659559103','2025-09-17 17:49:42','2025-09-17 17:49:42',NULL),(137,2,'06:9D:01:F5:0E:47','255753617602','2025-09-18 07:33:09','2025-09-18 07:33:09',NULL),(138,2,'A2:32:59:BA:56:02','255789191644','2025-09-18 13:46:19','2025-09-18 13:46:19',NULL),(139,2,'72:27:6C:EA:34:29','255785225957','2025-09-18 15:39:55','2025-09-18 15:39:55',NULL),(140,2,'56:F8:E5:75:D9:C1','255750909628','2025-09-18 17:59:47','2025-09-24 08:23:21',NULL),(141,2,'F2:68:FE:84:94:69','255612357142','2025-09-18 18:22:39','2025-09-18 18:22:39',NULL),(142,2,'96:44:14:52:B0:A6','255778966928','2025-09-19 11:18:09','2025-09-19 11:18:09',NULL),(143,2,'C2:75:91:4A:D0:2B','255627056783','2025-09-19 12:44:31','2025-09-22 20:59:52',NULL),(144,5,'92:51:2E:7A:C8:B4','255683193097','2025-09-19 14:39:39','2025-09-19 14:39:39',NULL),(145,2,'8A:B7:46:D2:A4:15','255621220599','2025-09-19 18:48:27','2025-09-19 18:48:27',NULL),(146,2,'9E:0D:04:94:2B:3A','255773417388','2025-09-20 07:38:06','2025-10-07 16:06:18',NULL),(147,2,'24:2E:02:2C:C6:79','255792984334','2025-09-20 19:40:14','2025-09-20 19:40:14',NULL),(148,2,'78:3A:6C:7F:20:71','255613030131','2025-09-20 21:31:52','2025-09-20 21:31:52',NULL),(149,2,'42:CC:90:DA:81:CB','255718522465','2025-09-22 20:46:09','2025-09-22 20:46:09',NULL),(150,2,'36:5A:F6:67:35:9C','255658129093','2025-09-23 00:03:37','2025-09-23 00:03:37',NULL),(151,2,'AA:C1:1A:D2:79:24','255713566041','2025-09-23 09:39:35','2025-09-23 09:39:35',NULL),(152,2,'16:EE:4C:44:25:89','255767120113','2025-09-23 19:40:34','2025-09-23 19:40:34',NULL),(153,2,'A2:0F:93:4E:A6:AC','255784538988','2025-09-24 18:54:15','2025-10-03 15:11:00',NULL),(154,2,'E6:9C:C5:2C:07:A5','255698242697','2025-09-26 09:35:11','2025-10-01 12:27:32',NULL),(155,13,'C6:1F:F0:E6:26:3A','255714453893','2025-09-26 14:41:34','2025-09-26 14:41:34',NULL),(156,13,'F8:2E:3F:C2:26:47','255788443614','2025-09-26 22:24:14','2025-10-07 16:21:46',NULL),(157,13,'F8:2E:3F:C2:26:47','255744460432','2025-09-27 10:03:05','2025-09-27 10:03:05',NULL),(158,2,'0A:96:C0:81:31:8F','255766643884','2025-09-28 09:05:27','2025-09-28 09:05:27',NULL),(159,2,'1A:89:CC:42:69:58','255616729350','2025-09-28 16:32:58','2025-09-28 16:32:58',NULL),(160,14,'EA:20:82:96:79:F9','255765288577','2025-09-28 16:35:30','2025-10-07 11:27:13',NULL),(161,14,'86:41:1C:60:68:46','255785970744','2025-09-28 18:56:14','2025-09-28 18:56:14',NULL),(162,14,'32:67:7E:83:97:B1','255786547458','2025-09-29 05:15:50','2025-10-01 08:15:13',NULL),(163,14,'56:94:9E:DC:17:30','255617755355','2025-09-29 05:47:46','2025-10-01 11:32:27',NULL),(164,14,'6A:0E:42:B6:7B:C7','255781139508','2025-09-29 08:22:14','2025-09-29 08:22:14',NULL),(165,14,'66:61:3D:A7:FA:8E','255718481568','2025-09-29 08:28:11','2025-10-10 11:28:31',NULL),(166,14,'C2:3A:51:3B:5C:2E','255742058428','2025-09-29 11:17:41','2025-09-29 11:17:41',NULL),(167,2,'60:70:72:60:6A:C2','255615262892','2025-09-29 12:23:50','2025-09-29 12:23:50',NULL),(168,14,'96:E8:68:23:C5:E3','255741596868','2025-09-29 12:47:12','2025-09-29 12:47:12',NULL),(169,2,'B6:28:6A:AF:47:B3','255683113941','2025-09-29 12:58:22','2025-09-29 12:58:22',NULL),(170,15,'D2:7C:2D:A8:C1:B3','255745470536','2025-09-29 13:28:07','2025-09-29 13:28:07',NULL),(171,14,'1E:52:49:73:60:0C','255761600012','2025-09-29 17:39:05','2025-09-29 17:39:05',NULL),(172,2,'F2:C6:C1:71:E4:92','255792151153','2025-09-29 18:52:57','2025-09-30 21:02:56',NULL),(173,2,'DA:DC:1F:CD:53:22','255625493684','2025-09-29 21:29:04','2025-10-12 21:51:32',NULL),(174,14,'46:C4:E3:6B:23:2D','255717762600','2025-09-30 08:26:10','2025-09-30 08:26:10',NULL),(175,14,'0A:95:E3:8B:6C:3D','255611545747','2025-09-30 09:05:03','2025-09-30 09:05:03',NULL),(176,14,'86:41:1C:60:68:46','255793838348','2025-09-30 09:10:22','2025-09-30 09:10:22',NULL),(177,14,'9E:EF:47:4A:D0:F0','255682523590','2025-09-30 10:15:49','2025-09-30 10:15:49',NULL),(178,14,'02:8F:5C:86:3F:C2','255693975087','2025-09-30 14:11:04','2025-10-12 09:49:56',NULL),(179,14,'A8:87:B3:23:4F:BF','255616518439','2025-09-30 16:14:46','2025-09-30 16:14:46',NULL),(180,2,'4A:16:D9:48:F9:0B','255762986292','2025-09-30 19:00:35','2025-10-01 18:22:02',NULL),(181,13,'F8:2E:3F:C2:26:47','255788227701','2025-09-30 19:32:19','2025-09-30 19:32:19',NULL),(182,14,'F2:1F:42:EB:44:71','255616594966','2025-10-01 08:19:02','2025-10-01 08:19:02',NULL),(183,14,'F6:64:11:4D:F5:90','255687596450','2025-10-01 09:25:29','2025-10-01 09:25:29',NULL),(184,14,'AE:7F:25:63:4C:93','255686103315','2025-10-01 10:45:05','2025-10-01 10:45:05',NULL),(185,14,'12:30:2C:AB:37:7E','255712876399','2025-10-01 11:01:24','2025-10-03 09:27:51',NULL),(186,15,'F6:A1:80:80:71:F8','255767967942','2025-10-01 15:42:32','2025-10-07 12:42:02',NULL),(187,14,'AC:29:29:4A:C3:C3','255785980372','2025-10-01 18:52:46','2025-10-01 18:52:46',NULL),(188,9,'5A:2D:A2:9E:96:EF','255692147994','2025-10-01 19:10:12','2025-10-01 19:10:12',NULL),(189,19,'52:A2:65:65:1A:B8','255688680386','2025-10-01 22:19:52','2025-10-01 22:19:52',NULL),(190,14,'CE:AE:E9:2D:35:C4','255679819855','2025-10-01 23:01:40','2025-10-01 23:01:40',NULL),(191,2,'4E:36:D4:CB:59:EA','255745224063','2025-10-02 17:38:37','2025-10-02 17:38:37',NULL),(192,2,'64:CB:9F:D5:E1:66','255619604821','2025-10-03 03:26:30','2025-10-03 03:26:30',NULL),(193,2,'AA:78:91:3C:3F:A4','255618709910','2025-10-03 06:16:10','2025-10-03 06:16:10',NULL),(194,2,'2A:DA:E1:23:51:37','255680008038','2025-10-03 14:59:20','2025-10-14 10:38:26',NULL),(195,2,'0A:15:6E:77:2E:DE','255762224066','2025-10-03 17:40:35','2025-10-03 17:40:35',NULL),(196,13,'1E:A5:4B:F4:A3:F8','255786147759','2025-10-03 18:32:11','2025-10-03 18:32:11',NULL),(197,2,'00:9D:6B:E4:5B:9E','255755024066','2025-10-03 19:53:04','2025-10-03 19:53:04',NULL),(198,2,'CE:C0:E5:AE:DF:27','255654371727','2025-10-04 11:06:07','2025-10-04 11:06:07',NULL),(199,13,'14:09:DC:07:3E:A9','255783211621','2025-10-04 15:09:40','2025-10-04 15:09:40',NULL),(200,2,'82:3D:CF:B1:31:9B','255741716842','2025-10-04 15:53:13','2025-10-15 16:39:21',NULL),(201,13,'EC:4D:47:35:84:27','255712958704','2025-10-04 22:30:59','2025-10-04 22:30:59',NULL),(202,2,'06:04:75:A8:AE:04','255740770996','2025-10-05 17:11:07','2025-10-06 20:08:31',NULL),(203,2,'BE:13:B8:AF:2F:FD','255795898762','2025-10-05 18:54:28','2025-10-14 15:44:17',NULL),(204,13,'F8:2E:3F:C2:26:46','255756007732','2025-10-05 22:02:27','2025-10-05 22:02:27',NULL),(205,15,'FA:99:35:5F:3A:3B','255764779218','2025-10-06 11:57:08','2025-10-06 11:57:08',NULL),(206,15,'D6:E3:76:92:8D:B1','255767643180','2025-10-06 12:41:28','2025-10-06 12:41:28',NULL),(207,15,'4E:C9:6A:39:8A:FC','255741531372','2025-10-06 12:52:15','2025-10-13 13:03:51',NULL),(208,2,'CE:E7:4C:B0:16:D2','255742112062','2025-10-06 16:40:29','2025-10-06 16:40:29',NULL),(209,2,'FE:7D:17:D6:B7:19','255679081222','2025-10-07 15:18:05','2025-10-07 15:18:05',NULL),(210,15,'00:01:12:7B:5A:AA','255741742195','2025-10-07 16:06:06','2025-10-07 16:06:06',NULL),(211,14,'14:11:14:81:88:04','255670900955','2025-10-07 18:06:56','2025-10-07 18:06:56',NULL),(212,2,'02:AE:8E:00:79:71','255772092465','2025-10-08 06:01:29','2025-10-08 06:01:29',NULL),(213,23,'BA:50:71:18:D4:82','255787109988','2025-10-08 08:41:19','2025-10-08 08:41:19',NULL),(214,15,'12:33:FA:AA:AB:11','255620695938','2025-10-08 09:55:39','2025-10-13 11:27:34',NULL),(215,15,'8E:66:93:23:BB:D0','255718726812','2025-10-08 13:43:37','2025-10-08 13:43:37',NULL),(216,15,'0E:AB:19:C4:3B:C9','255784866422','2025-10-08 13:57:36','2025-10-15 16:45:37',NULL),(217,2,'66:69:37:E7:6B:00','255763919160','2025-10-08 19:34:06','2025-10-08 19:34:06',NULL),(218,14,'2A:3A:87:41:FA:B8','255784750017','2025-10-09 06:40:28','2025-10-09 06:40:28',NULL),(219,15,'F6:43:AC:E2:60:86','255745548284','2025-10-09 08:21:04','2025-10-09 08:21:04',NULL),(220,2,'5E:31:65:EC:DD:43','255742645284','2025-10-09 09:28:30','2025-10-12 13:55:13',NULL),(221,2,'AE:A7:4D:CE:89:BF','255694925142','2025-10-09 10:26:28','2025-10-09 10:26:28',NULL),(222,13,'CA:2F:DE:09:AE:46','255759781219','2025-10-09 11:50:52','2025-10-09 11:50:52',NULL),(223,2,'EE:20:C1:F6:95:D2','255767407821','2025-10-09 14:38:33','2025-10-09 14:38:33',NULL),(224,13,'F8:2E:3F:C2:26:47','255618842875','2025-10-09 15:55:11','2025-10-09 15:55:11',NULL),(225,2,'82:3D:CF:B1:31:9B','255767512601','2025-10-10 08:00:00','2025-10-14 17:05:21',NULL),(226,15,'1E:EE:51:91:C9:F4','255695486181','2025-10-10 09:50:12','2025-10-14 10:57:04',NULL),(227,13,'14:09:DC:07:3E:A9','255653799918','2025-10-10 12:46:43','2025-10-10 12:46:43',NULL),(228,14,'1A:5F:7B:D5:4C:9C','255680941555','2025-10-10 14:35:03','2025-10-10 14:35:03',NULL),(229,5,'C2:10:70:97:6D:A5','255744581643','2025-10-10 14:37:46','2025-10-10 14:37:46',NULL),(230,2,'46:00:30:39:06:BD','255623695325','2025-10-11 06:56:34','2025-10-11 06:56:34',NULL),(231,14,'22:20:0A:03:AC:61','255694468951','2025-10-11 10:15:26','2025-10-11 10:15:26',NULL),(232,14,'AE:92:31:B0:20:03','255761957270','2025-10-11 13:46:28','2025-10-11 13:46:28',NULL),(233,14,'14:11:14:81:88:04','255714223920','2025-10-11 14:34:45','2025-10-11 14:34:45',NULL),(234,15,'B6:89:48:3E:45:9B','255744824749','2025-10-11 15:30:39','2025-10-11 15:30:39',NULL),(235,2,'0A:47:1B:5E:1E:BC','255780232928','2025-10-11 17:15:58','2025-10-11 17:15:58',NULL),(236,13,'0E:25:8E:23:47:6D','255713329303','2025-10-11 19:17:19','2025-10-11 19:17:19',NULL),(237,2,'1A:AD:C3:02:AB:DA','255741402687','2025-10-11 19:39:34','2025-10-11 19:39:34',NULL),(238,14,'92:59:BE:44:64:A2','255711575242','2025-10-11 21:03:29','2025-10-11 21:03:29',NULL),(239,2,'B2:1A:49:7E:1F:58','255621348786','2025-10-12 07:32:49','2025-10-12 07:32:49',NULL),(240,15,'22:4C:7D:8D:E2:A6','255742884469','2025-10-12 11:30:54','2025-10-12 11:30:54',NULL),(241,2,'7E:28:9B:C1:AB:64','255713413970','2025-10-12 12:43:25','2025-10-12 12:43:25',NULL),(242,2,'22:0C:FE:A8:E4:7B','255764557507','2025-10-12 18:20:39','2025-10-12 18:20:39',NULL),(243,2,'06:C2:96:BF:C6:A5','255782778877','2025-10-13 10:42:29','2025-10-13 10:42:29',NULL),(244,15,'B6:AE:DC:AE:9E:57','255746466465','2025-10-13 18:57:35','2025-10-13 18:57:35',NULL),(245,13,'F8:2E:3F:C2:26:47','255753426608','2025-10-14 06:51:19','2025-10-14 06:51:19',NULL),(246,2,'80:38:96:2B:FA:68','255619570756','2025-10-14 20:26:00','2025-10-14 20:26:00',NULL),(247,2,'CE:D5:26:D6:BE:9F','255670339170','2025-10-15 08:09:46','2025-10-15 08:09:46',NULL),(248,2,'1E:43:B2:97:E8:AE','255742718038','2025-10-15 09:53:40','2025-10-15 09:53:40',NULL),(249,2,'FE:AC:AA:09:8B:E5','255748334099','2025-10-16 07:08:10','2025-10-16 07:08:10',NULL),(250,2,'38:CA:73:72:CF:B0','255747933664','2025-10-16 07:33:15','2025-10-16 07:33:15',NULL),(251,13,'2A:CC:7E:77:B7:9A','255623275775','2025-10-16 18:17:20','2025-10-16 18:17:20',NULL),(252,13,'F8:2E:3F:C2:26:47','255760255178','2025-10-16 19:06:17','2025-10-16 19:06:17',NULL),(253,2,'76:37:43:48:70:A8','255748825145','2025-10-16 20:57:40','2025-10-16 20:57:40',NULL);

--
-- Table structure for table `company_router_interfaces`
--

CREATE TABLE `company_router_interfaces` (
  `id` bigint unsigned NOT NULL AUTO_INCREMENT,
  `company_router_id` bigint unsigned NOT NULL,
  `name` varchar(191) COLLATE utf8mb4_unicode_ci NOT NULL,
  `status` int NOT NULL DEFAULT '1' COMMENT '0=inactive, 1=active',
  `created_at` timestamp NULL DEFAULT NULL,
  `updated_at` timestamp NULL DEFAULT NULL,
  `deleted_at` timestamp NULL DEFAULT NULL,
  PRIMARY KEY (`id`),
  KEY `company_router_interfaces_company_router_id_foreign` (`company_router_id`),
  CONSTRAINT `company_router_interfaces_company_router_id_foreign` FOREIGN KEY (`company_router_id`) REFERENCES `company_routers` (`id`) ON DELETE CASCADE
) ENGINE=InnoDB AUTO_INCREMENT=144 DEFAULT CHARSET=utf8mb4 COLLATE=utf8mb4_unicode_ci;

--
-- Dumping data for table `company_router_interfaces`
--

INSERT INTO `company_router_interfaces` VALUES (9,2,'ether1',1,'2025-08-05 17:44:20','2025-08-05 17:44:20',NULL),(10,2,'ether3',1,'2025-08-05 17:44:20','2025-08-05 17:44:20',NULL),(11,2,'ether4',1,'2025-08-05 17:44:20','2025-08-05 17:44:20',NULL),(12,2,'ether5',1,'2025-08-05 17:44:20','2025-08-05 17:44:20',NULL),(13,2,'bridge',1,'2025-08-05 17:44:20','2025-08-05 17:44:20',NULL),(14,2,'lo',1,'2025-08-05 17:44:20','2025-08-05 17:44:20',NULL),(15,2,'ovpn-out1',1,'2025-08-05 17:44:20','2025-08-05 17:44:20',NULL),(25,5,'ether1',1,'2025-08-26 18:11:46','2025-08-26 18:11:46',NULL),(26,5,'ether3',1,'2025-08-26 18:11:46','2025-08-26 18:11:46',NULL),(27,5,'ether4',1,'2025-08-26 18:11:46','2025-08-26 18:11:46',NULL),(28,5,'ether5',1,'2025-08-26 18:11:46','2025-08-26 18:11:46',NULL),(29,5,'bridge',1,'2025-08-26 18:11:46','2025-08-26 18:11:46',NULL),(30,5,'ovpn-out1',1,'2025-08-26 18:11:46','2025-08-26 18:11:46',NULL),(31,7,'ether1',1,'2025-08-29 20:13:38','2025-08-29 20:13:38',NULL),(32,7,'ether2',1,'2025-08-29 20:13:38','2025-08-29 20:13:38',NULL),(33,7,'ether3',1,'2025-08-29 20:13:38','2025-08-29 20:13:38',NULL),(34,7,'ether5',1,'2025-08-29 20:13:38','2025-08-29 20:13:38',NULL),(35,7,'ether6',1,'2025-08-29 20:13:38','2025-08-29 20:13:38',NULL),(36,7,'ether7',1,'2025-08-29 20:13:38','2025-08-29 20:13:38',NULL),(37,7,'ether8',1,'2025-08-29 20:13:38','2025-08-29 20:13:38',NULL),(38,7,'sfp1',1,'2025-08-29 20:13:38','2025-08-29 20:13:38',NULL),(39,7,'bridge',1,'2025-08-29 20:13:38','2025-08-29 20:13:38',NULL),(40,7,'lo',1,'2025-08-29 20:13:38','2025-08-29 20:13:38',NULL),(41,7,'ovpn-out1',1,'2025-08-29 20:13:38','2025-08-29 20:13:38',NULL),(42,7,'wifi1',1,'2025-08-29 20:13:38','2025-08-29 20:13:38',NULL),(43,10,'ether1',1,'2025-09-09 10:51:17','2025-09-09 10:51:17',NULL),(44,10,'ether2',1,'2025-09-09 10:51:17','2025-09-09 10:51:17',NULL),(45,10,'ether3',1,'2025-09-09 10:51:17','2025-09-09 10:51:17',NULL),(46,10,'RS',1,'2025-09-09 10:51:17','2025-09-09 10:51:17',NULL),(47,10,'R',1,'2025-09-09 10:51:17','2025-09-09 10:51:17',NULL),(48,10,'ovpn-out1',1,'2025-09-09 10:51:17','2025-09-09 10:51:17',NULL),(49,13,'ether1',1,'2025-09-26 13:47:49','2025-09-26 13:47:49',NULL),(50,13,'ether2',1,'2025-09-26 13:47:49','2025-09-26 13:47:49',NULL),(51,13,'ether3',1,'2025-09-26 13:47:49','2025-09-26 13:47:49',NULL),(52,13,'RS',1,'2025-09-26 13:47:49','2025-09-26 13:47:49',NULL),(53,13,'ether5',1,'2025-09-26 13:47:49','2025-09-26 13:47:49',NULL),(54,13,'ether6',1,'2025-09-26 13:47:49','2025-09-26 13:47:49',NULL),(55,13,'ether7',1,'2025-09-26 13:47:49','2025-09-26 13:47:49',NULL),(56,13,'ether8',1,'2025-09-26 13:47:49','2025-09-26 13:47:49',NULL),(57,13,'ether10',1,'2025-09-26 13:47:49','2025-09-26 13:47:49',NULL),(58,13,'sfp1',1,'2025-09-26 13:47:49','2025-09-26 13:47:49',NULL),(59,13,'wlan1',1,'2025-09-26 13:47:49','2025-09-26 13:47:49',NULL),(60,13,'R',1,'2025-09-26 13:47:49','2025-09-26 13:47:49',NULL),(61,13,'ovpn-out1',1,'2025-09-26 13:47:49','2025-09-26 13:47:49',NULL),(62,14,'ether1',1,'2025-09-28 15:46:40','2025-09-28 15:46:40',NULL),(63,14,'ether2',1,'2025-09-28 15:46:40','2025-09-28 15:46:40',NULL),(64,14,'RS',1,'2025-09-28 15:46:40','2025-09-28 15:46:40',NULL),(65,14,'ether4',1,'2025-09-28 15:46:40','2025-09-28 15:46:40',NULL),(66,14,'ether5',1,'2025-09-28 15:46:40','2025-09-28 15:46:40',NULL),(67,14,'wlan1',1,'2025-09-28 15:46:40','2025-09-28 15:46:40',NULL),(68,14,'R',1,'2025-09-28 15:46:40','2025-09-28 15:46:40',NULL),(69,14,'ovpn-out1',1,'2025-09-28 15:46:40','2025-09-28 15:46:40',NULL),(70,15,'ether1',1,'2025-09-29 12:03:50','2025-09-29 12:03:50',NULL),(71,15,'ether3',1,'2025-09-29 12:03:50','2025-09-29 12:03:50',NULL),(72,15,'ether4',1,'2025-09-29 12:03:50','2025-09-29 12:03:50',NULL),(73,15,'ether5',1,'2025-09-29 12:03:50','2025-09-29 12:03:50',NULL),(74,15,'ether6',1,'2025-09-29 12:03:50','2025-09-29 12:03:50',NULL),(75,15,'ether7',1,'2025-09-29 12:03:50','2025-09-29 12:03:50',NULL),(76,15,'ether8',1,'2025-09-29 12:03:50','2025-09-29 12:03:50',NULL),(77,15,'sfp1',1,'2025-09-29 12:03:50','2025-09-29 12:03:50',NULL),(78,15,'bridge',1,'2025-09-29 12:03:50','2025-09-29 12:03:50',NULL),(79,15,'lo',1,'2025-09-29 12:03:50','2025-09-29 12:03:50',NULL),(80,15,'ovpn-out1',1,'2025-09-29 12:03:50','2025-09-29 12:03:50',NULL),(81,15,'wifi1',1,'2025-09-29 12:03:50','2025-09-29 12:03:50',NULL),(82,16,'ether1',1,'2025-09-29 17:06:37','2025-09-29 17:06:37',NULL),(83,16,'ether3',1,'2025-09-29 17:06:37','2025-09-29 17:06:37',NULL),(84,16,'ether4',1,'2025-09-29 17:06:37','2025-09-29 17:06:37',NULL),(85,16,'ether5',1,'2025-09-29 17:06:37','2025-09-29 17:06:37',NULL),(86,16,'ether6',1,'2025-09-29 17:06:37','2025-09-29 17:06:37',NULL),(87,16,'ether7',1,'2025-09-29 17:06:37','2025-09-29 17:06:37',NULL),(88,16,'ether8',1,'2025-09-29 17:06:37','2025-09-29 17:06:37',NULL),(89,16,'ether9',1,'2025-09-29 17:06:37','2025-09-29 17:06:37',NULL),(90,16,'ether10',1,'2025-09-29 17:06:37','2025-09-29 17:06:37',NULL),(91,16,'sfp1',1,'2025-09-29 17:06:37','2025-09-29 17:06:37',NULL),(92,16,'bridge',1,'2025-09-29 17:06:37','2025-09-29 17:06:37',NULL),(93,16,'ovpn-out1',1,'2025-09-29 17:06:37','2025-09-29 17:06:37',NULL),(94,19,'ether1',1,'2025-10-01 16:33:53','2025-10-01 16:33:53',NULL),(95,19,'RS',1,'2025-10-01 16:33:54','2025-10-01 16:33:54',NULL),(96,19,'ether3',1,'2025-10-01 16:33:54','2025-10-01 16:33:54',NULL),(97,19,'ether4',1,'2025-10-01 16:33:54','2025-10-01 16:33:54',NULL),(98,19,'ether5',1,'2025-10-01 16:33:54','2025-10-01 16:33:54',NULL),(99,19,'wlan1',1,'2025-10-01 16:33:54','2025-10-01 16:33:54',NULL),(100,19,'R',1,'2025-10-01 16:33:54','2025-10-01 16:33:54',NULL),(101,19,'ovpn-out1',1,'2025-10-01 16:33:54','2025-10-01 16:33:54',NULL),(102,20,'ether1',1,'2025-10-03 09:48:37','2025-10-03 09:48:37',NULL),(103,20,'ether2',1,'2025-10-03 09:48:37','2025-10-03 09:48:37',NULL),(104,20,'ether3',1,'2025-10-03 09:48:37','2025-10-03 09:48:37',NULL),(105,20,'ether4',1,'2025-10-03 09:48:37','2025-10-03 09:48:37',NULL),(106,20,'ether5',1,'2025-10-03 09:48:37','2025-10-03 09:48:37',NULL),(107,20,'RS',1,'2025-10-03 09:48:37','2025-10-03 09:48:37',NULL),(108,20,'R',1,'2025-10-03 09:48:37','2025-10-03 09:48:37',NULL),(109,20,'ovpn-out1',1,'2025-10-03 09:48:37','2025-10-03 09:48:37',NULL),(110,21,'ether1',1,'2025-10-04 13:30:37','2025-10-04 13:30:37',NULL),(111,21,'RS',1,'2025-10-04 13:30:37','2025-10-04 13:30:37',NULL),(112,21,'ether3',1,'2025-10-04 13:30:37','2025-10-04 13:30:37',NULL),(113,21,'ether4',1,'2025-10-04 13:30:37','2025-10-04 13:30:37',NULL),(114,21,'ether5',1,'2025-10-04 13:30:37','2025-10-04 13:30:37',NULL),(115,21,'wlan1',1,'2025-10-04 13:30:37','2025-10-04 13:30:37',NULL),(116,21,'XS',1,'2025-10-04 13:30:37','2025-10-04 13:30:37',NULL),(117,21,'R',1,'2025-10-04 13:30:37','2025-10-04 13:30:37',NULL),(118,21,'ovpn-out1',1,'2025-10-04 13:30:37','2025-10-04 13:30:37',NULL),(119,22,'ether1',1,'2025-10-04 15:53:56','2025-10-04 15:53:56',NULL),(120,22,'RS',1,'2025-10-04 15:53:56','2025-10-04 15:53:56',NULL),(121,22,'ether3',1,'2025-10-04 15:53:56','2025-10-04 15:53:56',NULL),(122,22,'ether4',1,'2025-10-04 15:53:56','2025-10-04 15:53:56',NULL),(123,22,'ether5',1,'2025-10-04 15:53:56','2025-10-04 15:53:56',NULL),(124,22,'wlan1',1,'2025-10-04 15:53:56','2025-10-04 15:53:56',NULL),(125,22,'R',1,'2025-10-04 15:53:56','2025-10-04 15:53:56',NULL),(126,22,'ovpn-out1',1,'2025-10-04 15:53:56','2025-10-04 15:53:56',NULL),(127,23,'ether1-ISP',1,'2025-10-07 18:24:55','2025-10-07 18:24:55',NULL),(128,23,'RS',1,'2025-10-07 18:24:55','2025-10-07 18:24:55',NULL),(129,23,'ether3-HOTSPOT',1,'2025-10-07 18:24:55','2025-10-07 18:24:55',NULL),(130,23,'ether4-HOTSPOT',1,'2025-10-07 18:24:55','2025-10-07 18:24:55',NULL),(131,23,'ether5-HOTSPOT',1,'2025-10-07 18:24:55','2025-10-07 18:24:55',NULL),(132,23,'wlan1',1,'2025-10-07 18:24:55','2025-10-07 18:24:55',NULL),(133,23,'bridge',1,'2025-10-07 18:24:55','2025-10-07 18:24:55',NULL),(134,23,'lo',1,'2025-10-07 18:24:55','2025-10-07 18:24:55',NULL),(135,23,'ovpn-out1',1,'2025-10-07 18:24:55','2025-10-07 18:24:55',NULL),(136,26,'ether1',1,'2025-10-11 15:24:14','2025-10-11 15:24:14',NULL),(137,26,'ether2',1,'2025-10-11 15:24:14','2025-10-11 15:24:14',NULL),(138,26,'ether3',1,'2025-10-11 15:24:14','2025-10-11 15:24:14',NULL),(139,26,'ether4',1,'2025-10-11 15:24:14','2025-10-11 15:24:14',NULL),(140,26,'ether5',1,'2025-10-11 15:24:14','2025-10-11 15:24:14',NULL),(141,26,'RS',1,'2025-10-11 15:24:14','2025-10-11 15:24:14',NULL),(142,26,'R',1,'2025-10-11 15:24:14','2025-10-11 15:24:14',NULL),(143,26,'ovpn-out1',1,'2025-10-11 15:24:14','2025-10-11 15:24:14',NULL);

--
-- Table structure for table `company_router_invoice_payments`
--

CREATE TABLE `company_router_invoice_payments` (
  `id` bigint unsigned NOT NULL AUTO_INCREMENT,
  `router_invoice_id` int NOT NULL,
  `grouped_transaction_id` bigint unsigned NOT NULL,
  `amount` decimal(8,2) NOT NULL DEFAULT '0.00',
  `commission_amount` decimal(8,2) NOT NULL DEFAULT '0.00',
  `created_at` timestamp NULL DEFAULT NULL,
  `updated_at` timestamp NULL DEFAULT NULL,
  `deleted_at` timestamp NULL DEFAULT NULL,
  PRIMARY KEY (`id`),
  KEY `company_router_invoice_payments_grouped_transaction_id_foreign` (`grouped_transaction_id`),
  CONSTRAINT `company_router_invoice_payments_grouped_transaction_id_foreign` FOREIGN KEY (`grouped_transaction_id`) REFERENCES `grouped_transactions` (`id`) ON DELETE CASCADE
) ENGINE=InnoDB AUTO_INCREMENT=8 DEFAULT CHARSET=utf8mb4 COLLATE=utf8mb4_unicode_ci;

--
-- Dumping data for table `company_router_invoice_payments`
--

INSERT INTO `company_router_invoice_payments` VALUES (1,6,1,21000.00,0.00,'2025-08-28 06:42:22','2025-08-28 06:42:22',NULL),(2,10,2,21000.00,0.00,'2025-09-10 17:38:47','2025-09-10 17:38:47',NULL),(3,11,3,21000.00,0.00,'2025-09-18 14:40:49','2025-09-18 14:40:49',NULL),(4,13,4,21000.00,0.00,'2025-09-27 15:04:44','2025-09-27 15:04:44',NULL),(5,16,5,21000.00,0.00,'2025-10-01 12:28:16','2025-10-01 12:28:16',NULL),(6,17,6,21000.00,0.00,'2025-10-02 06:41:55','2025-10-02 06:41:55',NULL),(7,21,7,21000.00,0.00,'2025-10-03 12:19:17','2025-10-03 12:19:17',NULL);

--
-- Table structure for table `company_router_invoices`
--

CREATE TABLE `company_router_invoices` (
  `id` bigint unsigned NOT NULL AUTO_INCREMENT,
  `ref_no` varchar(191) COLLATE utf8mb4_unicode_ci NOT NULL,
  `company_router_id` bigint unsigned NOT NULL,
  `from_date` timestamp NOT NULL,
  `to_date` timestamp NOT NULL,
  `amount` decimal(8,2) NOT NULL DEFAULT '0.00',
  `status` int NOT NULL DEFAULT '0' COMMENT '0=pending, 1=paid',
  `created_at` timestamp NULL DEFAULT NULL,
  `updated_at` timestamp NULL DEFAULT NULL,
  `deleted_at` timestamp NULL DEFAULT NULL,
  PRIMARY KEY (`id`),
  KEY `company_router_invoices_company_router_id_foreign` (`company_router_id`),
  CONSTRAINT `company_router_invoices_company_router_id_foreign` FOREIGN KEY (`company_router_id`) REFERENCES `company_routers` (`id`) ON DELETE CASCADE
) ENGINE=InnoDB AUTO_INCREMENT=29 DEFAULT CHARSET=utf8mb4 COLLATE=utf8mb4_unicode_ci;

--
-- Dumping data for table `company_router_invoices`
--

INSERT INTO `company_router_invoices` VALUES (2,'1052P9',2,'2025-08-04 22:00:00','2025-09-04 22:00:00',1000.00,0,'2025-08-05 16:56:56','2025-08-28 13:27:33','2025-08-28 13:27:33'),(5,'L3POA9',5,'2025-08-17 22:00:00','2025-09-17 22:00:00',21000.00,0,'2025-08-18 17:15:11','2025-08-28 06:45:33',NULL),(6,'UMORD7',6,'2025-08-25 22:00:00','2025-09-25 22:00:00',21000.00,1,'2025-08-26 13:06:13','2025-08-28 06:42:22',NULL),(7,'LIM5SR',7,'2025-08-28 22:00:00','2025-09-28 22:00:00',21000.00,0,'2025-08-29 19:10:58','2025-08-29 19:10:58',NULL),(8,'UA4N6X',8,'2025-08-29 22:00:00','2025-09-29 22:00:00',21000.00,0,'2025-08-30 06:58:45','2025-08-30 06:58:45',NULL),(9,'XKAGB1',9,'2025-09-05 22:00:00','2025-10-05 22:00:00',21000.00,0,'2025-09-06 06:09:37','2025-09-25 06:34:59',NULL),(10,'IFBS2J',10,'2025-09-08 22:00:00','2025-10-08 22:00:00',21000.00,1,'2025-09-09 09:33:08','2025-09-10 17:38:47',NULL),(11,'O2YFSQ',11,'2025-09-17 22:00:00','2025-10-17 22:00:00',21000.00,1,'2025-09-18 14:24:23','2025-09-18 14:40:49',NULL),(12,'YXDQ1H',12,'2025-09-24 22:00:00','2025-10-24 22:00:00',21000.00,0,'2025-09-25 11:55:26','2025-09-25 11:55:26',NULL),(13,'2IS8WQ',13,'2025-09-25 22:00:00','2025-10-25 22:00:00',21000.00,1,'2025-09-26 08:35:02','2025-09-27 15:04:44',NULL),(14,'R3WP1U',6,'2025-09-27 22:00:00','2025-10-27 23:00:00',21000.00,0,'2025-09-28 06:00:33','2025-09-28 06:00:33',NULL),(15,'YGTP9N',14,'2025-09-27 22:00:00','2025-10-27 23:00:00',21000.00,0,'2025-09-28 14:43:39','2025-09-28 14:43:39',NULL),(16,'BEO5CU',15,'2025-09-28 22:00:00','2025-10-28 23:00:00',21000.00,1,'2025-09-29 10:07:30','2025-10-01 12:28:16',NULL),(17,'LG0OC1',16,'2025-09-28 22:00:00','2025-10-28 23:00:00',21000.00,1,'2025-09-29 16:41:08','2025-10-02 06:41:55',NULL),(18,'T3BUIG',17,'2025-09-29 22:00:00','2025-10-29 23:00:00',21000.00,0,'2025-09-30 08:49:41','2025-09-30 08:49:41',NULL),(19,'V5CJ14',18,'2025-09-29 22:00:00','2025-10-29 23:00:00',21000.00,0,'2025-09-30 09:13:04','2025-09-30 09:13:04',NULL),(20,'D5PAZM',19,'2025-09-30 22:00:00','2025-10-31 23:00:00',21000.00,0,'2025-10-01 16:23:50','2025-10-01 16:23:50',NULL),(21,'2QUX6H',20,'2025-10-02 22:00:00','2025-11-02 23:00:00',21000.00,1,'2025-10-03 09:04:23','2025-10-03 12:19:17',NULL),(22,'78BA5U',21,'2025-10-03 22:00:00','2025-11-03 23:00:00',21000.00,0,'2025-10-04 13:01:27','2025-10-04 13:01:27',NULL),(23,'M8Z2W9',22,'2025-10-03 22:00:00','2025-11-03 23:00:00',21000.00,0,'2025-10-04 15:30:12','2025-10-04 15:30:12',NULL),(24,'3EQ5WR',23,'2025-10-06 22:00:00','2025-11-06 23:00:00',21000.00,0,'2025-10-07 18:10:55','2025-10-07 18:10:55',NULL),(25,'3SMYQP',24,'2025-10-07 22:00:00','2025-11-07 23:00:00',21000.00,0,'2025-10-08 07:47:36','2025-10-08 07:47:36',NULL),(26,'QYAL7V',25,'2025-10-10 22:00:00','2025-11-10 23:00:00',21000.00,0,'2025-10-11 11:22:25','2025-10-11 11:22:25',NULL),(27,'XH5SWE',26,'2025-10-10 22:00:00','2025-11-10 23:00:00',21000.00,0,'2025-10-11 14:29:17','2025-10-11 14:29:17',NULL),(28,'Q28N53',27,'2025-10-15 22:00:00','2025-11-15 23:00:00',21000.00,0,'2025-10-16 06:14:37','2025-10-16 06:14:37',NULL);

--
-- Table structure for table `company_routers`
--

CREATE TABLE `company_routers` (
  `id` bigint unsigned NOT NULL AUTO_INCREMENT,
  `ref_no` varchar(191) COLLATE utf8mb4_unicode_ci NOT NULL,
  `company_id` bigint unsigned NOT NULL,
  `name` varchar(191) COLLATE utf8mb4_unicode_ci NOT NULL,
  `ip_address` varchar(191) COLLATE utf8mb4_unicode_ci NOT NULL,
  `public_ip` varchar(191) COLLATE utf8mb4_unicode_ci DEFAULT NULL,
  `username` varchar(191) COLLATE utf8mb4_unicode_ci NOT NULL,
  `api_port` int NOT NULL DEFAULT '8728',
  `password` varchar(191) COLLATE utf8mb4_unicode_ci NOT NULL,
  `subscription_amount` decimal(8,2) NOT NULL DEFAULT '0.00',
  `expiry_date` varchar(191) COLLATE utf8mb4_unicode_ci NOT NULL,
  `customer_care_phone` varchar(191) COLLATE utf8mb4_unicode_ci DEFAULT NULL,
  `online_status` int NOT NULL DEFAULT '1' COMMENT '0=offline, 1=online',
  `online_status_counter` int NOT NULL DEFAULT '0',
  `file_location` varchar(191) COLLATE utf8mb4_unicode_ci DEFAULT NULL,
  `transaction_frequency_id` bigint unsigned DEFAULT NULL,
  `next_transaction_date` varchar(191) COLLATE utf8mb4_unicode_ci DEFAULT NULL,
  `hotspot_anti_sharing_enabled` int NOT NULL DEFAULT '0' COMMENT '0=no, 1=yes',
  `status` int NOT NULL DEFAULT '1' COMMENT '0=inactive, 1=active, 2=expired',
  `created_at` timestamp NULL DEFAULT NULL,
  `updated_at` timestamp NULL DEFAULT NULL,
  `deleted_at` timestamp NULL DEFAULT NULL,
  PRIMARY KEY (`id`),
  UNIQUE KEY `company_routers_ip_address_unique` (`ip_address`),
  UNIQUE KEY `company_routers_public_ip_unique` (`public_ip`),
  KEY `company_routers_company_id_foreign` (`company_id`),
  KEY `company_routers_transaction_frequency_id_foreign` (`transaction_frequency_id`),
  CONSTRAINT `company_routers_company_id_foreign` FOREIGN KEY (`company_id`) REFERENCES `companies` (`id`) ON DELETE CASCADE,
  CONSTRAINT `company_routers_transaction_frequency_id_foreign` FOREIGN KEY (`transaction_frequency_id`) REFERENCES `transaction_frequencies` (`id`) ON DELETE CASCADE
) ENGINE=InnoDB AUTO_INCREMENT=28 DEFAULT CHARSET=utf8mb4 COLLATE=utf8mb4_unicode_ci;

--
-- Dumping data for table `company_routers`
--

INSERT INTO `company_routers` VALUES (2,'GI6BYT',8,'Ngoni Net 1','50.50.50.2','161.97.174.20:16758','ngoni',8728,'48DWVF',0.00,'2025-09-30','0716583413',1,2,NULL,1,'2025-08-05',1,1,'2025-08-05 16:56:56','2025-10-16 21:08:30',NULL),(5,'YE6B2O',8,'Machinga Complex','50.50.50.5','161.97.174.20:11566','heritage',8728,'0HAWV2',21000.00,'2025-08-26','0763752350',0,3,NULL,NULL,NULL,1,1,'2025-08-18 17:15:11','2025-10-17 10:31:26',NULL),(6,'83WYM2',11,'Mwamba','50.50.50.6','161.97.174.20:18680','heritage',8728,'5ZISPW',21000.00,'2025-09-28','0786000803',0,0,'flash',NULL,NULL,1,0,'2025-08-26 13:06:13','2025-10-02 06:50:09',NULL),(7,'O37YGC',13,'La Zungu','50.50.50.7','161.97.174.20:18875','heritage',8728,'6ZNHLJ',21000.00,'2025-08-29','0754578434',0,5,NULL,NULL,NULL,1,2,'2025-08-29 19:10:58','2025-10-08 17:01:12',NULL),(8,'9N2EL1',14,'MwendoKasi','50.50.50.8',NULL,'heritage',8728,'heritage@2025',21000.00,'2025-08-30','0696849400',0,3,NULL,NULL,NULL,0,0,'2025-08-30 06:58:45','2025-10-02 18:50:56',NULL),(9,'D2WHM9',16,'Street Mesh','50.50.50.9','161.97.174.20:10194','heritage',8728,'X71WBR',21000.00,'2025-10-25','0747777710',0,3,'flash',NULL,NULL,1,2,'2025-09-06 06:09:37','2025-10-01 22:49:31',NULL),(10,'31DRYJ',17,'Mr Bando Internet Services','50.50.50.10','161.97.174.20:18997','heritage',8728,'L7BDGY',21000.00,'2025-10-10','0780601042',0,0,'flash',NULL,NULL,1,0,'2025-09-09 09:33:08','2025-09-11 06:52:45',NULL),(11,'43ORCJ',18,'G NJARO','50.50.50.11','161.97.174.20:10200','heritage',8728,'3R02DL',21000.00,'2025-10-18','0769932392',1,0,'flash',NULL,NULL,1,1,'2025-09-18 14:24:23','2025-10-17 08:45:32',NULL),(12,'9TGQOX',19,'Router12','50.50.50.12',NULL,'heritage',8728,'heritage@2025',21000.00,'2025-10-28','07577006671',0,3,NULL,NULL,NULL,0,2,'2025-09-25 11:55:26','2025-09-28 08:16:03',NULL),(13,'XH6WF3',20,'Mkiwa','50.50.50.13','161.97.174.20:19708','heritage',8728,'2VCSLF',21000.00,'2025-10-30','0788443614',1,2,NULL,NULL,NULL,0,1,'2025-09-26 08:35:02','2025-10-17 10:00:36',NULL),(14,'BJX2SV',21,'Kitonga','50.50.50.14','161.97.174.20:19796','heritage',8728,'N8MAJS',21000.00,'2025-10-30','0765288577',0,3,NULL,NULL,NULL,0,1,'2025-09-28 14:43:39','2025-10-12 15:42:23',NULL),(15,'F1TDMC',22,'Mshua Net','50.50.50.15','161.97.174.20:19673','heritage',8728,'9721RV',21000.00,'2025-10-31','0679254949',1,1,NULL,NULL,NULL,0,1,'2025-09-29 10:07:30','2025-10-16 04:32:52',NULL),(16,'PJV6KX',23,'ITeam','50.50.50.16','161.97.174.20:13166','heritage',8728,'JEXLR3',21000.00,'2025-10-31','0789431231',0,0,NULL,NULL,NULL,1,1,'2025-09-29 16:41:08','2025-10-11 16:03:09',NULL),(17,'HPW02V',24,'Router17','50.50.50.17',NULL,'heritage',8728,'heritage@2025',21000.00,'2025-09-30','0759920774',0,3,NULL,NULL,NULL,0,2,'2025-09-30 08:49:41','2025-09-30 08:52:32',NULL),(18,'Z03B4N',25,'Ktown','50.50.50.18','161.97.174.20:12008','heritage',8728,'D96KI4',21000.00,'2025-09-30','0783502405',0,3,NULL,NULL,NULL,1,0,'2025-09-30 09:13:04','2025-10-02 17:34:57',NULL),(19,'QEPFU3',26,'WiFi Net','50.50.50.19','161.97.174.20:11861','heritage',8728,'F8KRT3',21000.00,'2025-10-03','0688680386',0,3,NULL,NULL,NULL,0,2,'2025-10-01 16:23:50','2025-10-06 19:18:51',NULL),(20,'FY3HV7',27,'Twistechs','50.50.50.20','161.97.174.20:16370','heritage',8728,'4ERWVN',21000.00,'2025-11-03','22999985858',0,0,NULL,NULL,NULL,1,1,'2025-10-03 09:04:23','2025-10-11 16:03:05',NULL),(21,'37PHMJ',28,'Wakizungu','50.50.50.21',NULL,'heritage',8728,'heritage@2025',21000.00,'2025-10-04','0744002165',1,0,'flash',NULL,NULL,0,2,'2025-10-04 13:01:27','2025-10-17 06:46:53',NULL),(22,'R9UY6D',29,'Trekker','50.50.50.22','161.97.174.20:10154','heritage',8728,'CV4Y75',21000.00,'2025-10-04','256787176354',1,2,NULL,NULL,NULL,0,2,'2025-10-04 15:30:12','2025-10-17 07:07:47',NULL),(23,'FWDKP4',30,'Zurich','50.50.50.23','161.97.174.20:18285','heritage',8728,'ND5S2K',21000.00,'2025-10-07','0787109988',0,0,'flash',NULL,NULL,0,2,'2025-10-07 18:10:55','2025-10-11 16:22:52',NULL),(24,'D69E8Z',31,'JNET','50.50.50.24',NULL,'heritage',8728,'heritage@2025',21000.00,'2025-10-08','07778198889',0,3,'flash',NULL,NULL,0,2,'2025-10-08 07:47:36','2025-10-08 12:30:30',NULL),(25,'XAFKM2',32,'Moxetech','50.50.50.25','161.97.174.20:14243','heritage',8728,'72MSPJ',21000.00,'2025-10-11','0778180076',1,0,NULL,NULL,NULL,1,2,'2025-10-11 11:22:25','2025-10-16 21:28:02',NULL),(26,'4D26LZ',33,'Trial','50.50.50.26',NULL,'heritage',8728,'heritage@2025',21000.00,'2025-10-11','0712345',0,3,NULL,NULL,NULL,0,2,'2025-10-11 14:29:17','2025-10-12 18:38:43',NULL),(27,'EA7G54',34,'Router27','50.50.50.27',NULL,'heritage',8728,'heritage@2025',21000.00,'2025-10-16','0696011778',0,3,NULL,NULL,NULL,0,2,'2025-10-16 06:14:37','2025-10-16 06:17:54',NULL);

--
-- Table structure for table `company_service_plans`
--

CREATE TABLE `company_service_plans` (
  `id` bigint unsigned NOT NULL AUTO_INCREMENT,
  `ref_no` varchar(191) COLLATE utf8mb4_unicode_ci NOT NULL,
  `company_id` bigint unsigned NOT NULL,
  `service_plan_id` bigint unsigned NOT NULL,
  `company_router_id` bigint unsigned DEFAULT NULL,
  `company_ip_pool_id` int DEFAULT NULL,
  `name` varchar(191) COLLATE utf8mb4_unicode_ci NOT NULL,
  `download_limit` varchar(191) COLLATE utf8mb4_unicode_ci DEFAULT NULL,
  `download_scale` varchar(191) COLLATE utf8mb4_unicode_ci DEFAULT NULL,
  `upload_limit` varchar(191) COLLATE utf8mb4_unicode_ci DEFAULT NULL,
  `upload_scale` varchar(191) COLLATE utf8mb4_unicode_ci DEFAULT NULL,
  `burst_download_limit` varchar(191) COLLATE utf8mb4_unicode_ci DEFAULT NULL,
  `burst_download_scale` varchar(191) COLLATE utf8mb4_unicode_ci DEFAULT NULL,
  `burst_time` varchar(191) COLLATE utf8mb4_unicode_ci DEFAULT NULL,
  `shared_users` varchar(191) COLLATE utf8mb4_unicode_ci NOT NULL DEFAULT '1',
  `valid_for` decimal(8,2) NOT NULL DEFAULT '1.00',
  `plan_validity_type_id` int DEFAULT NULL,
  `cost` decimal(8,2) NOT NULL DEFAULT '0.00',
  `status` int NOT NULL DEFAULT '1' COMMENT '0=inactive, 1=active',
  `created_at` timestamp NULL DEFAULT NULL,
  `updated_at` timestamp NULL DEFAULT NULL,
  `deleted_at` timestamp NULL DEFAULT NULL,
  PRIMARY KEY (`id`),
  KEY `company_service_plans_company_id_foreign` (`company_id`),
  KEY `company_service_plans_service_plan_id_foreign` (`service_plan_id`),
  KEY `company_service_plans_company_router_id_foreign` (`company_router_id`),
  CONSTRAINT `company_service_plans_company_id_foreign` FOREIGN KEY (`company_id`) REFERENCES `companies` (`id`) ON DELETE CASCADE,
  CONSTRAINT `company_service_plans_company_router_id_foreign` FOREIGN KEY (`company_router_id`) REFERENCES `company_routers` (`id`) ON DELETE CASCADE,
  CONSTRAINT `company_service_plans_service_plan_id_foreign` FOREIGN KEY (`service_plan_id`) REFERENCES `service_plans` (`id`) ON DELETE CASCADE
) ENGINE=InnoDB AUTO_INCREMENT=143 DEFAULT CHARSET=utf8mb4 COLLATE=utf8mb4_unicode_ci;

--
-- Dumping data for table `company_service_plans`
--

INSERT INTO `company_service_plans` VALUES (6,'F3L651',8,1,2,3,'1 Hour','5','M','5','M',NULL,NULL,NULL,'1',1.00,2,210.00,1,'2025-08-05 17:49:04','2025-08-15 23:19:41',NULL),(7,'YPH8AG',8,1,2,3,'3 Hours','3','M','2','M',NULL,NULL,NULL,'1',3.00,2,300.00,1,'2025-08-05 17:49:42','2025-08-31 19:13:23',NULL),(8,'RN5IOU',8,1,2,3,'12 Hours','3','M','3','M',NULL,NULL,NULL,'1',12.00,2,500.00,1,'2025-08-05 17:50:05','2025-08-28 22:28:21',NULL),(9,'SHZN7L',8,1,2,3,'24 Hours','3','M','3','M',NULL,NULL,NULL,'1',24.00,2,1000.00,1,'2025-08-05 17:50:21','2025-08-28 22:30:53',NULL),(10,'ICA7K6',8,1,2,3,'7 Day','3','M','3','M',NULL,NULL,NULL,'1',7.00,3,5000.00,1,'2025-08-08 19:52:48','2025-08-18 21:00:20',NULL),(22,'X8D2C0',8,2,2,4,'Kiboko','10','M','10','M',NULL,NULL,NULL,'1',30.00,3,40000.00,1,'2025-08-11 10:11:00','2025-08-11 10:11:00',NULL),(23,'Q3R0VS',8,1,2,3,'Mwezi','3','M','3','M',NULL,NULL,NULL,'1',30.00,3,15000.00,1,'2025-08-14 20:43:56','2025-08-15 18:44:13',NULL),(24,'48IY1U',8,1,2,3,'3 days','03','M','03','M',NULL,NULL,NULL,'1',3.00,3,2500.00,1,'2025-08-14 20:45:13','2025-08-14 20:45:13',NULL),(25,'OP0VN1',8,3,2,NULL,'6mbps/6mbps','3','M','3','M',NULL,NULL,NULL,'1',1.00,3,2000.00,1,'2025-08-19 20:17:59','2025-08-19 20:17:59',NULL),(26,'S3H0WT',8,1,2,3,'2 week','03','M','03','M',NULL,NULL,NULL,'1',14.00,3,7000.00,1,'2025-08-20 11:02:58','2025-08-20 11:02:58',NULL),(27,'0X5KNQ',11,1,6,6,'Ndovu','3','M','3','M',NULL,NULL,NULL,'50',30.00,1,500.00,1,'2025-08-26 17:07:49','2025-08-26 18:55:14','2025-08-26 18:55:14'),(28,'6KXBQV',11,1,6,6,'Chui','5','M','5','M',NULL,NULL,NULL,'1',24.00,2,10000.00,1,'2025-08-26 17:14:36','2025-08-26 18:55:46','2025-08-26 18:55:46'),(29,'X1OSK4',11,1,6,6,'Chui','5','M','5','M',NULL,NULL,NULL,'1',24.00,2,10000.00,1,'2025-08-26 17:14:44','2025-08-26 17:15:12','2025-08-26 17:15:12'),(30,'LTR62D',11,2,6,7,'5 Mbps','5','M','5','M',NULL,NULL,NULL,'1',30.00,3,10000.00,1,'2025-08-26 17:24:27','2025-08-26 21:41:08','2025-08-26 21:41:08'),(31,'R6Z9YE',8,1,5,8,'saa 1','3','M','3','M',NULL,NULL,NULL,'1',1.00,2,210.00,1,'2025-08-26 18:34:22','2025-08-26 18:35:41',NULL),(32,'LHSBZ6',8,1,5,8,'12h','3','M','3','M',NULL,NULL,NULL,'1',12.00,2,500.00,1,'2025-08-26 18:35:06','2025-08-26 18:35:06',NULL),(33,'Z1QWMR',8,1,5,8,'3 days','3','M','3','M',NULL,NULL,NULL,'1',3.00,3,2500.00,1,'2025-08-26 18:36:38','2025-08-26 18:36:38',NULL),(34,'PDSZU1',8,1,5,8,'24hs','3','M','3','M',NULL,NULL,NULL,'1',24.00,2,1000.00,1,'2025-08-26 18:37:51','2025-08-26 18:37:51',NULL),(35,'Y2XKDT',8,1,5,8,'7days','3','M','5','M',NULL,NULL,NULL,'1',7.00,3,5000.00,1,'2025-08-26 18:38:54','2025-10-12 06:07:09',NULL),(36,'LOYQE0',8,1,5,8,'2 weeks','3','M','3','M',NULL,NULL,NULL,'1',14.00,3,8000.00,1,'2025-08-26 18:40:14','2025-08-26 18:40:14',NULL),(37,'04YOGN',8,1,5,8,'30 days','3','M','5','M',NULL,NULL,NULL,'1',30.00,3,20000.00,1,'2025-08-26 18:41:01','2025-08-26 18:41:01',NULL),(38,'YEW603',11,1,6,6,'Masaa 6','100','M','100','M',NULL,NULL,NULL,'1',6.00,2,500.00,1,'2025-08-26 18:56:38','2025-08-28 12:57:08',NULL),(39,'F21X6R',11,1,6,6,'Masaa 24','150','M','150','M',NULL,NULL,NULL,'1',24.00,2,1000.00,1,'2025-08-26 18:58:52','2025-08-28 12:57:25',NULL),(40,'2PGTOV',11,1,6,6,'Siku 7','100','M','100','M',NULL,NULL,NULL,'1',7.00,3,5000.00,1,'2025-08-26 19:00:05','2025-08-28 12:57:46',NULL),(41,'BT1SFP',8,2,5,9,'flash','10','M','10','M',NULL,NULL,NULL,'1',30.00,3,40000.00,1,'2025-08-26 19:37:31','2025-08-26 19:37:31',NULL),(42,'C7SJTZ',8,2,5,9,'swala','5','M','5','M',NULL,NULL,NULL,'1',30.00,3,20000.00,1,'2025-08-26 19:38:42','2025-08-26 19:38:42',NULL),(43,'R4CLS6',13,1,7,10,'Pipi','2','M','5','M',NULL,NULL,NULL,'1',30.00,1,200.00,1,'2025-08-29 20:46:28','2025-08-31 07:25:31','2025-08-31 07:25:31'),(44,'4KDB2L',13,1,7,10,'30 | Nusu saa |','5','M','5','M',NULL,NULL,NULL,'1',30.00,1,200.00,1,'2025-08-31 07:28:52','2025-08-31 07:28:52',NULL),(45,'9ZH6DY',13,1,7,10,'1 Hour','5','M','5','M',NULL,NULL,NULL,'1',1.00,2,300.00,1,'2025-08-31 07:30:35','2025-08-31 07:30:35',NULL),(46,'5IR041',13,1,7,10,'2 Hours','5','M','5','M',NULL,NULL,NULL,'1',2.00,2,400.00,1,'2025-08-31 07:31:43','2025-08-31 07:31:43',NULL),(47,'8SOLGK',13,1,7,10,'4 Hours','8','M','8','M',NULL,NULL,NULL,'1',4.00,2,500.00,1,'2025-08-31 07:33:48','2025-08-31 07:33:48',NULL),(48,'8T6PNO',13,1,7,10,'7 Hours','8','M','8','M',NULL,NULL,NULL,'1',7.00,2,600.00,1,'2025-08-31 07:36:47','2025-08-31 07:36:47',NULL),(49,'25GC3H',13,1,7,10,'8 Hours','8','M','8','M',NULL,NULL,NULL,'1',8.00,2,700.00,1,'2025-08-31 07:38:26','2025-08-31 07:38:26',NULL),(50,'QPVI49',13,1,7,10,'9 Hours','8','M','8','M',NULL,NULL,NULL,'1',9.00,2,800.00,1,'2025-08-31 07:39:40','2025-08-31 07:39:40',NULL),(51,'CM5IHB',13,1,7,10,'12 Hours','8','M','8','M',NULL,NULL,NULL,'1',12.00,2,900.00,1,'2025-08-31 07:44:12','2025-08-31 07:44:12',NULL),(52,'3JX0O4',13,1,7,10,'1 Day','10','M','10','M',NULL,NULL,NULL,'1',1.00,3,1000.00,1,'2025-08-31 07:52:54','2025-08-31 07:52:54',NULL),(53,'3PV8ZA',13,1,7,10,'SIKU MOJA NA NUSU','10','M','10','M',NULL,NULL,NULL,'1',30.00,2,1500.00,1,'2025-08-31 08:13:23','2025-08-31 08:13:23',NULL),(54,'Z7RLWI',13,1,7,10,'3 Days','10','M','10','M',NULL,NULL,NULL,'1',3.00,3,2000.00,1,'2025-08-31 08:14:54','2025-08-31 08:14:54',NULL),(55,'M5FICZ',13,1,7,10,'1 Week','15','M','15','M',NULL,NULL,NULL,'1',7.00,3,4000.00,1,'2025-08-31 08:16:26','2025-08-31 08:16:26',NULL),(56,'VZ2NXP',13,1,7,10,'2 Weeks','15','M','15','M',NULL,NULL,NULL,'1',14.00,3,7500.00,1,'2025-08-31 08:19:55','2025-08-31 08:19:55',NULL),(57,'RMXA0W',13,1,7,10,'3 Weeks','15','M','15','M',NULL,NULL,NULL,'1',21.00,3,12000.00,1,'2025-08-31 08:32:43','2025-08-31 08:32:43',NULL),(58,'BE0OKR',13,1,7,10,'1 Month | Mwezi |','18','M','18','M',NULL,NULL,NULL,'1',28.00,3,15000.00,1,'2025-08-31 08:38:11','2025-08-31 08:38:11',NULL),(59,'CQHY58',16,1,9,12,'Unlimited 12hrs','3','M','3','M',NULL,NULL,NULL,'1',12.00,2,1000.00,1,'2025-09-06 06:53:48','2025-09-29 18:06:05',NULL),(60,'8ZXKH7',16,2,9,13,'Mwezi','10','M','10','M',NULL,NULL,NULL,'1',30.00,3,15000.00,1,'2025-09-06 06:55:07','2025-09-06 06:55:07',NULL),(61,'85EDC4',16,1,9,12,'Mselekeko Spenko','10','M','10','M',NULL,NULL,NULL,'3',30.00,3,30000.00,1,'2025-09-06 18:36:04','2025-09-29 18:04:18','2025-09-29 18:04:18'),(62,'3HA74Q',17,1,10,14,'SIKU','10','M','10','M',NULL,NULL,NULL,'1',24.00,2,1000.00,1,'2025-09-09 11:03:43','2025-09-09 11:03:43',NULL),(63,'TQM92W',17,2,10,15,'MWEZI','10','M','10','M',NULL,NULL,NULL,'1',30.00,3,25000.00,1,'2025-09-09 11:05:23','2025-09-09 11:05:23',NULL),(64,'CH17FV',18,1,11,16,'SIKU','10','M','10','M',NULL,NULL,NULL,'1',1.00,3,1000.00,1,'2025-09-18 14:59:05','2025-09-18 14:59:05',NULL),(65,'7JZES1',18,1,11,16,'VOCHA ZA MASAA 500/=','3','M','3','M',NULL,NULL,NULL,'1',5.00,2,500.00,1,'2025-09-18 15:37:39','2025-09-18 15:37:39',NULL),(66,'8V5GCZ',18,1,11,16,'MWEZI','10','M','10','M',NULL,NULL,NULL,'1',30.00,3,26000.00,1,'2025-09-18 18:29:05','2025-09-18 18:29:05',NULL),(67,'B2N8DJ',18,1,11,16,'WIKI','5','M','5','M',NULL,NULL,NULL,'1',7.00,3,6000.00,1,'2025-09-18 18:30:47','2025-09-18 18:30:47',NULL),(68,'BPG4NY',16,1,9,12,'Unlimited 24Hrs','3','M','3','M',NULL,NULL,NULL,'1',24.00,2,1500.00,1,'2025-09-22 21:35:08','2025-09-29 18:06:55',NULL),(69,'W0F76Z',16,1,9,12,'Unlimited 2Days','3','M','3','M',NULL,NULL,NULL,'1',2.00,3,3000.00,1,'2025-09-23 16:23:46','2025-09-29 18:08:06',NULL),(70,'RVJX80',20,1,13,18,'12 Hours 1 Device','3','M','3','M',NULL,NULL,NULL,'1',12.00,2,1000.00,1,'2025-09-26 13:52:52','2025-09-27 10:20:26',NULL),(71,'FUJ5C1',20,1,13,18,'1 Day 1 Device','3','M','3','M',NULL,NULL,NULL,'1',1.00,3,1750.00,1,'2025-09-26 14:49:07','2025-09-30 10:13:21',NULL),(72,'L51RS7',20,1,13,18,'7 Days 1 Device','3','M','3','M',NULL,NULL,NULL,'1',7.00,3,5500.00,1,'2025-09-26 15:01:08','2025-09-27 10:18:17',NULL),(73,'SQU2YH',20,1,13,18,'3 Day  1 Device','3','M','3','M',NULL,NULL,NULL,'1',3.00,3,3500.00,1,'2025-09-26 15:11:27','2025-09-30 10:12:59',NULL),(74,'DC413I',20,1,13,18,'30 Days 1 Device','3','M','3','M',NULL,NULL,NULL,'1',30.00,3,22000.00,1,'2025-09-27 10:03:18','2025-09-27 10:16:20',NULL),(75,'ER1T6A',20,1,13,18,'30 Days 3 Device','5','M','5','M',NULL,NULL,NULL,'3',30.00,3,35000.00,1,'2025-09-27 10:05:18','2025-09-27 10:15:39',NULL),(76,'2G79IP',20,1,13,18,'7 Days 2 Device','3','M','3','M',NULL,NULL,NULL,'2',3.00,1,10000.00,1,'2025-09-27 10:38:17','2025-09-27 10:38:17',NULL),(77,'G624X3',21,1,14,20,'Masaa 15','5','M','5','M',NULL,NULL,NULL,'1',15.00,2,700.00,1,'2025-09-28 15:52:06','2025-09-28 16:04:19',NULL),(78,'AQM4U8',21,1,14,20,'Masaa 24','5','M','5','M',NULL,NULL,NULL,'1',24.00,2,1000.00,1,'2025-09-28 15:53:09','2025-09-28 16:04:45',NULL),(79,'6GXFQ7',21,1,14,20,'Wiki','5','M','5','M',NULL,NULL,NULL,'1',7.00,3,5000.00,1,'2025-09-28 16:05:07','2025-09-28 16:05:07',NULL),(80,'NUD2OG',21,1,14,20,'Mwezi','5','M','5','M',NULL,NULL,NULL,'1',30.00,3,20000.00,1,'2025-09-28 16:05:31','2025-09-28 16:05:31',NULL),(81,'P4HLM9',22,1,15,22,'2 Hour (BILA KIKOMO)','10','M','10','M',NULL,NULL,NULL,'1',2.00,2,600.00,1,'2025-09-29 12:05:49','2025-10-01 13:58:19',NULL),(82,'WV0O73',22,1,15,22,'3 Hours (BILA KIKOMO)','10','M','10','M',NULL,NULL,NULL,'1',3.00,2,800.00,1,'2025-09-29 12:06:21','2025-10-01 13:59:30',NULL),(83,'J63HKS',23,1,16,24,'JERO 6HRS','5','M','5','M',NULL,NULL,NULL,'1',6.00,2,500.00,1,'2025-09-29 17:08:08','2025-10-01 17:30:07',NULL),(84,'2XJPZY',23,1,16,24,'6 Hours','5','M','5','M',NULL,NULL,NULL,'1',6.00,2,100.00,1,'2025-09-29 17:08:34','2025-09-29 17:10:15','2025-09-29 17:10:15'),(85,'K96LPM',23,1,16,24,'BUKU -24HRS','5','M','5','M',NULL,NULL,NULL,'1',24.00,2,1000.00,1,'2025-09-29 17:11:10','2025-10-01 17:30:43',NULL),(86,'0AIUGL',16,1,9,12,'Unlimited 7Days','3','M','3','M',NULL,NULL,NULL,'1',7.00,3,5000.00,1,'2025-09-29 18:09:17','2025-09-29 18:09:17',NULL),(87,'E14VAJ',16,1,9,12,'Unlimited 14Days','3','M','3','M',NULL,NULL,NULL,'1',14.00,3,10000.00,1,'2025-09-29 18:10:55','2025-09-29 18:10:55',NULL),(88,'L3R9BX',16,1,9,12,'Unlimited 30Days','3','M','3','M',NULL,NULL,NULL,'1',30.00,3,15000.00,1,'2025-09-29 18:12:07','2025-09-29 18:12:07',NULL),(89,'ZXRV6W',23,2,16,24,'islam','10','M','10','M',NULL,NULL,NULL,'1',120.00,3,1.00,1,'2025-09-29 19:20:03','2025-09-29 19:20:03',NULL),(90,'XZ0EAI',25,1,18,26,'24hrs','20','M','20','M',NULL,NULL,NULL,'1',24.00,2,1000.00,1,'2025-09-30 09:52:56','2025-09-30 10:05:29',NULL),(91,'0KS3Z2',25,2,18,27,'10000','5','M','5','M',NULL,NULL,NULL,'1',30.00,3,10000.00,1,'2025-09-30 09:55:54','2025-09-30 09:55:54',NULL),(92,'RJGF20',20,1,13,18,'Free','1','M','1','M',NULL,NULL,NULL,'1',2.00,1,0.00,1,'2025-09-30 16:22:41','2025-10-01 14:12:42','2025-10-01 14:12:42'),(93,'EMX8NH',23,1,16,24,'wakala','5','M','5','M',NULL,NULL,NULL,'1',90.00,3,200.00,1,'2025-09-30 20:30:40','2025-10-01 17:25:09','2025-10-01 17:25:09'),(94,'QSL2RM',23,3,16,NULL,'mshua Download-8Mbps/Upload-8Mbps','5','M','5','M',NULL,NULL,NULL,'1',30.00,3,90.00,1,'2025-09-30 20:33:18','2025-09-30 20:33:18',NULL),(95,'7ZX0R6',22,1,15,22,'4 Hours (BILA KIKOMO)','15','M','10','M',NULL,NULL,NULL,'1',4.30,2,1000.00,1,'2025-10-01 12:07:07','2025-10-07 12:43:56',NULL),(96,'ZDP2OV',22,1,15,22,'1 DAYS (BILA KIKOMO)','20','M','20','M',NULL,NULL,NULL,'1',1.00,3,1500.00,1,'2025-10-01 12:12:37','2025-10-07 12:40:04',NULL),(97,'6B9L7R',26,1,19,28,'Unlimited 1Hour','10','M','10','M',NULL,NULL,NULL,'1',1.00,2,500.00,1,'2025-10-01 17:05:42','2025-10-01 17:53:33',NULL),(98,'D7S9T2',26,1,19,28,'Unlimited 24Hours','10','M','10','M',NULL,NULL,NULL,'1',24.00,2,1000.00,1,'2025-10-01 17:15:39','2025-10-01 17:54:06',NULL),(99,'TJM3WX',26,1,19,28,'Unlimited 7Days','10','M','10','M',NULL,NULL,NULL,'1',7.00,3,5000.00,1,'2025-10-01 17:22:49','2025-10-01 17:54:36',NULL),(100,'KX93Q2',26,1,19,28,'Unlimited 30Days','10','M','10','M',NULL,NULL,NULL,'1',30.00,3,15000.00,1,'2025-10-01 17:25:09','2025-10-01 17:55:03',NULL),(101,'79PSJM',23,1,16,24,'BUKU 2','5','M','5','M',NULL,NULL,NULL,'1',72.00,3,2000.00,1,'2025-10-01 17:27:54','2025-10-01 17:27:54',NULL),(102,'JHZRV7',26,1,19,28,'Ulimited24h Super','20','M','20','M',NULL,NULL,NULL,'1',24.00,1,2000.00,1,'2025-10-01 17:30:28','2025-10-01 17:41:39',NULL),(103,'LC3ZEP',26,1,19,28,'Unlimited 7D Super','20','M','20','M',NULL,NULL,NULL,'1',7.00,3,8500.00,1,'2025-10-01 17:33:18','2025-10-01 17:33:18',NULL),(104,'2KQ5XB',26,1,19,28,'Unlimited 7D Super','20','M','20','M',NULL,NULL,NULL,'1',7.00,3,8500.00,1,'2025-10-01 17:33:42','2025-10-01 17:39:27','2025-10-01 17:39:27'),(105,'BLY69T',26,1,19,28,'Unlimited 7D Super','20','M','20','M',NULL,NULL,NULL,'1',7.00,3,8000.00,1,'2025-10-01 17:34:00','2025-10-01 17:38:51','2025-10-01 17:38:51'),(106,'LCH32G',26,1,19,28,'Unlimited 7D Super','20','M','20','M',NULL,NULL,NULL,'1',7.00,3,8000.00,1,'2025-10-01 17:35:37','2025-10-01 17:38:30','2025-10-01 17:38:30'),(107,'8JPTFL',26,1,19,28,'Unlimited 7D Super','20','M','20','M',NULL,NULL,NULL,'1',7.00,3,8000.00,1,'2025-10-01 17:37:20','2025-10-01 17:38:11','2025-10-01 17:38:11'),(108,'E6LRZG',21,1,14,0,'Masaa','5','M','5','M','','','','1',15.00,2,0.00,1,'2025-10-03 07:02:55','2025-10-07 12:51:07','2025-10-07 12:51:07'),(109,'6KUZT4',21,1,14,0,'Masaa','5','M','5','M','','','','1',1.00,3,0.00,1,'2025-10-03 07:02:55','2025-10-11 16:19:06','2025-10-11 16:19:06'),(110,'TYJG8Z',21,1,14,20,'Wiki2','5','M','5','M',NULL,NULL,NULL,'1',1.00,2,0.00,1,'2025-10-03 07:02:55','2025-10-11 16:18:41','2025-10-11 16:18:41'),(111,'9XKNTP',21,1,14,0,'Mwezi','5','M','5','M','','','','1',4.00,0,0.00,1,'2025-10-03 07:02:55','2025-10-11 16:17:34','2025-10-11 16:17:34'),(112,'R9DPT5',27,1,20,31,'Test','2','M','2','M',NULL,NULL,NULL,'1',30.00,3,200.00,1,'2025-10-03 10:28:49','2025-10-03 12:05:07','2025-10-03 12:05:07'),(113,'Y4T3HE',27,1,20,31,'5h','3','M','2','M',NULL,NULL,NULL,'1',5.00,2,100.00,1,'2025-10-03 11:36:50','2025-10-03 11:36:50',NULL),(114,'J26SQF',27,1,20,31,'24h','5','M','2','M',NULL,NULL,NULL,'1',24.00,2,200.00,1,'2025-10-03 11:39:48','2025-10-03 11:39:48',NULL),(115,'NTPG9D',27,1,20,31,'3jours','6','M','2','M',NULL,NULL,NULL,'1',3.00,3,500.00,1,'2025-10-03 11:42:28','2025-10-03 11:42:28',NULL),(116,'7G3KWB',27,1,20,31,'1 semaine','8','M','2','M',NULL,NULL,NULL,'1',7.00,3,800.00,1,'2025-10-03 11:44:15','2025-10-03 11:44:15',NULL),(117,'SHY789',27,1,20,31,'1 mois','9','M','3','M',NULL,NULL,NULL,'1',30.00,3,3000.00,1,'2025-10-03 11:46:13','2025-10-03 11:46:13',NULL),(118,'CG4HLV',28,1,21,33,'SIKU','10','M','10','M',NULL,NULL,NULL,'1',12.00,2,1000.00,1,'2025-10-04 13:30:54','2025-10-04 13:42:17',NULL),(119,'TSMJ3D',28,1,21,33,'WIKI','10','M','10','M',NULL,NULL,NULL,'1',7.00,3,6000.00,1,'2025-10-04 13:30:54','2025-10-04 14:06:36',NULL),(120,'WY6CZE',28,1,21,0,'MWEZI',NULL,NULL,NULL,NULL,'','','','1',0.00,0,0.00,1,'2025-10-04 13:30:54','2025-10-04 14:09:06','2025-10-04 14:09:06'),(121,'KJ7R3Z',29,1,22,35,'1 Day','5','M','5','M',NULL,NULL,NULL,'1',24.00,2,1000.00,1,'2025-10-04 16:49:17','2025-10-04 16:49:17',NULL),(122,'3PZL8C',29,1,22,35,'1 week','5','M','5','M',NULL,NULL,NULL,'1',7.00,3,6000.00,1,'2025-10-04 16:51:47','2025-10-04 16:51:47',NULL),(123,'PQVJT6',29,2,22,36,'1 Day','5','M','5','M',NULL,NULL,NULL,'1',24.00,2,1000.00,1,'2025-10-04 18:04:57','2025-10-04 18:04:57',NULL),(124,'Y9XEDM',22,1,15,22,'7 DAYS (BILA KIKOMO)','15','M','10','M',NULL,NULL,NULL,'1',7.00,3,10000.00,1,'2025-10-07 11:07:02','2025-10-07 11:07:02',NULL),(125,'B43CWP',22,1,15,22,'15 DAYS (BILA KIKOMO)','15','M','10','M',NULL,NULL,NULL,'1',15.00,3,15000.00,1,'2025-10-07 11:08:42','2025-10-07 11:16:26',NULL),(126,'XLF98S',22,1,15,22,'30 DAYS (BILA KIKOMO)','20','M','15','M',NULL,NULL,NULL,'1',30.00,3,30000.00,1,'2025-10-07 11:10:28','2025-10-07 11:10:28',NULL),(127,'QPA84U',30,1,23,38,'1HOUR','5','M','5','M',NULL,NULL,NULL,'1',1.00,2,1000.00,1,'2025-10-07 18:24:58','2025-10-08 07:49:23',NULL),(128,'AS9G53',30,1,23,38,'SIKU','5','M','5','M',NULL,NULL,NULL,'1',40.00,1,500.00,1,'2025-10-07 18:24:58','2025-10-08 08:38:12',NULL),(129,'D4KJ3E',30,1,23,0,'WEEK','5','M','5','M','','','','1',0.00,0,0.00,1,'2025-10-07 18:24:58','2025-10-07 18:24:58',NULL),(130,'S98NV5',30,1,23,0,'MWEZI','5','M','5','M','','','','1',0.00,0,0.00,1,'2025-10-07 18:24:59','2025-10-07 18:24:59',NULL),(131,'D8GHCW',33,2,26,4,'5','5','M','5','M','','','','1',1.00,NULL,0.00,1,'2025-10-11 15:24:24','2025-10-11 15:24:24',NULL),(132,'U647VE',33,2,26,4,'10','10','M','10','M','','','','1',1.00,NULL,0.00,1,'2025-10-11 15:24:24','2025-10-11 15:24:24',NULL),(133,'KHUGM9',33,2,26,4,'15','15','M','15','M','','','','1',1.00,NULL,0.00,1,'2025-10-11 15:24:24','2025-10-11 15:24:24',NULL),(134,'JE8D52',33,2,26,4,'20','20','M','20','M','','','','1',1.00,NULL,0.00,1,'2025-10-11 15:24:24','2025-10-11 15:24:24',NULL),(135,'A7ZHRU',33,1,26,44,'1 Hour','10','M','10','M',NULL,NULL,NULL,'1',1.00,2,2.00,1,'2025-10-11 15:24:34','2025-10-11 15:24:34',NULL),(136,'YH3RGK',33,1,26,44,'6 Hours','10','M','10','M',NULL,NULL,NULL,'1',6.00,2,4.00,1,'2025-10-11 15:24:59','2025-10-11 15:24:59',NULL),(137,'9HD748',33,1,26,44,'12 Hours','10','M','10','M',NULL,NULL,NULL,'1',12.00,2,5.00,1,'2025-10-11 15:25:29','2025-10-11 15:25:29',NULL),(138,'D3AVLM',33,1,26,44,'24 Hours','10','M','10','M',NULL,NULL,NULL,'1',24.00,2,7.00,1,'2025-10-11 15:25:56','2025-10-11 15:25:56',NULL),(139,'4K2VYR',32,1,25,42,'1hr','3','M','3','M',NULL,NULL,NULL,'1',1.00,2,500.00,1,'2025-10-11 16:38:56','2025-10-12 06:43:48',NULL),(140,'PF64NC',32,1,25,42,'1d','4','M','4','M',NULL,NULL,NULL,'1',1.00,3,2000.00,1,'2025-10-11 17:24:02','2025-10-11 17:24:02',NULL),(141,'4W5HEK',32,1,25,42,'5hrs','3','M','3','M',NULL,NULL,NULL,'1',5.00,2,1000.00,1,'2025-10-12 06:45:14','2025-10-13 19:34:25',NULL),(142,'A9UXR4',29,1,22,35,'1 month','5','M','5','M',NULL,NULL,NULL,'1',30.00,3,20000.00,1,'2025-10-12 18:34:24','2025-10-12 18:34:24',NULL);

--
-- Table structure for table `company_sms`
--

CREATE TABLE `company_sms` (
  `id` bigint unsigned NOT NULL AUTO_INCREMENT,
  `company_id` bigint unsigned NOT NULL,
  `sms_units` int NOT NULL,
  `created_at` timestamp NULL DEFAULT NULL,
  `updated_at` timestamp NULL DEFAULT NULL,
  `deleted_at` timestamp NULL DEFAULT NULL,
  PRIMARY KEY (`id`),
  KEY `company_sms_company_id_foreign` (`company_id`),
  CONSTRAINT `company_sms_company_id_foreign` FOREIGN KEY (`company_id`) REFERENCES `companies` (`id`) ON DELETE CASCADE
) ENGINE=InnoDB DEFAULT CHARSET=utf8mb4 COLLATE=utf8mb4_unicode_ci;

--
-- Dumping data for table `company_sms`
--


--
-- Table structure for table `company_sms_provider_entities`
--

CREATE TABLE `company_sms_provider_entities` (
  `id` bigint unsigned NOT NULL AUTO_INCREMENT,
  `company_sms_provider_id` bigint unsigned NOT NULL,
  `requirement_id` int NOT NULL,
  `name` varchar(191) COLLATE utf8mb4_unicode_ci NOT NULL,
  `created_at` timestamp NULL DEFAULT NULL,
  `updated_at` timestamp NULL DEFAULT NULL,
  `deleted_at` timestamp NULL DEFAULT NULL,
  PRIMARY KEY (`id`),
  KEY `company_sms_provider_entities_company_sms_provider_id_foreign` (`company_sms_provider_id`),
  CONSTRAINT `company_sms_provider_entities_company_sms_provider_id_foreign` FOREIGN KEY (`company_sms_provider_id`) REFERENCES `company_sms_providers` (`id`) ON DELETE CASCADE
) ENGINE=InnoDB AUTO_INCREMENT=7 DEFAULT CHARSET=utf8mb4 COLLATE=utf8mb4_unicode_ci;

--
-- Dumping data for table `company_sms_provider_entities`
--

INSERT INTO `company_sms_provider_entities` VALUES (1,1,7,'La Zungu','2025-09-01 06:07:22','2025-09-01 06:07:22',NULL),(2,1,8,'1152|z0RRuHr8EQLxtqTMo5WPUNrXJIYYbl5Q2BJpWKiN43a0aece','2025-09-01 06:07:22','2025-09-01 06:07:22',NULL),(3,2,7,'La Zungu','2025-09-01 06:15:21','2025-09-01 06:15:21',NULL),(4,2,8,'1152|z0RRuHr8EQLxtqTMo5WPUNrXJIYYbl5Q2BJpWKiN43a0aece','2025-09-01 06:15:21','2025-09-01 06:15:21',NULL),(5,3,7,'La Zungu','2025-09-01 06:16:04','2025-09-01 06:16:04',NULL),(6,3,8,'1152|z0RRuHr8EQLxtqTMo5WPUNrXJIYYbl5Q2BJpWKiN43a0aece','2025-09-01 06:16:04','2025-09-01 06:16:04',NULL);

--
-- Table structure for table `company_sms_providers`
--

CREATE TABLE `company_sms_providers` (
  `id` bigint unsigned NOT NULL AUTO_INCREMENT,
  `company_id` bigint unsigned NOT NULL,
  `sms_provider_id` bigint unsigned NOT NULL,
  `status` int NOT NULL DEFAULT '1' COMMENT '0=inactive, 1=active',
  `created_at` timestamp NULL DEFAULT NULL,
  `updated_at` timestamp NULL DEFAULT NULL,
  `deleted_at` timestamp NULL DEFAULT NULL,
  PRIMARY KEY (`id`),
  KEY `company_sms_providers_company_id_foreign` (`company_id`),
  KEY `company_sms_providers_sms_provider_id_foreign` (`sms_provider_id`),
  CONSTRAINT `company_sms_providers_company_id_foreign` FOREIGN KEY (`company_id`) REFERENCES `companies` (`id`) ON DELETE CASCADE,
  CONSTRAINT `company_sms_providers_sms_provider_id_foreign` FOREIGN KEY (`sms_provider_id`) REFERENCES `sms_providers` (`id`) ON DELETE CASCADE
) ENGINE=InnoDB AUTO_INCREMENT=4 DEFAULT CHARSET=utf8mb4 COLLATE=utf8mb4_unicode_ci;

--
-- Dumping data for table `company_sms_providers`
--

INSERT INTO `company_sms_providers` VALUES (1,13,4,1,'2025-09-01 06:06:35','2025-09-01 06:14:22','2025-09-01 06:14:22'),(2,13,4,1,'2025-09-01 06:15:21','2025-09-01 06:15:34','2025-09-01 06:15:34'),(3,13,4,1,'2025-09-01 06:16:04','2025-09-01 06:16:04',NULL);

--
-- Table structure for table `company_sms_templates`
--

CREATE TABLE `company_sms_templates` (
  `id` bigint unsigned NOT NULL AUTO_INCREMENT,
  `company_id` int DEFAULT NULL,
  `sms_template_type_id` bigint unsigned NOT NULL,
  `content` longtext COLLATE utf8mb4_unicode_ci NOT NULL,
  `status` int NOT NULL DEFAULT '0' COMMENT '0=inactive, 1=active',
  `created_at` timestamp NULL DEFAULT NULL,
  `updated_at` timestamp NULL DEFAULT NULL,
  `deleted_at` timestamp NULL DEFAULT NULL,
  PRIMARY KEY (`id`),
  KEY `company_sms_templates_sms_template_type_id_foreign` (`sms_template_type_id`),
  CONSTRAINT `company_sms_templates_sms_template_type_id_foreign` FOREIGN KEY (`sms_template_type_id`) REFERENCES `sms_template_types` (`id`) ON DELETE CASCADE
) ENGINE=InnoDB AUTO_INCREMENT=30 DEFAULT CHARSET=utf8mb4 COLLATE=utf8mb4_unicode_ci;

--
-- Dumping data for table `company_sms_templates`
--

INSERT INTO `company_sms_templates` VALUES (1,0,1,'Dear [name], your internet plan is expiring in [expiry_days] day(s). Kindly make the payment at your earliest convenience to avoid service interruptions. Pay via paybill - [paybill] and account number [account_number]',1,'2025-08-03 19:10:09','2025-08-03 19:10:09',NULL),(2,0,2,'Dear [name], your invoice for [month] amounting to Ksh [balance] has been generated. Please pay via paybill - [paybill] and account number [account_number]',1,'2025-08-03 19:10:09','2025-08-03 19:10:09',NULL),(3,0,3,'Hello [name], this is to confirm that we have received your payment of Ksh [amount] for [month]. Your current balance as of now is Ksh [balance]',1,'2025-08-03 19:10:09','2025-08-03 19:10:09',NULL),(4,0,4,'Dear [name], this is a reminder that your payment of Tsh [balance] for [month] is due. Kindly make the payment at your earliest convenience to avoid service interruptions. Pay via paybill - [paybill] and account number [account_number]',1,'2025-08-03 19:10:09','2025-09-23 09:01:32',NULL),(5,0,5,'Dear [name], your payment of Ksh [balance] for [month] is overdue. Please settle the outstanding amount immediately to avoid service disruption. Pay via paybill - [paybill] and account number [account_number]',1,'2025-08-03 19:10:09','2025-08-03 19:10:09',NULL),(6,0,6,'Hello [name], due to an overdue balance of [balance], your service has been disconnected. To restore the services, please pay Ksh [balance] to paybill - [paybill] using account number [account_number]',1,'2025-08-03 19:10:09','2025-08-03 19:10:09',NULL),(7,0,7,'Hello [name], we are excited to have you on board! Your subscription to [internet_plan] is now active. If you have any questions, feel free to contact us. Thank you',1,'2025-08-03 19:10:09','2025-08-03 19:10:09',NULL),(8,0,8,'Hello [name], we are excited to have you on board! Your subscription to [internet_plan] is now active. If you have any questions, feel free to contact us.',1,'2025-08-03 19:10:09','2025-08-03 19:10:09',NULL),(9,0,9,'Dear [name], your request to change your plan to [internet_plan] has been processed successfully. Your new plan is now active. Contact us if you need assistance.',1,'2025-08-03 19:10:09','2025-08-03 19:10:09',NULL),(10,0,10,'Dear [name], we will be performing maintenance on 1st Jan 2025 from 09:30am to 11:30am. Service may be temporarily affected. Thank you for your patience.',1,'2025-08-03 19:10:09','2025-08-03 19:10:09',NULL),(11,0,11,'Dear [name], we are aware of an ongoing service disruption in your area. Our team is investigating and will restore service as soon as possible.',1,'2025-08-03 19:10:09','2025-08-03 19:10:09',NULL),(12,0,12,'Greetings, thank you for purchasing [plan] plan worthy [amount]. Please use [username] as the username and [password] as your password to reconnect yourself. Your subscription expires at [expiry_date].',1,'2025-08-03 19:10:09','2025-08-03 19:10:09',NULL),(13,8,11,'Dear [name], we are aware of an ongoing service disruption in your area. Our team is investigating and will restore service as soon as possible.',1,'2025-08-22 21:17:08','2025-08-22 21:17:08',NULL),(14,8,12,'Greetings, thank you for purchasing [plan] plan worthy [amount]. Please use [username] as the username and [password] as your password to reconnect yourself. Your subscription expires at [expiry_date].',1,'2025-08-22 21:20:09','2025-08-22 21:20:09',NULL),(15,11,1,'Dear [name], your internet plan is expiring in [expiry_days] day(s). Kindly make the payment at your earliest convenience to avoid service interruptions. Pay via paybill - [paybill] and account number [account_number]',1,'2025-08-26 17:26:06','2025-08-26 17:26:06',NULL),(16,13,12,'Greetings, thank you for purchasing [plan] plan worthy [amount]. Please use [username] as the username and [password] as your password to reconnect yourself. Your subscription expires at [expiry_date].',1,'2025-08-29 22:04:52','2025-08-29 22:04:52',NULL),(17,13,11,'Dear [name], we are aware of an ongoing service disruption in your area. Our team is investigating and will restore service as soon as possible.',1,'2025-08-29 22:05:13','2025-08-29 22:05:13',NULL),(18,13,10,'Dear [name], we will be performing maintenance on 1st Jan 2025 from 09:30am to 11:30am. Service may be temporarily affected. Thank you for your patience.',1,'2025-08-29 22:05:34','2025-08-29 22:05:34',NULL),(19,13,9,'Dear [name], your request to change your plan to [internet_plan] has been processed successfully. Your new plan is now active. Contact us if you need assistance.',1,'2025-08-29 22:06:16','2025-08-29 22:06:16',NULL),(20,13,8,'Hello [name], we are excited to have you on board! Your subscription to [internet_plan] is now active. If you have any questions, feel free to contact us.',1,'2025-08-29 22:06:24','2025-08-29 22:06:24',NULL),(21,13,7,'Hello [name], we are excited to have you on board! Your subscription to [internet_plan] is now active. If you have any questions, feel free to contact us. Thank you',1,'2025-08-29 22:06:29','2025-08-29 22:06:29',NULL),(22,13,6,'Hello [name], due to an overdue balance of [balance], your service has been disconnected. To restore the services, please pay Ksh [balance] to paybill - [paybill] using account number [account_number]',1,'2025-08-29 22:06:35','2025-08-29 22:06:35',NULL),(23,13,5,'Dear [name], your payment of Ksh [balance] for [month] is overdue. Please settle the outstanding amount immediately to avoid service disruption. Pay via paybill - [paybill] and account number [account_number]',1,'2025-08-29 22:06:40','2025-08-29 22:06:40',NULL),(24,13,4,'Dear [name], this is a reminder that your payment of Ksh [balance] for [month] is due. Kindly make the payment at your earliest convenience to avoid service interruptions. Pay via paybill - [paybill] and account number [account_number]',1,'2025-08-29 22:06:46','2025-08-29 22:06:46',NULL),(25,13,3,'Hello [name], this is to confirm that we have received your payment of Ksh [amount] for [month]. Your current balance as of now is Ksh [balance]',1,'2025-08-29 22:06:51','2025-08-29 22:06:51',NULL),(26,13,2,'Dear [name], your invoice for [month] amounting to Ksh [balance] has been generated. Please pay via paybill - [paybill] and account number [account_number]',1,'2025-08-29 22:07:00','2025-08-29 22:07:00',NULL),(27,13,1,'Dear [name], your internet plan is expiring in [expiry_days] day(s). Kindly make the payment at your earliest convenience to avoid service interruptions. Pay via paybill - [paybill] and account number [account_number]',1,'2025-08-29 22:07:07','2025-08-29 22:07:07',NULL),(28,16,9,'Dear [name], your request to change your plan to [internet_plan] has been processed successfully. Your new plan is now active. Contact us if you need assistance.',0,'2025-09-06 06:57:59','2025-09-06 06:58:07',NULL),(29,20,8,'Hello [name], we are excited to have you on board! Your subscription to [internet_plan] is now active. If you have any questions, feel free to contact us.',1,'2025-09-26 14:33:20','2025-09-26 14:33:20',NULL);

--
-- Table structure for table `company_sms_usages`
--

CREATE TABLE `company_sms_usages` (
  `id` bigint unsigned NOT NULL AUTO_INCREMENT,
  `company_id` bigint unsigned NOT NULL,
  `sms_units` int NOT NULL,
  `created_at` timestamp NULL DEFAULT NULL,
  `updated_at` timestamp NULL DEFAULT NULL,
  `deleted_at` timestamp NULL DEFAULT NULL,
  PRIMARY KEY (`id`),
  KEY `company_sms_usages_company_id_foreign` (`company_id`),
  CONSTRAINT `company_sms_usages_company_id_foreign` FOREIGN KEY (`company_id`) REFERENCES `companies` (`id`) ON DELETE CASCADE
) ENGINE=InnoDB DEFAULT CHARSET=utf8mb4 COLLATE=utf8mb4_unicode_ci;

--
-- Dumping data for table `company_sms_usages`
--


--
-- Table structure for table `company_static_pages`
--

CREATE TABLE `company_static_pages` (
  `id` bigint unsigned NOT NULL AUTO_INCREMENT,
  `created_at` timestamp NULL DEFAULT NULL,
  `updated_at` timestamp NULL DEFAULT NULL,
  PRIMARY KEY (`id`)
) ENGINE=InnoDB DEFAULT CHARSET=utf8mb4 COLLATE=utf8mb4_unicode_ci;

--
-- Dumping data for table `company_static_pages`
--


--
-- Table structure for table `company_users`
--

CREATE TABLE `company_users` (
  `id` bigint unsigned NOT NULL AUTO_INCREMENT,
  `company_id` bigint unsigned NOT NULL,
  `user_id` bigint unsigned NOT NULL,
  `status` int NOT NULL DEFAULT '1' COMMENT '0=inactive, 1=active',
  `created_at` timestamp NULL DEFAULT NULL,
  `updated_at` timestamp NULL DEFAULT NULL,
  `deleted_at` timestamp NULL DEFAULT NULL,
  PRIMARY KEY (`id`),
  KEY `company_users_company_id_foreign` (`company_id`),
  KEY `company_users_user_id_foreign` (`user_id`),
  CONSTRAINT `company_users_company_id_foreign` FOREIGN KEY (`company_id`) REFERENCES `companies` (`id`) ON DELETE CASCADE,
  CONSTRAINT `company_users_user_id_foreign` FOREIGN KEY (`user_id`) REFERENCES `users` (`id`) ON DELETE CASCADE
) ENGINE=InnoDB AUTO_INCREMENT=39 DEFAULT CHARSET=utf8mb4 COLLATE=utf8mb4_unicode_ci;

--
-- Dumping data for table `company_users`
--

INSERT INTO `company_users` VALUES (8,8,15,1,'2025-08-05 16:56:56','2025-08-05 16:56:56',NULL),(11,11,20,1,'2025-08-26 13:06:13','2025-08-26 13:06:13',NULL),(14,13,22,1,'2025-08-29 19:10:58','2025-08-29 19:10:58',NULL),(15,14,23,0,'2025-08-30 06:58:45','2025-10-02 18:50:56',NULL),(16,8,24,1,'2025-08-31 22:17:44','2025-08-31 22:17:44',NULL),(17,15,15,0,'2025-09-03 20:05:20','2025-10-07 14:15:34',NULL),(18,16,25,1,'2025-09-06 06:09:37','2025-09-06 06:09:37',NULL),(19,16,26,1,'2025-09-06 13:01:40','2025-09-06 13:01:40',NULL),(20,17,27,0,'2025-09-09 09:33:08','2025-09-11 06:52:45',NULL),(21,18,28,1,'2025-09-18 14:24:23','2025-09-18 14:24:23',NULL),(22,19,29,1,'2025-09-25 11:55:26','2025-09-25 11:55:26',NULL),(23,20,30,1,'2025-09-26 08:35:02','2025-09-26 08:35:02',NULL),(24,21,31,1,'2025-09-28 14:43:39','2025-10-02 15:48:56',NULL),(25,22,32,1,'2025-09-29 10:07:30','2025-09-29 10:07:30',NULL),(26,23,33,1,'2025-09-29 16:41:08','2025-09-29 16:41:08',NULL),(27,23,34,1,'2025-09-29 17:59:20','2025-09-29 17:59:20',NULL),(28,24,35,1,'2025-09-30 08:49:41','2025-09-30 08:49:41',NULL),(29,25,36,0,'2025-09-30 09:13:04','2025-10-02 18:50:39',NULL),(30,26,37,1,'2025-10-01 16:23:50','2025-10-01 16:23:50',NULL),(31,27,38,1,'2025-10-03 09:04:23','2025-10-03 09:04:23',NULL),(32,28,39,1,'2025-10-04 13:01:27','2025-10-04 13:01:27',NULL),(33,29,40,1,'2025-10-04 15:30:12','2025-10-04 15:30:12',NULL),(34,30,42,1,'2025-10-07 18:10:55','2025-10-07 18:10:55',NULL),(35,31,43,1,'2025-10-08 07:47:36','2025-10-08 07:47:36',NULL),(36,32,44,1,'2025-10-11 11:22:25','2025-10-11 11:22:25',NULL),(37,33,45,1,'2025-10-11 14:29:16','2025-10-11 14:29:16',NULL),(38,34,46,1,'2025-10-16 06:14:37','2025-10-16 06:14:37',NULL);

--
-- Table structure for table `company_whatsapp_scans`
--

CREATE TABLE `company_whatsapp_scans` (
  `id` bigint unsigned NOT NULL AUTO_INCREMENT,
  `company_id` int DEFAULT NULL,
  `phone` varchar(191) COLLATE utf8mb4_unicode_ci NOT NULL,
  `created_at` timestamp NULL DEFAULT NULL,
  `updated_at` timestamp NULL DEFAULT NULL,
  `deleted_at` timestamp NULL DEFAULT NULL,
  PRIMARY KEY (`id`)
) ENGINE=InnoDB AUTO_INCREMENT=6 DEFAULT CHARSET=utf8mb4 COLLATE=utf8mb4_unicode_ci;

--
-- Dumping data for table `company_whatsapp_scans`
--

INSERT INTO `company_whatsapp_scans` VALUES (1,0,'+254716100572','2025-09-10 08:04:10','2025-09-10 08:04:10',NULL),(2,0,'254716100572','2025-09-10 08:04:22','2025-09-10 08:04:22',NULL),(3,13,'+255754578434','2025-09-10 13:00:13','2025-09-10 13:00:13',NULL),(4,0,'+254796230626','2025-09-23 08:59:43','2025-09-23 08:59:43',NULL),(5,32,'+256778180076','2025-10-12 06:47:12','2025-10-12 06:47:12',NULL);

--
-- Table structure for table `customers`
--

CREATE TABLE `customers` (
  `id` bigint unsigned NOT NULL AUTO_INCREMENT,
  `phone` varchar(191) COLLATE utf8mb4_unicode_ci DEFAULT NULL,
  `first_name` varchar(191) COLLATE utf8mb4_unicode_ci DEFAULT NULL,
  `last_name` varchar(191) COLLATE utf8mb4_unicode_ci DEFAULT NULL,
  `email` varchar(191) COLLATE utf8mb4_unicode_ci DEFAULT NULL,
  `status` int NOT NULL DEFAULT '0' COMMENT '0=pending, 1=sent',
  `created_at` timestamp NULL DEFAULT NULL,
  `updated_at` timestamp NULL DEFAULT NULL,
  `deleted_at` timestamp NULL DEFAULT NULL,
  PRIMARY KEY (`id`)
) ENGINE=InnoDB AUTO_INCREMENT=3 DEFAULT CHARSET=utf8mb4 COLLATE=utf8mb4_unicode_ci;

--
-- Dumping data for table `customers`
--

INSERT INTO `customers` VALUES (1,'+2547222222222',NULL,NULL,NULL,0,'2025-08-11 23:41:45','2025-08-11 23:41:59','2025-08-11 23:41:59'),(2,NULL,NULL,NULL,NULL,0,'2025-08-11 23:43:58','2025-08-26 13:45:45',NULL);

--
-- Table structure for table `director_share_incomes`
--

CREATE TABLE `director_share_incomes` (
  `id` bigint unsigned NOT NULL AUTO_INCREMENT,
  `director_share_id` bigint unsigned NOT NULL,
  `grouped_transaction_id` bigint unsigned NOT NULL,
  `percentage_amount` decimal(8,2) NOT NULL DEFAULT '0.00',
  `amount` decimal(8,2) NOT NULL DEFAULT '0.00',
  `settled_status` int NOT NULL DEFAULT '0' COMMENT '0=pending, 1=sent',
  `created_at` timestamp NULL DEFAULT NULL,
  `updated_at` timestamp NULL DEFAULT NULL,
  `deleted_at` timestamp NULL DEFAULT NULL,
  PRIMARY KEY (`id`),
  KEY `director_share_incomes_director_share_id_foreign` (`director_share_id`),
  KEY `director_share_incomes_grouped_transaction_id_foreign` (`grouped_transaction_id`),
  CONSTRAINT `director_share_incomes_director_share_id_foreign` FOREIGN KEY (`director_share_id`) REFERENCES `director_shares` (`id`) ON DELETE CASCADE,
  CONSTRAINT `director_share_incomes_grouped_transaction_id_foreign` FOREIGN KEY (`grouped_transaction_id`) REFERENCES `grouped_transactions` (`id`) ON DELETE CASCADE
) ENGINE=InnoDB AUTO_INCREMENT=8 DEFAULT CHARSET=utf8mb4 COLLATE=utf8mb4_unicode_ci;

--
-- Dumping data for table `director_share_incomes`
--

INSERT INTO `director_share_incomes` VALUES (1,1,1,50.00,10500.00,0,'2025-08-28 06:42:22','2025-08-28 06:42:22',NULL),(2,1,2,50.00,10500.00,0,'2025-09-10 17:38:47','2025-09-10 17:38:47',NULL),(3,1,3,50.00,10500.00,0,'2025-09-18 14:40:49','2025-09-18 14:40:49',NULL),(4,1,4,50.00,10500.00,0,'2025-09-27 15:04:44','2025-09-27 15:04:44',NULL),(5,1,5,50.00,10500.00,0,'2025-10-01 12:28:16','2025-10-01 12:28:16',NULL),(6,1,6,50.00,10500.00,0,'2025-10-02 06:41:55','2025-10-02 06:41:55',NULL),(7,1,7,50.00,10500.00,0,'2025-10-03 12:19:17','2025-10-03 12:19:17',NULL);

--
-- Table structure for table `director_share_payment_accounts`
--

CREATE TABLE `director_share_payment_accounts` (
  `id` bigint unsigned NOT NULL AUTO_INCREMENT,
  `ref_no` varchar(191) COLLATE utf8mb4_unicode_ci NOT NULL,
  `director_share_id` bigint unsigned NOT NULL,
  `payment_method_id` bigint unsigned NOT NULL,
  `bank_id` bigint unsigned DEFAULT NULL,
  `phone_account_number` varchar(191) COLLATE utf8mb4_unicode_ci DEFAULT NULL,
  `status` int NOT NULL DEFAULT '1' COMMENT '0=inactive, 1=active',
  `created_at` timestamp NULL DEFAULT NULL,
  `updated_at` timestamp NULL DEFAULT NULL,
  `deleted_at` timestamp NULL DEFAULT NULL,
  PRIMARY KEY (`id`),
  KEY `director_share_payment_accounts_director_share_id_foreign` (`director_share_id`),
  KEY `director_share_payment_accounts_payment_method_id_foreign` (`payment_method_id`),
  KEY `director_share_payment_accounts_bank_id_foreign` (`bank_id`),
  CONSTRAINT `director_share_payment_accounts_bank_id_foreign` FOREIGN KEY (`bank_id`) REFERENCES `banks` (`id`) ON DELETE CASCADE,
  CONSTRAINT `director_share_payment_accounts_director_share_id_foreign` FOREIGN KEY (`director_share_id`) REFERENCES `director_shares` (`id`) ON DELETE CASCADE,
  CONSTRAINT `director_share_payment_accounts_payment_method_id_foreign` FOREIGN KEY (`payment_method_id`) REFERENCES `payment_methods` (`id`) ON DELETE CASCADE
) ENGINE=InnoDB DEFAULT CHARSET=utf8mb4 COLLATE=utf8mb4_unicode_ci;

--
-- Dumping data for table `director_share_payment_accounts`
--


--
-- Table structure for table `director_shares`
--

CREATE TABLE `director_shares` (
  `id` bigint unsigned NOT NULL AUTO_INCREMENT,
  `ref_no` varchar(191) COLLATE utf8mb4_unicode_ci NOT NULL,
  `names` varchar(191) COLLATE utf8mb4_unicode_ci NOT NULL,
  `phone` varchar(191) COLLATE utf8mb4_unicode_ci DEFAULT NULL,
  `email` varchar(191) COLLATE utf8mb4_unicode_ci DEFAULT NULL,
  `percentage_amount` decimal(8,2) NOT NULL DEFAULT '0.00',
  `status` int NOT NULL DEFAULT '1',
  `created_at` timestamp NULL DEFAULT NULL,
  `updated_at` timestamp NULL DEFAULT NULL,
  `deleted_at` timestamp NULL DEFAULT NULL,
  PRIMARY KEY (`id`)
) ENGINE=InnoDB AUTO_INCREMENT=4 DEFAULT CHARSET=utf8mb4 COLLATE=utf8mb4_unicode_ci;

--
-- Dumping data for table `director_shares`
--

INSERT INTO `director_shares` VALUES (1,'DS001','Jared Maera','+254716100572','maerajared12@gmail.com',50.00,1,'2025-08-03 19:10:08','2025-08-03 19:10:08',NULL),(2,'DS002','Dennis Bogonko','+254720579706','bogonkomokaya92@gmail.com',30.00,1,'2025-08-03 19:10:08','2025-08-03 19:10:08',NULL),(3,'DS003','Jaem Net','0716327828','info@jaemnet.com',20.00,1,'2025-08-03 19:10:08','2025-08-03 19:10:08',NULL);

--
-- Table structure for table `escrow_transactions`
--

CREATE TABLE `escrow_transactions` (
  `id` bigint unsigned NOT NULL AUTO_INCREMENT,
  `ref_no` varchar(191) COLLATE utf8mb4_unicode_ci NOT NULL,
  `company_id` int DEFAULT NULL,
  `company_router_id` int DEFAULT NULL,
  `payment_mode_id` bigint unsigned NOT NULL,
  `phone_used` varchar(191) COLLATE utf8mb4_unicode_ci DEFAULT NULL,
  `transaction_code` varchar(191) COLLATE utf8mb4_unicode_ci DEFAULT NULL,
  `amount` decimal(8,2) NOT NULL DEFAULT '0.00',
  `checkout_id` varchar(191) COLLATE utf8mb4_unicode_ci DEFAULT NULL,
  `account_number` varchar(191) COLLATE utf8mb4_unicode_ci DEFAULT NULL,
  `created_at` timestamp NULL DEFAULT NULL,
  `updated_at` timestamp NULL DEFAULT NULL,
  `deleted_at` timestamp NULL DEFAULT NULL,
  PRIMARY KEY (`id`),
  KEY `escrow_transactions_payment_mode_id_foreign` (`payment_mode_id`),
  CONSTRAINT `escrow_transactions_payment_mode_id_foreign` FOREIGN KEY (`payment_mode_id`) REFERENCES `payment_modes` (`id`) ON DELETE CASCADE
) ENGINE=InnoDB DEFAULT CHARSET=utf8mb4 COLLATE=utf8mb4_unicode_ci;

--
-- Dumping data for table `escrow_transactions`
--


--
-- Table structure for table `expenses`
--

CREATE TABLE `expenses` (
  `id` bigint unsigned NOT NULL AUTO_INCREMENT,
  `ref_no` varchar(191) COLLATE utf8mb4_unicode_ci NOT NULL,
  `description` longtext COLLATE utf8mb4_unicode_ci NOT NULL,
  `amount` decimal(8,2) NOT NULL DEFAULT '0.00',
  `created_at` timestamp NULL DEFAULT NULL,
  `updated_at` timestamp NULL DEFAULT NULL,
  `deleted_at` timestamp NULL DEFAULT NULL,
  PRIMARY KEY (`id`)
) ENGINE=InnoDB DEFAULT CHARSET=utf8mb4 COLLATE=utf8mb4_unicode_ci;

--
-- Dumping data for table `expenses`
--


--
-- Table structure for table `failed_jobs`
--

CREATE TABLE `failed_jobs` (
  `id` bigint unsigned NOT NULL AUTO_INCREMENT,
  `uuid` varchar(191) COLLATE utf8mb4_unicode_ci NOT NULL,
  `connection` text COLLATE utf8mb4_unicode_ci NOT NULL,
  `queue` text COLLATE utf8mb4_unicode_ci NOT NULL,
  `payload` longtext COLLATE utf8mb4_unicode_ci NOT NULL,
  `exception` longtext COLLATE utf8mb4_unicode_ci NOT NULL,
  `failed_at` timestamp NOT NULL DEFAULT CURRENT_TIMESTAMP,
  PRIMARY KEY (`id`),
  UNIQUE KEY `failed_jobs_uuid_unique` (`uuid`)
) ENGINE=InnoDB DEFAULT CHARSET=utf8mb4 COLLATE=utf8mb4_unicode_ci;

--
-- Dumping data for table `failed_jobs`
--


--
-- Table structure for table `failed_transactions`
--

CREATE TABLE `failed_transactions` (
  `id` bigint unsigned NOT NULL AUTO_INCREMENT,
  `payment_mode_id` bigint unsigned NOT NULL,
  `checkout_id` varchar(191) COLLATE utf8mb4_unicode_ci NOT NULL,
  `description` longtext COLLATE utf8mb4_unicode_ci NOT NULL,
  `created_at` timestamp NULL DEFAULT NULL,
  `updated_at` timestamp NULL DEFAULT NULL,
  PRIMARY KEY (`id`),
  KEY `failed_transactions_payment_mode_id_foreign` (`payment_mode_id`),
  CONSTRAINT `failed_transactions_payment_mode_id_foreign` FOREIGN KEY (`payment_mode_id`) REFERENCES `payment_modes` (`id`) ON DELETE CASCADE
) ENGINE=InnoDB DEFAULT CHARSET=utf8mb4 COLLATE=utf8mb4_unicode_ci;

--
-- Dumping data for table `failed_transactions`
--


--
-- Table structure for table `grouped_transactions`
--

CREATE TABLE `grouped_transactions` (
  `id` bigint unsigned NOT NULL AUTO_INCREMENT,
  `ref_no` varchar(191) COLLATE utf8mb4_unicode_ci NOT NULL,
  `transaction_type` int NOT NULL DEFAULT '1' COMMENT '1=invoice, 2=sms',
  `unit_sms_price` decimal(8,2) NOT NULL DEFAULT '0.00',
  `provider_sms_price` decimal(8,2) NOT NULL DEFAULT '0.00',
  `company_id` bigint unsigned NOT NULL,
  `company_router_id` int DEFAULT NULL,
  `user_id` int DEFAULT NULL,
  `payment_mode_id` bigint unsigned NOT NULL,
  `phone_used` varchar(191) COLLATE utf8mb4_unicode_ci DEFAULT NULL,
  `transaction_code` varchar(191) COLLATE utf8mb4_unicode_ci DEFAULT NULL,
  `amount` decimal(8,2) NOT NULL DEFAULT '0.00',
  `checkout_id` varchar(191) COLLATE utf8mb4_unicode_ci DEFAULT NULL,
  `account_number` varchar(191) COLLATE utf8mb4_unicode_ci DEFAULT NULL,
  `created_at` timestamp NULL DEFAULT NULL,
  `updated_at` timestamp NULL DEFAULT NULL,
  `deleted_at` timestamp NULL DEFAULT NULL,
  PRIMARY KEY (`id`),
  KEY `grouped_transactions_company_id_foreign` (`company_id`),
  KEY `grouped_transactions_payment_mode_id_foreign` (`payment_mode_id`),
  CONSTRAINT `grouped_transactions_company_id_foreign` FOREIGN KEY (`company_id`) REFERENCES `companies` (`id`) ON DELETE CASCADE,
  CONSTRAINT `grouped_transactions_payment_mode_id_foreign` FOREIGN KEY (`payment_mode_id`) REFERENCES `payment_modes` (`id`) ON DELETE CASCADE
) ENGINE=InnoDB AUTO_INCREMENT=8 DEFAULT CHARSET=utf8mb4 COLLATE=utf8mb4_unicode_ci;

--
-- Dumping data for table `grouped_transactions`
--

INSERT INTO `grouped_transactions` VALUES (1,'8I42E6',1,0.00,0.00,11,6,1,2,NULL,'THR178AWB',21000.00,NULL,NULL,'2025-08-28 06:42:22','2025-08-28 06:42:22',NULL),(2,'8RSZVT',1,0.00,0.00,17,10,1,2,NULL,'TI62NA5R2A',21000.00,NULL,NULL,'2025-09-10 17:38:47','2025-09-10 17:38:47',NULL),(3,'8BHOI7',1,0.00,0.00,18,11,1,2,NULL,'',21000.00,NULL,NULL,'2025-09-18 14:40:49','2025-09-18 14:40:49',NULL),(4,'KANE2C',1,0.00,0.00,20,13,1,2,NULL,'TIRKH5U8DQ',21000.00,NULL,NULL,'2025-09-27 15:04:44','2025-09-27 15:04:44',NULL),(5,'4MBU7G',1,0.00,0.00,22,15,1,2,NULL,'',21000.00,NULL,NULL,'2025-10-01 12:28:16','2025-10-01 12:28:16',NULL),(6,'CW7PYX',1,0.00,0.00,23,16,1,2,NULL,'TJ1KH69JKS',21000.00,NULL,NULL,'2025-10-02 06:41:55','2025-10-02 06:41:55',NULL),(7,'THUX2L',1,0.00,0.00,27,20,1,2,NULL,'13V78007B6571820N',21000.00,NULL,NULL,'2025-10-03 12:19:16','2025-10-03 12:19:16',NULL);

--
-- Table structure for table `ip_prefix_lengths`
--

CREATE TABLE `ip_prefix_lengths` (
  `id` bigint unsigned NOT NULL AUTO_INCREMENT,
  `name` varchar(191) COLLATE utf8mb4_unicode_ci NOT NULL,
  `prefix` varchar(191) COLLATE utf8mb4_unicode_ci NOT NULL,
  `created_at` timestamp NULL DEFAULT NULL,
  `updated_at` timestamp NULL DEFAULT NULL,
  `deleted_at` timestamp NULL DEFAULT NULL,
  PRIMARY KEY (`id`)
) ENGINE=InnoDB AUTO_INCREMENT=9 DEFAULT CHARSET=utf8mb4 COLLATE=utf8mb4_unicode_ci;

--
-- Dumping data for table `ip_prefix_lengths`
--

INSERT INTO `ip_prefix_lengths` VALUES (1,'8 (16,777,214 IPs)','8','2025-08-03 19:10:09','2025-08-03 19:10:09',NULL),(2,'12 (1,048,574 IPs)','12','2025-08-03 19:10:09','2025-08-03 19:10:09',NULL),(3,'16 (65,534 IPs)','16','2025-08-03 19:10:09','2025-08-03 19:10:09',NULL),(4,'20 (4,094 IPs)','20','2025-08-03 19:10:09','2025-08-03 19:10:09',NULL),(5,'24 (254 IPs)','24','2025-08-03 19:10:09','2025-08-03 19:10:09',NULL),(6,'28 (14 IPs)','28','2025-08-03 19:10:09','2025-08-03 19:10:09',NULL),(7,'30 (2 IPs)','30','2025-08-03 19:10:09','2025-08-03 19:10:09',NULL),(8,'32 (1 IP)','32','2025-08-03 19:10:09','2025-08-03 19:10:09',NULL);

--
-- Table structure for table `job_batches`
--

CREATE TABLE `job_batches` (
  `id` varchar(191) COLLATE utf8mb4_unicode_ci NOT NULL,
  `name` varchar(191) COLLATE utf8mb4_unicode_ci NOT NULL,
  `total_jobs` int NOT NULL,
  `pending_jobs` int NOT NULL,
  `failed_jobs` int NOT NULL,
  `failed_job_ids` longtext COLLATE utf8mb4_unicode_ci NOT NULL,
  `options` mediumtext COLLATE utf8mb4_unicode_ci,
  `cancelled_at` int DEFAULT NULL,
  `created_at` int NOT NULL,
  `finished_at` int DEFAULT NULL,
  PRIMARY KEY (`id`)
) ENGINE=InnoDB DEFAULT CHARSET=utf8mb4 COLLATE=utf8mb4_unicode_ci;

--
-- Dumping data for table `job_batches`
--


--
-- Table structure for table `jobs`
--

CREATE TABLE `jobs` (
  `id` bigint unsigned NOT NULL AUTO_INCREMENT,
  `queue` varchar(191) COLLATE utf8mb4_unicode_ci NOT NULL,
  `payload` longtext COLLATE utf8mb4_unicode_ci NOT NULL,
  `attempts` tinyint unsigned NOT NULL,
  `reserved_at` int unsigned DEFAULT NULL,
  `available_at` int unsigned NOT NULL,
  `created_at` int unsigned NOT NULL,
  PRIMARY KEY (`id`),
  KEY `jobs_queue_index` (`queue`)
) ENGINE=InnoDB AUTO_INCREMENT=21 DEFAULT CHARSET=utf8mb4 COLLATE=utf8mb4_unicode_ci;

--
-- Dumping data for table `jobs`
--


--
-- Table structure for table `message_modes`
--

CREATE TABLE `message_modes` (
  `id` bigint unsigned NOT NULL AUTO_INCREMENT,
  `name` varchar(191) COLLATE utf8mb4_unicode_ci NOT NULL,
  `status` int NOT NULL DEFAULT '1' COMMENT '0=inactive, 1=active',
  `created_at` timestamp NULL DEFAULT NULL,
  `updated_at` timestamp NULL DEFAULT NULL,
  `deleted_at` timestamp NULL DEFAULT NULL,
  PRIMARY KEY (`id`)
) ENGINE=InnoDB AUTO_INCREMENT=4 DEFAULT CHARSET=utf8mb4 COLLATE=utf8mb4_unicode_ci;

--
-- Dumping data for table `message_modes`
--

INSERT INTO `message_modes` VALUES (1,'SMS',1,'2025-08-03 19:10:04','2025-08-03 19:10:04',NULL),(2,'Email',1,'2025-08-03 19:10:04','2025-08-03 19:10:04',NULL),(3,'WhatsApp',1,'2025-08-03 19:10:04','2025-08-03 19:10:04',NULL);

--
-- Table structure for table `migrations`
--

CREATE TABLE `migrations` (
  `id` int unsigned NOT NULL AUTO_INCREMENT,
  `migration` varchar(191) COLLATE utf8mb4_unicode_ci NOT NULL,
  `batch` int NOT NULL,
  PRIMARY KEY (`id`)
) ENGINE=InnoDB AUTO_INCREMENT=79 DEFAULT CHARSET=utf8mb4 COLLATE=utf8mb4_unicode_ci;

--
-- Dumping data for table `migrations`
--

INSERT INTO `migrations` VALUES (1,'0001_01_01_000000_create_users_table',1),(2,'0001_01_01_000001_create_cache_table',1),(3,'0001_01_01_000002_create_jobs_table',1),(4,'2024_12_31_100452_create_permission_tables',1),(5,'2024_12_31_100952_create_companies_table',1),(6,'2024_12_31_100953_create_payment_types_table',1),(7,'2024_12_31_100954_create_transaction_frequencies_table',1),(8,'2024_12_31_101150_create_company_users_table',1),(9,'2024_12_31_101616_create_service_plans_table',1),(10,'2024_12_31_101618_create_plan_validity_types_table',1),(11,'2024_12_31_101619_create_company_routers_table',1),(12,'2024_12_31_101857_create_company_ip_pools_table',1),(13,'2024_12_31_101858_create_company_service_plans_table',1),(14,'2024_12_31_174557_create_user_verification_codes_table',1),(15,'2024_12_31_181637_create_notifications_table',1),(16,'2024_12_31_213650_create_message_modes_table',1),(17,'2024_12_31_221743_create_sms_providers_table',1),(18,'2024_12_31_221919_create_sms_requirements_table',1),(19,'2024_12_31_221940_create_sms_provider_requirements_table',1),(20,'2024_12_31_221957_create_company_sms_providers_table',1),(21,'2024_12_31_222005_create_company_sms_provider_entities_table',1),(22,'2025_01_01_122817_create_company_email_configurations_table',1),(23,'2025_01_01_173315_create_company_customers_table',1),(24,'2025_01_02_125417_create_company_prepaid_vouchers_table',1),(25,'2025_01_03_162401_create_company_prepaid_users_table',1),(26,'2025_01_03_162402_create_payment_modes_table',1),(27,'2025_01_03_163433_create_company_grouped_transactions_table',1),(28,'2025_01_08_121255_create_company_bulk_messages_table',1),(29,'2025_01_08_213530_create_banks_table',1),(30,'2025_01_08_213531_create_payment_methods_table',1),(32,'2025_01_21_025009_create_company_static_pages_table',1),(33,'2025_01_22_020910_create_personal_access_tokens_table',1),(34,'2025_01_22_021305_create_failed_transactions_table',1),(35,'2025_01_22_022710_create_company_customer_service_plans_table',1),(36,'2025_01_22_151114_create_company_customer_invoices_table',1),(37,'2025_01_22_151543_create_company_customer_invoice_payments_table',1),(38,'2025_01_22_230339_create_grouped_transactions_table',1),(39,'2025_01_22_233047_create_company_router_invoices_table',1),(40,'2025_01_22_233054_create_company_router_invoice_payments_table',1),(41,'2025_01_24_174649_create_company_customer_service_plan_previous_debt_payments_table',1),(42,'2025_01_27_232712_create_company_referrals_table',1),(43,'2025_01_28_001754_create_company_referral_payments_table',1),(44,'2025_02_04_180817_create_company_escrow_transactions_table',1),(45,'2025_02_12_105715_create_paid_users_table',1),(46,'2025_02_16_144236_create_company_sms_table',1),(47,'2025_02_16_144254_create_company_sms_usages_table',1),(48,'2025_02_16_144918_create_expenses_table',1),(49,'2025_02_23_220746_create_customers_table',1),(50,'2025_02_24_231040_create_out_messages_table',1),(51,'2025_03_04_160220_create_company_router_interfaces_table',1),(52,'2025_03_08_213801_create_escrow_transactions_table',1),(53,'2025_03_08_213802_create_director_shares_table',1),(54,'2025_03_11_190100_create_outgoing_transactions_table',1),(55,'2025_03_13_115203_create_sms_template_types_table',1),(56,'2025_03_13_115729_create_company_sms_templates_table',1),(57,'2025_03_18_003524_create_company_customer_invoice_notify_rates_table',1),(58,'2025_03_20_010357_create_company_inventories_table',1),(59,'2025_03_20_124540_create_company_whatsapp_scans_table',1),(60,'2025_03_30_212850_create_potential_customers_table',1),(61,'2025_04_02_002642_create_paybill_transactions_table',1),(62,'2025_04_04_041618_create_director_share_incomes_table',1),(63,'2025_05_04_131513_create_b2b_outgoing_transaction_charges_table',1),(64,'2025_05_04_210449_create_outgoing_transaction_entities_table',1),(65,'2025_05_05_120828_create_temporary_grouped_transactions_table',1),(66,'2025_05_06_214708_create_b2c_outgoing_transaction_charges_table',1),(67,'2025_05_22_121943_create_tickets_table',1),(68,'2025_05_23_090344_create_ip_prefix_lengths_table',1),(69,'2025_05_25_122209_add_group_to_permissions_table',1),(70,'2025_06_02_232726_create_director_share_payment_accounts_table',1),(71,'2025_06_08_143800_create_company_router_customers_table',1),(72,'2025_07_04_013141_create_company_customer_service_plan_installation_items_table',1),(73,'2025_07_04_013148_create_company_customer_service_plan_installation_item_payments_table',1),(74,'2025_07_09_032524_create_client_to_be_disconnecteds_table',1),(77,'2025_08_01_223540_create_temporary_transaction_checks_table',2),(78,'2025_01_08_213816_create_company_payment_accounts_table',3);

--
-- Table structure for table `model_has_permissions`
--

CREATE TABLE `model_has_permissions` (
  `permission_id` bigint unsigned NOT NULL,
  `model_type` varchar(191) COLLATE utf8mb4_unicode_ci NOT NULL,
  `model_id` bigint unsigned NOT NULL,
  PRIMARY KEY (`permission_id`,`model_id`,`model_type`),
  KEY `model_has_permissions_model_id_model_type_index` (`model_id`,`model_type`),
  CONSTRAINT `model_has_permissions_permission_id_foreign` FOREIGN KEY (`permission_id`) REFERENCES `permissions` (`id`) ON DELETE CASCADE
) ENGINE=InnoDB DEFAULT CHARSET=utf8mb4 COLLATE=utf8mb4_unicode_ci;

--
-- Dumping data for table `model_has_permissions`
--

INSERT INTO `model_has_permissions` VALUES (1,'App\\Models\\User',2),(1,'App\\Models\\User',3),(1,'App\\Models\\User',4),(1,'App\\Models\\User',5),(1,'App\\Models\\User',6),(1,'App\\Models\\User',7),(1,'App\\Models\\User',8),(1,'App\\Models\\User',9),(1,'App\\Models\\User',10),(1,'App\\Models\\User',11),(1,'App\\Models\\User',12),(1,'App\\Models\\User',13),(1,'App\\Models\\User',14),(1,'App\\Models\\User',15),(1,'App\\Models\\User',16),(1,'App\\Models\\User',17),(1,'App\\Models\\User',18),(1,'App\\Models\\User',19),(1,'App\\Models\\User',20),(1,'App\\Models\\User',21),(1,'App\\Models\\User',22),(1,'App\\Models\\User',23),(1,'App\\Models\\User',24),(1,'App\\Models\\User',25),(1,'App\\Models\\User',26),(1,'App\\Models\\User',27),(1,'App\\Models\\User',28),(1,'App\\Models\\User',29),(1,'App\\Models\\User',30),(1,'App\\Models\\User',31),(1,'App\\Models\\User',32),(1,'App\\Models\\User',33),(2,'App\\Models\\User',34),(1,'App\\Models\\User',35),(1,'App\\Models\\User',36),(1,'App\\Models\\User',37),(1,'App\\Models\\User',38),(1,'App\\Models\\User',39),(1,'App\\Models\\User',40),(1,'App\\Models\\User',42),(1,'App\\Models\\User',43),(1,'App\\Models\\User',44),(1,'App\\Models\\User',45),(1,'App\\Models\\User',46);

--
-- Table structure for table `model_has_roles`
--

CREATE TABLE `model_has_roles` (
  `role_id` bigint unsigned NOT NULL,
  `model_type` varchar(191) COLLATE utf8mb4_unicode_ci NOT NULL,
  `model_id` bigint unsigned NOT NULL,
  PRIMARY KEY (`role_id`,`model_id`,`model_type`),
  KEY `model_has_roles_model_id_model_type_index` (`model_id`,`model_type`),
  CONSTRAINT `model_has_roles_role_id_foreign` FOREIGN KEY (`role_id`) REFERENCES `roles` (`id`) ON DELETE CASCADE
) ENGINE=InnoDB DEFAULT CHARSET=utf8mb4 COLLATE=utf8mb4_unicode_ci;

--
-- Dumping data for table `model_has_roles`
--

INSERT INTO `model_has_roles` VALUES (1,'App\\Models\\User',1),(2,'App\\Models\\User',2),(2,'App\\Models\\User',3),(2,'App\\Models\\User',4),(2,'App\\Models\\User',5),(2,'App\\Models\\User',6),(2,'App\\Models\\User',7),(2,'App\\Models\\User',8),(2,'App\\Models\\User',9),(2,'App\\Models\\User',10),(2,'App\\Models\\User',11),(2,'App\\Models\\User',12),(2,'App\\Models\\User',13),(2,'App\\Models\\User',14),(2,'App\\Models\\User',15),(2,'App\\Models\\User',16),(1,'App\\Models\\User',17),(1,'App\\Models\\User',18),(1,'App\\Models\\User',19),(2,'App\\Models\\User',20),(2,'App\\Models\\User',21),(2,'App\\Models\\User',22),(2,'App\\Models\\User',23),(2,'App\\Models\\User',24),(2,'App\\Models\\User',25),(2,'App\\Models\\User',26),(2,'App\\Models\\User',27),(2,'App\\Models\\User',28),(2,'App\\Models\\User',29),(2,'App\\Models\\User',30),(2,'App\\Models\\User',31),(2,'App\\Models\\User',32),(2,'App\\Models\\User',33),(2,'App\\Models\\User',34),(2,'App\\Models\\User',35),(2,'App\\Models\\User',36),(2,'App\\Models\\User',37),(2,'App\\Models\\User',38),(2,'App\\Models\\User',39),(2,'App\\Models\\User',40),(2,'App\\Models\\User',42),(2,'App\\Models\\User',43),(2,'App\\Models\\User',44),(2,'App\\Models\\User',45),(2,'App\\Models\\User',46);

--
-- Table structure for table `notifications`
--

CREATE TABLE `notifications` (
  `id` bigint unsigned NOT NULL AUTO_INCREMENT,
  `company_id` int DEFAULT NULL,
  `user_id` int DEFAULT NULL,
  `title` varchar(191) COLLATE utf8mb4_unicode_ci NOT NULL,
  `content` longtext COLLATE utf8mb4_unicode_ci NOT NULL,
  `status` int NOT NULL DEFAULT '0' COMMENT '0=pending, 1=read',
  `created_at` timestamp NULL DEFAULT NULL,
  `updated_at` timestamp NULL DEFAULT NULL,
  PRIMARY KEY (`id`)
) ENGINE=InnoDB AUTO_INCREMENT=15479 DEFAULT CHARSET=utf8mb4 COLLATE=utf8mb4_unicode_ci;

--
-- Dumping data for table `notifications`
--

INSERT INTO `notifications` VALUES (15327,20,NULL,'Mikrotik Router Down','⚠️ Hi FiberNet HotSpot, your mikrotik router - Mkiwa is offline. Please check it out.',0,'2025-10-14 23:59:44','2025-10-14 23:59:44'),(15328,20,NULL,'Mikrotik Router Up','✅ Hi FiberNet HotSpot, your mikrotik router - Mkiwa is back online.',0,'2025-10-15 00:03:45','2025-10-15 00:03:45'),(15329,29,NULL,'Mikrotik Router Down','⚠️ Hi Trekker, your mikrotik router - Trekker is offline. Please check it out.',1,'2025-10-15 01:43:57','2025-10-15 17:36:19'),(15330,29,NULL,'Mikrotik Router Up','✅ Hi Trekker, your mikrotik router - Trekker is back online.',1,'2025-10-15 01:47:55','2025-10-15 17:36:19'),(15331,29,NULL,'Mikrotik Router Down','⚠️ Hi Trekker, your mikrotik router - Trekker is offline. Please check it out.',1,'2025-10-15 03:08:58','2025-10-15 17:36:19'),(15332,20,NULL,'Mikrotik Router Down','⚠️ Hi FiberNet HotSpot, your mikrotik router - Mkiwa is offline. Please check it out.',0,'2025-10-15 03:58:46','2025-10-15 03:58:46'),(15333,20,NULL,'Mikrotik Router Up','✅ Hi FiberNet HotSpot, your mikrotik router - Mkiwa is back online.',0,'2025-10-15 04:02:44','2025-10-15 04:02:44'),(15334,32,NULL,'Mikrotik Router Down','⚠️ Hi Moses Mousa, your mikrotik router - Moxetech is offline. Please check it out.',1,'2025-10-15 05:34:04','2025-10-17 07:10:02'),(15335,32,NULL,'Mikrotik Router Up','✅ Hi Moses Mousa, your mikrotik router - Moxetech is back online.',0,'2025-10-15 05:37:02','2025-10-15 05:37:02'),(15336,29,NULL,'Mikrotik Router Up','✅ Hi Trekker, your mikrotik router - Trekker is back online.',1,'2025-10-15 06:08:56','2025-10-15 17:36:19'),(15337,28,NULL,'Mikrotik Router Up','✅ Hi Kelvin Yolam, your mikrotik router - Wakizungu is back online.',0,'2025-10-15 07:58:58','2025-10-15 07:58:58'),(15338,20,NULL,'Mikrotik Router Down','⚠️ Hi FiberNet HotSpot, your mikrotik router - Mkiwa is offline. Please check it out.',0,'2025-10-15 10:00:36','2025-10-15 10:00:36'),(15339,20,NULL,'Mikrotik Router Up','✅ Hi FiberNet HotSpot, your mikrotik router - Mkiwa is back online.',0,'2025-10-15 10:03:34','2025-10-15 10:03:34'),(15340,8,NULL,'Mikrotik Router Down','⚠️ Hi Erick, your mikrotik router - Ngoni Net 1 is offline. Please check it out.',0,'2025-10-15 11:01:30','2025-10-15 11:01:30'),(15341,8,NULL,'Mikrotik Router Up','✅ Hi Erick, your mikrotik router - Ngoni Net 1 is back online.',0,'2025-10-15 11:05:25','2025-10-15 11:05:25'),(15342,18,NULL,'Mikrotik Router Down','⚠️ Hi Gilbert mushi, your mikrotik router - G NJARO is offline. Please check it out.',0,'2025-10-15 11:16:34','2025-10-15 11:16:34'),(15343,18,NULL,'Mikrotik Router Up','✅ Hi Gilbert mushi, your mikrotik router - G NJARO is back online.',0,'2025-10-15 11:27:33','2025-10-15 11:27:33'),(15344,20,NULL,'Mikrotik Router Down','⚠️ Hi FiberNet HotSpot, your mikrotik router - Mkiwa is offline. Please check it out.',0,'2025-10-15 12:17:36','2025-10-15 12:17:36'),(15345,20,NULL,'Mikrotik Router Up','✅ Hi FiberNet HotSpot, your mikrotik router - Mkiwa is back online.',0,'2025-10-15 12:21:35','2025-10-15 12:21:35'),(15346,8,NULL,'Mikrotik Router Down','⚠️ Hi Erick, your mikrotik router - Ngoni Net 1 is offline. Please check it out.',0,'2025-10-15 13:55:30','2025-10-15 13:55:30'),(15347,8,NULL,'Mikrotik Router Up','✅ Hi Erick, your mikrotik router - Ngoni Net 1 is back online.',0,'2025-10-15 13:58:25','2025-10-15 13:58:25'),(15348,22,NULL,'Mikrotik Router Down','⚠️ Hi Manyala Agalla, your mikrotik router - Mshua Net is offline. Please check it out.',0,'2025-10-15 14:07:39','2025-10-15 14:07:39'),(15349,22,NULL,'Mikrotik Router Up','✅ Hi Manyala Agalla, your mikrotik router - Mshua Net is back online.',0,'2025-10-15 14:12:37','2025-10-15 14:12:37'),(15350,8,NULL,'Mikrotik Router Up','✅ Hi Erick, your mikrotik router - Machinga Complex is back online.',0,'2025-10-15 14:18:28','2025-10-15 14:18:28'),(15351,8,NULL,'Mikrotik Router Down','⚠️ Hi Erick, your mikrotik router - Machinga Complex is offline. Please check it out.',0,'2025-10-15 14:29:28','2025-10-15 14:29:28'),(15352,8,NULL,'Mikrotik Router Up','✅ Hi Erick, your mikrotik router - Machinga Complex is back online.',0,'2025-10-15 14:32:26','2025-10-15 14:32:26'),(15353,32,NULL,'Mikrotik Router Down','⚠️ Hi Moses Mousa, your mikrotik router - Moxetech is offline. Please check it out.',0,'2025-10-15 14:33:49','2025-10-15 14:33:49'),(15354,32,NULL,'Mikrotik Router Up','✅ Hi Moses Mousa, your mikrotik router - Moxetech is back online.',0,'2025-10-15 14:36:48','2025-10-15 14:36:48'),(15355,8,NULL,'Mikrotik Router Down','⚠️ Hi Erick, your mikrotik router - Machinga Complex is offline. Please check it out.',0,'2025-10-15 14:50:28','2025-10-15 14:50:28'),(15356,20,NULL,'Mikrotik Router Down','⚠️ Hi FiberNet HotSpot, your mikrotik router - Mkiwa is offline. Please check it out.',0,'2025-10-15 15:02:36','2025-10-15 15:02:36'),(15357,20,NULL,'Mikrotik Router Up','✅ Hi FiberNet HotSpot, your mikrotik router - Mkiwa is back online.',0,'2025-10-15 15:06:34','2025-10-15 15:06:34'),(15358,8,NULL,'Mikrotik Router Up','✅ Hi Erick, your mikrotik router - Machinga Complex is back online.',0,'2025-10-15 15:10:27','2025-10-15 15:10:27'),(15359,32,NULL,'Mikrotik Router Down','⚠️ Hi Moses Mousa, your mikrotik router - Moxetech is offline. Please check it out.',0,'2025-10-15 15:32:49','2025-10-15 15:32:49'),(15360,28,NULL,'Mikrotik Router Down','⚠️ Hi Kelvin Yolam, your mikrotik router - Wakizungu is offline. Please check it out.',0,'2025-10-15 15:35:45','2025-10-15 15:35:45'),(15361,32,NULL,'Mikrotik Router Up','✅ Hi Moses Mousa, your mikrotik router - Moxetech is back online.',0,'2025-10-15 15:35:49','2025-10-15 15:35:49'),(15362,28,NULL,'Mikrotik Router Up','✅ Hi Kelvin Yolam, your mikrotik router - Wakizungu is back online.',0,'2025-10-15 15:39:44','2025-10-15 15:39:44'),(15363,8,NULL,'Mikrotik Router Down','⚠️ Hi Erick, your mikrotik router - Machinga Complex is offline. Please check it out.',0,'2025-10-15 16:06:28','2025-10-15 16:06:28'),(15364,8,NULL,'Mikrotik Router Up','✅ Hi Erick, your mikrotik router - Machinga Complex is back online.',0,'2025-10-15 16:10:26','2025-10-15 16:10:26'),(15365,22,NULL,'Mikrotik Router Down','⚠️ Hi Manyala Agalla, your mikrotik router - Mshua Net is offline. Please check it out.',0,'2025-10-15 16:21:37','2025-10-15 16:21:37'),(15366,22,NULL,'Mikrotik Router Up','✅ Hi Manyala Agalla, your mikrotik router - Mshua Net is back online.',0,'2025-10-15 16:24:35','2025-10-15 16:24:35'),(15367,8,NULL,'Mikrotik Router Down','⚠️ Hi Erick, your mikrotik router - Ngoni Net 1 is offline. Please check it out.',0,'2025-10-15 17:50:29','2025-10-15 17:50:29'),(15368,8,NULL,'Mikrotik Router Up','✅ Hi Erick, your mikrotik router - Ngoni Net 1 is back online.',0,'2025-10-15 17:53:30','2025-10-15 17:53:30'),(15369,20,NULL,'Mikrotik Router Down','⚠️ Hi FiberNet HotSpot, your mikrotik router - Mkiwa is offline. Please check it out.',0,'2025-10-15 17:59:34','2025-10-15 17:59:34'),(15370,20,NULL,'Mikrotik Router Up','✅ Hi FiberNet HotSpot, your mikrotik router - Mkiwa is back online.',0,'2025-10-15 18:03:32','2025-10-15 18:03:32'),(15371,8,NULL,'Mikrotik Router Down','⚠️ Hi Erick, your mikrotik router - Machinga Complex is offline. Please check it out.',0,'2025-10-15 18:52:27','2025-10-15 18:52:27'),(15372,8,NULL,'Mikrotik Router Up','✅ Hi Erick, your mikrotik router - Machinga Complex is back online.',0,'2025-10-15 18:55:26','2025-10-15 18:55:26'),(15373,28,NULL,'Mikrotik Router Down','⚠️ Hi Kelvin Yolam, your mikrotik router - Wakizungu is offline. Please check it out.',0,'2025-10-15 19:04:45','2025-10-15 19:04:45'),(15374,28,NULL,'Mikrotik Router Up','✅ Hi Kelvin Yolam, your mikrotik router - Wakizungu is back online.',0,'2025-10-15 19:07:44','2025-10-15 19:07:44'),(15375,22,NULL,'Mikrotik Router Down','⚠️ Hi Manyala Agalla, your mikrotik router - Mshua Net is offline. Please check it out.',0,'2025-10-15 19:14:37','2025-10-15 19:14:37'),(15376,32,NULL,'Mikrotik Router Down','⚠️ Hi Moses Mousa, your mikrotik router - Moxetech is offline. Please check it out.',0,'2025-10-15 19:16:55','2025-10-15 19:16:55'),(15377,20,NULL,'Mikrotik Router Down','⚠️ Hi FiberNet HotSpot, your mikrotik router - Mkiwa is offline. Please check it out.',0,'2025-10-15 19:17:35','2025-10-15 19:17:35'),(15378,28,NULL,'Mikrotik Router Down','⚠️ Hi Kelvin Yolam, your mikrotik router - Wakizungu is offline. Please check it out.',0,'2025-10-15 19:19:00','2025-10-15 19:19:00'),(15379,8,NULL,'Mikrotik Router Down','⚠️ Hi Erick, your mikrotik router - Ngoni Net 1 is offline. Please check it out.',0,'2025-10-15 19:20:29','2025-10-15 19:20:29'),(15380,32,NULL,'Mikrotik Router Up','✅ Hi Moses Mousa, your mikrotik router - Moxetech is back online.',0,'2025-10-15 19:20:57','2025-10-15 19:20:57'),(15381,32,NULL,'Mikrotik Router Down','⚠️ Hi Moses Mousa, your mikrotik router - Moxetech is offline. Please check it out.',0,'2025-10-15 20:06:59','2025-10-15 20:06:59'),(15382,32,NULL,'Mikrotik Router Up','✅ Hi Moses Mousa, your mikrotik router - Moxetech is back online.',0,'2025-10-15 20:10:56','2025-10-15 20:10:56'),(15383,32,NULL,'Mikrotik Router Down','⚠️ Hi Moses Mousa, your mikrotik router - Moxetech is offline. Please check it out.',0,'2025-10-15 21:03:05','2025-10-15 21:03:05'),(15384,32,NULL,'Mikrotik Router Up','✅ Hi Moses Mousa, your mikrotik router - Moxetech is back online.',0,'2025-10-15 21:07:04','2025-10-15 21:07:04'),(15385,32,NULL,'Mikrotik Router Down','⚠️ Hi Moses Mousa, your mikrotik router - Moxetech is offline. Please check it out.',0,'2025-10-15 21:19:07','2025-10-15 21:19:07'),(15386,32,NULL,'Mikrotik Router Up','✅ Hi Moses Mousa, your mikrotik router - Moxetech is back online.',0,'2025-10-15 21:22:04','2025-10-15 21:22:04'),(15387,8,NULL,'Mikrotik Router Down','⚠️ Hi Erick, your mikrotik router - Machinga Complex is offline. Please check it out.',0,'2025-10-15 22:43:46','2025-10-15 22:43:46'),(15388,8,NULL,'Mikrotik Router Up','✅ Hi Erick, your mikrotik router - Machinga Complex is back online.',0,'2025-10-15 22:46:42','2025-10-15 22:46:42'),(15389,8,NULL,'Mikrotik Router Up','✅ Hi Erick, your mikrotik router - Ngoni Net 1 is back online.',0,'2025-10-16 00:25:43','2025-10-16 00:25:43'),(15390,22,NULL,'Mikrotik Router Up','✅ Hi Manyala Agalla, your mikrotik router - Mshua Net is back online.',0,'2025-10-16 00:32:51','2025-10-16 00:32:51'),(15391,8,NULL,'Mikrotik Router Down','⚠️ Hi Erick, your mikrotik router - Machinga Complex is offline. Please check it out.',0,'2025-10-16 01:36:42','2025-10-16 01:36:42'),(15392,8,NULL,'Mikrotik Router Up','✅ Hi Erick, your mikrotik router - Machinga Complex is back online.',0,'2025-10-16 01:41:40','2025-10-16 01:41:40'),(15393,8,NULL,'Mikrotik Router Down','⚠️ Hi Erick, your mikrotik router - Machinga Complex is offline. Please check it out.',0,'2025-10-16 02:38:42','2025-10-16 02:38:42'),(15394,8,NULL,'Mikrotik Router Up','✅ Hi Erick, your mikrotik router - Machinga Complex is back online.',0,'2025-10-16 02:41:40','2025-10-16 02:41:40'),(15395,22,NULL,'Mikrotik Router Down','⚠️ Hi Manyala Agalla, your mikrotik router - Mshua Net is offline. Please check it out.',0,'2025-10-16 02:41:53','2025-10-16 02:41:53'),(15396,8,NULL,'Mikrotik Router Down','⚠️ Hi Erick, your mikrotik router - Ngoni Net 1 is offline. Please check it out.',0,'2025-10-16 02:52:43','2025-10-16 02:52:43'),(15397,8,NULL,'Mikrotik Router Up','✅ Hi Erick, your mikrotik router - Ngoni Net 1 is back online.',0,'2025-10-16 03:24:44','2025-10-16 03:24:44'),(15398,22,NULL,'Mikrotik Router Up','✅ Hi Manyala Agalla, your mikrotik router - Mshua Net is back online.',0,'2025-10-16 03:30:50','2025-10-16 03:30:50'),(15399,18,NULL,'Mikrotik Router Down','⚠️ Hi Gilbert mushi, your mikrotik router - G NJARO is offline. Please check it out.',0,'2025-10-16 05:22:46','2025-10-16 05:22:46'),(15400,28,NULL,'Mikrotik Router Up','✅ Hi Kelvin Yolam, your mikrotik router - Wakizungu is back online.',0,'2025-10-16 05:28:10','2025-10-16 05:28:10'),(15401,34,NULL,'Mikrotik Router Down','⚠️ Hi Jacob Irungu, your mikrotik router - Router27 is offline. Please check it out.',0,'2025-10-16 06:17:54','2025-10-16 06:17:54'),(15402,18,NULL,'Mikrotik Router Up','✅ Hi Gilbert mushi, your mikrotik router - G NJARO is back online.',0,'2025-10-16 06:19:31','2025-10-16 06:19:31'),(15403,28,NULL,'Mikrotik Router Down','⚠️ Hi Kelvin Yolam, your mikrotik router - Wakizungu is offline. Please check it out.',0,'2025-10-16 06:55:46','2025-10-16 06:55:46'),(15404,28,NULL,'Mikrotik Router Up','✅ Hi Kelvin Yolam, your mikrotik router - Wakizungu is back online.',0,'2025-10-16 06:58:45','2025-10-16 06:58:45'),(15405,8,NULL,'Mikrotik Router Down','⚠️ Hi Erick, your mikrotik router - Machinga Complex is offline. Please check it out.',0,'2025-10-16 07:29:28','2025-10-16 07:29:28'),(15406,8,NULL,'Mikrotik Router Up','✅ Hi Erick, your mikrotik router - Machinga Complex is back online.',0,'2025-10-16 07:32:26','2025-10-16 07:32:26'),(15407,29,NULL,'Mikrotik Router Down','⚠️ Hi Trekker, your mikrotik router - Trekker is offline. Please check it out.',1,'2025-10-16 08:04:49','2025-10-16 10:58:32'),(15408,18,NULL,'Mikrotik Router Down','⚠️ Hi Gilbert mushi, your mikrotik router - G NJARO is offline. Please check it out.',0,'2025-10-16 08:05:32','2025-10-16 08:05:32'),(15409,29,NULL,'Mikrotik Router Up','✅ Hi Trekker, your mikrotik router - Trekker is back online.',1,'2025-10-16 08:07:47','2025-10-16 10:58:32'),(15410,18,NULL,'Mikrotik Router Up','✅ Hi Gilbert mushi, your mikrotik router - G NJARO is back online.',0,'2025-10-16 08:22:31','2025-10-16 08:22:31'),(15411,20,NULL,'Mikrotik Router Up','✅ Hi FiberNet HotSpot, your mikrotik router - Mkiwa is back online.',0,'2025-10-16 08:22:33','2025-10-16 08:22:33'),(15412,29,NULL,'Mikrotik Router Down','⚠️ Hi Trekker, your mikrotik router - Trekker is offline. Please check it out.',1,'2025-10-16 08:58:45','2025-10-16 10:58:32'),(15413,29,NULL,'Mikrotik Router Up','✅ Hi Trekker, your mikrotik router - Trekker is back online.',1,'2025-10-16 09:02:43','2025-10-16 10:58:32'),(15414,8,NULL,'Mikrotik Router Down','⚠️ Hi Erick, your mikrotik router - Machinga Complex is offline. Please check it out.',0,'2025-10-16 09:30:27','2025-10-16 09:30:27'),(15415,8,NULL,'Mikrotik Router Up','✅ Hi Erick, your mikrotik router - Machinga Complex is back online.',0,'2025-10-16 09:35:26','2025-10-16 09:35:26'),(15416,8,NULL,'Mikrotik Router Down','⚠️ Hi Erick, your mikrotik router - Machinga Complex is offline. Please check it out.',0,'2025-10-16 09:44:27','2025-10-16 09:44:27'),(15417,8,NULL,'Mikrotik Router Up','✅ Hi Erick, your mikrotik router - Machinga Complex is back online.',0,'2025-10-16 09:56:26','2025-10-16 09:56:26'),(15418,8,NULL,'Mikrotik Router Down','⚠️ Hi Erick, your mikrotik router - Machinga Complex is offline. Please check it out.',0,'2025-10-16 09:59:28','2025-10-16 09:59:28'),(15419,29,NULL,'Mikrotik Router Down','⚠️ Hi Trekker, your mikrotik router - Trekker is offline. Please check it out.',1,'2025-10-16 09:59:49','2025-10-16 10:58:32'),(15420,29,NULL,'Mikrotik Router Up','✅ Hi Trekker, your mikrotik router - Trekker is back online.',1,'2025-10-16 10:02:46','2025-10-16 10:58:32'),(15421,8,NULL,'Mikrotik Router Up','✅ Hi Erick, your mikrotik router - Machinga Complex is back online.',0,'2025-10-16 10:08:26','2025-10-16 10:08:26'),(15422,29,NULL,'Mikrotik Router Down','⚠️ Hi Trekker, your mikrotik router - Trekker is offline. Please check it out.',1,'2025-10-16 10:42:44','2025-10-16 10:58:32'),(15423,29,NULL,'Mikrotik Router Up','✅ Hi Trekker, your mikrotik router - Trekker is back online.',1,'2025-10-16 10:45:43','2025-10-16 10:58:32'),(15424,8,NULL,'Mikrotik Router Down','⚠️ Hi Erick, your mikrotik router - Ngoni Net 1 is offline. Please check it out.',0,'2025-10-16 11:02:30','2025-10-16 11:02:30'),(15425,8,NULL,'Mikrotik Router Up','✅ Hi Erick, your mikrotik router - Ngoni Net 1 is back online.',0,'2025-10-16 11:05:26','2025-10-16 11:05:26'),(15426,20,NULL,'Mikrotik Router Down','⚠️ Hi FiberNet HotSpot, your mikrotik router - Mkiwa is offline. Please check it out.',0,'2025-10-16 11:59:34','2025-10-16 11:59:34'),(15427,20,NULL,'Mikrotik Router Up','✅ Hi FiberNet HotSpot, your mikrotik router - Mkiwa is back online.',0,'2025-10-16 12:03:33','2025-10-16 12:03:33'),(15428,8,NULL,'Mikrotik Router Down','⚠️ Hi Erick, your mikrotik router - Machinga Complex is offline. Please check it out.',0,'2025-10-16 13:04:35','2025-10-16 13:04:35'),(15429,8,NULL,'Mikrotik Router Up','✅ Hi Erick, your mikrotik router - Machinga Complex is back online.',0,'2025-10-16 13:07:27','2025-10-16 13:07:27'),(15430,8,NULL,'Mikrotik Router Down','⚠️ Hi Erick, your mikrotik router - Machinga Complex is offline. Please check it out.',0,'2025-10-16 13:18:29','2025-10-16 13:18:29'),(15431,28,NULL,'Mikrotik Router Down','⚠️ Hi Kelvin Yolam, your mikrotik router - Wakizungu is offline. Please check it out.',0,'2025-10-16 14:08:47','2025-10-16 14:08:47'),(15432,28,NULL,'Mikrotik Router Up','✅ Hi Kelvin Yolam, your mikrotik router - Wakizungu is back online.',0,'2025-10-16 14:11:45','2025-10-16 14:11:45'),(15433,20,NULL,'Mikrotik Router Down','⚠️ Hi FiberNet HotSpot, your mikrotik router - Mkiwa is offline. Please check it out.',0,'2025-10-16 15:59:36','2025-10-16 15:59:36'),(15434,20,NULL,'Mikrotik Router Up','✅ Hi FiberNet HotSpot, your mikrotik router - Mkiwa is back online.',0,'2025-10-16 16:03:33','2025-10-16 16:03:33'),(15435,8,NULL,'Mikrotik Router Down','⚠️ Hi Erick, your mikrotik router - Machinga Complex is offline. Please check it out.',0,'2025-10-16 16:52:28','2025-10-16 16:52:28'),(15436,28,NULL,'Mikrotik Router Down','⚠️ Hi Kelvin Yolam, your mikrotik router - Wakizungu is offline. Please check it out.',0,'2025-10-16 17:32:47','2025-10-16 17:32:47'),(15437,28,NULL,'Mikrotik Router Up','✅ Hi Kelvin Yolam, your mikrotik router - Wakizungu is back online.',0,'2025-10-16 17:35:45','2025-10-16 17:35:45'),(15438,32,NULL,'Mikrotik Router Down','⚠️ Hi Moses Mousa, your mikrotik router - Moxetech is offline. Please check it out.',0,'2025-10-16 18:18:53','2025-10-16 18:18:53'),(15439,32,NULL,'Mikrotik Router Up','✅ Hi Moses Mousa, your mikrotik router - Moxetech is back online.',0,'2025-10-16 18:21:50','2025-10-16 18:21:50'),(15440,32,NULL,'Mikrotik Router Down','⚠️ Hi Moses Mousa, your mikrotik router - Moxetech is offline. Please check it out.',0,'2025-10-16 18:53:51','2025-10-16 18:53:51'),(15441,28,NULL,'Mikrotik Router Down','⚠️ Hi Kelvin Yolam, your mikrotik router - Wakizungu is offline. Please check it out.',0,'2025-10-16 18:59:51','2025-10-16 18:59:51'),(15442,32,NULL,'Mikrotik Router Up','✅ Hi Moses Mousa, your mikrotik router - Moxetech is back online.',0,'2025-10-16 18:59:56','2025-10-16 18:59:56'),(15443,32,NULL,'Mikrotik Router Down','⚠️ Hi Moses Mousa, your mikrotik router - Moxetech is offline. Please check it out.',0,'2025-10-16 19:09:53','2025-10-16 19:09:53'),(15444,32,NULL,'Mikrotik Router Up','✅ Hi Moses Mousa, your mikrotik router - Moxetech is back online.',0,'2025-10-16 19:12:50','2025-10-16 19:12:50'),(15445,32,NULL,'Mikrotik Router Down','⚠️ Hi Moses Mousa, your mikrotik router - Moxetech is offline. Please check it out.',0,'2025-10-16 19:19:57','2025-10-16 19:19:57'),(15446,32,NULL,'Mikrotik Router Up','✅ Hi Moses Mousa, your mikrotik router - Moxetech is back online.',0,'2025-10-16 19:22:52','2025-10-16 19:22:52'),(15447,32,NULL,'Mikrotik Router Down','⚠️ Hi Moses Mousa, your mikrotik router - Moxetech is offline. Please check it out.',0,'2025-10-16 19:26:53','2025-10-16 19:26:53'),(15448,32,NULL,'Mikrotik Router Up','✅ Hi Moses Mousa, your mikrotik router - Moxetech is back online.',0,'2025-10-16 19:30:52','2025-10-16 19:30:52'),(15449,32,NULL,'Mikrotik Router Down','⚠️ Hi Moses Mousa, your mikrotik router - Moxetech is offline. Please check it out.',0,'2025-10-16 19:35:53','2025-10-16 19:35:53'),(15450,32,NULL,'Mikrotik Router Up','✅ Hi Moses Mousa, your mikrotik router - Moxetech is back online.',0,'2025-10-16 19:38:51','2025-10-16 19:38:51'),(15451,28,NULL,'Mikrotik Router Up','✅ Hi Kelvin Yolam, your mikrotik router - Wakizungu is back online.',0,'2025-10-16 19:48:45','2025-10-16 19:48:45'),(15452,20,NULL,'Mikrotik Router Down','⚠️ Hi FiberNet HotSpot, your mikrotik router - Mkiwa is offline. Please check it out.',0,'2025-10-16 19:59:37','2025-10-16 19:59:37'),(15453,32,NULL,'Mikrotik Router Down','⚠️ Hi Moses Mousa, your mikrotik router - Moxetech is offline. Please check it out.',0,'2025-10-16 20:00:53','2025-10-16 20:00:53'),(15454,20,NULL,'Mikrotik Router Up','✅ Hi FiberNet HotSpot, your mikrotik router - Mkiwa is back online.',0,'2025-10-16 20:03:34','2025-10-16 20:03:34'),(15455,32,NULL,'Mikrotik Router Up','✅ Hi Moses Mousa, your mikrotik router - Moxetech is back online.',0,'2025-10-16 20:05:49','2025-10-16 20:05:49'),(15456,28,NULL,'Mikrotik Router Down','⚠️ Hi Kelvin Yolam, your mikrotik router - Wakizungu is offline. Please check it out.',0,'2025-10-16 20:18:54','2025-10-16 20:18:54'),(15457,32,NULL,'Mikrotik Router Down','⚠️ Hi Moses Mousa, your mikrotik router - Moxetech is offline. Please check it out.',0,'2025-10-16 20:19:00','2025-10-16 20:19:00'),(15458,32,NULL,'Mikrotik Router Up','✅ Hi Moses Mousa, your mikrotik router - Moxetech is back online.',0,'2025-10-16 20:21:50','2025-10-16 20:21:50'),(15459,32,NULL,'Mikrotik Router Down','⚠️ Hi Moses Mousa, your mikrotik router - Moxetech is offline. Please check it out.',0,'2025-10-16 20:31:53','2025-10-16 20:31:53'),(15460,32,NULL,'Mikrotik Router Up','✅ Hi Moses Mousa, your mikrotik router - Moxetech is back online.',0,'2025-10-16 20:34:52','2025-10-16 20:34:52'),(15461,32,NULL,'Mikrotik Router Down','⚠️ Hi Moses Mousa, your mikrotik router - Moxetech is offline. Please check it out.',0,'2025-10-16 20:42:53','2025-10-16 20:42:53'),(15462,32,NULL,'Mikrotik Router Up','✅ Hi Moses Mousa, your mikrotik router - Moxetech is back online.',0,'2025-10-16 20:45:51','2025-10-16 20:45:51'),(15463,32,NULL,'Mikrotik Router Down','⚠️ Hi Moses Mousa, your mikrotik router - Moxetech is offline. Please check it out.',0,'2025-10-16 21:23:53','2025-10-16 21:23:53'),(15464,32,NULL,'Mikrotik Router Up','✅ Hi Moses Mousa, your mikrotik router - Moxetech is back online.',0,'2025-10-16 21:27:51','2025-10-16 21:27:51'),(15465,20,NULL,'Mikrotik Router Down','⚠️ Hi FiberNet HotSpot, your mikrotik router - Mkiwa is offline. Please check it out.',0,'2025-10-17 00:00:40','2025-10-17 00:00:40'),(15466,20,NULL,'Mikrotik Router Up','✅ Hi FiberNet HotSpot, your mikrotik router - Mkiwa is back online.',0,'2025-10-17 00:03:37','2025-10-17 00:03:37'),(15467,29,NULL,'Mikrotik Router Down','⚠️ Hi Trekker, your mikrotik router - Trekker is offline. Please check it out.',0,'2025-10-17 03:16:51','2025-10-17 03:16:51'),(15468,29,NULL,'Mikrotik Router Up','✅ Hi Trekker, your mikrotik router - Trekker is back online.',0,'2025-10-17 03:24:51','2025-10-17 03:24:51'),(15469,20,NULL,'Mikrotik Router Down','⚠️ Hi FiberNet HotSpot, your mikrotik router - Mkiwa is offline. Please check it out.',0,'2025-10-17 03:58:38','2025-10-17 03:58:38'),(15470,20,NULL,'Mikrotik Router Up','✅ Hi FiberNet HotSpot, your mikrotik router - Mkiwa is back online.',0,'2025-10-17 04:03:39','2025-10-17 04:03:39'),(15471,18,NULL,'Invoice Generated','Dear Gilbert mushi, this is a notification that your billing system subscription is expiring tomorrow (Oct 18 2025). Please pay upfront amount of Ksh 21,000 using below link; https://heritagegroup.co.ke/renew-company-router-subscription/11',0,'2025-10-17 06:02:01','2025-10-17 06:02:01'),(15472,28,NULL,'Mikrotik Router Up','✅ Hi Kelvin Yolam, your mikrotik router - Wakizungu is back online.',0,'2025-10-17 06:46:52','2025-10-17 06:46:52'),(15473,20,NULL,'Mikrotik Router Down','⚠️ Hi FiberNet HotSpot, your mikrotik router - Mkiwa is offline. Please check it out.',0,'2025-10-17 07:01:36','2025-10-17 07:01:36'),(15474,20,NULL,'Mikrotik Router Up','✅ Hi FiberNet HotSpot, your mikrotik router - Mkiwa is back online.',0,'2025-10-17 07:06:34','2025-10-17 07:06:34'),(15475,20,NULL,'Mikrotik Router Down','⚠️ Hi FiberNet HotSpot, your mikrotik router - Mkiwa is offline. Please check it out.',0,'2025-10-17 08:25:36','2025-10-17 08:25:36'),(15476,20,NULL,'Mikrotik Router Up','✅ Hi FiberNet HotSpot, your mikrotik router - Mkiwa is back online.',0,'2025-10-17 08:29:34','2025-10-17 08:29:34'),(15477,18,NULL,'Mikrotik Router Down','⚠️ Hi Gilbert mushi, your mikrotik router - G NJARO is offline. Please check it out.',0,'2025-10-17 08:31:34','2025-10-17 08:31:34'),(15478,18,NULL,'Mikrotik Router Up','✅ Hi Gilbert mushi, your mikrotik router - G NJARO is back online.',0,'2025-10-17 08:45:32','2025-10-17 08:45:32');

--
-- Table structure for table `out_messages`
--

CREATE TABLE `out_messages` (
  `id` bigint unsigned NOT NULL AUTO_INCREMENT,
  `message_mode_id` bigint unsigned NOT NULL,
  `phone` varchar(191) COLLATE utf8mb4_unicode_ci DEFAULT NULL,
  `email` varchar(191) COLLATE utf8mb4_unicode_ci DEFAULT NULL,
  `title` varchar(191) COLLATE utf8mb4_unicode_ci DEFAULT NULL,
  `content` longtext COLLATE utf8mb4_unicode_ci NOT NULL,
  `filename` varchar(191) COLLATE utf8mb4_unicode_ci DEFAULT NULL,
  `created_at` timestamp NULL DEFAULT NULL,
  `updated_at` timestamp NULL DEFAULT NULL,
  PRIMARY KEY (`id`),
  KEY `out_messages_message_mode_id_foreign` (`message_mode_id`),
  CONSTRAINT `out_messages_message_mode_id_foreign` FOREIGN KEY (`message_mode_id`) REFERENCES `message_modes` (`id`) ON DELETE CASCADE
) ENGINE=InnoDB AUTO_INCREMENT=18 DEFAULT CHARSET=utf8mb4 COLLATE=utf8mb4_unicode_ci;

--
-- Dumping data for table `out_messages`
--


--
-- Table structure for table `outgoing_transaction_entities`
--

CREATE TABLE `outgoing_transaction_entities` (
  `id` bigint unsigned NOT NULL AUTO_INCREMENT,
  `outgoing_transaction_id` int NOT NULL,
  `company_grouped_transaction_id` int NOT NULL,
  `amount` decimal(8,2) NOT NULL DEFAULT '0.00',
  `created_at` timestamp NULL DEFAULT NULL,
  `updated_at` timestamp NULL DEFAULT NULL,
  `deleted_at` timestamp NULL DEFAULT NULL,
  PRIMARY KEY (`id`)
) ENGINE=InnoDB AUTO_INCREMENT=13 DEFAULT CHARSET=utf8mb4 COLLATE=utf8mb4_unicode_ci;

--
-- Dumping data for table `outgoing_transaction_entities`
--

INSERT INTO `outgoing_transaction_entities` VALUES (1,1,3,210.00,'2025-08-05 19:03:36','2025-08-05 19:03:36',NULL),(2,2,4,210.00,'2025-08-06 20:02:48','2025-08-06 20:02:48',NULL),(3,3,5,1000.00,'2025-08-07 18:53:54','2025-08-07 18:53:54',NULL),(4,4,6,500.00,'2025-08-08 15:56:03','2025-08-08 15:56:03',NULL),(5,5,7,1000.00,'2025-08-09 11:05:18','2025-08-09 11:05:18',NULL),(6,6,8,500.00,'2025-08-09 13:37:14','2025-08-09 13:37:14',NULL),(7,7,9,1000.00,'2025-08-09 15:21:56','2025-08-09 15:21:56',NULL),(8,8,10,1000.00,'2025-08-10 19:09:47','2025-08-10 19:09:47',NULL),(9,9,11,1000.00,'2025-08-11 18:56:22','2025-08-11 18:56:22',NULL),(10,10,12,1000.00,'2025-08-11 19:33:37','2025-08-11 19:33:37',NULL),(11,11,13,210.00,'2025-08-14 20:20:46','2025-08-14 20:20:46',NULL),(12,12,14,1000.00,'2025-08-16 06:35:15','2025-08-16 06:35:15',NULL);

--
-- Table structure for table `outgoing_transactions`
--

CREATE TABLE `outgoing_transactions` (
  `id` bigint unsigned NOT NULL AUTO_INCREMENT,
  `ref_no` varchar(191) COLLATE utf8mb4_unicode_ci NOT NULL,
  `company_router_id` int DEFAULT NULL,
  `director_share_id` int DEFAULT NULL,
  `company_customer_invocie_id` int DEFAULT NULL,
  `user_id` int DEFAULT NULL,
  `transaction_code` varchar(191) COLLATE utf8mb4_unicode_ci NOT NULL,
  `amount` decimal(8,2) NOT NULL DEFAULT '0.00',
  `recipient` varchar(191) COLLATE utf8mb4_unicode_ci NOT NULL,
  `description` longtext COLLATE utf8mb4_unicode_ci,
  `checkout_id` varchar(191) COLLATE utf8mb4_unicode_ci DEFAULT NULL,
  `created_at` timestamp NULL DEFAULT NULL,
  `updated_at` timestamp NULL DEFAULT NULL,
  `deleted_at` timestamp NULL DEFAULT NULL,
  PRIMARY KEY (`id`)
) ENGINE=InnoDB AUTO_INCREMENT=13 DEFAULT CHARSET=utf8mb4 COLLATE=utf8mb4_unicode_ci;

--
-- Dumping data for table `outgoing_transactions`
--

INSERT INTO `outgoing_transactions` VALUES (1,'GA8S5U',2,NULL,NULL,NULL,'0964383972',210.00,'123456','Money sent to 123456 on account number 123456 ','514066','2025-08-05 19:03:36','2025-08-05 19:03:36',NULL),(2,'7YL9KT',2,NULL,NULL,NULL,'0964774233',210.00,'123456','Money sent to 123456 on account number 123456 ','151783','2025-08-06 20:02:48','2025-08-06 20:02:48',NULL),(3,'K9BH8E',2,NULL,NULL,NULL,'1307377571',1000.00,'123456','Money sent to 123456 on account number 123456 ','788624','2025-08-07 18:53:54','2025-08-07 18:53:54',NULL),(4,'8EPQ27',2,NULL,NULL,NULL,'1308639764',500.00,'123456','Money sent to 123456 on account number 123456 ','762516','2025-08-08 15:56:03','2025-08-08 15:56:03',NULL),(5,'OZP260',2,NULL,NULL,NULL,'1309788641',1000.00,'123456','Money sent to 123456 on account number 123456 ','465166','2025-08-09 11:05:18','2025-08-09 11:05:18',NULL),(6,'0ME2JD',2,NULL,NULL,NULL,'1309940132',500.00,'123456','Money sent to 123456 on account number 123456 ','320618','2025-08-09 13:37:14','2025-08-09 13:37:14',NULL),(7,'JU3FQ6',2,NULL,NULL,NULL,'1310045490',1000.00,'123456','Money sent to 123456 on account number 123456 ','184295','2025-08-09 15:21:56','2025-08-09 15:21:56',NULL),(8,'R0PHAV',2,NULL,NULL,NULL,'1311713416',1000.00,'123456','Money sent to 123456 on account number 123456 ','792168','2025-08-10 19:09:47','2025-08-10 19:09:47',NULL),(9,'Y4CP6J',2,NULL,NULL,NULL,'1313139026',1000.00,'123456','Money sent to 123456 on account number 123456 ','431003','2025-08-11 18:56:22','2025-08-11 18:56:22',NULL),(10,'58RHPU',2,NULL,NULL,NULL,'1313175196',1000.00,'123456','Money sent to 123456 on account number 123456 ','021868','2025-08-11 19:33:37','2025-08-11 19:33:37',NULL),(11,'E4FVO2',2,NULL,NULL,NULL,'0967592079',210.00,'123456','Money sent to 123456 on account number 123456 ','118106','2025-08-14 20:20:46','2025-08-14 20:20:46',NULL),(12,'1CKLJO',2,NULL,NULL,NULL,'1319598138',1000.00,'123456','Money sent to 123456 on account number 123456 ','580259','2025-08-16 06:35:15','2025-08-16 06:35:15',NULL);

--
-- Table structure for table `paid_users`
--

CREATE TABLE `paid_users` (
  `id` bigint unsigned NOT NULL AUTO_INCREMENT,
  `company_router_id` bigint unsigned DEFAULT NULL,
  `company_grouped_transaction_id` int DEFAULT NULL,
  `mac_address` varchar(191) COLLATE utf8mb4_unicode_ci NOT NULL,
  `username` varchar(191) COLLATE utf8mb4_unicode_ci NOT NULL,
  `password` varchar(191) COLLATE utf8mb4_unicode_ci NOT NULL,
  `phone` varchar(191) COLLATE utf8mb4_unicode_ci DEFAULT NULL,
  `message` longtext COLLATE utf8mb4_unicode_ci,
  `created_at` timestamp NULL DEFAULT NULL,
  `updated_at` timestamp NULL DEFAULT NULL,
  PRIMARY KEY (`id`),
  KEY `paid_users_company_router_id_foreign` (`company_router_id`),
  CONSTRAINT `paid_users_company_router_id_foreign` FOREIGN KEY (`company_router_id`) REFERENCES `company_routers` (`id`) ON DELETE CASCADE
) ENGINE=InnoDB AUTO_INCREMENT=1356 DEFAULT CHARSET=utf8mb4 COLLATE=utf8mb4_unicode_ci;

--
-- Dumping data for table `paid_users`
--

INSERT INTO `paid_users` VALUES (129,7,140,'DE:FE:99:B9:7F:F5','749353','4130','255785581266','Greetings, thank you for purchasing [plan] plan worthy 200.00. Please use [username] as the username and 4130 as your password to reconnect yourself. Your subscription expires at [expiry_date].','2025-09-01 10:47:58','2025-09-01 10:47:58'),(773,2,789,'02:C0:AF:A7:33:40','423957','3052','255761933535','Greetings, thank you for purchasing [plan] plan worthy 500.00. Please use [username] as the username and 3052 as your password to reconnect yourself. Your subscription expires at [expiry_date].','2025-09-28 21:03:05','2025-09-28 21:03:05'),(908,2,925,'F6:1D:E3:77:F2:61','958013','6479','255781692464','Greetings, thank you for purchasing [plan] plan worthy 300.00. Please use [username] as the username and 6479 as your password to reconnect yourself. Your subscription expires at [expiry_date].','2025-10-02 18:53:15','2025-10-02 18:53:15'),(954,2,971,'32:FE:B8:B0:34:56','046509','8688','255752578492','Greetings, thank you for purchasing [plan] plan worthy 500.00. Please use [username] as the username and 8688 as your password to reconnect yourself. Your subscription expires at [expiry_date].','2025-10-04 10:54:54','2025-10-04 10:54:54'),(982,2,999,'78:3A:6C:7F:20:71','782658','3746','255613030131','Greetings, thank you for purchasing [plan] plan worthy 210.00. Please use [username] as the username and 3746 as your password to reconnect yourself. Your subscription expires at [expiry_date].','2025-10-05 07:27:05','2025-10-05 07:27:05'),(1086,15,1103,'CA:07:EA:5F:DB:02','174984','7088','255620695938','','2025-10-08 09:55:42','2025-10-08 09:55:42'),(1345,2,1362,'76:37:43:48:70:A8','168303','6037','255748825145','Greetings, thank you for purchasing [plan] plan worthy 500.00. Please use [username] as the username and 6037 as your password to reconnect yourself. Your subscription expires at [expiry_date].','2025-10-16 20:58:39','2025-10-16 20:58:39');

--
-- Table structure for table `password_reset_tokens`
--

CREATE TABLE `password_reset_tokens` (
  `email` varchar(191) COLLATE utf8mb4_unicode_ci NOT NULL,
  `token` varchar(191) COLLATE utf8mb4_unicode_ci NOT NULL,
  `created_at` timestamp NULL DEFAULT NULL,
  PRIMARY KEY (`email`)
) ENGINE=InnoDB DEFAULT CHARSET=utf8mb4 COLLATE=utf8mb4_unicode_ci;

--
-- Dumping data for table `password_reset_tokens`
--

INSERT INTO `password_reset_tokens` VALUES ('info@twistechs.bj','$2y$12$MwwKbNXSntZDfXC2N9sHMeBGO.LHpSsIRaesQ.ghJbf3gY/cV44qi','2025-10-03 10:02:54'),('ivonirauya@gmail.com','$2y$12$gG7lXzsC9QzP2Oa569DyZeLwOWDm9zjuHdu3C01G67emcJ8XckFIq','2025-10-01 22:12:55'),('sales@iteam.co.tz','$2y$12$95fJp6sBR9iT/ns4Vx6dlOePkzrQu.v9gW/Yp14MOcnjiYSdEbfLy','2025-09-30 08:09:30');

--
-- Table structure for table `paybill_transactions`
--

CREATE TABLE `paybill_transactions` (
  `id` bigint unsigned NOT NULL AUTO_INCREMENT,
  `ref_no` varchar(191) COLLATE utf8mb4_unicode_ci NOT NULL,
  `payment_mode_id` bigint unsigned NOT NULL,
  `phone_used` varchar(191) COLLATE utf8mb4_unicode_ci DEFAULT NULL,
  `transaction_code` varchar(191) COLLATE utf8mb4_unicode_ci DEFAULT NULL,
  `amount` decimal(8,2) NOT NULL DEFAULT '0.00',
  `checkout_id` varchar(191) COLLATE utf8mb4_unicode_ci DEFAULT NULL,
  `account_number` varchar(191) COLLATE utf8mb4_unicode_ci DEFAULT NULL,
  `created_at` timestamp NULL DEFAULT NULL,
  `updated_at` timestamp NULL DEFAULT NULL,
  `deleted_at` timestamp NULL DEFAULT NULL,
  PRIMARY KEY (`id`),
  KEY `paybill_transactions_payment_mode_id_foreign` (`payment_mode_id`),
  CONSTRAINT `paybill_transactions_payment_mode_id_foreign` FOREIGN KEY (`payment_mode_id`) REFERENCES `payment_modes` (`id`) ON DELETE CASCADE
) ENGINE=InnoDB DEFAULT CHARSET=utf8mb4 COLLATE=utf8mb4_unicode_ci;

--
-- Dumping data for table `paybill_transactions`
--


--
-- Table structure for table `payment_methods`
--

CREATE TABLE `payment_methods` (
  `id` bigint unsigned NOT NULL AUTO_INCREMENT,
  `ref_no` varchar(191) COLLATE utf8mb4_unicode_ci NOT NULL,
  `name` varchar(191) COLLATE utf8mb4_unicode_ci NOT NULL,
  `status` int NOT NULL DEFAULT '1' COMMENT '0=inactive, 1=active',
  `created_at` timestamp NULL DEFAULT NULL,
  `updated_at` timestamp NULL DEFAULT NULL,
  `deleted_at` timestamp NULL DEFAULT NULL,
  PRIMARY KEY (`id`)
) ENGINE=InnoDB AUTO_INCREMENT=3 DEFAULT CHARSET=utf8mb4 COLLATE=utf8mb4_unicode_ci;

--
-- Dumping data for table `payment_methods`
--

INSERT INTO `payment_methods` VALUES (1,'0001','Selcom',1,'2025-08-03 19:10:06','2025-08-03 19:10:06',NULL);

--
-- Table structure for table `payment_modes`
--

CREATE TABLE `payment_modes` (
  `id` bigint unsigned NOT NULL AUTO_INCREMENT,
  `ref_no` varchar(191) COLLATE utf8mb4_unicode_ci NOT NULL,
  `name` varchar(191) COLLATE utf8mb4_unicode_ci NOT NULL,
  `status` int NOT NULL DEFAULT '1' COMMENT '0=inactive, 1=active',
  `created_at` timestamp NULL DEFAULT NULL,
  `updated_at` timestamp NULL DEFAULT NULL,
  `deleted_at` timestamp NULL DEFAULT NULL,
  PRIMARY KEY (`id`)
) ENGINE=InnoDB AUTO_INCREMENT=4 DEFAULT CHARSET=utf8mb4 COLLATE=utf8mb4_unicode_ci;

--
-- Dumping data for table `payment_modes`
--

INSERT INTO `payment_modes` VALUES (1,'0001','M-PESA',1,'2025-08-03 19:10:05','2025-08-03 19:10:05',NULL),(2,'0002','M-PESA (Manually)',1,'2025-08-03 19:10:05','2025-08-03 19:10:05',NULL),(3,'0003','Cash',1,'2025-08-03 19:10:05','2025-08-03 19:10:05',NULL);

--
-- Table structure for table `payment_types`
--

CREATE TABLE `payment_types` (
  `id` bigint unsigned NOT NULL AUTO_INCREMENT,
  `name` varchar(191) COLLATE utf8mb4_unicode_ci NOT NULL,
  `created_at` timestamp NULL DEFAULT NULL,
  `updated_at` timestamp NULL DEFAULT NULL,
  `deleted_at` timestamp NULL DEFAULT NULL,
  PRIMARY KEY (`id`)
) ENGINE=InnoDB AUTO_INCREMENT=3 DEFAULT CHARSET=utf8mb4 COLLATE=utf8mb4_unicode_ci;

--
-- Dumping data for table `payment_types`
--

INSERT INTO `payment_types` VALUES (1,'Fixed Amount','2025-08-03 19:10:01','2025-08-03 19:10:01',NULL),(2,'Commission Based','2025-08-03 19:10:01','2025-08-03 19:10:01',NULL);

--
-- Table structure for table `permissions`
--

CREATE TABLE `permissions` (
  `id` bigint unsigned NOT NULL AUTO_INCREMENT,
  `name` varchar(191) COLLATE utf8mb4_unicode_ci NOT NULL,
  `group` varchar(191) COLLATE utf8mb4_unicode_ci DEFAULT NULL,
  `guard_name` varchar(191) COLLATE utf8mb4_unicode_ci NOT NULL,
  `created_at` timestamp NULL DEFAULT NULL,
  `updated_at` timestamp NULL DEFAULT NULL,
  PRIMARY KEY (`id`),
  UNIQUE KEY `permissions_name_guard_name_unique` (`name`,`guard_name`)
) ENGINE=InnoDB AUTO_INCREMENT=3 DEFAULT CHARSET=utf8mb4 COLLATE=utf8mb4_unicode_ci;

--
-- Dumping data for table `permissions`
--

INSERT INTO `permissions` VALUES (1,'Administer Company',NULL,'web','2025-08-03 19:10:01','2025-08-03 19:10:01'),(2,'Staff',NULL,'web','2025-08-03 19:10:01','2025-08-03 19:10:01');

--
-- Table structure for table `personal_access_tokens`
--

CREATE TABLE `personal_access_tokens` (
  `id` bigint unsigned NOT NULL AUTO_INCREMENT,
  `tokenable_type` varchar(191) COLLATE utf8mb4_unicode_ci NOT NULL,
  `tokenable_id` bigint unsigned NOT NULL,
  `name` varchar(191) COLLATE utf8mb4_unicode_ci NOT NULL,
  `token` varchar(64) COLLATE utf8mb4_unicode_ci NOT NULL,
  `abilities` text COLLATE utf8mb4_unicode_ci,
  `last_used_at` timestamp NULL DEFAULT NULL,
  `expires_at` timestamp NULL DEFAULT NULL,
  `created_at` timestamp NULL DEFAULT NULL,
  `updated_at` timestamp NULL DEFAULT NULL,
  PRIMARY KEY (`id`),
  UNIQUE KEY `personal_access_tokens_token_unique` (`token`),
  KEY `personal_access_tokens_tokenable_type_tokenable_id_index` (`tokenable_type`,`tokenable_id`)
) ENGINE=InnoDB DEFAULT CHARSET=utf8mb4 COLLATE=utf8mb4_unicode_ci;

--
-- Dumping data for table `personal_access_tokens`
--


--
-- Table structure for table `plan_validity_types`
--

CREATE TABLE `plan_validity_types` (
  `id` bigint unsigned NOT NULL AUTO_INCREMENT,
  `ref_no` varchar(191) COLLATE utf8mb4_unicode_ci NOT NULL,
  `name` varchar(191) COLLATE utf8mb4_unicode_ci NOT NULL,
  `entity` varchar(191) COLLATE utf8mb4_unicode_ci NOT NULL,
  `created_at` timestamp NULL DEFAULT NULL,
  `updated_at` timestamp NULL DEFAULT NULL,
  `deleted_at` timestamp NULL DEFAULT NULL,
  PRIMARY KEY (`id`)
) ENGINE=InnoDB AUTO_INCREMENT=4 DEFAULT CHARSET=utf8mb4 COLLATE=utf8mb4_unicode_ci;

--
-- Dumping data for table `plan_validity_types`
--

INSERT INTO `plan_validity_types` VALUES (1,'0001','Minutes','m','2025-08-03 19:10:02','2025-08-03 19:10:02',NULL),(2,'0002','Hours','h','2025-08-03 19:10:02','2025-08-03 19:10:02',NULL),(3,'0003','Days','d','2025-08-03 19:10:02','2025-08-03 19:10:02',NULL);

--
-- Table structure for table `potential_customers`
--

CREATE TABLE `potential_customers` (
  `id` bigint unsigned NOT NULL AUTO_INCREMENT,
  `company_id` int DEFAULT NULL,
  `names` varchar(191) COLLATE utf8mb4_unicode_ci DEFAULT NULL,
  `phone` varchar(191) COLLATE utf8mb4_unicode_ci NOT NULL,
  `description` longtext COLLATE utf8mb4_unicode_ci,
  `created_at` timestamp NULL DEFAULT NULL,
  `updated_at` timestamp NULL DEFAULT NULL,
  PRIMARY KEY (`id`)
) ENGINE=InnoDB DEFAULT CHARSET=utf8mb4 COLLATE=utf8mb4_unicode_ci;

--
-- Dumping data for table `potential_customers`
--


--
-- Table structure for table `role_has_permissions`
--

CREATE TABLE `role_has_permissions` (
  `permission_id` bigint unsigned NOT NULL,
  `role_id` bigint unsigned NOT NULL,
  PRIMARY KEY (`permission_id`,`role_id`),
  KEY `role_has_permissions_role_id_foreign` (`role_id`),
  CONSTRAINT `role_has_permissions_permission_id_foreign` FOREIGN KEY (`permission_id`) REFERENCES `permissions` (`id`) ON DELETE CASCADE,
  CONSTRAINT `role_has_permissions_role_id_foreign` FOREIGN KEY (`role_id`) REFERENCES `roles` (`id`) ON DELETE CASCADE
) ENGINE=InnoDB DEFAULT CHARSET=utf8mb4 COLLATE=utf8mb4_unicode_ci;

--
-- Dumping data for table `role_has_permissions`
--


--
-- Table structure for table `roles`
--

CREATE TABLE `roles` (
  `id` bigint unsigned NOT NULL AUTO_INCREMENT,
  `name` varchar(191) COLLATE utf8mb4_unicode_ci NOT NULL,
  `guard_name` varchar(191) COLLATE utf8mb4_unicode_ci NOT NULL,
  `created_at` timestamp NULL DEFAULT NULL,
  `updated_at` timestamp NULL DEFAULT NULL,
  PRIMARY KEY (`id`),
  UNIQUE KEY `roles_name_guard_name_unique` (`name`,`guard_name`)
) ENGINE=InnoDB AUTO_INCREMENT=4 DEFAULT CHARSET=utf8mb4 COLLATE=utf8mb4_unicode_ci;

--
-- Dumping data for table `roles`
--

INSERT INTO `roles` VALUES (1,'Administrator','web','2025-08-03 19:10:01','2025-08-03 19:10:01'),(2,'Client','web','2025-08-03 19:10:01','2025-08-03 19:10:01'),(3,'Referrer','web','2025-08-03 19:10:01','2025-08-03 19:10:01');

--
-- Table structure for table `service_plans`
--

CREATE TABLE `service_plans` (
  `id` bigint unsigned NOT NULL AUTO_INCREMENT,
  `ref_no` varchar(191) COLLATE utf8mb4_unicode_ci NOT NULL,
  `name` varchar(191) COLLATE utf8mb4_unicode_ci NOT NULL,
  `status` int NOT NULL DEFAULT '1' COMMENT '0=inactive, 1=active',
  `created_at` timestamp NULL DEFAULT NULL,
  `updated_at` timestamp NULL DEFAULT NULL,
  `deleted_at` timestamp NULL DEFAULT NULL,
  PRIMARY KEY (`id`)
) ENGINE=InnoDB AUTO_INCREMENT=4 DEFAULT CHARSET=utf8mb4 COLLATE=utf8mb4_unicode_ci;

--
-- Dumping data for table `service_plans`
--

INSERT INTO `service_plans` VALUES (1,'0001','Hotspot Plans',1,'2025-08-03 19:10:02','2025-08-03 19:10:02',NULL),(2,'0002','PPPoE Plans',1,'2025-08-03 19:10:02','2025-08-03 19:10:02',NULL),(3,'0003','Static Plans',1,'2025-08-03 19:10:02','2025-08-03 19:10:02',NULL);

--
-- Table structure for table `sessions`
--

CREATE TABLE `sessions` (
  `id` varchar(191) COLLATE utf8mb4_unicode_ci NOT NULL,
  `user_id` bigint unsigned DEFAULT NULL,
  `ip_address` varchar(45) COLLATE utf8mb4_unicode_ci DEFAULT NULL,
  `user_agent` text COLLATE utf8mb4_unicode_ci,
  `payload` longtext COLLATE utf8mb4_unicode_ci NOT NULL,
  `last_activity` int NOT NULL,
  PRIMARY KEY (`id`),
  KEY `sessions_user_id_index` (`user_id`),
  KEY `sessions_last_activity_index` (`last_activity`)
) ENGINE=InnoDB DEFAULT CHARSET=utf8mb4 COLLATE=utf8mb4_unicode_ci;

--
-- Dumping data for table `sessions`
--

INSERT INTO `sessions` VALUES ('BC0ESici4eMknxQOiYyur3ReGGKhzoIUgCTpuOuJ',NULL,'173.252.87.5','facebookexternalhit/1.1 (+http://www.facebook.com/externalhit_uatext.php)','YTozOntzOjY6Il90b2tlbiI7czo0MDoicGJ2Yk4zeExOaTZLQURJczE0aGJleWloMENkMXFKVExpWHFsZ1V3YSI7czo5OiJfcHJldmlvdXMiO2E6MTp7czozOiJ1cmwiO3M6Mjc6Imh0dHBzOi8vaGVyaXRhZ2Vncm91cC5jby5rZSI7fXM6NjoiX2ZsYXNoIjthOjI6e3M6Mzoib2xkIjthOjA6e31zOjM6Im5ldyI7YTowOnt9fX0=',1760693191),('CdZbYQcQ1eeKwkbwQXRRzAms2K0I8JOkPEsHzxQp',NULL,'196.249.102.70','Mozilla/5.0 (Windows NT 10.0; Win64; x64) AppleWebKit/537.36 (KHTML, like Gecko) Chrome/141.0.0.0 Safari/537.36','YTozOntzOjY6Il90b2tlbiI7czo0MDoiSnJueG5kUVRIaWM3eWlZV3VtaVZjV2dNcjQ4ck52RnlqU0R0bFFDVCI7czo5OiJfcHJldmlvdXMiO2E6MTp7czozOiJ1cmwiO3M6Mjc6Imh0dHBzOi8vaGVyaXRhZ2Vncm91cC5jby5rZSI7fXM6NjoiX2ZsYXNoIjthOjI6e3M6Mzoib2xkIjthOjA6e31zOjM6Im5ldyI7YTowOnt9fX0=',1760691335),('O7ogmSqogSvnoOenAGwqPVjK5lWt6wczrqSBsXZA',NULL,'180.102.134.69','Mozilla/5.0 (iPhone; CPU iPhone OS 13_2_3 like Mac OS X) AppleWebKit/605.1.15 (KHTML, like Gecko) Version/13.0.3 Mobile/15E148 Safari/604.1','YTozOntzOjY6Il90b2tlbiI7czo0MDoiRmY0U2I1RHhXVmpsSWJ4b25TN0V2WkFKb24wVDh2U1ViSTVpZjNDMiI7czo5OiJfcHJldmlvdXMiO2E6MTp7czozOiJ1cmwiO3M6MzA6Imh0dHA6Ly93d3cuaGVyaXRhZ2Vncm91cC5jby5rZSI7fXM6NjoiX2ZsYXNoIjthOjI6e3M6Mzoib2xkIjthOjA6e31zOjM6Im5ldyI7YTowOnt9fX0=',1760692313),('RRRrF8ZNA5lXVGKlPOPmdCDbkdy3dyOYSKClVHBt',NULL,'49.51.36.179','Mozilla/5.0 (iPhone; CPU iPhone OS 13_2_3 like Mac OS X) AppleWebKit/605.1.15 (KHTML, like Gecko) Version/13.0.3 Mobile/15E148 Safari/604.1','YTozOntzOjY6Il90b2tlbiI7czo0MDoiVG9Yc1lBa25oYktBMUZxUGl0aVdYaXpIcjhnRGlBYUc2Q3ZsSG13UyI7czo5OiJfcHJldmlvdXMiO2E6MTp7czozOiJ1cmwiO3M6MjY6Imh0dHA6Ly9oZXJpdGFnZWdyb3VwLmNvLmtlIjt9czo2OiJfZmxhc2giO2E6Mjp7czozOiJvbGQiO2E6MDp7fXM6MzoibmV3IjthOjA6e319fQ==',1760688947);

--
-- Table structure for table `sms_provider_requirements`
--

CREATE TABLE `sms_provider_requirements` (
  `id` bigint unsigned NOT NULL AUTO_INCREMENT,
  `sms_provider_id` bigint unsigned NOT NULL,
  `sms_requirement_id` bigint unsigned NOT NULL,
  `created_at` timestamp NULL DEFAULT NULL,
  `updated_at` timestamp NULL DEFAULT NULL,
  `deleted_at` timestamp NULL DEFAULT NULL,
  PRIMARY KEY (`id`),
  KEY `sms_provider_requirements_sms_provider_id_foreign` (`sms_provider_id`),
  KEY `sms_provider_requirements_sms_requirement_id_foreign` (`sms_requirement_id`),
  CONSTRAINT `sms_provider_requirements_sms_provider_id_foreign` FOREIGN KEY (`sms_provider_id`) REFERENCES `sms_providers` (`id`) ON DELETE CASCADE,
  CONSTRAINT `sms_provider_requirements_sms_requirement_id_foreign` FOREIGN KEY (`sms_requirement_id`) REFERENCES `sms_requirements` (`id`) ON DELETE CASCADE
) ENGINE=InnoDB AUTO_INCREMENT=9 DEFAULT CHARSET=utf8mb4 COLLATE=utf8mb4_unicode_ci;

--
-- Dumping data for table `sms_provider_requirements`
--

INSERT INTO `sms_provider_requirements` VALUES (1,1,1,'2025-08-03 19:10:04','2025-08-03 19:10:04',NULL),(2,1,3,'2025-08-03 19:10:04','2025-08-03 19:10:04',NULL),(3,1,4,'2025-08-03 19:10:04','2025-08-03 19:10:04',NULL),(4,2,1,'2025-08-03 19:10:04','2025-08-03 19:10:04',NULL),(5,2,5,'2025-08-03 19:10:04','2025-08-03 19:10:04',NULL),(6,2,2,'2025-08-03 19:10:04','2025-08-03 19:10:04',NULL),(7,4,1,'2025-08-03 19:10:04','2025-08-03 19:10:04',NULL),(8,4,2,'2025-08-03 19:10:04','2025-08-03 19:10:04',NULL);

--
-- Table structure for table `sms_providers`
--

CREATE TABLE `sms_providers` (
  `id` bigint unsigned NOT NULL AUTO_INCREMENT,
  `ref_no` varchar(191) COLLATE utf8mb4_unicode_ci NOT NULL,
  `name` varchar(191) COLLATE utf8mb4_unicode_ci NOT NULL,
  `status` int NOT NULL DEFAULT '1' COMMENT '0=inactive, 1=active',
  `created_at` timestamp NULL DEFAULT NULL,
  `updated_at` timestamp NULL DEFAULT NULL,
  `deleted_at` timestamp NULL DEFAULT NULL,
  PRIMARY KEY (`id`)
) ENGINE=InnoDB AUTO_INCREMENT=5 DEFAULT CHARSET=utf8mb4 COLLATE=utf8mb4_unicode_ci;

--
-- Dumping data for table `sms_providers`
--

INSERT INTO `sms_providers` VALUES (1,'1','Hostpinnacle',1,'2025-08-03 19:10:04','2025-08-03 19:10:04',NULL),(2,'2','Ujumbe SMS',1,'2025-08-03 19:10:04','2025-08-03 19:10:04',NULL),(3,'3','Africas Talking',1,'2025-08-03 19:10:04','2025-08-03 19:10:04',NULL),(4,'4','Talk Sasa',1,'2025-08-03 19:10:04','2025-08-03 19:10:04',NULL);

--
-- Table structure for table `sms_requirements`
--

CREATE TABLE `sms_requirements` (
  `id` bigint unsigned NOT NULL AUTO_INCREMENT,
  `name` varchar(191) COLLATE utf8mb4_unicode_ci NOT NULL,
  `input_field_name` varchar(191) COLLATE utf8mb4_unicode_ci NOT NULL,
  `created_at` timestamp NULL DEFAULT NULL,
  `updated_at` timestamp NULL DEFAULT NULL,
  `deleted_at` timestamp NULL DEFAULT NULL,
  PRIMARY KEY (`id`)
) ENGINE=InnoDB AUTO_INCREMENT=6 DEFAULT CHARSET=utf8mb4 COLLATE=utf8mb4_unicode_ci;

--
-- Dumping data for table `sms_requirements`
--

INSERT INTO `sms_requirements` VALUES (1,'Sender ID','sender_id','2025-08-03 19:10:04','2025-08-03 19:10:04',NULL),(2,'API Key','api_key','2025-08-03 19:10:04','2025-08-03 19:10:04',NULL),(3,'Sms User ID','sms_user_id','2025-08-03 19:10:04','2025-08-03 19:10:04',NULL),(4,'Password','password','2025-08-03 19:10:04','2025-08-03 19:10:04',NULL),(5,'Email','email','2025-08-03 19:10:04','2025-08-03 19:10:04',NULL);

--
-- Table structure for table `sms_template_types`
--

CREATE TABLE `sms_template_types` (
  `id` bigint unsigned NOT NULL AUTO_INCREMENT,
  `name` varchar(191) COLLATE utf8mb4_unicode_ci NOT NULL,
  `created_at` timestamp NULL DEFAULT NULL,
  `updated_at` timestamp NULL DEFAULT NULL,
  `deleted_at` timestamp NULL DEFAULT NULL,
  PRIMARY KEY (`id`)
) ENGINE=InnoDB AUTO_INCREMENT=13 DEFAULT CHARSET=utf8mb4 COLLATE=utf8mb4_unicode_ci;

--
-- Dumping data for table `sms_template_types`
--

INSERT INTO `sms_template_types` VALUES (1,'Upcoming plan/package expiry','2025-08-03 19:10:08','2025-08-03 19:10:08',NULL),(2,'Invoice notification','2025-08-03 19:10:08','2025-08-03 19:10:08',NULL),(3,'Payment confirmation','2025-08-03 19:10:08','2025-08-03 19:10:08',NULL),(4,'Payment reminder','2025-08-03 19:10:08','2025-08-03 19:10:08',NULL),(5,'Overdue payment warning','2025-08-03 19:10:08','2025-08-03 19:10:08',NULL),(6,'Service disconnection notice','2025-08-03 19:10:08','2025-08-03 19:10:08',NULL),(7,'Service restoration notification','2025-08-03 19:10:08','2025-08-03 19:10:08',NULL),(8,'New subscription confirmation','2025-08-03 19:10:08','2025-08-03 19:10:08',NULL),(9,'Plan upgrade or downgrade confirmation','2025-08-03 19:10:08','2025-08-03 19:10:08',NULL),(10,'Service maintenance notification','2025-08-03 19:10:08','2025-08-03 19:10:08',NULL),(11,'Service outage alert','2025-08-03 19:10:08','2025-08-03 19:10:08',NULL),(12,'Hotspot Plan Purchase','2025-08-03 19:10:08','2025-08-03 19:10:08',NULL);

--
-- Table structure for table `temporary_grouped_transactions`
--

CREATE TABLE `temporary_grouped_transactions` (
  `id` bigint unsigned NOT NULL AUTO_INCREMENT,
  `originator_conversation_id` varchar(191) COLLATE utf8mb4_unicode_ci NOT NULL,
  `grouped_transaction_id` int NOT NULL,
  `created_at` timestamp NULL DEFAULT NULL,
  `updated_at` timestamp NULL DEFAULT NULL,
  PRIMARY KEY (`id`)
) ENGINE=InnoDB DEFAULT CHARSET=utf8mb4 COLLATE=utf8mb4_unicode_ci;

--
-- Dumping data for table `temporary_grouped_transactions`
--


--
-- Table structure for table `temporary_transaction_checks`
--

CREATE TABLE `temporary_transaction_checks` (
  `id` bigint unsigned NOT NULL AUTO_INCREMENT,
  `company_service_plan_id` int DEFAULT NULL,
  `company_id` int DEFAULT NULL,
  `company_router_id` int DEFAULT NULL,
  `company_router_invoice_id` int DEFAULT NULL,
  `company_customer_id` int DEFAULT NULL,
  `mac_address` varchar(191) COLLATE utf8mb4_unicode_ci DEFAULT NULL,
  `checkout_id` varchar(191) COLLATE utf8mb4_unicode_ci NOT NULL,
  `amount` decimal(8,2) NOT NULL DEFAULT '0.00',
  `created_at` timestamp NULL DEFAULT NULL,
  `updated_at` timestamp NULL DEFAULT NULL,
  PRIMARY KEY (`id`)
) ENGINE=InnoDB AUTO_INCREMENT=3274 DEFAULT CHARSET=utf8mb4 COLLATE=utf8mb4_unicode_ci;

--
-- Dumping data for table `temporary_transaction_checks`
--

INSERT INTO `temporary_transaction_checks` VALUES (1,6,NULL,NULL,NULL,NULL,'F6:2F:D5:3F:00:CE','046507',210.00,'2025-08-06 04:40:29','2025-08-06 04:40:29'),(2,6,NULL,NULL,NULL,NULL,'E8:B1:FC:9B:E3:7B','998553',210.00,'2025-08-06 18:32:33','2025-08-06 18:32:33'),(3,6,NULL,NULL,NULL,NULL,'16:54:CC:BC:13:7C','070146',210.00,'2025-08-06 19:59:25','2025-08-06 19:59:25'),(5,8,NULL,NULL,NULL,NULL,'C2:BC:EF:F6:65:29','918352',500.00,'2025-08-07 14:29:21','2025-08-07 14:29:21'),(6,9,NULL,NULL,NULL,NULL,'D4:67:D3:E3:17:BD','608888',1000.00,'2025-08-07 17:08:13','2025-08-07 17:08:13'),(7,9,NULL,NULL,NULL,NULL,'D4:67:D3:E3:17:BD','163593',1000.00,'2025-08-07 18:00:59','2025-08-07 18:00:59'),(9,8,NULL,NULL,NULL,NULL,'5E:32:CC:C1:11:35','995680',500.00,'2025-08-08 08:09:49','2025-08-08 08:09:49'),(11,9,NULL,NULL,NULL,NULL,'86:65:3C:6B:E1:84','586454',1000.00,'2025-08-08 21:53:41','2025-08-08 21:53:41'),(15,6,NULL,NULL,NULL,NULL,'72:4C:D3:24:6F:37','684402',210.00,'2025-08-10 11:52:17','2025-08-10 11:52:17'),(18,9,NULL,NULL,NULL,NULL,'86:65:3C:6B:E1:84','880636',1000.00,'2025-08-11 19:00:03','2025-08-11 19:00:03'),(20,9,NULL,NULL,NULL,NULL,'BE:9E:B9:04:25:17','410059',1000.00,'2025-08-13 19:39:06','2025-08-13 19:39:06'),(21,9,NULL,NULL,NULL,NULL,'BE:9E:B9:04:25:17','013420',1000.00,'2025-08-13 19:40:12','2025-08-13 19:40:12'),(23,7,NULL,NULL,NULL,NULL,'3A:C9:5E:87:3C:AA','964274',300.00,'2025-08-15 12:27:45','2025-08-15 12:27:45'),(25,8,NULL,NULL,NULL,NULL,'72:82:9F:D3:BA:72','228543',500.00,'2025-08-17 06:30:45','2025-08-17 06:30:45'),(26,9,NULL,NULL,NULL,NULL,'72:82:9F:D3:BA:72','040733',1000.00,'2025-08-17 06:32:48','2025-08-17 06:32:48'),(27,9,NULL,NULL,NULL,NULL,'72:82:9F:D3:BA:72','373924',1000.00,'2025-08-17 06:41:33','2025-08-17 06:41:33'),(28,9,NULL,NULL,NULL,NULL,'EA:58:A4:7A:3F:40','505401',1000.00,'2025-08-17 15:42:00','2025-08-17 15:42:00'),(29,6,NULL,NULL,NULL,NULL,'22:7F:8F:03:CE:EB','740885',210.00,'2025-08-17 15:42:42','2025-08-17 15:42:42'),(30,9,NULL,NULL,NULL,NULL,'EA:58:A4:7A:3F:40','713354',1000.00,'2025-08-17 15:43:07','2025-08-17 15:43:07'),(31,9,NULL,NULL,NULL,NULL,'86:65:3C:6B:E1:84','706706',1000.00,'2025-08-17 21:15:14','2025-08-17 21:15:14'),(32,9,NULL,NULL,NULL,NULL,'86:65:3C:6B:E1:84','933255',1000.00,'2025-08-17 21:16:49','2025-08-17 21:16:49'),(33,9,NULL,NULL,NULL,NULL,'BA:71:D2:D8:D2:D0','092509',1000.00,'2025-08-18 21:56:30','2025-08-18 21:56:30'),(34,8,NULL,NULL,NULL,NULL,'30:FC:EB:7A:0C:90','201884',500.00,'2025-08-19 09:08:32','2025-08-19 09:08:32'),(35,8,NULL,NULL,NULL,NULL,'20:2B:20:82:46:81','186315',500.00,'2025-08-19 09:33:30','2025-08-19 09:33:30'),(36,9,NULL,NULL,NULL,NULL,'EA:58:A4:7A:3F:40','416356',1000.00,'2025-08-19 12:57:38','2025-08-19 12:57:38'),(37,6,NULL,NULL,NULL,NULL,'CE:27:A9:53:A7:97','978587',210.00,'2025-08-19 15:40:10','2025-08-19 15:40:10'),(38,9,NULL,NULL,NULL,NULL,'72:82:9F:D3:BA:72','422101',1000.00,'2025-08-19 17:08:18','2025-08-19 17:08:18'),(39,24,NULL,NULL,NULL,NULL,'5A:90:84:47:BA:75','406449',2500.00,'2025-08-19 17:36:19','2025-08-19 17:36:19'),(40,24,NULL,NULL,NULL,NULL,'62:06:D0:8C:47:36','631740',2500.00,'2025-08-19 17:44:11','2025-08-19 17:44:11'),(41,24,NULL,NULL,NULL,NULL,'62:06:D0:8C:47:36','151565',2500.00,'2025-08-19 17:47:47','2025-08-19 17:47:47'),(42,7,NULL,NULL,NULL,NULL,'FE:96:EF:57:F0:70','545418',300.00,'2025-08-19 17:53:30','2025-08-19 17:53:30'),(43,6,NULL,NULL,NULL,NULL,'CE:74:22:E0:34:EE','641494',210.00,'2025-08-19 17:57:06','2025-08-19 17:57:06'),(44,9,NULL,NULL,NULL,NULL,'F6:15:EE:D6:C1:32','400618',1000.00,'2025-08-19 18:41:59','2025-08-19 18:41:59'),(45,7,NULL,NULL,NULL,NULL,'FE:96:EF:57:F0:70','571353',300.00,'2025-08-19 18:46:25','2025-08-19 18:46:25'),(46,23,NULL,NULL,NULL,NULL,'BE:1F:0E:C7:2C:2E','566876',15000.00,'2025-08-19 19:33:28','2025-08-19 19:33:28'),(47,23,NULL,NULL,NULL,NULL,'BE:1F:0E:C7:2C:2E','135696',15000.00,'2025-08-19 19:35:14','2025-08-19 19:35:14'),(48,23,NULL,NULL,NULL,NULL,'BE:1F:0E:C7:2C:2E','580077',15000.00,'2025-08-19 19:37:53','2025-08-19 19:37:53'),(49,9,NULL,NULL,NULL,NULL,'E6:12:A3:41:F4:AD','583196',1000.00,'2025-08-19 20:09:08','2025-08-19 20:09:08'),(50,9,NULL,NULL,NULL,NULL,'E6:12:A3:41:F4:AD','665552',1000.00,'2025-08-19 20:15:22','2025-08-19 20:15:22'),(51,6,NULL,NULL,NULL,NULL,'5A:18:AE:46:F0:9A','606383',210.00,'2025-08-19 20:31:12','2025-08-19 20:31:12'),(52,9,NULL,NULL,NULL,NULL,'E6:12:A3:41:F4:AD','951620',1000.00,'2025-08-19 20:40:37','2025-08-19 20:40:37'),(53,6,NULL,NULL,NULL,NULL,'7E:A5:C8:0E:3C:6A','666402',210.00,'2025-08-20 05:38:33','2025-08-20 05:38:33'),(54,8,NULL,NULL,NULL,NULL,'14:9F:3C:6B:96:77','798382',500.00,'2025-08-20 10:00:48','2025-08-20 10:00:48'),(55,9,NULL,NULL,NULL,NULL,'86:62:B2:00:7B:AC','340967',1000.00,'2025-08-20 12:57:26','2025-08-20 12:57:26'),(56,9,NULL,NULL,NULL,NULL,'86:62:B2:00:7B:AC','802864',1000.00,'2025-08-20 12:58:38','2025-08-20 12:58:38'),(57,8,NULL,NULL,NULL,NULL,'86:62:B2:00:7B:AC','092136',500.00,'2025-08-20 12:59:40','2025-08-20 12:59:40'),(58,9,NULL,NULL,NULL,NULL,'86:62:B2:00:7B:AC','000439',1000.00,'2025-08-20 13:00:47','2025-08-20 13:00:47'),(59,9,NULL,NULL,NULL,NULL,'86:62:B2:00:7B:AC','796661',1000.00,'2025-08-20 13:02:24','2025-08-20 13:02:24'),(60,8,NULL,NULL,NULL,NULL,'86:62:B2:00:7B:AC','817977',500.00,'2025-08-20 13:09:17','2025-08-20 13:09:17'),(61,8,NULL,NULL,NULL,NULL,'F2:50:95:0B:4B:27','172820',500.00,'2025-08-20 13:09:33','2025-08-20 13:09:33'),(62,8,NULL,NULL,NULL,NULL,'86:62:B2:00:7B:AC','346349',500.00,'2025-08-20 13:11:22','2025-08-20 13:11:22'),(63,8,NULL,NULL,NULL,NULL,'86:62:B2:00:7B:AC','174631',500.00,'2025-08-20 13:27:28','2025-08-20 13:27:28'),(64,9,NULL,NULL,NULL,NULL,'86:62:B2:00:7B:AC','758317',1000.00,'2025-08-20 13:30:07','2025-08-20 13:30:07'),(65,9,NULL,NULL,NULL,NULL,'0A:00:F5:20:D1:35','995988',1000.00,'2025-08-20 18:05:52','2025-08-20 18:05:52'),(66,9,NULL,NULL,NULL,NULL,'0A:00:F5:20:D1:35','658164',1000.00,'2025-08-20 18:10:03','2025-08-20 18:10:03'),(67,8,NULL,NULL,NULL,NULL,'5A:22:D6:25:36:E9','072790',500.00,'2025-08-20 18:25:35','2025-08-20 18:25:35'),(68,7,NULL,NULL,NULL,NULL,'CC:C0:79:8D:5E:35','198983',300.00,'2025-08-20 18:59:07','2025-08-20 18:59:07'),(69,9,NULL,NULL,NULL,NULL,'30:FC:EB:7A:0C:90','693194',1000.00,'2025-08-20 19:15:34','2025-08-20 19:15:34'),(70,9,NULL,NULL,NULL,NULL,'12:9B:F6:38:BA:E8','633183',1000.00,'2025-08-20 19:42:05','2025-08-20 19:42:05'),(71,9,NULL,NULL,NULL,NULL,'52:F8:FB:F8:E8:C6','478091',1000.00,'2025-08-20 19:46:17','2025-08-20 19:46:17'),(72,9,NULL,NULL,NULL,NULL,'12:9B:F6:38:BA:E8','801707',1000.00,'2025-08-20 19:51:26','2025-08-20 19:51:26'),(73,8,NULL,NULL,NULL,NULL,'CC:C0:79:8D:5E:35','516750',500.00,'2025-08-20 19:57:34','2025-08-20 19:57:34'),(74,7,NULL,NULL,NULL,NULL,'CC:C0:79:8D:5E:35','267320',300.00,'2025-08-20 20:00:12','2025-08-20 20:00:12'),(75,6,NULL,NULL,NULL,NULL,'1A:A9:97:24:0B:BF','994514',210.00,'2025-08-20 20:37:40','2025-08-20 20:37:40'),(76,6,NULL,NULL,NULL,NULL,'CA:CD:25:B3:8E:2B','069648',210.00,'2025-08-20 20:38:38','2025-08-20 20:38:38'),(77,9,NULL,NULL,NULL,NULL,'BE:FD:23:A1:58:ED','202311',1000.00,'2025-08-21 06:29:51','2025-08-21 06:29:51'),(78,8,NULL,NULL,NULL,NULL,'14:9F:3C:6B:96:77','030361',500.00,'2025-08-21 08:21:59','2025-08-21 08:21:59'),(79,8,NULL,NULL,NULL,NULL,'14:9F:3C:6B:96:77','243147',500.00,'2025-08-21 08:23:42','2025-08-21 08:23:42'),(80,8,NULL,NULL,NULL,NULL,'14:9F:3C:6B:96:77','163183',500.00,'2025-08-21 08:28:42','2025-08-21 08:28:42'),(81,7,NULL,NULL,NULL,NULL,'14:9F:3C:6B:96:77','932383',300.00,'2025-08-21 08:29:47','2025-08-21 08:29:47'),(82,8,NULL,NULL,NULL,NULL,'F2:14:5F:EE:3E:9B','472785',500.00,'2025-08-21 08:49:16','2025-08-21 08:49:16'),(83,8,NULL,NULL,NULL,NULL,'5A:22:D6:25:36:E9','098143',500.00,'2025-08-21 14:46:55','2025-08-21 14:46:55'),(84,8,NULL,NULL,NULL,NULL,'5A:22:D6:25:36:E9','551030',500.00,'2025-08-21 14:55:58','2025-08-21 14:55:58'),(85,8,NULL,NULL,NULL,NULL,'D4:67:D3:E3:17:BD','837890',500.00,'2025-08-21 16:13:23','2025-08-21 16:13:23'),(86,9,NULL,NULL,NULL,NULL,'D4:67:D3:E3:17:BD','866912',1000.00,'2025-08-21 16:16:11','2025-08-21 16:16:11'),(87,6,NULL,NULL,NULL,NULL,'7E:A5:C8:0E:3C:6A','219563',210.00,'2025-08-21 16:46:49','2025-08-21 16:46:49'),(88,8,NULL,NULL,NULL,NULL,'5A:22:D6:25:36:E9','758165',500.00,'2025-08-21 16:48:13','2025-08-21 16:48:13'),(89,8,NULL,NULL,NULL,NULL,'B2:24:D4:B2:3D:2D','359336',500.00,'2025-08-21 16:57:02','2025-08-21 16:57:02'),(90,8,NULL,NULL,NULL,NULL,'7E:A5:C8:0E:3C:6A','378712',500.00,'2025-08-21 16:58:13','2025-08-21 16:58:13'),(91,8,NULL,NULL,NULL,NULL,'7E:A5:C8:0E:3C:6A','410917',500.00,'2025-08-21 16:59:08','2025-08-21 16:59:08'),(92,8,NULL,NULL,NULL,NULL,'B2:24:D4:B2:3D:2D','187762',500.00,'2025-08-21 16:59:53','2025-08-21 16:59:53'),(93,26,NULL,NULL,NULL,NULL,'7E:A5:C8:0E:3C:6A','653469',7000.00,'2025-08-21 17:01:26','2025-08-21 17:01:26'),(94,8,NULL,NULL,NULL,NULL,'B2:24:D4:B2:3D:2D','982679',500.00,'2025-08-21 17:01:31','2025-08-21 17:01:31'),(95,8,NULL,NULL,NULL,NULL,'B2:24:D4:B2:3D:2D','513114',500.00,'2025-08-21 17:04:43','2025-08-21 17:04:43'),(96,8,NULL,NULL,NULL,NULL,'62:98:4F:47:C4:C9','015445',500.00,'2025-08-21 17:24:37','2025-08-21 17:24:37'),(97,8,NULL,NULL,NULL,NULL,'62:98:4F:47:C4:C9','434649',500.00,'2025-08-21 17:28:05','2025-08-21 17:28:05'),(98,8,NULL,NULL,NULL,NULL,'62:98:4F:47:C4:C9','465660',500.00,'2025-08-21 17:30:46','2025-08-21 17:30:46'),(99,8,NULL,NULL,NULL,NULL,'62:98:4F:47:C4:C9','429603',500.00,'2025-08-21 17:34:31','2025-08-21 17:34:31'),(100,8,NULL,NULL,NULL,NULL,'BE:B0:28:C2:D3:11','124047',500.00,'2025-08-21 17:40:48','2025-08-21 17:40:48'),(101,6,NULL,NULL,NULL,NULL,'06:9C:BA:9D:B1:E8','237769',210.00,'2025-08-21 18:03:42','2025-08-21 18:03:42'),(102,8,NULL,NULL,NULL,NULL,'CC:C0:79:8D:5E:35','949862',500.00,'2025-08-21 18:54:25','2025-08-21 18:54:25'),(103,26,NULL,NULL,NULL,NULL,'30:FC:EB:7A:0C:90','162886',7000.00,'2025-08-21 19:27:52','2025-08-21 19:27:52'),(104,8,NULL,NULL,NULL,NULL,'D6:12:9E:9D:91:0E','746427',500.00,'2025-08-21 19:37:38','2025-08-21 19:37:38'),(105,8,NULL,NULL,NULL,NULL,'14:9F:3C:6B:96:77','128942',500.00,'2025-08-21 19:49:23','2025-08-21 19:49:23'),(106,9,NULL,NULL,NULL,NULL,'0A:00:F5:20:D1:35','230315',1000.00,'2025-08-21 20:22:01','2025-08-21 20:22:01'),(107,8,NULL,NULL,NULL,NULL,'A2:E1:BA:8D:59:00','363486',500.00,'2025-08-22 06:45:38','2025-08-22 06:45:38'),(108,7,NULL,NULL,NULL,NULL,'5A:22:D6:25:36:E9','500624',300.00,'2025-08-22 07:24:39','2025-08-22 07:24:39'),(109,8,NULL,NULL,NULL,NULL,'14:9F:3C:6B:96:77','414063',500.00,'2025-08-22 10:13:26','2025-08-22 10:13:26'),(110,6,NULL,NULL,NULL,NULL,'7E:A5:C8:0E:3C:6A','973417',210.00,'2025-08-22 17:18:26','2025-08-22 17:18:26'),(111,9,NULL,NULL,NULL,NULL,'FE:96:EF:57:F0:70','564350',1000.00,'2025-08-22 17:26:11','2025-08-22 17:26:11'),(112,8,NULL,NULL,NULL,NULL,'5A:22:D6:25:36:E9','091414',500.00,'2025-08-22 18:59:54','2025-08-22 18:59:54'),(113,8,NULL,NULL,NULL,NULL,'F2:65:ED:BF:19:CD','246425',500.00,'2025-08-22 20:55:57','2025-08-22 20:55:57'),(114,8,NULL,NULL,NULL,NULL,'CC:C0:79:8D:5E:35','369937',500.00,'2025-08-22 21:30:02','2025-08-22 21:30:02'),(115,9,NULL,NULL,NULL,NULL,'0A:00:F5:20:D1:35','327234',1000.00,'2025-08-22 22:41:17','2025-08-22 22:41:17'),(116,7,NULL,NULL,NULL,NULL,'0A:00:F5:20:D1:35','836406',300.00,'2025-08-22 22:46:31','2025-08-22 22:46:31'),(117,6,NULL,NULL,NULL,NULL,'60:70:72:60:6A:C2','388319',210.00,'2025-08-22 23:20:13','2025-08-22 23:20:13'),(118,9,NULL,NULL,NULL,NULL,'4E:ED:DD:40:F3:A1','996468',1000.00,'2025-08-23 09:25:46','2025-08-23 09:25:46'),(119,24,NULL,NULL,NULL,NULL,'0A:00:F5:20:D1:35','540841',2500.00,'2025-08-23 12:30:39','2025-08-23 12:30:39'),(120,24,NULL,NULL,NULL,NULL,'0A:00:F5:20:D1:35','885814',2500.00,'2025-08-23 12:31:33','2025-08-23 12:31:33'),(121,24,NULL,NULL,NULL,NULL,'0A:00:F5:20:D1:35','282302',2500.00,'2025-08-23 12:31:36','2025-08-23 12:31:36'),(122,24,NULL,NULL,NULL,NULL,'0A:00:F5:20:D1:35','259503',2500.00,'2025-08-23 12:31:43','2025-08-23 12:31:43'),(123,24,NULL,NULL,NULL,NULL,'0A:00:F5:20:D1:35','522009',2500.00,'2025-08-23 12:32:26','2025-08-23 12:32:26'),(124,24,NULL,NULL,NULL,NULL,'0A:00:F5:20:D1:35','767316',2500.00,'2025-08-23 12:32:29','2025-08-23 12:32:29'),(125,24,NULL,NULL,NULL,NULL,'0A:00:F5:20:D1:35','556775',2500.00,'2025-08-23 12:32:33','2025-08-23 12:32:33'),(126,24,NULL,NULL,NULL,NULL,'0A:00:F5:20:D1:35','500414',2500.00,'2025-08-23 12:34:33','2025-08-23 12:34:33'),(127,24,NULL,NULL,NULL,NULL,'0A:00:F5:20:D1:35','109184',2500.00,'2025-08-23 12:34:36','2025-08-23 12:34:36'),(128,24,NULL,NULL,NULL,NULL,'0A:00:F5:20:D1:35','526822',2500.00,'2025-08-23 12:34:39','2025-08-23 12:34:39'),(129,9,NULL,NULL,NULL,NULL,'0A:00:F5:20:D1:35','842173',1000.00,'2025-08-23 12:35:16','2025-08-23 12:35:16'),(130,6,NULL,NULL,NULL,NULL,'D0:2A:AA:90:40:ED','280551',210.00,'2025-08-23 14:26:13','2025-08-23 14:26:13'),(131,6,NULL,NULL,NULL,NULL,'7E:A5:C8:0E:3C:6A','718557',210.00,'2025-08-23 16:39:08','2025-08-23 16:39:08'),(132,8,NULL,NULL,NULL,NULL,'F2:65:ED:BF:19:CD','924733',500.00,'2025-08-23 20:59:29','2025-08-23 20:59:29'),(133,7,NULL,NULL,NULL,NULL,'1E:1B:E0:50:5B:19','224566',300.00,'2025-08-24 04:03:34','2025-08-24 04:03:34'),(134,6,NULL,NULL,NULL,NULL,'1E:1B:E0:50:5B:19','594460',210.00,'2025-08-24 04:04:34','2025-08-24 04:04:34'),(135,6,NULL,NULL,NULL,NULL,'90:56:FC:DF:4A:E3','596434',210.00,'2025-08-24 07:15:26','2025-08-24 07:15:26'),(136,8,NULL,NULL,NULL,NULL,'5E:AB:0F:45:E5:21','577406',500.00,'2025-08-24 07:53:21','2025-08-24 07:53:21'),(137,8,NULL,NULL,NULL,NULL,'3E:A5:2D:34:21:C5','680604',500.00,'2025-08-24 08:24:03','2025-08-24 08:24:03'),(138,9,NULL,NULL,NULL,NULL,'16:E1:96:3C:2C:14','793156',1000.00,'2025-08-24 09:04:02','2025-08-24 09:04:02'),(139,7,NULL,NULL,NULL,NULL,'A6:85:AC:A3:94:CF','492517',300.00,'2025-08-24 09:27:55','2025-08-24 09:27:55'),(140,6,NULL,NULL,NULL,NULL,'A6:85:AC:A3:94:CF','402396',210.00,'2025-08-24 09:29:38','2025-08-24 09:29:38'),(141,9,NULL,NULL,NULL,NULL,'0E:C6:C3:E7:72:DB','156062',1000.00,'2025-08-24 13:11:18','2025-08-24 13:11:18'),(142,6,NULL,NULL,NULL,NULL,'2A:D7:59:12:C1:90','831234',210.00,'2025-08-24 15:34:15','2025-08-24 15:34:15'),(143,9,NULL,NULL,NULL,NULL,'5A:18:AE:46:F0:9A','580563',1000.00,'2025-08-24 17:57:20','2025-08-24 17:57:20'),(144,7,NULL,NULL,NULL,NULL,'F0:C7:45:88:DC:5D','691296',300.00,'2025-08-24 18:38:57','2025-08-24 18:38:57'),(145,7,NULL,NULL,NULL,NULL,'FC:AA:B6:3B:A0:48','301904',300.00,'2025-08-24 21:25:34','2025-08-24 21:25:34'),(146,7,NULL,NULL,NULL,NULL,'0A:00:F5:20:D1:35','274492',300.00,'2025-08-24 22:33:56','2025-08-24 22:33:56'),(147,8,NULL,NULL,NULL,NULL,'F2:65:ED:BF:19:CD','093513',500.00,'2025-08-24 22:36:13','2025-08-24 22:36:13'),(148,9,NULL,NULL,NULL,NULL,'66:BB:53:AB:22:4E','790430',1000.00,'2025-08-25 17:17:13','2025-08-25 17:17:13'),(149,8,NULL,NULL,NULL,NULL,'66:BB:53:AB:22:4E','639650',500.00,'2025-08-25 17:19:35','2025-08-25 17:19:35'),(150,8,NULL,NULL,NULL,NULL,'0E:06:50:49:08:C6','832104',500.00,'2025-08-25 17:19:43','2025-08-25 17:19:43'),(151,8,NULL,NULL,NULL,NULL,'0E:32:DD:A2:B3:84','629536',500.00,'2025-08-25 17:21:15','2025-08-25 17:21:15'),(152,9,NULL,NULL,NULL,NULL,'0E:32:DD:A2:B3:84','198458',1000.00,'2025-08-25 17:22:06','2025-08-25 17:22:06'),(153,9,NULL,NULL,NULL,NULL,'42:B6:CB:A6:FE:13','232501',1000.00,'2025-08-25 17:32:11','2025-08-25 17:32:11'),(154,8,NULL,NULL,NULL,NULL,'14:9F:3C:6B:96:77','364169',500.00,'2025-08-25 18:07:50','2025-08-25 18:07:50'),(155,8,NULL,NULL,NULL,NULL,'3E:A5:2D:34:21:C5','164429',500.00,'2025-08-25 18:27:58','2025-08-25 18:27:58'),(156,6,NULL,NULL,NULL,NULL,'0E:06:50:49:08:C6','337251',210.00,'2025-08-25 19:11:22','2025-08-25 19:11:22'),(157,9,NULL,NULL,NULL,NULL,'0E:06:50:49:08:C6','265677',1000.00,'2025-08-25 19:13:42','2025-08-25 19:13:42'),(158,6,NULL,NULL,NULL,NULL,'0E:06:50:49:08:C6','684657',210.00,'2025-08-25 19:14:42','2025-08-25 19:14:42'),(159,9,NULL,NULL,NULL,NULL,'0E:06:50:49:08:C6','950655',1000.00,'2025-08-25 19:15:38','2025-08-25 19:15:38'),(160,8,NULL,NULL,NULL,NULL,'FC:AA:B6:3B:A0:48','063636',500.00,'2025-08-25 20:53:38','2025-08-25 20:53:38'),(161,8,NULL,NULL,NULL,NULL,'F2:65:ED:BF:19:CD','678837',500.00,'2025-08-25 20:55:53','2025-08-25 20:55:53'),(162,8,NULL,NULL,NULL,NULL,'FC:AA:B6:3B:A0:48','485614',500.00,'2025-08-25 20:58:38','2025-08-25 20:58:38'),(163,8,NULL,NULL,NULL,NULL,'42:B6:CB:A6:FE:13','247889',500.00,'2025-08-26 12:03:24','2025-08-26 12:03:24'),(164,8,NULL,NULL,NULL,NULL,'5A:22:D6:25:36:E9','281061',500.00,'2025-08-26 14:50:55','2025-08-26 14:50:55'),(165,27,NULL,NULL,NULL,NULL,'82:B2:02:1D:E5:B8','212741',500.00,'2025-08-26 17:50:22','2025-08-26 17:50:22'),(166,27,NULL,NULL,NULL,NULL,'82:B2:02:1D:E5:B8','594517',500.00,'2025-08-26 17:51:22','2025-08-26 17:51:22'),(167,27,NULL,NULL,NULL,NULL,'82:B2:02:1D:E5:B8','943673',500.00,'2025-08-26 17:51:29','2025-08-26 17:51:29'),(168,27,NULL,NULL,NULL,NULL,'82:B2:02:1D:E5:B8','718710',500.00,'2025-08-26 17:51:34','2025-08-26 17:51:34'),(169,27,NULL,NULL,NULL,NULL,'82:B2:02:1D:E5:B8','717515',500.00,'2025-08-26 17:52:25','2025-08-26 17:52:25'),(170,36,NULL,NULL,NULL,NULL,'50:9A:4C:26:30:57','450158',8000.00,'2025-08-26 18:59:08','2025-08-26 18:59:08'),(171,8,NULL,NULL,NULL,NULL,'3E:A5:2D:34:21:C5','991841',500.00,'2025-08-26 19:10:11','2025-08-26 19:10:11'),(172,9,NULL,NULL,NULL,NULL,'42:BE:94:8E:99:FF','476738',1000.00,'2025-08-26 19:38:25','2025-08-26 19:38:25'),(173,38,NULL,NULL,NULL,NULL,'22:63:D2:CA:34:F3','398601',500.00,'2025-08-26 19:52:38','2025-08-26 19:52:38'),(174,39,NULL,NULL,NULL,NULL,'22:63:D2:CA:34:F3','630708',1000.00,'2025-08-26 19:54:02','2025-08-26 19:54:02'),(175,40,NULL,NULL,NULL,NULL,'22:63:D2:CA:34:F3','218373',5000.00,'2025-08-26 20:01:25','2025-08-26 20:01:25'),(176,38,NULL,NULL,NULL,NULL,'22:63:D2:CA:34:F3','396310',500.00,'2025-08-26 20:02:43','2025-08-26 20:02:43'),(177,38,NULL,NULL,NULL,NULL,'E2:23:F3:B5:17:BF','785888',500.00,'2025-08-26 20:04:39','2025-08-26 20:04:39'),(178,38,NULL,NULL,NULL,NULL,'82:B2:02:1D:E5:B8','790684',500.00,'2025-08-26 20:15:18','2025-08-26 20:15:18'),(179,40,NULL,NULL,NULL,NULL,'82:B2:02:1D:E5:B8','594457',5000.00,'2025-08-26 20:17:11','2025-08-26 20:17:11'),(180,8,NULL,NULL,NULL,NULL,'02:C0:AF:A7:33:40','191090',500.00,'2025-08-26 20:35:06','2025-08-26 20:35:06'),(181,8,NULL,NULL,NULL,NULL,'02:C0:AF:A7:33:40','484323',500.00,'2025-08-26 20:36:54','2025-08-26 20:36:54'),(182,8,NULL,NULL,NULL,NULL,'F2:65:ED:BF:19:CD','651226',500.00,'2025-08-26 20:44:17','2025-08-26 20:44:17'),(183,39,NULL,NULL,NULL,NULL,'82:B2:02:1D:E5:B8','983728',1000.00,'2025-08-26 20:49:45','2025-08-26 20:49:45'),(184,7,NULL,NULL,NULL,NULL,'F2:94:94:28:61:0A','537486',300.00,'2025-08-26 21:16:51','2025-08-26 21:16:51'),(185,6,NULL,NULL,NULL,NULL,'DE:C9:D5:36:F6:CE','044294',210.00,'2025-08-26 21:32:38','2025-08-26 21:32:38'),(186,26,NULL,NULL,NULL,NULL,'D6:23:01:B5:97:58','934000',7000.00,'2025-08-26 21:32:39','2025-08-26 21:32:39'),(187,8,NULL,NULL,NULL,NULL,'14:9F:3C:6B:96:77','967878',500.00,'2025-08-27 07:57:16','2025-08-27 07:57:16'),(188,8,NULL,NULL,NULL,NULL,'14:9F:3C:6B:96:77','258284',500.00,'2025-08-27 08:00:02','2025-08-27 08:00:02'),(189,7,NULL,NULL,NULL,NULL,'14:9F:3C:6B:96:77','996326',300.00,'2025-08-27 08:02:28','2025-08-27 08:02:28'),(190,38,NULL,NULL,NULL,NULL,'82:B2:02:1D:E5:B8','768142',500.00,'2025-08-27 08:55:25','2025-08-27 08:55:25'),(191,39,NULL,NULL,NULL,NULL,'22:63:D2:CA:34:F3','372001',1000.00,'2025-08-27 09:01:28','2025-08-27 09:01:28'),(192,40,NULL,NULL,NULL,NULL,'A2:84:7A:6A:65:C0','438871',5000.00,'2025-08-27 10:41:18','2025-08-27 10:41:18'),(193,39,NULL,NULL,NULL,NULL,'C2:14:39:F6:BE:64','051418',1000.00,'2025-08-27 10:41:41','2025-08-27 10:41:41'),(194,39,NULL,NULL,NULL,NULL,'A2:ED:93:63:1B:07','501012',1000.00,'2025-08-27 10:46:00','2025-08-27 10:46:00'),(195,39,NULL,NULL,NULL,NULL,'C2:14:39:F6:BE:64','068047',1000.00,'2025-08-27 10:47:31','2025-08-27 10:47:31'),(196,38,NULL,NULL,NULL,NULL,'C6:50:3F:D4:A6:76','252716',500.00,'2025-08-27 10:58:28','2025-08-27 10:58:28'),(197,39,NULL,NULL,NULL,NULL,'BA:FE:60:FB:62:6D','609856',1000.00,'2025-08-27 11:08:04','2025-08-27 11:08:04'),(198,38,NULL,NULL,NULL,NULL,'D4:38:9C:39:B2:30','726118',500.00,'2025-08-27 11:08:43','2025-08-27 11:08:43'),(199,38,NULL,NULL,NULL,NULL,'D4:38:9C:39:B2:30','788469',500.00,'2025-08-27 13:04:39','2025-08-27 13:04:39'),(200,38,NULL,NULL,NULL,NULL,'D4:38:9C:39:B2:30','097698',500.00,'2025-08-27 13:06:26','2025-08-27 13:06:26'),(201,38,NULL,NULL,NULL,NULL,'D4:38:9C:39:B2:30','552328',500.00,'2025-08-27 13:08:44','2025-08-27 13:08:44'),(202,38,NULL,NULL,NULL,NULL,'D4:38:9C:39:B2:30','971790',500.00,'2025-08-27 13:10:48','2025-08-27 13:10:48'),(203,38,NULL,NULL,NULL,NULL,'6E:1C:29:B1:62:47','957989',500.00,'2025-08-27 13:48:08','2025-08-27 13:48:08'),(204,6,NULL,NULL,NULL,NULL,'42:B6:CB:A6:FE:13','258068',210.00,'2025-08-27 14:39:12','2025-08-27 14:39:12'),(205,39,NULL,NULL,NULL,NULL,'A2:BA:54:80:E6:F0','523587',1000.00,'2025-08-27 17:07:33','2025-08-27 17:07:33'),(206,8,NULL,NULL,NULL,NULL,'5A:22:D6:25:36:E9','341224',500.00,'2025-08-27 17:34:36','2025-08-27 17:34:36'),(207,38,NULL,NULL,NULL,NULL,'D2:98:B5:52:54:DF','608258',500.00,'2025-08-27 17:46:05','2025-08-27 17:46:05'),(208,7,NULL,NULL,NULL,NULL,'22:6A:1A:31:4A:46','621893',300.00,'2025-08-27 17:53:42','2025-09-12 14:59:39'),(209,8,NULL,NULL,NULL,NULL,'CE:42:78:C4:E6:C9','802912',500.00,'2025-08-27 20:00:50','2025-08-27 20:00:50'),(210,8,NULL,NULL,NULL,NULL,'D6:12:9E:9D:91:0E','329466',500.00,'2025-08-27 20:03:22','2025-08-27 20:03:22'),(211,8,NULL,NULL,NULL,NULL,'D6:12:9E:9D:91:0E','050355',500.00,'2025-08-27 20:04:46','2025-08-27 20:04:46'),(212,8,NULL,NULL,NULL,NULL,'D6:12:9E:9D:91:0E','142624',500.00,'2025-08-27 20:08:09','2025-08-27 20:08:09'),(213,8,NULL,NULL,NULL,NULL,'02:C0:AF:A7:33:40','832478',500.00,'2025-08-27 20:32:32','2025-08-27 20:32:32'),(214,8,NULL,NULL,NULL,NULL,'3E:A5:2D:34:21:C5','988660',500.00,'2025-08-27 20:40:17','2025-08-27 20:40:17'),(215,9,NULL,NULL,NULL,NULL,'86:65:3C:6B:E1:84','800593',1000.00,'2025-08-27 23:25:10','2025-08-27 23:25:10'),(216,39,NULL,NULL,NULL,NULL,'A2:ED:93:63:1B:07','350839',1000.00,'2025-08-28 10:55:46','2025-08-28 10:55:46'),(217,8,NULL,NULL,NULL,NULL,'14:9F:3C:6B:96:77','711204',500.00,'2025-08-28 11:46:45','2025-08-28 11:46:45'),(222,9,NULL,NULL,NULL,NULL,'76:B4:55:80:75:CE','392335',1000.00,'2025-08-28 19:02:30','2025-08-28 19:02:30'),(226,8,NULL,NULL,NULL,NULL,'BE:B3:CB:9E:09:DC','642413',500.00,'2025-08-28 21:02:07','2025-08-28 21:02:07'),(231,9,NULL,NULL,NULL,NULL,'8E:CC:F9:80:BC:C7','799672',1000.00,'2025-08-29 07:09:48','2025-08-29 07:09:48'),(232,9,NULL,NULL,NULL,NULL,'8E:CC:F9:80:BC:C7','748127',1000.00,'2025-08-29 07:11:40','2025-08-29 07:11:40'),(233,39,NULL,NULL,NULL,NULL,'FE:0C:B3:5D:CE:B7','726438',1000.00,'2025-08-29 09:05:12','2025-08-29 09:05:12'),(235,38,NULL,NULL,NULL,NULL,'7A:39:BF:E7:E7:A8','724174',500.00,'2025-08-29 11:17:28','2025-08-29 11:17:28'),(237,8,NULL,NULL,NULL,NULL,'0E:32:DD:A2:B3:84','575913',500.00,'2025-08-29 12:22:42','2025-08-29 12:22:42'),(238,8,NULL,NULL,NULL,NULL,'0E:32:DD:A2:B3:84','037484',500.00,'2025-08-29 12:24:40','2025-08-29 12:24:40'),(239,8,NULL,NULL,NULL,NULL,'66:BB:53:AB:22:4E','354623',500.00,'2025-08-29 12:25:55','2025-08-29 12:25:55'),(240,8,NULL,NULL,NULL,NULL,'66:BB:53:AB:22:4E','818936',500.00,'2025-08-29 12:28:48','2025-08-29 12:28:48'),(241,6,NULL,NULL,NULL,NULL,'66:BB:53:AB:22:4E','620560',210.00,'2025-08-29 12:31:56','2025-08-29 12:31:56'),(243,9,NULL,NULL,NULL,NULL,'BE:B3:CB:9E:09:DC','786167',1000.00,'2025-08-29 12:38:47','2025-08-29 12:38:47'),(244,8,NULL,NULL,NULL,NULL,'DA:CB:3F:CA:8C:AE','244858',500.00,'2025-08-29 12:42:11','2025-08-29 12:42:11'),(245,8,NULL,NULL,NULL,NULL,'BE:B3:CB:9E:09:DC','531972',500.00,'2025-08-29 12:43:25','2025-08-29 12:43:25'),(248,6,NULL,NULL,NULL,NULL,'D2:04:68:63:50:42','938987',210.00,'2025-08-29 13:28:10','2025-08-29 13:28:10'),(250,8,NULL,NULL,NULL,NULL,'32:01:77:6B:D5:45','261180',500.00,'2025-08-29 14:21:17','2025-08-29 14:21:17'),(256,8,NULL,NULL,NULL,NULL,'42:B6:CB:A6:FE:13','575609',500.00,'2025-08-29 19:33:40','2025-08-29 19:33:40'),(258,7,NULL,NULL,NULL,NULL,'C6:C2:9D:CB:45:91','494153',300.00,'2025-08-29 20:30:42','2025-08-29 20:30:42'),(260,8,NULL,NULL,NULL,NULL,'02:C0:AF:A7:33:40','992403',500.00,'2025-08-29 21:14:04','2025-08-29 21:14:04'),(261,8,NULL,NULL,NULL,NULL,'02:C0:AF:A7:33:40','714852',500.00,'2025-08-29 21:14:47','2025-08-29 21:14:47'),(263,6,NULL,NULL,NULL,NULL,'32:01:77:6B:D5:45','147710',210.00,'2025-08-30 06:04:37','2025-08-30 06:04:37'),(264,6,NULL,NULL,NULL,NULL,'52:79:1D:E2:BB:02','340214',210.00,'2025-08-30 06:07:53','2025-08-30 06:07:53'),(268,8,NULL,NULL,NULL,NULL,'BE:B3:CB:9E:09:DC','525118',500.00,'2025-08-30 09:02:00','2025-08-30 09:02:00'),(271,9,NULL,NULL,NULL,NULL,'F6:15:EE:D6:C1:32','420328',1000.00,'2025-08-30 09:49:11','2025-08-30 09:49:11'),(274,9,NULL,NULL,NULL,NULL,'E2:CA:F4:73:20:C8','853181',1000.00,'2025-08-30 16:23:39','2025-08-30 16:23:39'),(279,8,NULL,NULL,NULL,NULL,'C6:C2:9D:CB:45:91','834756',500.00,'2025-08-31 05:20:09','2025-08-31 05:20:09'),(280,9,NULL,NULL,NULL,NULL,'16:E1:96:3C:2C:14','605455',1000.00,'2025-08-31 06:17:42','2025-08-31 06:17:42'),(281,9,NULL,NULL,NULL,NULL,'74:C1:7D:15:5A:9A','970356',1000.00,'2025-08-31 08:29:12','2025-08-31 08:29:12'),(282,9,NULL,NULL,NULL,NULL,'74:C1:7D:15:5A:9A','934713',1000.00,'2025-08-31 08:30:18','2025-08-31 08:30:18'),(285,39,NULL,NULL,NULL,NULL,'AA:22:0D:55:91:D7','998631',1000.00,'2025-08-31 10:40:01','2025-08-31 10:40:01'),(291,7,NULL,NULL,NULL,NULL,'8E:21:2C:35:94:48','597051',300.00,'2025-08-31 13:00:04','2025-08-31 13:00:04'),(294,9,NULL,NULL,NULL,NULL,'9A:0E:0A:D3:60:5E','719030',1000.00,'2025-08-31 16:11:29','2025-08-31 16:11:29'),(295,6,NULL,NULL,NULL,NULL,'2A:D7:59:12:C1:90','732626',210.00,'2025-08-31 17:10:29','2025-08-31 17:10:29'),(296,8,NULL,NULL,NULL,NULL,'FC:AA:B6:3B:A0:48','252046',500.00,'2025-08-31 17:47:43','2025-08-31 17:47:43'),(297,8,NULL,NULL,NULL,NULL,'FC:AA:B6:3B:A0:48','904794',500.00,'2025-08-31 17:51:15','2025-08-31 17:51:15'),(298,8,NULL,NULL,NULL,NULL,'FC:AA:B6:3B:A0:48','671848',500.00,'2025-08-31 17:55:48','2025-08-31 17:55:48'),(299,8,NULL,NULL,NULL,NULL,'FC:AA:B6:3B:A0:48','753859',500.00,'2025-08-31 17:58:39','2025-08-31 17:58:39'),(300,7,NULL,NULL,NULL,NULL,'FC:AA:B6:3B:A0:48','933783',300.00,'2025-08-31 18:00:05','2025-08-31 18:00:05'),(302,9,NULL,NULL,NULL,NULL,'42:B6:CB:A6:FE:13','926858',1000.00,'2025-08-31 18:19:09','2025-08-31 18:19:09'),(303,9,NULL,NULL,NULL,NULL,'FE:54:93:3B:80:42','926632',1000.00,'2025-08-31 18:21:07','2025-08-31 18:21:07'),(304,6,NULL,NULL,NULL,NULL,'2A:D7:59:12:C1:90','343354',210.00,'2025-08-31 18:44:39','2025-08-31 18:44:39'),(305,6,NULL,NULL,NULL,NULL,'FE:4C:C7:F9:76:78','188173',210.00,'2025-08-31 18:45:07','2025-08-31 18:45:07'),(306,9,NULL,NULL,NULL,NULL,'10:3F:44:60:C7:32','632868',1000.00,'2025-08-31 19:03:03','2025-08-31 19:03:03'),(309,6,NULL,NULL,NULL,NULL,'4E:63:7D:67:95:A8','009045',210.00,'2025-08-31 20:10:25','2025-08-31 20:10:25'),(310,7,NULL,NULL,NULL,NULL,'82:75:18:2D:C9:ED','611132',300.00,'2025-08-31 20:46:17','2025-08-31 20:46:17'),(313,8,NULL,NULL,NULL,NULL,'FC:AA:B6:3B:A0:48','068383',500.00,'2025-08-31 22:38:09','2025-08-31 22:38:09'),(314,8,NULL,NULL,NULL,NULL,'FC:AA:B6:3B:A0:48','684089',500.00,'2025-08-31 22:40:05','2025-08-31 22:40:05'),(317,6,NULL,NULL,NULL,NULL,'52:79:1D:E2:BB:02','757497',210.00,'2025-09-01 06:17:28','2025-09-01 06:17:28'),(319,7,NULL,NULL,NULL,NULL,'FE:06:92:FA:87:6B','258846',300.00,'2025-09-01 06:51:22','2025-09-01 06:51:22'),(321,44,NULL,NULL,NULL,NULL,'C6:F2:E7:AB:DB:E5','477982',200.00,'2025-09-01 08:22:59','2025-09-01 08:22:59'),(323,40,NULL,NULL,NULL,NULL,'BA:C8:C0:76:B0:F5','452423',5000.00,'2025-09-01 08:32:15','2025-09-01 08:32:15'),(324,52,NULL,NULL,NULL,NULL,'D0:F8:65:55:BE:78','860203',1000.00,'2025-09-01 08:38:24','2025-09-01 08:38:24'),(325,52,NULL,NULL,NULL,NULL,'D0:F8:65:55:BE:78','210026',1000.00,'2025-09-01 08:39:47','2025-09-01 08:39:47'),(327,9,NULL,NULL,NULL,NULL,'16:90:94:94:7D:93','223671',1000.00,'2025-09-01 10:09:59','2025-09-01 10:09:59'),(336,54,NULL,NULL,NULL,NULL,'62:CE:DD:1A:A7:3C','445924',2000.00,'2025-09-01 12:50:47','2025-09-01 12:50:47'),(339,52,NULL,NULL,NULL,NULL,'06:E0:47:00:C7:45','958893',1000.00,'2025-09-01 13:50:30','2025-09-01 13:50:30'),(340,47,NULL,NULL,NULL,NULL,'06:E0:47:00:C7:45','758626',500.00,'2025-09-01 13:54:02','2025-09-01 13:54:02'),(344,8,NULL,NULL,NULL,NULL,'A6:FE:2D:DE:CA:43','692732',500.00,'2025-09-01 15:20:54','2025-09-01 15:20:54'),(345,7,NULL,NULL,NULL,NULL,'A6:FE:2D:DE:CA:43','629480',300.00,'2025-09-01 15:24:01','2025-09-01 15:24:01'),(349,8,NULL,NULL,NULL,NULL,'82:75:18:2D:C9:ED','179134',500.00,'2025-09-01 16:42:18','2025-09-01 16:42:18'),(350,7,NULL,NULL,NULL,NULL,'82:75:18:2D:C9:ED','147568',300.00,'2025-09-01 16:44:49','2025-09-01 16:44:49'),(351,6,NULL,NULL,NULL,NULL,'82:75:18:2D:C9:ED','220332',210.00,'2025-09-01 16:46:35','2025-09-01 16:46:35'),(352,7,NULL,NULL,NULL,NULL,'06:18:57:F1:B9:90','919137',300.00,'2025-09-01 17:14:09','2025-09-01 17:14:09'),(354,9,NULL,NULL,NULL,NULL,'30:FC:EB:7A:0C:90','026804',1000.00,'2025-09-01 18:15:17','2025-09-01 18:15:17'),(355,44,NULL,NULL,NULL,NULL,'EE:48:7F:A1:D6:71','758010',200.00,'2025-09-01 18:16:49','2025-09-01 18:16:49'),(356,6,NULL,NULL,NULL,NULL,'4E:63:7D:67:95:A8','423566',210.00,'2025-09-01 18:35:00','2025-09-01 18:35:00'),(357,6,NULL,NULL,NULL,NULL,'4E:63:7D:67:95:A8','238394',210.00,'2025-09-01 18:36:01','2025-09-01 18:36:01'),(358,6,NULL,NULL,NULL,NULL,'20:26:81:EC:2E:02','179666',210.00,'2025-09-01 18:36:05','2025-09-01 18:36:05'),(359,6,NULL,NULL,NULL,NULL,'4E:63:7D:67:95:A8','418294',210.00,'2025-09-01 18:37:02','2025-09-01 18:37:02'),(360,6,NULL,NULL,NULL,NULL,'4E:63:7D:67:95:A8','159376',210.00,'2025-09-01 18:39:23','2025-09-01 18:39:23'),(361,6,NULL,NULL,NULL,NULL,'20:26:81:EC:2E:02','370250',210.00,'2025-09-01 18:39:52','2025-09-01 18:39:52'),(362,6,NULL,NULL,NULL,NULL,'20:26:81:EC:2E:02','219753',210.00,'2025-09-01 18:41:34','2025-09-01 18:41:34'),(363,6,NULL,NULL,NULL,NULL,'FE:02:BF:6C:60:89','920869',210.00,'2025-09-01 18:43:18','2025-09-01 18:43:18'),(364,6,NULL,NULL,NULL,NULL,'4E:63:7D:67:95:A8','397248',210.00,'2025-09-01 19:07:12','2025-09-01 19:07:12'),(371,9,NULL,NULL,NULL,NULL,'4E:63:7D:67:95:A8','949080',1000.00,'2025-09-01 22:16:28','2025-09-01 22:16:28'),(373,9,NULL,NULL,NULL,NULL,'86:87:D5:B9:81:15','142702',1000.00,'2025-09-02 06:46:11','2025-09-02 06:46:11'),(374,8,NULL,NULL,NULL,NULL,'86:87:D5:B9:81:15','301901',500.00,'2025-09-02 06:48:20','2025-09-02 06:48:20'),(375,8,NULL,NULL,NULL,NULL,'86:87:D5:B9:81:15','428142',500.00,'2025-09-02 06:50:22','2025-09-02 06:50:22'),(376,9,NULL,NULL,NULL,NULL,'86:87:D5:B9:81:15','087289',1000.00,'2025-09-02 06:51:29','2025-09-02 06:51:29'),(377,8,NULL,NULL,NULL,NULL,'86:87:D5:B9:81:15','496924',500.00,'2025-09-02 06:52:51','2025-09-02 06:52:51'),(378,8,NULL,NULL,NULL,NULL,'E6:94:D2:8C:72:72','522073',500.00,'2025-09-02 06:55:14','2025-09-02 06:55:14'),(379,9,NULL,NULL,NULL,NULL,'86:87:D5:B9:81:15','284755',1000.00,'2025-09-02 07:03:33','2025-09-02 07:03:33'),(380,10,NULL,NULL,NULL,NULL,'86:87:D5:B9:81:15','440425',5000.00,'2025-09-02 07:05:30','2025-09-02 07:05:30'),(381,8,NULL,NULL,NULL,NULL,'86:87:D5:B9:81:15','448724',500.00,'2025-09-02 07:06:57','2025-09-02 07:06:57'),(382,8,NULL,NULL,NULL,NULL,'E6:94:D2:8C:72:72','328924',500.00,'2025-09-02 07:07:50','2025-09-02 07:07:50'),(385,8,NULL,NULL,NULL,NULL,'86:87:D5:B9:81:15','373988',500.00,'2025-09-02 07:36:22','2025-09-02 07:36:22'),(386,9,NULL,NULL,NULL,NULL,'E2:CA:F4:73:20:C8','895641',1000.00,'2025-09-02 07:41:52','2025-09-02 07:41:52'),(387,9,NULL,NULL,NULL,NULL,'E2:CA:F4:73:20:C8','269692',1000.00,'2025-09-02 07:44:49','2025-09-02 07:44:49'),(389,9,NULL,NULL,NULL,NULL,'E2:CA:F4:73:20:C8','427473',1000.00,'2025-09-02 08:14:53','2025-09-02 08:14:53'),(390,44,NULL,NULL,NULL,NULL,'EA:31:B8:21:8D:26','513956',200.00,'2025-09-02 08:57:06','2025-09-02 08:57:06'),(391,8,NULL,NULL,NULL,NULL,'66:BB:53:AB:22:4E','387032',500.00,'2025-09-02 08:57:46','2025-09-02 08:57:46'),(394,47,NULL,NULL,NULL,NULL,'3C:57:6C:9D:5C:3B','613761',500.00,'2025-09-02 09:53:34','2025-09-02 09:53:34'),(395,47,NULL,NULL,NULL,NULL,'3C:57:6C:9D:5C:3B','621642',500.00,'2025-09-02 09:53:46','2025-09-02 09:53:46'),(396,47,NULL,NULL,NULL,NULL,'3C:57:6C:9D:5C:3B','505894',500.00,'2025-09-02 09:54:06','2025-09-02 09:54:06'),(397,47,NULL,NULL,NULL,NULL,'3C:57:6C:9D:5C:3B','728941',500.00,'2025-09-02 09:54:44','2025-09-02 09:54:44'),(401,6,NULL,NULL,NULL,NULL,'C2:48:65:4F:7C:BD','760613',210.00,'2025-09-02 12:27:11','2025-09-02 12:27:11'),(406,6,NULL,NULL,NULL,NULL,'3E:52:30:57:D8:D4','516421',210.00,'2025-09-02 15:35:44','2025-09-02 15:35:44'),(407,6,NULL,NULL,NULL,NULL,'86:66:FB:B5:73:00','906570',210.00,'2025-09-02 15:38:56','2025-09-02 15:38:56'),(408,6,NULL,NULL,NULL,NULL,'7E:A5:C8:0E:3C:6A','941024',210.00,'2025-09-02 16:31:41','2025-09-02 16:31:41'),(413,9,NULL,NULL,NULL,NULL,'14:9F:3C:6B:96:77','205629',1000.00,'2025-09-02 19:10:34','2025-09-02 19:10:34'),(414,6,NULL,NULL,NULL,NULL,'C6:82:84:09:10:28','898669',210.00,'2025-09-02 19:12:17','2025-09-02 19:12:17'),(416,7,NULL,NULL,NULL,NULL,'82:75:18:2D:C9:ED','106085',300.00,'2025-09-02 19:17:46','2025-09-02 19:17:46'),(418,8,NULL,NULL,NULL,NULL,'C2:08:B3:A8:F9:28','220151',500.00,'2025-09-02 19:29:17','2025-09-02 19:29:17'),(419,8,NULL,NULL,NULL,NULL,'82:75:18:2D:C9:ED','294308',500.00,'2025-09-02 19:29:21','2025-09-02 19:29:21'),(420,6,NULL,NULL,NULL,NULL,'C2:08:B3:A8:F9:28','710943',210.00,'2025-09-02 19:31:04','2025-09-02 19:31:04'),(421,8,NULL,NULL,NULL,NULL,'82:75:18:2D:C9:ED','492229',500.00,'2025-09-02 19:31:15','2025-09-02 19:31:15'),(422,7,NULL,NULL,NULL,NULL,'82:75:18:2D:C9:ED','104079',300.00,'2025-09-02 19:32:57','2025-09-02 19:32:57'),(424,8,NULL,NULL,NULL,NULL,'2E:86:96:AC:FF:06','219605',500.00,'2025-09-02 20:05:25','2025-09-02 20:05:25'),(425,8,NULL,NULL,NULL,NULL,'2E:86:96:AC:FF:06','732111',500.00,'2025-09-02 20:09:06','2025-09-02 20:09:06'),(426,8,NULL,NULL,NULL,NULL,'2E:86:96:AC:FF:06','386308',500.00,'2025-09-02 20:10:33','2025-09-02 20:10:33'),(429,9,NULL,NULL,NULL,NULL,'4E:3D:13:06:1F:4B','458902',1000.00,'2025-09-02 20:53:12','2025-09-02 20:53:12'),(430,9,NULL,NULL,NULL,NULL,'4E:3D:13:06:1F:4B','352835',1000.00,'2025-09-02 20:55:29','2025-09-02 20:55:29'),(431,9,NULL,NULL,NULL,NULL,'4E:3D:13:06:1F:4B','792287',1000.00,'2025-09-02 20:56:06','2025-09-02 20:56:06'),(433,8,NULL,NULL,NULL,NULL,'5A:22:D6:25:36:E9','924120',500.00,'2025-09-02 21:38:04','2025-09-16 13:24:39'),(440,8,NULL,NULL,NULL,NULL,'F2:14:5F:EE:3E:9B','229121',500.00,'2025-09-03 06:46:40','2025-09-03 06:46:40'),(443,9,NULL,NULL,NULL,NULL,'CC:3D:82:C5:53:E6','289324',1000.00,'2025-09-03 08:46:20','2025-09-03 08:46:20'),(445,9,NULL,NULL,NULL,NULL,'E2:CA:F4:73:20:C8','465578',1000.00,'2025-09-03 09:11:13','2025-09-03 09:11:13'),(446,9,NULL,NULL,NULL,NULL,'BE:D8:5E:B0:49:F7','874639',1000.00,'2025-09-03 09:13:36','2025-09-03 09:13:36'),(447,8,NULL,NULL,NULL,NULL,'96:D4:9F:81:4D:92','762196',500.00,'2025-09-03 10:59:20','2025-09-03 10:59:20'),(448,8,NULL,NULL,NULL,NULL,'FE:54:93:3B:80:42','245299',500.00,'2025-09-03 11:03:07','2025-09-03 11:03:07'),(449,8,NULL,NULL,NULL,NULL,'FE:54:93:3B:80:42','158616',500.00,'2025-09-03 11:09:43','2025-09-03 11:09:43'),(450,8,NULL,NULL,NULL,NULL,'FE:54:93:3B:80:42','064416',500.00,'2025-09-03 11:40:28','2025-09-03 11:40:28'),(452,8,NULL,NULL,NULL,NULL,'FE:54:93:3B:80:42','152501',500.00,'2025-09-03 11:52:28','2025-09-03 11:52:28'),(453,8,NULL,NULL,NULL,NULL,'FE:54:93:3B:80:42','002330',500.00,'2025-09-03 11:54:00','2025-09-03 11:54:00'),(456,6,NULL,NULL,NULL,NULL,'92:85:32:EB:61:BE','816854',210.00,'2025-09-03 13:42:44','2025-09-03 13:42:44'),(457,6,NULL,NULL,NULL,NULL,'92:85:32:EB:61:BE','079627',210.00,'2025-09-03 13:43:54','2025-09-03 13:43:54'),(458,6,NULL,NULL,NULL,NULL,'92:85:32:EB:61:BE','296170',210.00,'2025-09-03 13:46:12','2025-09-03 13:46:12'),(464,9,NULL,NULL,NULL,NULL,'66:BB:53:AB:22:4E','958938',1000.00,'2025-09-03 17:56:45','2025-09-03 17:56:45'),(474,7,NULL,NULL,NULL,NULL,'82:75:18:2D:C9:ED','767383',300.00,'2025-09-03 20:04:06','2025-09-03 20:04:06'),(476,8,NULL,NULL,NULL,NULL,'82:75:18:2D:C9:ED','255468',500.00,'2025-09-03 20:07:08','2025-09-03 20:07:08'),(477,8,NULL,NULL,NULL,NULL,'82:75:18:2D:C9:ED','206454',500.00,'2025-09-03 20:08:51','2025-09-03 20:08:51'),(478,7,NULL,NULL,NULL,NULL,'9A:0E:0A:D3:60:5E','946263',300.00,'2025-09-03 20:12:58','2025-09-03 20:12:58'),(480,7,NULL,NULL,NULL,NULL,'9A:0E:0A:D3:60:5E','439901',300.00,'2025-09-03 20:16:47','2025-09-03 20:16:47'),(482,8,NULL,NULL,NULL,NULL,'DA:CB:3F:CA:8C:AE','878729',500.00,'2025-09-03 20:18:13','2025-09-03 20:18:13'),(484,9,NULL,NULL,NULL,NULL,'B2:C2:DD:A2:16:D9','613775',1000.00,'2025-09-03 20:47:37','2025-09-03 20:47:37'),(485,7,NULL,NULL,NULL,NULL,'B2:C2:DD:A2:16:D9','193246',300.00,'2025-09-03 20:49:25','2025-09-03 20:49:25'),(486,7,NULL,NULL,NULL,NULL,'B2:C2:DD:A2:16:D9','618213',300.00,'2025-09-03 20:52:14','2025-09-03 20:52:14'),(489,9,NULL,NULL,NULL,NULL,'30:FC:EB:7A:0C:90','167748',1000.00,'2025-09-04 01:29:38','2025-09-04 01:29:38'),(492,6,NULL,NULL,NULL,NULL,'B2:C2:DD:A2:16:D9','769544',210.00,'2025-09-04 08:07:58','2025-09-04 08:07:58'),(495,9,NULL,NULL,NULL,NULL,'08:ED:9D:3D:31:A6','004608',1000.00,'2025-09-04 08:52:11','2025-09-04 08:52:11'),(500,7,NULL,NULL,NULL,NULL,'C6:59:82:AA:84:89','286422',300.00,'2025-09-04 13:50:07','2025-09-04 13:50:07'),(502,9,NULL,NULL,NULL,NULL,'42:B6:CB:A6:FE:13','925000',1000.00,'2025-09-04 14:50:16','2025-09-04 14:50:16'),(504,7,NULL,NULL,NULL,NULL,'42:48:80:8D:93:A4','473237',300.00,'2025-09-04 15:01:57','2025-09-04 15:01:57'),(512,6,NULL,NULL,NULL,NULL,'74:C1:7D:15:5A:9A','058614',210.00,'2025-09-04 16:42:59','2025-09-04 16:42:59'),(514,8,NULL,NULL,NULL,NULL,'22:F0:CA:D5:AF:FC','939197',500.00,'2025-09-04 16:56:17','2025-09-04 16:56:17'),(515,7,NULL,NULL,NULL,NULL,'22:F0:CA:D5:AF:FC','495354',300.00,'2025-09-04 16:58:07','2025-09-04 16:58:07'),(516,6,NULL,NULL,NULL,NULL,'98:6F:60:F2:49:83','574457',210.00,'2025-09-04 17:04:39','2025-09-04 17:04:39'),(517,6,NULL,NULL,NULL,NULL,'98:6F:60:F2:49:83','114473',210.00,'2025-09-04 17:10:52','2025-09-04 17:10:52'),(519,6,NULL,NULL,NULL,NULL,'98:6F:60:F2:49:83','950394',210.00,'2025-09-04 17:15:52','2025-09-04 17:15:52'),(520,6,NULL,NULL,NULL,NULL,'98:6F:60:F2:49:83','662754',210.00,'2025-09-04 17:17:17','2025-09-04 17:17:17'),(521,8,NULL,NULL,NULL,NULL,'98:6F:60:F2:49:83','757580',500.00,'2025-09-04 17:23:18','2025-09-04 17:23:18'),(522,7,NULL,NULL,NULL,NULL,'98:6F:60:F2:49:83','007956',300.00,'2025-09-04 17:26:01','2025-09-04 17:26:01'),(523,8,NULL,NULL,NULL,NULL,'FE:06:92:FA:87:6B','594458',500.00,'2025-09-04 17:42:06','2025-09-04 17:42:06'),(524,8,NULL,NULL,NULL,NULL,'FE:06:92:FA:87:6B','241438',500.00,'2025-09-04 17:44:35','2025-09-04 17:44:35'),(526,10,NULL,NULL,NULL,NULL,'D6:12:9E:9D:91:0E','432972',5000.00,'2025-09-04 17:55:37','2025-09-04 17:55:37'),(528,8,NULL,NULL,NULL,NULL,'D6:12:9E:9D:91:0E','624912',500.00,'2025-09-04 18:01:07','2025-09-04 18:01:07'),(534,8,NULL,NULL,NULL,NULL,'FC:AA:B6:3B:A0:48','320014',500.00,'2025-09-04 20:20:42','2025-09-04 20:20:42'),(538,8,NULL,NULL,NULL,NULL,'3E:A5:2D:34:21:C5','075493',500.00,'2025-09-04 21:48:08','2025-09-04 21:48:08'),(543,6,NULL,NULL,NULL,NULL,'B2:08:B4:45:AA:47','830552',210.00,'2025-09-05 08:59:26','2025-09-05 08:59:26'),(545,6,NULL,NULL,NULL,NULL,'86:87:D5:B9:81:15','404713',210.00,'2025-09-05 10:00:19','2025-09-05 10:00:19'),(548,6,NULL,NULL,NULL,NULL,'36:C9:AA:48:C9:18','629744',210.00,'2025-09-05 11:10:39','2025-09-05 11:10:39'),(550,8,NULL,NULL,NULL,NULL,'6E:86:6A:C0:08:FA','250926',500.00,'2025-09-05 12:14:02','2025-09-05 12:14:02'),(552,9,NULL,NULL,NULL,NULL,'26:21:0C:1C:E5:48','129101',1000.00,'2025-09-05 13:00:27','2025-09-05 13:00:27'),(553,6,NULL,NULL,NULL,NULL,'92:85:32:EB:61:BE','844080',210.00,'2025-09-05 13:05:40','2025-09-05 13:05:40'),(554,9,NULL,NULL,NULL,NULL,'26:21:0C:1C:E5:48','549427',1000.00,'2025-09-05 13:06:15','2025-09-05 13:06:15'),(555,8,NULL,NULL,NULL,NULL,'D4:67:D3:E3:17:BD','269653',500.00,'2025-09-05 13:08:58','2025-09-05 13:08:58'),(556,9,NULL,NULL,NULL,NULL,'14:9F:3C:6B:96:77','488448',1000.00,'2025-09-05 13:45:00','2025-09-05 13:45:00'),(558,8,NULL,NULL,NULL,NULL,'F2:65:ED:BF:19:CD','434830',500.00,'2025-09-05 14:06:03','2025-09-05 14:06:03'),(559,8,NULL,NULL,NULL,NULL,'D4:67:D3:E3:17:BD','992848',500.00,'2025-09-05 14:29:34','2025-09-05 14:29:34'),(560,8,NULL,NULL,NULL,NULL,'10:3F:44:60:C7:32','347306',500.00,'2025-09-05 14:33:41','2025-09-05 14:33:41'),(562,9,NULL,NULL,NULL,NULL,'FA:0A:7A:6C:91:F4','954579',1000.00,'2025-09-05 14:59:39','2025-09-05 14:59:39'),(565,7,NULL,NULL,NULL,NULL,'42:48:80:8D:93:A4','029682',300.00,'2025-09-05 15:53:21','2025-09-05 15:53:21'),(566,7,NULL,NULL,NULL,NULL,'92:A1:9C:9F:90:B5','177376',300.00,'2025-09-05 16:15:36','2025-09-05 16:15:36'),(567,7,NULL,NULL,NULL,NULL,'92:A1:9C:9F:90:B5','887922',300.00,'2025-09-05 16:19:06','2025-09-05 16:19:06'),(568,7,NULL,NULL,NULL,NULL,'42:48:80:8D:93:A4','473872',300.00,'2025-09-05 16:23:05','2025-09-05 16:23:05'),(569,7,NULL,NULL,NULL,NULL,'92:A1:9C:9F:90:B5','182934',300.00,'2025-09-05 16:27:31','2025-09-05 16:27:31'),(570,7,NULL,NULL,NULL,NULL,'92:A1:9C:9F:90:B5','238179',300.00,'2025-09-05 16:29:28','2025-09-05 16:29:28'),(571,8,NULL,NULL,NULL,NULL,'FE:06:92:FA:87:6B','753913',500.00,'2025-09-05 18:12:36','2025-09-05 18:12:36'),(572,9,NULL,NULL,NULL,NULL,'EE:27:90:CF:93:40','164536',1000.00,'2025-09-05 18:42:30','2025-09-05 18:42:30'),(573,8,NULL,NULL,NULL,NULL,'F6:D1:00:86:57:E6','434195',500.00,'2025-09-05 18:43:44','2025-09-05 18:43:44'),(574,8,NULL,NULL,NULL,NULL,'F6:D1:00:86:57:E6','656101',500.00,'2025-09-05 18:55:18','2025-09-05 18:55:18'),(576,9,NULL,NULL,NULL,NULL,'D4:67:D3:E3:17:BD','690433',1000.00,'2025-09-05 19:17:12','2025-09-05 19:17:12'),(577,9,NULL,NULL,NULL,NULL,'D4:67:D3:E3:17:BD','374100',1000.00,'2025-09-05 19:18:49','2025-09-05 19:18:49'),(578,10,NULL,NULL,NULL,NULL,'16:90:94:94:7D:93','345079',5000.00,'2025-09-05 19:19:07','2025-09-05 19:19:07'),(579,8,NULL,NULL,NULL,NULL,'FE:06:92:FA:87:6B','900593',500.00,'2025-09-05 19:19:31','2025-09-05 19:19:31'),(580,8,NULL,NULL,NULL,NULL,'D4:67:D3:E3:17:BD','984494',500.00,'2025-09-05 19:20:51','2025-09-05 19:20:51'),(581,10,NULL,NULL,NULL,NULL,'16:90:94:94:7D:93','571890',5000.00,'2025-09-05 19:21:08','2025-09-05 19:21:08'),(582,9,NULL,NULL,NULL,NULL,'FE:06:92:FA:87:6B','071400',1000.00,'2025-09-05 19:21:44','2025-09-05 19:21:44'),(587,7,NULL,NULL,NULL,NULL,'0A:00:F5:20:D1:35','455226',300.00,'2025-09-05 22:04:31','2025-09-05 22:04:31'),(588,7,NULL,NULL,NULL,NULL,'0A:00:F5:20:D1:35','430446',300.00,'2025-09-05 22:05:24','2025-09-05 22:05:24'),(589,7,NULL,NULL,NULL,NULL,'0A:00:F5:20:D1:35','341126',300.00,'2025-09-05 22:06:44','2025-09-05 22:06:44'),(596,59,NULL,NULL,NULL,NULL,'F0:1F:AF:43:46:02','752769',1000.00,'2025-09-06 10:28:56','2025-09-06 10:28:56'),(597,59,NULL,NULL,NULL,NULL,'F0:1F:AF:43:46:02','123399',1000.00,'2025-09-06 10:29:55','2025-09-06 10:29:55'),(601,9,NULL,NULL,NULL,NULL,'2E:86:96:AC:FF:06','818822',1000.00,'2025-09-06 12:05:27','2025-09-06 12:05:27'),(605,7,NULL,NULL,NULL,NULL,'42:48:80:8D:93:A4','035815',300.00,'2025-09-06 13:19:18','2025-09-06 13:19:18'),(608,9,NULL,NULL,NULL,NULL,'9A:0E:0A:D3:60:5E','283640',1000.00,'2025-09-06 17:01:01','2025-09-06 17:01:01'),(610,23,NULL,NULL,NULL,NULL,'4E:37:21:D1:E9:69','982067',15000.00,'2025-09-06 17:10:18','2025-09-06 17:10:18'),(611,8,NULL,NULL,NULL,NULL,'0A:15:74:AF:16:87','532916',500.00,'2025-09-06 17:50:19','2025-09-06 17:50:19'),(612,7,NULL,NULL,NULL,NULL,'0A:15:74:AF:16:87','059154',300.00,'2025-09-06 17:52:41','2025-09-06 17:52:41'),(613,7,NULL,NULL,NULL,NULL,'22:F0:CA:D5:AF:FC','647772',300.00,'2025-09-06 18:05:35','2025-09-06 18:05:35'),(615,6,NULL,NULL,NULL,NULL,'3A:13:89:8C:B7:66','025855',210.00,'2025-09-06 18:16:21','2025-09-06 18:16:21'),(621,8,NULL,NULL,NULL,NULL,'3E:A5:2D:34:21:C5','725241',500.00,'2025-09-06 19:37:15','2025-09-06 19:37:15'),(622,7,NULL,NULL,NULL,NULL,'C6:82:84:09:10:28','129782',300.00,'2025-09-06 19:47:35','2025-09-06 19:47:35'),(625,7,NULL,NULL,NULL,NULL,'9A:0E:0A:D3:60:5E','137778',300.00,'2025-09-06 20:22:45','2025-09-06 20:22:45'),(626,6,NULL,NULL,NULL,NULL,'9A:0E:0A:D3:60:5E','101648',210.00,'2025-09-06 20:23:58','2025-09-06 20:23:58'),(627,8,NULL,NULL,NULL,NULL,'F2:65:ED:BF:19:CD','371440',500.00,'2025-09-06 20:49:46','2025-09-06 20:49:46'),(628,8,NULL,NULL,NULL,NULL,'F2:65:ED:BF:19:CD','881600',500.00,'2025-09-06 20:52:21','2025-09-06 20:52:21'),(630,8,NULL,NULL,NULL,NULL,'FE:06:92:FA:87:6B','734831',500.00,'2025-09-06 21:03:06','2025-09-06 21:03:06'),(631,8,NULL,NULL,NULL,NULL,'FE:06:92:FA:87:6B','543007',500.00,'2025-09-06 21:04:56','2025-09-06 21:04:56'),(632,8,NULL,NULL,NULL,NULL,'FE:06:92:FA:87:6B','392350',500.00,'2025-09-06 21:09:16','2025-09-06 21:09:16'),(633,8,NULL,NULL,NULL,NULL,'FE:06:92:FA:87:6B','139247',500.00,'2025-09-06 21:22:39','2025-09-06 21:22:39'),(635,8,NULL,NULL,NULL,NULL,'4E:AC:71:9B:AA:D8','570919',500.00,'2025-09-06 22:16:04','2025-09-06 22:16:04'),(636,8,NULL,NULL,NULL,NULL,'FA:EE:D5:8C:58:74','459201',500.00,'2025-09-06 22:17:45','2025-09-06 22:17:45'),(637,8,NULL,NULL,NULL,NULL,'4E:AC:71:9B:AA:D8','906762',500.00,'2025-09-06 22:19:09','2025-09-06 22:19:09'),(638,8,NULL,NULL,NULL,NULL,'FA:EE:D5:8C:58:74','029415',500.00,'2025-09-06 22:20:43','2025-09-06 22:20:43'),(639,8,NULL,NULL,NULL,NULL,'FA:EE:D5:8C:58:74','798804',500.00,'2025-09-06 22:22:40','2025-09-06 22:22:40'),(641,8,NULL,NULL,NULL,NULL,'F2:65:ED:BF:19:CD','316227',500.00,'2025-09-07 03:30:40','2025-09-07 03:30:40'),(645,6,NULL,NULL,NULL,NULL,'98:6F:60:F2:49:83','139863',210.00,'2025-09-07 06:46:05','2025-09-07 06:46:05'),(648,6,NULL,NULL,NULL,NULL,'44:91:60:EA:98:8E','427305',210.00,'2025-09-07 10:14:14','2025-09-07 10:14:14'),(651,10,NULL,NULL,NULL,NULL,'BE:B3:CB:9E:09:DC','101057',5000.00,'2025-09-07 10:46:51','2025-09-07 10:46:51'),(652,8,NULL,NULL,NULL,NULL,'5A:89:1E:4F:60:20','838115',500.00,'2025-09-07 10:51:37','2025-09-07 10:51:37'),(653,8,NULL,NULL,NULL,NULL,'BE:B3:CB:9E:09:DC','149085',500.00,'2025-09-07 10:56:54','2025-09-07 10:56:54'),(655,8,NULL,NULL,NULL,NULL,'5A:89:1E:4F:60:20','665093',500.00,'2025-09-07 11:11:46','2025-09-07 11:11:46'),(657,8,NULL,NULL,NULL,NULL,'5A:89:1E:4F:60:20','879217',500.00,'2025-09-07 11:12:34','2025-09-07 11:12:34'),(659,8,NULL,NULL,NULL,NULL,'82:75:18:2D:C9:ED','428447',500.00,'2025-09-07 13:51:52','2025-09-07 13:51:52'),(660,8,NULL,NULL,NULL,NULL,'9A:0E:0A:D3:60:5E','196591',500.00,'2025-09-07 13:52:43','2025-09-07 13:52:43'),(664,7,NULL,NULL,NULL,NULL,'9A:0E:0A:D3:60:5E','431661',300.00,'2025-09-07 16:28:30','2025-09-07 16:28:30'),(665,7,NULL,NULL,NULL,NULL,'9A:0E:0A:D3:60:5E','014698',300.00,'2025-09-07 16:30:27','2025-09-07 16:30:27'),(666,7,NULL,NULL,NULL,NULL,'9A:0E:0A:D3:60:5E','041865',300.00,'2025-09-07 16:35:02','2025-09-07 16:35:02'),(667,7,NULL,NULL,NULL,NULL,'9A:0E:0A:D3:60:5E','971495',300.00,'2025-09-07 16:36:23','2025-09-07 16:36:23'),(668,8,NULL,NULL,NULL,NULL,'9A:0E:0A:D3:60:5E','908369',500.00,'2025-09-07 16:41:14','2025-09-07 16:41:14'),(672,8,NULL,NULL,NULL,NULL,'2E:02:FF:6E:4D:83','674139',500.00,'2025-09-07 17:49:02','2025-09-07 17:49:02'),(678,8,NULL,NULL,NULL,NULL,'82:75:18:2D:C9:ED','192251',500.00,'2025-09-07 19:09:02','2025-09-07 19:09:02'),(679,8,NULL,NULL,NULL,NULL,'9A:0E:0A:D3:60:5E','999920',500.00,'2025-09-07 19:13:44','2025-09-07 19:13:44'),(683,7,NULL,NULL,NULL,NULL,'C6:82:84:09:10:28','855035',300.00,'2025-09-07 20:04:26','2025-09-07 20:04:26'),(685,7,NULL,NULL,NULL,NULL,'C6:82:84:09:10:28','568633',300.00,'2025-09-07 20:15:41','2025-09-07 20:15:41'),(688,8,NULL,NULL,NULL,NULL,'FE:06:92:FA:87:6B','937268',500.00,'2025-09-07 21:06:03','2025-09-07 21:06:03'),(689,10,NULL,NULL,NULL,NULL,'54:72:0D:21:02:90','991377',5000.00,'2025-09-08 06:43:50','2025-09-08 06:43:50'),(690,10,NULL,NULL,NULL,NULL,'54:72:0D:21:02:90','681026',5000.00,'2025-09-08 06:51:28','2025-09-08 06:51:28'),(691,9,NULL,NULL,NULL,NULL,'BA:39:52:5C:0D:F2','235200',1000.00,'2025-09-08 08:34:33','2025-09-08 08:34:33'),(692,9,NULL,NULL,NULL,NULL,'6A:8D:55:4F:DE:15','857474',1000.00,'2025-09-08 08:40:07','2025-09-08 08:40:07'),(693,9,NULL,NULL,NULL,NULL,'62:98:4F:47:C4:C9','672440',1000.00,'2025-09-08 09:33:38','2025-09-08 09:33:38'),(696,8,NULL,NULL,NULL,NULL,'5A:22:D6:25:36:E9','519889',500.00,'2025-09-08 11:22:48','2025-09-08 11:22:48'),(699,8,NULL,NULL,NULL,NULL,'CA:72:22:4C:C5:32','888176',500.00,'2025-09-08 11:24:10','2025-09-08 11:24:10'),(701,8,NULL,NULL,NULL,NULL,'FE:06:92:FA:87:6B','489638',500.00,'2025-09-08 15:51:12','2025-09-08 15:51:12'),(702,8,NULL,NULL,NULL,NULL,'FE:06:92:FA:87:6B','065117',500.00,'2025-09-08 15:53:59','2025-09-08 15:53:59'),(703,8,NULL,NULL,NULL,NULL,'FE:06:92:FA:87:6B','754110',500.00,'2025-09-08 15:56:52','2025-09-08 15:56:52'),(708,9,NULL,NULL,NULL,NULL,'20:26:81:EC:2E:02','997050',1000.00,'2025-09-08 17:42:06','2025-09-08 17:42:06'),(712,8,NULL,NULL,NULL,NULL,'D6:12:9E:9D:91:0E','402499',500.00,'2025-09-08 18:58:07','2025-09-08 18:58:07'),(714,7,NULL,NULL,NULL,NULL,'80:79:5D:85:E3:B1','904842',300.00,'2025-09-08 19:01:23','2025-09-08 19:01:23'),(717,9,NULL,NULL,NULL,NULL,'0A:00:F5:20:D1:35','157486',1000.00,'2025-09-08 19:04:11','2025-09-08 19:04:11'),(718,8,NULL,NULL,NULL,NULL,'92:85:32:EB:61:BE','891641',500.00,'2025-09-08 19:12:57','2025-09-08 19:12:57'),(722,7,NULL,NULL,NULL,NULL,'C6:82:84:09:10:28','993842',300.00,'2025-09-08 19:30:49','2025-09-08 19:30:49'),(724,9,NULL,NULL,NULL,NULL,'14:9F:3C:6B:96:77','759058',1000.00,'2025-09-08 19:52:13','2025-09-08 19:52:13'),(729,10,NULL,NULL,NULL,NULL,'54:72:0D:21:02:90','502662',5000.00,'2025-09-09 06:24:24','2025-09-09 06:24:24'),(734,7,NULL,NULL,NULL,NULL,'82:5D:D4:03:8A:8F','860697',300.00,'2025-09-09 11:24:21','2025-09-09 11:24:21'),(736,62,NULL,NULL,NULL,NULL,'FA:16:BC:FD:54:06','176739',1000.00,'2025-09-09 13:26:15','2025-09-09 13:26:15'),(738,62,NULL,NULL,NULL,NULL,'62:7C:86:26:A3:E2','285138',1000.00,'2025-09-09 13:34:29','2025-09-09 13:34:29'),(739,8,NULL,NULL,NULL,NULL,'5A:22:D6:25:36:E9','184839',500.00,'2025-09-09 13:41:44','2025-09-09 13:41:44'),(741,8,NULL,NULL,NULL,NULL,'5A:22:D6:25:36:E9','078636',500.00,'2025-09-09 13:56:34','2025-09-09 13:56:34'),(742,8,NULL,NULL,NULL,NULL,'5A:22:D6:25:36:E9','136680',500.00,'2025-09-09 14:05:20','2025-09-09 14:05:20'),(743,8,NULL,NULL,NULL,NULL,'5A:22:D6:25:36:E9','630065',500.00,'2025-09-09 14:08:51','2025-09-09 14:08:51'),(744,8,NULL,NULL,NULL,NULL,'5A:22:D6:25:36:E9','666275',500.00,'2025-09-09 14:09:30','2025-09-09 14:09:30'),(745,8,NULL,NULL,NULL,NULL,'5A:22:D6:25:36:E9','162620',500.00,'2025-09-09 15:05:37','2025-09-09 15:05:37'),(746,8,NULL,NULL,NULL,NULL,'FC:AA:B6:3B:A0:48','998592',500.00,'2025-09-09 15:05:54','2025-09-09 15:05:54'),(750,8,NULL,NULL,NULL,NULL,'FC:AA:B6:3B:A0:48','317349',500.00,'2025-09-09 18:01:02','2025-09-09 18:01:02'),(751,8,NULL,NULL,NULL,NULL,'FC:AA:B6:3B:A0:48','915448',500.00,'2025-09-09 18:04:22','2025-09-09 18:04:22'),(754,9,NULL,NULL,NULL,NULL,'14:9F:3C:6B:96:77','744153',1000.00,'2025-09-09 18:10:25','2025-09-09 18:10:25'),(760,6,NULL,NULL,NULL,NULL,'22:CA:22:F4:49:10','153935',210.00,'2025-09-09 19:37:33','2025-09-09 19:37:33'),(762,9,NULL,NULL,NULL,NULL,'FE:06:92:FA:87:6B','101186',1000.00,'2025-09-09 20:29:09','2025-09-09 20:29:09'),(763,9,NULL,NULL,NULL,NULL,'FE:06:92:FA:87:6B','262337',1000.00,'2025-09-09 20:38:29','2025-09-09 20:38:29'),(764,9,NULL,NULL,NULL,NULL,'FE:06:92:FA:87:6B','854350',1000.00,'2025-09-09 20:40:19','2025-09-09 20:40:19'),(768,7,NULL,NULL,NULL,NULL,'EE:27:90:CF:93:40','915510',300.00,'2025-09-10 05:44:55','2025-09-10 05:44:55'),(769,8,NULL,NULL,NULL,NULL,'EE:27:90:CF:93:40','712727',500.00,'2025-09-10 05:46:24','2025-09-10 05:46:24'),(770,9,NULL,NULL,NULL,NULL,'14:9F:3C:6B:96:77','736283',1000.00,'2025-09-10 07:14:33','2025-09-10 07:14:33'),(771,7,NULL,NULL,NULL,NULL,'FC:AA:B6:3B:A0:48','052202',300.00,'2025-09-10 07:15:03','2025-09-10 07:15:03'),(773,6,NULL,NULL,NULL,NULL,'FC:AA:B6:3B:A0:48','292714',210.00,'2025-09-10 07:15:59','2025-09-10 07:15:59'),(774,6,NULL,NULL,NULL,NULL,'FC:AA:B6:3B:A0:48','230045',210.00,'2025-09-10 07:17:25','2025-09-10 07:17:25'),(775,8,NULL,NULL,NULL,NULL,'CA:72:22:4C:C5:32','933484',500.00,'2025-09-10 07:30:58','2025-09-10 07:30:58'),(778,7,NULL,NULL,NULL,NULL,'FE:06:92:FA:87:6B','278919',300.00,'2025-09-10 11:15:38','2025-09-10 11:15:38'),(780,8,NULL,NULL,NULL,NULL,'7E:28:9B:C1:AB:64','861514',500.00,'2025-09-10 12:36:58','2025-09-10 12:36:58'),(781,8,NULL,NULL,NULL,NULL,'7E:28:9B:C1:AB:64','946299',500.00,'2025-09-10 12:39:51','2025-09-10 12:39:51'),(783,8,NULL,NULL,NULL,NULL,'7E:28:9B:C1:AB:64','530175',500.00,'2025-09-10 13:14:01','2025-09-10 13:14:01'),(784,8,NULL,NULL,NULL,NULL,'7E:28:9B:C1:AB:64','417577',500.00,'2025-09-10 13:15:16','2025-09-10 13:15:16'),(785,6,NULL,NULL,NULL,NULL,'92:85:32:EB:61:BE','063351',210.00,'2025-09-10 13:18:46','2025-09-10 13:18:46'),(790,6,NULL,NULL,NULL,NULL,'86:87:D5:B9:81:15','238370',210.00,'2025-09-10 15:51:28','2025-09-10 15:51:28'),(793,8,NULL,NULL,NULL,NULL,'66:17:FF:FB:CA:6E','278588',500.00,'2025-09-10 16:37:13','2025-09-10 16:37:13'),(794,8,NULL,NULL,NULL,NULL,'66:17:FF:FB:CA:6E','238237',500.00,'2025-09-10 16:38:03','2025-09-10 16:38:03'),(798,6,NULL,NULL,NULL,NULL,'92:85:32:EB:61:BE','267438',210.00,'2025-09-10 18:54:33','2025-09-10 18:54:33'),(802,9,NULL,NULL,NULL,NULL,'86:87:D5:B9:81:15','146637',1000.00,'2025-09-10 19:54:07','2025-09-10 19:54:07'),(806,6,NULL,NULL,NULL,NULL,'58:C9:35:97:DA:42','011741',210.00,'2025-09-10 20:44:13','2025-09-10 20:44:13'),(812,8,NULL,NULL,NULL,NULL,'CE:42:78:C4:E6:C9','871269',500.00,'2025-09-11 06:26:50','2025-09-11 06:26:50'),(813,8,NULL,NULL,NULL,NULL,'CE:42:78:C4:E6:C9','650183',500.00,'2025-09-11 06:29:31','2025-09-11 06:29:31'),(814,8,NULL,NULL,NULL,NULL,'CE:42:78:C4:E6:C9','443316',500.00,'2025-09-11 06:40:10','2025-09-11 06:40:10'),(815,8,NULL,NULL,NULL,NULL,'CE:42:78:C4:E6:C9','448720',500.00,'2025-09-11 06:47:40','2025-09-11 06:47:40'),(817,8,NULL,NULL,NULL,NULL,'CE:42:78:C4:E6:C9','339153',500.00,'2025-09-11 07:11:56','2025-09-11 07:11:56'),(818,7,NULL,NULL,NULL,NULL,'CE:42:78:C4:E6:C9','928775',300.00,'2025-09-11 07:46:44','2025-09-11 07:46:44'),(819,9,NULL,NULL,NULL,NULL,'7E:28:9B:C1:AB:64','466385',1000.00,'2025-09-11 15:22:50','2025-09-11 15:22:50'),(820,6,NULL,NULL,NULL,NULL,'7E:28:9B:C1:AB:64','074811',210.00,'2025-09-11 15:28:15','2025-09-11 15:28:15'),(835,7,NULL,NULL,NULL,NULL,'C6:82:84:09:10:28','733504',300.00,'2025-09-11 19:59:55','2025-09-11 19:59:55'),(841,6,NULL,NULL,NULL,NULL,'22:6A:1A:31:4A:46','518867',210.00,'2025-09-11 21:51:15','2025-09-11 21:51:15'),(842,6,NULL,NULL,NULL,NULL,'22:6A:1A:31:4A:46','631953',210.00,'2025-09-11 21:53:06','2025-09-11 21:53:06'),(843,6,NULL,NULL,NULL,NULL,'10:3F:44:60:C7:32','736688',210.00,'2025-09-11 22:36:17','2025-09-11 22:36:17'),(845,10,NULL,NULL,NULL,NULL,'54:72:0D:21:02:90','132230',5000.00,'2025-09-12 05:52:41','2025-09-12 05:52:41'),(847,8,NULL,NULL,NULL,NULL,'7E:28:9B:C1:AB:64','636499',500.00,'2025-09-12 07:04:29','2025-09-12 07:04:29'),(848,6,NULL,NULL,NULL,NULL,'7E:28:9B:C1:AB:64','453763',210.00,'2025-09-12 07:18:20','2025-09-12 07:18:20'),(852,6,NULL,NULL,NULL,NULL,'4C:63:71:96:C0:61','858471',210.00,'2025-09-12 08:51:19','2025-09-12 08:51:19'),(853,8,NULL,NULL,NULL,NULL,'4C:63:71:96:C0:61','111146',500.00,'2025-09-12 08:53:07','2025-09-12 08:53:07'),(854,8,NULL,NULL,NULL,NULL,'4C:63:71:96:C0:61','929289',500.00,'2025-09-12 08:53:54','2025-09-12 08:53:54'),(856,8,NULL,NULL,NULL,NULL,'86:87:D5:B9:81:15','389306',500.00,'2025-09-12 08:58:45','2025-09-12 08:58:45'),(857,8,NULL,NULL,NULL,NULL,'86:87:D5:B9:81:15','768933',500.00,'2025-09-12 08:59:55','2025-09-12 08:59:55'),(858,7,NULL,NULL,NULL,NULL,'86:87:D5:B9:81:15','857539',300.00,'2025-09-12 09:00:52','2025-09-12 09:00:52'),(859,7,NULL,NULL,NULL,NULL,'86:87:D5:B9:81:15','335949',300.00,'2025-09-12 09:01:23','2025-09-12 09:01:23'),(860,8,NULL,NULL,NULL,NULL,'86:87:D5:B9:81:15','730312',500.00,'2025-09-12 09:04:17','2025-09-12 09:04:17'),(861,9,NULL,NULL,NULL,NULL,'BA:D2:DD:68:55:2A','706538',1000.00,'2025-09-12 09:07:39','2025-09-12 09:07:39'),(862,8,NULL,NULL,NULL,NULL,'86:87:D5:B9:81:15','973935',500.00,'2025-09-12 09:08:33','2025-09-12 09:08:33'),(864,6,NULL,NULL,NULL,NULL,'DE:98:99:5B:C0:28','397195',210.00,'2025-09-12 12:45:18','2025-09-12 12:45:18'),(865,9,NULL,NULL,NULL,NULL,'D0:2A:AA:90:40:ED','153324',1000.00,'2025-09-12 12:46:04','2025-09-12 12:46:04'),(866,7,NULL,NULL,NULL,NULL,'6E:17:7E:77:CC:17','672097',300.00,'2025-09-12 14:38:30','2025-09-12 14:38:30'),(867,7,NULL,NULL,NULL,NULL,'EE:27:90:CF:93:40','898526',300.00,'2025-09-12 14:45:46','2025-09-12 14:45:46'),(868,7,NULL,NULL,NULL,NULL,'EE:27:90:CF:93:40','061276',300.00,'2025-09-12 14:47:22','2025-09-12 14:47:22'),(869,7,NULL,NULL,NULL,NULL,'22:6A:1A:31:4A:46','938810',300.00,'2025-09-12 14:59:56','2025-09-12 14:59:56'),(870,6,NULL,NULL,NULL,NULL,'22:6A:1A:31:4A:46','918421',210.00,'2025-09-12 15:00:38','2025-09-12 15:00:38'),(873,24,NULL,NULL,NULL,NULL,'BE:B3:CB:9E:09:DC','302512',2500.00,'2025-09-12 15:54:01','2025-09-12 15:54:01'),(875,8,NULL,NULL,NULL,NULL,'0A:15:74:AF:16:87','254393',500.00,'2025-09-12 16:56:36','2025-09-12 16:56:36'),(876,8,NULL,NULL,NULL,NULL,'0A:15:74:AF:16:87','992707',500.00,'2025-09-12 16:59:32','2025-09-12 16:59:32'),(877,8,NULL,NULL,NULL,NULL,'0A:15:74:AF:16:87','421993',500.00,'2025-09-12 17:01:09','2025-09-12 17:01:09'),(878,8,NULL,NULL,NULL,NULL,'0A:15:74:AF:16:87','781350',500.00,'2025-09-12 17:02:19','2025-09-12 17:02:19'),(879,8,NULL,NULL,NULL,NULL,'0A:15:74:AF:16:87','645740',500.00,'2025-09-12 17:03:29','2025-09-12 17:03:29'),(881,8,NULL,NULL,NULL,NULL,'0A:15:74:AF:16:87','223010',500.00,'2025-09-12 17:08:17','2025-09-12 17:08:17'),(882,8,NULL,NULL,NULL,NULL,'0A:15:74:AF:16:87','277207',500.00,'2025-09-12 17:08:52','2025-09-12 17:08:52'),(886,8,NULL,NULL,NULL,NULL,'46:77:95:51:89:9D','664535',500.00,'2025-09-12 18:00:05','2025-09-12 18:00:05'),(887,8,NULL,NULL,NULL,NULL,'46:77:95:51:89:9D','193286',500.00,'2025-09-12 18:02:52','2025-09-12 18:02:52'),(888,8,NULL,NULL,NULL,NULL,'46:77:95:51:89:9D','671106',500.00,'2025-09-12 18:05:47','2025-09-12 18:05:47'),(889,8,NULL,NULL,NULL,NULL,'46:77:95:51:89:9D','865609',500.00,'2025-09-12 18:06:32','2025-09-12 18:06:32'),(890,8,NULL,NULL,NULL,NULL,'4E:63:7D:67:95:A8','159519',500.00,'2025-09-12 18:11:42','2025-09-12 18:11:42'),(891,8,NULL,NULL,NULL,NULL,'4E:63:7D:67:95:A8','618600',500.00,'2025-09-12 18:14:22','2025-09-12 18:14:22'),(892,8,NULL,NULL,NULL,NULL,'4E:63:7D:67:95:A8','049469',500.00,'2025-09-12 18:15:44','2025-09-12 18:15:44'),(893,8,NULL,NULL,NULL,NULL,'4E:63:7D:67:95:A8','903889',500.00,'2025-09-12 18:16:03','2025-09-12 18:16:03'),(895,8,NULL,NULL,NULL,NULL,'4E:63:7D:67:95:A8','492567',500.00,'2025-09-12 18:22:15','2025-09-12 18:22:15'),(896,8,NULL,NULL,NULL,NULL,'54:72:0D:21:02:90','303665',500.00,'2025-09-12 18:30:34','2025-09-12 18:30:34'),(897,7,NULL,NULL,NULL,NULL,'54:72:0D:21:02:90','599715',300.00,'2025-09-12 18:32:25','2025-09-12 18:32:25'),(899,9,NULL,NULL,NULL,NULL,'16:90:94:94:7D:93','690655',1000.00,'2025-09-12 19:34:04','2025-09-12 19:34:04'),(900,6,NULL,NULL,NULL,NULL,'62:DE:8D:9D:2E:58','647144',210.00,'2025-09-12 19:35:27','2025-09-12 19:35:27'),(903,7,NULL,NULL,NULL,NULL,'F2:C6:C1:71:E4:92','564012',300.00,'2025-09-12 21:20:37','2025-09-12 21:20:37'),(904,26,NULL,NULL,NULL,NULL,'C2:07:CA:D4:63:E8','426205',7000.00,'2025-09-13 04:53:42','2025-09-13 04:53:42'),(907,7,NULL,NULL,NULL,NULL,'DA:CB:3F:CA:8C:AE','545659',300.00,'2025-09-13 07:09:29','2025-09-13 07:09:29'),(909,8,NULL,NULL,NULL,NULL,'86:B6:B4:B9:05:BA','027515',500.00,'2025-09-13 07:29:58','2025-09-13 07:29:58'),(910,8,NULL,NULL,NULL,NULL,'10:3F:44:60:C7:32','241488',500.00,'2025-09-13 07:30:41','2025-09-13 07:30:41'),(911,8,NULL,NULL,NULL,NULL,'86:B6:B4:B9:05:BA','411110',500.00,'2025-09-13 07:30:54','2025-09-13 07:30:54'),(912,8,NULL,NULL,NULL,NULL,'86:B6:B4:B9:05:BA','087446',500.00,'2025-09-13 07:31:45','2025-09-13 07:31:45'),(913,8,NULL,NULL,NULL,NULL,'10:3F:44:60:C7:32','741525',500.00,'2025-09-13 07:32:34','2025-09-13 07:32:34'),(914,8,NULL,NULL,NULL,NULL,'0E:12:73:FB:15:E1','590658',500.00,'2025-09-13 07:32:52','2025-09-13 07:32:52'),(915,8,NULL,NULL,NULL,NULL,'10:3F:44:60:C7:32','447790',500.00,'2025-09-13 07:34:53','2025-09-13 07:34:53'),(916,7,NULL,NULL,NULL,NULL,'86:B6:B4:B9:05:BA','517173',300.00,'2025-09-13 07:35:08','2025-09-13 07:35:08'),(917,8,NULL,NULL,NULL,NULL,'86:B6:B4:B9:05:BA','443493',500.00,'2025-09-13 07:37:23','2025-09-13 07:37:23'),(918,8,NULL,NULL,NULL,NULL,'86:B6:B4:B9:05:BA','623957',500.00,'2025-09-13 07:39:02','2025-09-13 07:39:02'),(919,8,NULL,NULL,NULL,NULL,'10:3F:44:60:C7:32','277482',500.00,'2025-09-13 07:40:02','2025-09-13 07:40:02'),(921,8,NULL,NULL,NULL,NULL,'32:FE:B8:B0:34:56','657038',500.00,'2025-09-13 07:52:35','2025-09-13 07:52:35'),(925,7,NULL,NULL,NULL,NULL,'0A:00:F5:20:D1:35','708417',300.00,'2025-09-13 10:31:45','2025-09-13 10:31:45'),(926,6,NULL,NULL,NULL,NULL,'0A:00:F5:20:D1:35','171721',210.00,'2025-09-13 10:32:46','2025-09-13 10:32:46'),(928,9,NULL,NULL,NULL,NULL,'BE:13:B8:AF:2F:FD','873959',1000.00,'2025-09-13 12:21:10','2025-09-13 12:21:10'),(933,6,NULL,NULL,NULL,NULL,'D0:2A:AA:90:40:ED','899376',210.00,'2025-09-13 14:08:37','2025-09-13 14:08:37'),(939,9,NULL,NULL,NULL,NULL,'3E:A5:2D:34:21:C5','391305',1000.00,'2025-09-13 19:04:16','2025-09-13 19:04:16'),(941,8,NULL,NULL,NULL,NULL,'9A:0E:0A:D3:60:5E','123895',500.00,'2025-09-13 19:21:55','2025-09-13 19:21:55'),(946,24,NULL,NULL,NULL,NULL,'62:06:D0:8C:47:36','773132',2500.00,'2025-09-13 21:33:01','2025-09-13 21:33:01'),(951,7,NULL,NULL,NULL,NULL,'34:82:C5:A8:29:D5','578939',300.00,'2025-09-13 23:26:22','2025-09-13 23:26:22'),(952,7,NULL,NULL,NULL,NULL,'4E:63:7D:67:95:A8','415842',300.00,'2025-09-13 23:39:31','2025-09-13 23:39:31'),(955,9,NULL,NULL,NULL,NULL,'6A:63:B7:3F:DD:C6','256715',1000.00,'2025-09-14 06:21:06','2025-09-14 06:21:06'),(956,6,NULL,NULL,NULL,NULL,'6A:63:B7:3F:DD:C6','920406',210.00,'2025-09-14 06:24:29','2025-09-14 06:24:29'),(957,9,NULL,NULL,NULL,NULL,'6A:63:B7:3F:DD:C6','156802',1000.00,'2025-09-14 06:25:44','2025-09-14 06:25:44'),(958,9,NULL,NULL,NULL,NULL,'6A:63:B7:3F:DD:C6','599500',1000.00,'2025-09-14 06:26:44','2025-09-14 06:26:44'),(959,9,NULL,NULL,NULL,NULL,'6A:63:B7:3F:DD:C6','195764',1000.00,'2025-09-14 06:30:34','2025-09-14 06:30:34'),(960,9,NULL,NULL,NULL,NULL,'6A:63:B7:3F:DD:C6','005806',1000.00,'2025-09-14 06:34:56','2025-09-14 06:34:56'),(963,7,NULL,NULL,NULL,NULL,'7C:1C:68:44:0C:6E','330009',300.00,'2025-09-14 07:43:46','2025-09-14 07:43:46'),(967,9,NULL,NULL,NULL,NULL,'22:6A:1A:31:4A:46','287967',1000.00,'2025-09-14 08:48:48','2025-09-14 08:48:48'),(969,8,NULL,NULL,NULL,NULL,'9A:0E:0A:D3:60:5E','156060',500.00,'2025-09-14 09:07:42','2025-09-14 09:07:42'),(970,7,NULL,NULL,NULL,NULL,'9A:0E:0A:D3:60:5E','048840',300.00,'2025-09-14 09:11:27','2025-09-14 09:11:27'),(971,6,NULL,NULL,NULL,NULL,'9A:0E:0A:D3:60:5E','167570',210.00,'2025-09-14 09:12:26','2025-09-14 09:12:26'),(976,8,NULL,NULL,NULL,NULL,'CA:72:22:4C:C5:32','177854',500.00,'2025-09-14 10:22:45','2025-09-14 10:22:45'),(978,8,NULL,NULL,NULL,NULL,'6A:86:AF:78:71:7A','301248',500.00,'2025-09-14 10:37:42','2025-09-14 10:37:42'),(982,9,NULL,NULL,NULL,NULL,'A8:13:06:C0:4E:B3','485636',1000.00,'2025-09-14 14:18:49','2025-09-14 14:18:49'),(983,9,NULL,NULL,NULL,NULL,'F2:C6:C1:71:E4:92','110205',1000.00,'2025-09-14 14:40:39','2025-09-14 14:40:39'),(985,8,NULL,NULL,NULL,NULL,'22:F0:CA:D5:AF:FC','909880',500.00,'2025-09-14 15:27:54','2025-09-14 15:27:54'),(987,6,NULL,NULL,NULL,NULL,'58:C9:35:97:DA:42','702957',210.00,'2025-09-14 16:08:15','2025-09-14 16:08:15'),(988,6,NULL,NULL,NULL,NULL,'58:C9:35:97:DA:42','268492',210.00,'2025-09-14 16:09:20','2025-09-14 16:09:20'),(990,6,NULL,NULL,NULL,NULL,'92:85:32:EB:61:BE','206039',210.00,'2025-09-14 17:42:50','2025-09-14 17:42:50'),(991,6,NULL,NULL,NULL,NULL,'92:85:32:EB:61:BE','363206',210.00,'2025-09-14 17:45:34','2025-09-14 17:45:34'),(997,24,NULL,NULL,NULL,NULL,'5C:C5:D4:F0:72:92','010919',2500.00,'2025-09-14 19:41:07','2025-09-14 19:41:07'),(998,24,NULL,NULL,NULL,NULL,'5C:C5:D4:F0:72:92','476927',2500.00,'2025-09-14 19:46:27','2025-09-14 19:46:27'),(999,9,NULL,NULL,NULL,NULL,'2A:01:6A:E3:EF:FF','980147',1000.00,'2025-09-14 19:53:10','2025-09-14 19:53:10'),(1002,9,NULL,NULL,NULL,NULL,'5C:C5:D4:F0:72:92','652761',1000.00,'2025-09-14 22:01:40','2025-09-14 22:01:40'),(1007,6,NULL,NULL,NULL,NULL,'DE:AC:4C:36:26:06','596329',210.00,'2025-09-15 05:46:00','2025-09-15 05:46:00'),(1008,7,NULL,NULL,NULL,NULL,'FE:06:92:FA:87:6B','925376',300.00,'2025-09-15 06:08:35','2025-09-15 06:08:35'),(1009,6,NULL,NULL,NULL,NULL,'FE:06:92:FA:87:6B','015309',210.00,'2025-09-15 06:11:18','2025-09-15 06:11:18'),(1010,6,NULL,NULL,NULL,NULL,'FE:06:92:FA:87:6B','195153',210.00,'2025-09-15 06:13:09','2025-09-15 06:13:09'),(1011,6,NULL,NULL,NULL,NULL,'FE:06:92:FA:87:6B','148558',210.00,'2025-09-15 06:15:04','2025-09-15 06:15:04'),(1012,9,NULL,NULL,NULL,NULL,'5A:22:D6:25:36:E9','109979',1000.00,'2025-09-15 06:35:19','2025-09-15 06:35:19'),(1017,8,NULL,NULL,NULL,NULL,'5A:2A:26:B9:46:80','765739',500.00,'2025-09-15 11:56:54','2025-09-15 11:56:54'),(1025,9,NULL,NULL,NULL,NULL,'F4:60:E2:58:0E:DA','098058',1000.00,'2025-09-15 15:50:44','2025-09-15 15:50:44'),(1027,9,NULL,NULL,NULL,NULL,'B2:08:B4:45:AA:47','240420',1000.00,'2025-09-15 17:34:18','2025-09-15 17:34:18'),(1031,8,NULL,NULL,NULL,NULL,'10:3F:44:60:C7:32','922816',500.00,'2025-09-15 18:05:45','2025-09-15 18:05:45'),(1032,8,NULL,NULL,NULL,NULL,'22:F0:CA:D5:AF:FC','873870',500.00,'2025-09-15 18:18:00','2025-09-15 18:18:00'),(1033,8,NULL,NULL,NULL,NULL,'22:F0:CA:D5:AF:FC','484639',500.00,'2025-09-15 18:18:56','2025-09-15 18:18:56'),(1034,6,NULL,NULL,NULL,NULL,'60:F1:89:64:28:26','822853',210.00,'2025-09-15 18:22:51','2025-09-15 18:22:51'),(1035,10,NULL,NULL,NULL,NULL,'22:F0:CA:D5:AF:FC','725499',5000.00,'2025-09-15 18:22:57','2025-09-15 18:22:57'),(1036,8,NULL,NULL,NULL,NULL,'22:F0:CA:D5:AF:FC','527504',500.00,'2025-09-15 18:23:45','2025-09-15 18:23:45'),(1039,24,NULL,NULL,NULL,NULL,'3A:13:89:8C:B7:66','211701',2500.00,'2025-09-15 18:40:07','2025-09-15 18:40:07'),(1040,6,NULL,NULL,NULL,NULL,'92:85:32:EB:61:BE','482024',210.00,'2025-09-15 18:45:03','2025-09-15 18:45:03'),(1041,24,NULL,NULL,NULL,NULL,'3A:13:89:8C:B7:66','305376',2500.00,'2025-09-15 18:47:11','2025-09-15 18:47:11'),(1042,24,NULL,NULL,NULL,NULL,'3A:13:89:8C:B7:66','369040',2500.00,'2025-09-15 18:48:39','2025-09-15 18:48:39'),(1044,9,NULL,NULL,NULL,NULL,'5C:C5:D4:F0:72:92','669535',1000.00,'2025-09-15 19:15:05','2025-09-15 19:15:05'),(1045,9,NULL,NULL,NULL,NULL,'5C:C5:D4:F0:72:92','687002',1000.00,'2025-09-15 19:19:48','2025-09-15 19:19:48'),(1046,9,NULL,NULL,NULL,NULL,'5C:C5:D4:F0:72:92','110815',1000.00,'2025-09-15 19:20:13','2025-09-15 19:20:13'),(1047,9,NULL,NULL,NULL,NULL,'5C:C5:D4:F0:72:92','669919',1000.00,'2025-09-15 19:20:15','2025-09-15 19:20:15'),(1048,6,NULL,NULL,NULL,NULL,'5C:C5:D4:F0:72:92','487682',210.00,'2025-09-15 19:20:24','2025-09-15 19:20:24'),(1049,6,NULL,NULL,NULL,NULL,'A2:0F:93:4E:A6:AC','296874',210.00,'2025-09-15 19:28:53','2025-09-15 19:28:53'),(1050,24,NULL,NULL,NULL,NULL,'3A:13:89:8C:B7:66','660271',2500.00,'2025-09-15 19:30:33','2025-09-15 19:30:33'),(1052,8,NULL,NULL,NULL,NULL,'D6:12:9E:9D:91:0E','580032',500.00,'2025-09-15 19:36:07','2025-09-15 19:36:07'),(1053,8,NULL,NULL,NULL,NULL,'D6:12:9E:9D:91:0E','108618',500.00,'2025-09-15 19:38:26','2025-09-15 19:38:26'),(1055,9,NULL,NULL,NULL,NULL,'F4:60:E2:58:0E:DA','087232',1000.00,'2025-09-15 19:52:48','2025-09-15 19:52:48'),(1056,9,NULL,NULL,NULL,NULL,'3A:13:89:8C:B7:66','438787',1000.00,'2025-09-15 19:52:50','2025-09-15 19:52:50'),(1057,24,NULL,NULL,NULL,NULL,'3A:13:89:8C:B7:66','159885',2500.00,'2025-09-15 19:53:33','2025-09-15 19:53:33'),(1059,9,NULL,NULL,NULL,NULL,'92:85:32:EB:61:BE','264004',1000.00,'2025-09-15 19:59:26','2025-09-15 19:59:26'),(1061,9,NULL,NULL,NULL,NULL,'92:85:32:EB:61:BE','870580',1000.00,'2025-09-15 20:02:13','2025-09-15 20:02:13'),(1062,7,NULL,NULL,NULL,NULL,'CA:EB:B1:E4:E1:08','098175',300.00,'2025-09-15 20:04:45','2025-09-15 20:04:45'),(1063,9,NULL,NULL,NULL,NULL,'22:CA:22:F4:49:10','449252',1000.00,'2025-09-15 20:04:59','2025-09-15 20:04:59'),(1064,6,NULL,NULL,NULL,NULL,'CA:EB:B1:E4:E1:08','876782',210.00,'2025-09-15 20:06:29','2025-09-15 20:06:29'),(1065,9,NULL,NULL,NULL,NULL,'92:85:32:EB:61:BE','796024',1000.00,'2025-09-15 20:07:26','2025-09-15 20:07:26'),(1071,9,NULL,NULL,NULL,NULL,'B2:68:94:58:12:BE','656499',1000.00,'2025-09-16 06:32:06','2025-09-16 06:32:06'),(1073,9,NULL,NULL,NULL,NULL,'14:9F:3C:6B:96:77','149364',1000.00,'2025-09-16 06:59:38','2025-09-16 06:59:38'),(1074,9,NULL,NULL,NULL,NULL,'14:9F:3C:6B:96:77','887444',1000.00,'2025-09-16 07:01:26','2025-09-16 07:01:26'),(1075,9,NULL,NULL,NULL,NULL,'14:9F:3C:6B:96:77','637364',1000.00,'2025-09-16 07:04:42','2025-09-16 07:04:42'),(1077,9,NULL,NULL,NULL,NULL,'FE:06:92:FA:87:6B','902629',1000.00,'2025-09-16 08:04:51','2025-09-16 08:04:51'),(1078,9,NULL,NULL,NULL,NULL,'FE:06:92:FA:87:6B','744242',1000.00,'2025-09-16 08:06:39','2025-09-16 08:06:39'),(1079,9,NULL,NULL,NULL,NULL,'FE:06:92:FA:87:6B','619469',1000.00,'2025-09-16 08:13:17','2025-09-16 08:13:17'),(1080,9,NULL,NULL,NULL,NULL,'FE:06:92:FA:87:6B','635461',1000.00,'2025-09-16 08:14:57','2025-09-16 08:14:57'),(1081,9,NULL,NULL,NULL,NULL,'FE:06:92:FA:87:6B','764307',1000.00,'2025-09-16 08:30:01','2025-09-16 08:30:01'),(1083,9,NULL,NULL,NULL,NULL,'4C:63:71:96:C0:61','242263',1000.00,'2025-09-16 10:29:19','2025-09-16 10:29:19'),(1084,9,NULL,NULL,NULL,NULL,'FE:06:92:FA:87:6B','358137',1000.00,'2025-09-16 11:25:24','2025-09-16 11:25:24'),(1087,6,NULL,NULL,NULL,NULL,'86:87:D5:B9:81:15','285543',210.00,'2025-09-16 13:06:43','2025-09-16 13:06:43'),(1088,6,NULL,NULL,NULL,NULL,'86:87:D5:B9:81:15','456157',210.00,'2025-09-16 13:08:26','2025-09-16 13:08:26'),(1089,24,NULL,NULL,NULL,NULL,'BE:B3:CB:9E:09:DC','579842',2500.00,'2025-09-16 13:08:56','2025-09-16 13:08:56'),(1092,9,NULL,NULL,NULL,NULL,'FE:06:92:FA:87:6B','913134',1000.00,'2025-09-16 14:52:30','2025-09-16 14:52:30'),(1093,9,NULL,NULL,NULL,NULL,'FE:06:92:FA:87:6B','963373',1000.00,'2025-09-16 15:30:35','2025-09-16 15:30:35'),(1094,9,NULL,NULL,NULL,NULL,'FE:06:92:FA:87:6B','692002',1000.00,'2025-09-16 15:31:15','2025-09-16 15:31:15'),(1105,7,NULL,NULL,NULL,NULL,'22:F0:CA:D5:AF:FC','286730',300.00,'2025-09-16 18:15:37','2025-09-16 18:15:37'),(1108,6,NULL,NULL,NULL,NULL,'60:F1:89:64:28:26','919851',210.00,'2025-09-16 19:02:00','2025-09-16 19:02:00'),(1114,8,NULL,NULL,NULL,NULL,'62:06:D0:8C:47:36','670531',500.00,'2025-09-17 07:35:53','2025-09-17 07:35:53'),(1117,6,NULL,NULL,NULL,NULL,'10:3F:44:60:C7:32','015535',210.00,'2025-09-17 10:51:45','2025-09-17 10:51:45'),(1118,8,NULL,NULL,NULL,NULL,'BE:13:B8:AF:2F:FD','650010',500.00,'2025-09-17 10:59:34','2025-09-17 10:59:34'),(1119,6,NULL,NULL,NULL,NULL,'AA:C1:1A:D2:79:24','569215',210.00,'2025-09-17 11:13:49','2025-09-17 11:13:49'),(1120,6,NULL,NULL,NULL,NULL,'AA:C1:1A:D2:79:24','898962',210.00,'2025-09-17 11:16:39','2025-09-17 11:16:39'),(1121,6,NULL,NULL,NULL,NULL,'AA:C1:1A:D2:79:24','987913',210.00,'2025-09-17 11:17:06','2025-09-17 11:17:06'),(1122,6,NULL,NULL,NULL,NULL,'AA:C1:1A:D2:79:24','114867',210.00,'2025-09-17 11:20:32','2025-09-17 11:20:32'),(1124,7,NULL,NULL,NULL,NULL,'10:3F:44:60:C7:32','820855',300.00,'2025-09-17 14:40:21','2025-09-17 14:40:21'),(1126,7,NULL,NULL,NULL,NULL,'90:2B:D2:AA:09:B8','708210',300.00,'2025-09-17 16:27:55','2025-09-17 16:27:55'),(1128,31,NULL,NULL,NULL,NULL,'4A:DD:88:7A:F7:85','313777',210.00,'2025-09-17 17:01:24','2025-09-17 17:01:24'),(1131,31,NULL,NULL,NULL,NULL,'4A:DD:88:7A:F7:85','481187',210.00,'2025-09-17 17:21:49','2025-09-17 17:21:49'),(1132,8,NULL,NULL,NULL,NULL,'FC:AA:B6:3B:A0:48','827271',500.00,'2025-09-17 17:26:07','2025-09-17 17:26:07'),(1134,8,NULL,NULL,NULL,NULL,'FC:AA:B6:3B:A0:48','349010',500.00,'2025-09-17 17:29:40','2025-09-17 17:29:40'),(1136,8,NULL,NULL,NULL,NULL,'CA:EB:B1:E4:E1:08','632603',500.00,'2025-09-17 17:40:58','2025-09-17 17:40:58'),(1138,7,NULL,NULL,NULL,NULL,'CA:EB:B1:E4:E1:08','588797',300.00,'2025-09-17 17:52:21','2025-09-17 17:52:21'),(1140,9,NULL,NULL,NULL,NULL,'16:90:94:94:7D:93','716781',1000.00,'2025-09-17 18:00:22','2025-09-17 18:00:22'),(1141,9,NULL,NULL,NULL,NULL,'16:90:94:94:7D:93','711693',1000.00,'2025-09-17 18:02:11','2025-09-17 18:02:11'),(1143,6,NULL,NULL,NULL,NULL,'A2:0F:93:4E:A6:AC','729934',210.00,'2025-09-17 18:17:23','2025-09-17 18:17:23'),(1146,8,NULL,NULL,NULL,NULL,'F2:C6:C1:71:E4:92','179687',500.00,'2025-09-17 19:19:59','2025-09-17 19:19:59'),(1148,8,NULL,NULL,NULL,NULL,'F2:C6:C1:71:E4:92','262878',500.00,'2025-09-17 19:21:08','2025-09-17 19:21:08'),(1149,7,NULL,NULL,NULL,NULL,'14:9F:3C:6B:96:77','699319',300.00,'2025-09-17 19:21:34','2025-09-17 19:21:34'),(1150,8,NULL,NULL,NULL,NULL,'F2:C6:C1:71:E4:92','316391',500.00,'2025-09-17 19:23:21','2025-09-17 19:23:21'),(1151,8,NULL,NULL,NULL,NULL,'F2:C6:C1:71:E4:92','419084',500.00,'2025-09-17 19:24:20','2025-09-17 19:24:20'),(1157,9,NULL,NULL,NULL,NULL,'06:9D:01:F5:0E:47','405297',1000.00,'2025-09-18 06:58:14','2025-09-18 06:58:14'),(1164,6,NULL,NULL,NULL,NULL,'22:6A:1A:31:4A:46','264100',210.00,'2025-09-18 10:33:14','2025-09-18 10:33:14'),(1166,32,NULL,NULL,NULL,NULL,'DE:16:B2:45:FC:E1','122994',500.00,'2025-09-18 10:45:10','2025-09-18 10:45:10'),(1171,8,NULL,NULL,NULL,NULL,'0A:15:74:AF:16:87','865151',500.00,'2025-09-18 17:06:45','2025-09-18 17:06:45'),(1172,10,NULL,NULL,NULL,NULL,'0A:15:74:AF:16:87','861536',5000.00,'2025-09-18 17:08:08','2025-09-18 17:08:08'),(1173,7,NULL,NULL,NULL,NULL,'4A:87:2C:39:9D:A6','013911',300.00,'2025-09-18 17:38:41','2025-09-18 17:38:41'),(1178,6,NULL,NULL,NULL,NULL,'BE:49:81:0F:B7:75','396564',210.00,'2025-09-18 18:28:29','2025-09-18 18:28:29'),(1179,6,NULL,NULL,NULL,NULL,'BE:49:81:0F:B7:75','607332',210.00,'2025-09-18 18:30:50','2025-09-18 18:30:50'),(1180,NULL,NULL,NULL,NULL,332,NULL,'365620',40000.00,'2025-09-18 19:19:09','2025-09-18 19:19:09'),(1182,9,NULL,NULL,NULL,NULL,'16:90:94:94:7D:93','069076',1000.00,'2025-09-18 19:25:21','2025-09-18 19:25:21'),(1192,6,NULL,NULL,NULL,NULL,'7E:AE:DF:95:2F:8C','122545',210.00,'2025-09-19 06:03:18','2025-09-19 06:03:18'),(1193,9,NULL,NULL,NULL,NULL,'06:9D:01:F5:0E:47','194445',1000.00,'2025-09-19 07:50:57','2025-09-19 07:50:57'),(1195,64,NULL,NULL,NULL,NULL,'B6:F8:A7:D2:D2:73','375028',1000.00,'2025-09-19 08:44:15','2025-09-19 08:44:15'),(1196,31,NULL,NULL,NULL,NULL,'82:C3:7B:73:B5:3D','144090',210.00,'2025-09-19 09:18:20','2025-09-19 09:18:20'),(1197,9,NULL,NULL,NULL,NULL,'76:B4:55:80:75:CE','695477',1000.00,'2025-09-19 09:38:46','2025-09-19 09:38:46'),(1199,7,NULL,NULL,NULL,NULL,'10:3F:44:60:C7:32','616911',300.00,'2025-09-19 11:14:10','2025-09-19 11:14:10'),(1206,65,NULL,NULL,NULL,NULL,'50:29:F5:B4:72:53','389033',500.00,'2025-09-19 14:16:50','2025-09-19 14:16:50'),(1210,8,NULL,NULL,NULL,NULL,'F4:60:E2:58:0E:DA','838157',500.00,'2025-09-19 18:06:39','2025-09-19 18:06:39'),(1211,7,NULL,NULL,NULL,NULL,'22:F0:CA:D5:AF:FC','916843',300.00,'2025-09-19 18:29:59','2025-09-19 18:29:59'),(1214,6,NULL,NULL,NULL,NULL,'8A:B7:46:D2:A4:15','314318',210.00,'2025-09-19 18:45:01','2025-09-19 18:45:01'),(1215,7,NULL,NULL,NULL,NULL,'24:DA:33:08:FD:6A','796966',300.00,'2025-09-19 18:45:02','2025-09-19 18:45:02'),(1216,7,NULL,NULL,NULL,NULL,'24:DA:33:08:FD:6A','907940',300.00,'2025-09-19 18:45:56','2025-09-19 18:45:56'),(1220,7,NULL,NULL,NULL,NULL,'F2:C6:C1:71:E4:92','241109',300.00,'2025-09-19 19:33:13','2025-09-19 19:33:13'),(1224,7,NULL,NULL,NULL,NULL,'86:B6:B4:B9:05:BA','851699',300.00,'2025-09-19 20:54:59','2025-09-19 20:54:59'),(1226,9,NULL,NULL,NULL,NULL,'5C:C5:D4:F0:72:92','827658',1000.00,'2025-09-19 21:12:18','2025-09-19 21:12:18'),(1227,9,NULL,NULL,NULL,NULL,'5C:C5:D4:F0:72:92','610252',1000.00,'2025-09-19 21:14:43','2025-09-19 21:14:43'),(1228,7,NULL,NULL,NULL,NULL,'FE:13:2B:4F:8A:16','943095',300.00,'2025-09-19 21:24:24','2025-09-19 21:24:24'),(1229,7,NULL,NULL,NULL,NULL,'FE:13:2B:4F:8A:16','070184',300.00,'2025-09-19 21:26:08','2025-09-19 21:26:08'),(1230,7,NULL,NULL,NULL,NULL,'FE:13:2B:4F:8A:16','090600',300.00,'2025-09-19 21:28:21','2025-09-19 21:28:21'),(1231,8,NULL,NULL,NULL,NULL,'FC:AA:B6:3B:A0:48','045160',500.00,'2025-09-19 21:45:55','2025-09-19 21:45:55'),(1232,8,NULL,NULL,NULL,NULL,'FC:AA:B6:3B:A0:48','943140',500.00,'2025-09-19 21:46:42','2025-09-19 21:46:42'),(1233,8,NULL,NULL,NULL,NULL,'FC:AA:B6:3B:A0:48','801773',500.00,'2025-09-19 21:47:54','2025-09-19 21:47:54'),(1234,8,NULL,NULL,NULL,NULL,'FC:AA:B6:3B:A0:48','174350',500.00,'2025-09-19 21:48:42','2025-09-19 21:48:42'),(1235,8,NULL,NULL,NULL,NULL,'FC:AA:B6:3B:A0:48','724804',500.00,'2025-09-19 21:52:03','2025-09-19 21:52:03'),(1236,8,NULL,NULL,NULL,NULL,'FC:AA:B6:3B:A0:48','069464',500.00,'2025-09-19 21:54:31','2025-09-19 21:54:31'),(1237,8,NULL,NULL,NULL,NULL,'FC:AA:B6:3B:A0:48','947820',500.00,'2025-09-19 22:03:57','2025-09-19 22:03:57'),(1238,8,NULL,NULL,NULL,NULL,'06:9D:01:F5:0E:47','977060',500.00,'2025-09-19 22:27:31','2025-09-19 22:27:31'),(1239,8,NULL,NULL,NULL,NULL,'06:9D:01:F5:0E:47','636560',500.00,'2025-09-19 22:28:50','2025-09-19 22:28:50'),(1240,8,NULL,NULL,NULL,NULL,'06:9D:01:F5:0E:47','020878',500.00,'2025-09-19 22:33:12','2025-09-19 22:33:12'),(1241,8,NULL,NULL,NULL,NULL,'06:9D:01:F5:0E:47','605297',500.00,'2025-09-19 23:06:04','2025-09-19 23:06:04'),(1244,7,NULL,NULL,NULL,NULL,'FE:06:92:FA:87:6B','082857',300.00,'2025-09-20 05:35:31','2025-09-20 05:35:31'),(1246,6,NULL,NULL,NULL,NULL,'9E:0D:04:94:2B:3A','746692',210.00,'2025-09-20 06:49:46','2025-09-20 06:49:46'),(1247,6,NULL,NULL,NULL,NULL,'86:87:D5:B9:81:15','994201',210.00,'2025-09-20 07:16:15','2025-09-20 07:16:15'),(1248,6,NULL,NULL,NULL,NULL,'86:87:D5:B9:81:15','141330',210.00,'2025-09-20 07:17:16','2025-09-20 07:17:16'),(1249,6,NULL,NULL,NULL,NULL,'86:87:D5:B9:81:15','097482',210.00,'2025-09-20 07:23:06','2025-09-20 07:23:06'),(1250,23,NULL,NULL,NULL,NULL,'9E:0D:04:94:2B:3A','467508',15000.00,'2025-09-20 07:36:44','2025-09-20 07:36:44'),(1252,64,NULL,NULL,NULL,NULL,'E2:10:2C:4A:57:9B','382532',1000.00,'2025-09-20 07:47:02','2025-09-20 07:47:02'),(1253,6,NULL,NULL,NULL,NULL,'1E:F4:99:E5:CD:AD','589624',210.00,'2025-09-20 08:48:48','2025-09-20 08:48:48'),(1254,9,NULL,NULL,NULL,NULL,'8A:B7:46:D2:A4:15','170990',1000.00,'2025-09-20 09:20:32','2025-09-20 09:20:32'),(1255,9,NULL,NULL,NULL,NULL,'8A:B7:46:D2:A4:15','241818',1000.00,'2025-09-20 09:25:04','2025-09-20 09:25:04'),(1256,9,NULL,NULL,NULL,NULL,'8A:B7:46:D2:A4:15','824583',1000.00,'2025-09-20 09:26:01','2025-09-20 09:26:01'),(1258,9,NULL,NULL,NULL,NULL,'F4:60:E2:58:0E:DA','835553',1000.00,'2025-09-20 10:01:55','2025-09-20 10:01:55'),(1259,9,NULL,NULL,NULL,NULL,'E2:CA:F4:73:20:C8','520773',1000.00,'2025-09-20 10:48:47','2025-09-20 10:48:47'),(1265,8,NULL,NULL,NULL,NULL,'CA:EB:B1:E4:E1:08','641798',500.00,'2025-09-20 15:05:24','2025-09-20 15:05:24'),(1266,9,NULL,NULL,NULL,NULL,'CA:EB:B1:E4:E1:08','318401',1000.00,'2025-09-20 15:13:41','2025-09-20 15:13:41'),(1268,6,NULL,NULL,NULL,NULL,'86:87:D5:B9:81:15','701898',210.00,'2025-09-20 15:20:55','2025-09-20 15:20:55'),(1271,9,NULL,NULL,NULL,NULL,'62:91:19:5C:29:7C','137846',1000.00,'2025-09-20 17:44:27','2025-09-20 17:44:27'),(1273,8,NULL,NULL,NULL,NULL,'86:87:D5:B9:81:15','455341',500.00,'2025-09-20 18:15:09','2025-09-20 18:15:09'),(1274,8,NULL,NULL,NULL,NULL,'86:87:D5:B9:81:15','488675',500.00,'2025-09-20 18:21:03','2025-09-20 18:21:03'),(1278,NULL,NULL,NULL,NULL,138,NULL,'457708',40000.00,'2025-09-20 19:39:53','2025-09-20 19:39:53'),(1279,NULL,NULL,NULL,NULL,138,NULL,'063324',40000.00,'2025-09-20 19:40:20','2025-09-20 19:40:20'),(1288,64,NULL,NULL,NULL,NULL,'E6:66:E1:F0:DF:D9','280026',1000.00,'2025-09-21 07:35:55','2025-09-21 07:35:55'),(1290,6,NULL,NULL,NULL,NULL,'1E:1B:E0:50:5B:19','773274',210.00,'2025-09-21 08:44:19','2025-09-21 08:44:19'),(1295,9,NULL,NULL,NULL,NULL,'10:3F:44:60:C7:32','569001',1000.00,'2025-09-21 09:29:41','2025-09-21 09:29:41'),(1296,9,NULL,NULL,NULL,NULL,'10:3F:44:60:C7:32','070009',1000.00,'2025-09-21 09:32:39','2025-09-21 09:32:39'),(1297,9,NULL,NULL,NULL,NULL,'10:3F:44:60:C7:32','078269',1000.00,'2025-09-21 09:35:22','2025-09-21 09:35:22'),(1299,8,NULL,NULL,NULL,NULL,'F2:14:5F:EE:3E:9B','215447',500.00,'2025-09-21 10:23:45','2025-09-21 10:23:45'),(1300,8,NULL,NULL,NULL,NULL,'CA:EB:B1:E4:E1:08','263749',500.00,'2025-09-21 10:26:30','2025-09-21 10:26:30'),(1301,7,NULL,NULL,NULL,NULL,'5E:29:F0:50:83:C4','225901',300.00,'2025-09-21 10:39:59','2025-09-21 10:39:59'),(1302,8,NULL,NULL,NULL,NULL,'6E:86:6A:C0:08:FA','249910',500.00,'2025-09-21 10:45:22','2025-09-21 10:45:22'),(1303,8,NULL,NULL,NULL,NULL,'6E:86:6A:C0:08:FA','411710',500.00,'2025-09-21 10:46:02','2025-09-21 10:46:02'),(1305,8,NULL,NULL,NULL,NULL,'5A:22:D6:25:36:E9','599580',500.00,'2025-09-21 11:19:00','2025-09-21 11:19:00'),(1307,8,NULL,NULL,NULL,NULL,'22:F0:CA:D5:AF:FC','134580',500.00,'2025-09-21 14:16:04','2025-09-21 14:16:04'),(1308,8,NULL,NULL,NULL,NULL,'F6:1D:E3:77:F2:61','646121',500.00,'2025-09-21 14:17:37','2025-09-21 14:17:37'),(1309,8,NULL,NULL,NULL,NULL,'22:F0:CA:D5:AF:FC','342953',500.00,'2025-09-21 14:18:39','2025-09-21 14:18:39'),(1310,8,NULL,NULL,NULL,NULL,'22:F0:CA:D5:AF:FC','553231',500.00,'2025-09-21 14:19:29','2025-09-21 14:19:29'),(1311,8,NULL,NULL,NULL,NULL,'22:F0:CA:D5:AF:FC','265301',500.00,'2025-09-21 14:21:31','2025-09-21 14:21:31'),(1313,8,NULL,NULL,NULL,NULL,'22:F0:CA:D5:AF:FC','095233',500.00,'2025-09-21 14:25:20','2025-09-21 14:25:20'),(1314,8,NULL,NULL,NULL,NULL,'22:F0:CA:D5:AF:FC','917331',500.00,'2025-09-21 14:29:05','2025-09-21 14:29:05'),(1315,8,NULL,NULL,NULL,NULL,'22:F0:CA:D5:AF:FC','445214',500.00,'2025-09-21 14:33:00','2025-09-21 14:33:00'),(1316,8,NULL,NULL,NULL,NULL,'22:F0:CA:D5:AF:FC','822412',500.00,'2025-09-21 14:34:16','2025-09-21 14:34:16'),(1317,65,NULL,NULL,NULL,NULL,'9E:E7:81:41:25:42','036747',500.00,'2025-09-21 14:34:48','2025-09-21 14:34:48'),(1319,65,NULL,NULL,NULL,NULL,'9E:E7:81:41:25:42','827887',500.00,'2025-09-21 14:35:18','2025-09-21 14:35:18'),(1320,36,NULL,NULL,NULL,NULL,'A6:BE:1E:B4:8C:A0','623131',8000.00,'2025-09-21 15:46:29','2025-09-21 15:46:29'),(1325,64,NULL,NULL,NULL,NULL,'3A:B7:A6:1E:8E:F8','273867',1000.00,'2025-09-21 17:46:36','2025-09-21 17:46:36'),(1326,6,NULL,NULL,NULL,NULL,'6A:A6:E1:4B:01:70','445645',210.00,'2025-09-21 17:50:05','2025-09-21 17:50:05'),(1329,7,NULL,NULL,NULL,NULL,'86:B6:B4:B9:05:BA','595478',300.00,'2025-09-21 19:15:01','2025-09-21 19:15:01'),(1333,NULL,NULL,NULL,NULL,140,NULL,'823304',40000.00,'2025-09-21 21:49:02','2025-09-21 21:49:02'),(1336,7,NULL,NULL,NULL,NULL,'78:3A:6C:7F:20:71','830526',300.00,'2025-09-22 04:44:38','2025-09-22 04:44:38'),(1337,6,NULL,NULL,NULL,NULL,'78:3A:6C:7F:20:71','035645',210.00,'2025-09-22 04:50:20','2025-09-22 04:50:20'),(1338,6,NULL,NULL,NULL,NULL,'78:3A:6C:7F:20:71','175796',210.00,'2025-09-22 04:53:16','2025-09-22 04:53:16'),(1339,7,NULL,NULL,NULL,NULL,'78:3A:6C:7F:20:71','931495',300.00,'2025-09-22 05:56:54','2025-09-22 05:56:54'),(1340,9,NULL,NULL,NULL,NULL,'46:07:90:4F:40:4C','338027',1000.00,'2025-09-22 06:56:17','2025-09-22 06:56:17'),(1341,9,NULL,NULL,NULL,NULL,'46:07:90:4F:40:4C','078558',1000.00,'2025-09-22 07:09:34','2025-09-22 07:09:34'),(1347,NULL,NULL,NULL,NULL,140,NULL,'356889',40000.00,'2025-09-22 09:00:25','2025-09-22 09:00:25'),(1351,9,NULL,NULL,NULL,NULL,'10:3F:44:60:C7:32','744210',1000.00,'2025-09-22 12:24:19','2025-09-22 12:24:19'),(1352,9,NULL,NULL,NULL,NULL,'10:3F:44:60:C7:32','277544',1000.00,'2025-09-22 12:32:45','2025-09-22 12:32:45'),(1354,64,NULL,NULL,NULL,NULL,'FA:B7:7A:E7:CF:31','432026',1000.00,'2025-09-22 14:14:23','2025-09-22 14:14:23'),(1355,64,NULL,NULL,NULL,NULL,'0E:D3:CE:3C:3D:31','103252',1000.00,'2025-09-22 14:56:16','2025-09-22 14:56:16'),(1356,64,NULL,NULL,NULL,NULL,'0E:D3:CE:3C:3D:31','502488',1000.00,'2025-09-22 14:56:45','2025-09-22 14:56:45'),(1357,64,NULL,NULL,NULL,NULL,'0E:D3:CE:3C:3D:31','161293',1000.00,'2025-09-22 14:56:50','2025-09-22 14:56:50'),(1358,8,NULL,NULL,NULL,NULL,'BE:B3:CB:9E:09:DC','666855',500.00,'2025-09-22 15:35:40','2025-09-22 15:35:40'),(1363,8,NULL,NULL,NULL,NULL,'FE:06:92:FA:87:6B','835612',500.00,'2025-09-22 17:22:08','2025-09-22 17:22:08'),(1364,8,NULL,NULL,NULL,NULL,'FE:06:92:FA:87:6B','361013',500.00,'2025-09-22 17:23:31','2025-09-22 17:23:31'),(1367,10,NULL,NULL,NULL,NULL,'FE:06:92:FA:87:6B','071755',5000.00,'2025-09-22 17:48:42','2025-09-22 17:48:42'),(1371,9,NULL,NULL,NULL,NULL,'30:07:4D:C1:22:74','539516',1000.00,'2025-09-22 19:03:00','2025-09-22 19:03:00'),(1373,7,NULL,NULL,NULL,NULL,'2A:01:6A:E3:EF:FF','935937',300.00,'2025-09-22 19:42:17','2025-09-22 19:42:17'),(1374,7,NULL,NULL,NULL,NULL,'2A:01:6A:E3:EF:FF','838343',300.00,'2025-09-22 19:46:20','2025-09-22 19:46:20'),(1376,7,NULL,NULL,NULL,NULL,'78:3A:6C:7F:20:71','172171',300.00,'2025-09-22 20:05:07','2025-09-22 20:05:07'),(1377,7,NULL,NULL,NULL,NULL,'2A:01:6A:E3:EF:FF','604042',300.00,'2025-09-22 20:07:06','2025-09-22 20:07:06'),(1379,7,NULL,NULL,NULL,NULL,'02:AE:8E:00:79:71','615469',300.00,'2025-09-22 20:41:01','2025-09-22 20:41:01'),(1381,7,NULL,NULL,NULL,NULL,'02:AE:8E:00:79:71','835190',300.00,'2025-09-22 20:42:26','2025-09-22 20:42:26'),(1382,6,NULL,NULL,NULL,NULL,'42:CC:90:DA:81:CB','870524',210.00,'2025-09-22 20:44:35','2025-09-22 20:44:35'),(1386,8,NULL,NULL,NULL,NULL,'C2:75:91:4A:D0:2B','838481',500.00,'2025-09-22 20:56:23','2025-09-22 20:56:23'),(1390,6,NULL,NULL,NULL,NULL,'4A:87:2C:39:9D:A6','138863',210.00,'2025-09-23 06:00:53','2025-09-23 06:00:53'),(1392,6,NULL,NULL,NULL,NULL,'4A:87:2C:39:9D:A6','458301',210.00,'2025-09-23 06:03:02','2025-09-23 06:03:02'),(1393,8,NULL,NULL,NULL,NULL,'FE:06:92:FA:87:6B','904895',500.00,'2025-09-23 06:14:25','2025-09-23 06:14:25'),(1401,8,NULL,NULL,NULL,NULL,'A8:13:06:C0:4E:B3','402960',500.00,'2025-09-23 11:08:01','2025-09-23 11:08:01'),(1404,7,NULL,NULL,NULL,NULL,'02:AE:8E:00:79:71','389123',300.00,'2025-09-23 13:34:09','2025-09-23 13:34:09'),(1405,7,NULL,NULL,NULL,NULL,'4A:87:2C:39:9D:A6','430968',300.00,'2025-09-23 13:53:41','2025-09-23 13:53:41'),(1408,6,NULL,NULL,NULL,NULL,'66:31:C5:1D:19:94','362089',210.00,'2025-09-23 14:35:06','2025-09-23 14:35:06'),(1409,8,NULL,NULL,NULL,NULL,'10:3F:44:60:C7:32','837215',500.00,'2025-09-23 14:48:05','2025-09-23 14:48:05'),(1410,8,NULL,NULL,NULL,NULL,'10:3F:44:60:C7:32','799451',500.00,'2025-09-23 14:49:10','2025-09-23 14:49:10'),(1411,8,NULL,NULL,NULL,NULL,'10:3F:44:60:C7:32','820607',500.00,'2025-09-23 14:54:19','2025-09-23 14:54:19'),(1413,8,NULL,NULL,NULL,NULL,'10:3F:44:60:C7:32','081582',500.00,'2025-09-23 15:03:36','2025-09-23 15:03:36'),(1414,8,NULL,NULL,NULL,NULL,'10:3F:44:60:C7:32','718284',500.00,'2025-09-23 15:04:27','2025-09-23 15:04:27'),(1415,8,NULL,NULL,NULL,NULL,'10:3F:44:60:C7:32','834787',500.00,'2025-09-23 15:41:25','2025-09-23 15:41:25'),(1417,24,NULL,NULL,NULL,NULL,'3A:13:89:8C:B7:66','934219',2500.00,'2025-09-23 16:21:41','2025-09-23 16:21:41'),(1418,24,NULL,NULL,NULL,NULL,'3A:13:89:8C:B7:66','857970',2500.00,'2025-09-23 16:26:43','2025-09-23 16:26:43'),(1419,24,NULL,NULL,NULL,NULL,'3A:13:89:8C:B7:66','509414',2500.00,'2025-09-23 16:29:38','2025-09-23 16:29:38'),(1420,7,NULL,NULL,NULL,NULL,'24:DA:33:08:FD:6A','016859',300.00,'2025-09-23 16:29:55','2025-09-23 16:29:55'),(1421,6,NULL,NULL,NULL,NULL,'24:DA:33:08:FD:6A','914484',210.00,'2025-09-23 16:30:35','2025-09-23 16:30:35'),(1422,59,NULL,NULL,NULL,NULL,'80:AF:CA:23:CF:5C','201596',1000.00,'2025-09-23 16:30:39','2025-09-23 16:30:39'),(1424,8,NULL,NULL,NULL,NULL,'10:3F:44:60:C7:32','295034',500.00,'2025-09-23 16:43:30','2025-09-23 16:43:30'),(1425,64,NULL,NULL,NULL,NULL,'$(mac)','075923',1000.00,'2025-09-23 16:53:21','2025-09-23 16:53:21'),(1426,64,NULL,NULL,NULL,NULL,'$(mac)','359433',1000.00,'2025-09-23 16:53:35','2025-09-23 16:53:35'),(1427,64,NULL,NULL,NULL,NULL,'$(mac)','670060',1000.00,'2025-09-23 16:53:39','2025-09-23 16:53:39'),(1428,59,NULL,NULL,NULL,NULL,'80:AF:CA:23:CF:5C','276805',1000.00,'2025-09-23 17:14:56','2025-09-23 17:14:56'),(1429,59,NULL,NULL,NULL,NULL,'80:AF:CA:23:CF:5C','588520',1000.00,'2025-09-23 17:15:59','2025-09-23 17:15:59'),(1430,6,NULL,NULL,NULL,NULL,'3E:A5:2D:34:21:C5','745580',210.00,'2025-09-23 17:35:58','2025-09-23 17:35:58'),(1431,8,NULL,NULL,NULL,NULL,'CA:EB:B1:E4:E1:08','612540',500.00,'2025-09-23 17:43:24','2025-09-23 17:43:24'),(1436,9,NULL,NULL,NULL,NULL,'8A:20:CA:39:F5:D0','465514',1000.00,'2025-09-23 18:12:34','2025-09-23 18:12:34'),(1438,9,NULL,NULL,NULL,NULL,'FE:06:92:FA:87:6B','538068',1000.00,'2025-09-23 18:26:26','2025-09-23 18:26:26'),(1439,9,NULL,NULL,NULL,NULL,'FE:06:92:FA:87:6B','134324',1000.00,'2025-09-23 18:54:38','2025-09-23 18:54:38'),(1443,65,NULL,NULL,NULL,NULL,'9E:71:86:AE:65:B1','500209',500.00,'2025-09-23 20:00:52','2025-09-23 20:00:52'),(1445,9,NULL,NULL,NULL,NULL,'B2:17:11:1E:76:42','197252',1000.00,'2025-09-23 20:42:51','2025-09-23 20:42:51'),(1446,9,NULL,NULL,NULL,NULL,'B2:17:11:1E:76:42','854062',1000.00,'2025-09-23 20:47:46','2025-09-23 20:47:46'),(1449,9,NULL,NULL,NULL,NULL,'4E:3D:13:06:1F:4B','703206',1000.00,'2025-09-24 00:58:08','2025-09-24 00:58:08'),(1453,64,NULL,NULL,NULL,NULL,'C2:59:CB:D0:5F:CB','811750',1000.00,'2025-09-24 08:29:26','2025-09-24 08:29:26'),(1454,8,NULL,NULL,NULL,NULL,'06:9D:01:F5:0E:47','681718',500.00,'2025-09-24 08:30:14','2025-09-24 08:30:14'),(1458,65,NULL,NULL,NULL,NULL,'5E:1A:B5:46:3F:65','140081',500.00,'2025-09-24 09:49:03','2025-09-24 09:49:03'),(1459,65,NULL,NULL,NULL,NULL,'5E:1A:B5:46:3F:65','848501',500.00,'2025-09-24 09:49:47','2025-09-24 09:49:47'),(1460,65,NULL,NULL,NULL,NULL,'5E:1A:B5:46:3F:65','322964',500.00,'2025-09-24 09:49:50','2025-09-24 09:49:50'),(1461,65,NULL,NULL,NULL,NULL,'5E:1A:B5:46:3F:65','465849',500.00,'2025-09-24 09:49:58','2025-09-24 09:49:58'),(1462,65,NULL,NULL,NULL,NULL,'5E:1A:B5:46:3F:65','220450',500.00,'2025-09-24 09:50:45','2025-09-24 09:50:45'),(1463,65,NULL,NULL,NULL,NULL,'5E:1A:B5:46:3F:65','847726',500.00,'2025-09-24 09:54:46','2025-09-24 09:54:46'),(1464,65,NULL,NULL,NULL,NULL,'5E:1A:B5:46:3F:65','817652',500.00,'2025-09-24 09:55:09','2025-09-24 09:55:09'),(1465,65,NULL,NULL,NULL,NULL,'5E:1A:B5:46:3F:65','696766',500.00,'2025-09-24 09:56:26','2025-09-24 09:56:26'),(1466,65,NULL,NULL,NULL,NULL,'5E:1A:B5:46:3F:65','483779',500.00,'2025-09-24 09:57:01','2025-09-24 09:57:01'),(1468,65,NULL,NULL,NULL,NULL,'$(mac)','634683',500.00,'2025-09-24 10:33:31','2025-09-24 10:33:31'),(1469,64,NULL,NULL,NULL,NULL,'$(mac)','925872',1000.00,'2025-09-24 10:34:21','2025-09-24 10:34:21'),(1470,64,NULL,NULL,NULL,NULL,'3A:6A:07:B2:C5:C7','130538',1000.00,'2025-09-24 11:12:22','2025-09-24 11:12:22'),(1471,7,NULL,NULL,NULL,NULL,'AA:C1:1A:D2:79:24','422914',300.00,'2025-09-24 11:22:38','2025-09-24 11:22:38'),(1472,8,NULL,NULL,NULL,NULL,'AA:C1:1A:D2:79:24','507150',500.00,'2025-09-24 11:23:35','2025-09-24 11:23:35'),(1473,8,NULL,NULL,NULL,NULL,'AA:C1:1A:D2:79:24','618831',500.00,'2025-09-24 11:26:23','2025-09-24 11:26:23'),(1474,8,NULL,NULL,NULL,NULL,'AA:C1:1A:D2:79:24','063044',500.00,'2025-09-24 11:27:18','2025-09-24 11:27:18'),(1475,7,NULL,NULL,NULL,NULL,'AA:C1:1A:D2:79:24','962218',300.00,'2025-09-24 11:28:26','2025-09-24 11:28:26'),(1476,8,NULL,NULL,NULL,NULL,'AA:C1:1A:D2:79:24','759977',500.00,'2025-09-24 11:35:43','2025-09-24 11:35:43'),(1477,8,NULL,NULL,NULL,NULL,'AA:C1:1A:D2:79:24','960824',500.00,'2025-09-24 11:37:30','2025-09-24 11:37:30'),(1478,7,NULL,NULL,NULL,NULL,'92:9C:38:2D:F4:86','740350',300.00,'2025-09-24 13:32:28','2025-09-24 13:32:28'),(1479,7,NULL,NULL,NULL,NULL,'C6:82:84:09:10:28','710576',300.00,'2025-09-24 13:33:54','2025-09-24 13:33:54'),(1481,64,NULL,NULL,NULL,NULL,'CA:52:0B:74:71:92','547584',1000.00,'2025-09-24 14:15:57','2025-09-24 14:15:57'),(1483,8,NULL,NULL,NULL,NULL,'2E:86:96:AC:FF:06','334014',500.00,'2025-09-24 16:45:56','2025-09-24 16:45:56'),(1484,7,NULL,NULL,NULL,NULL,'86:87:D5:B9:81:15','136556',300.00,'2025-09-24 17:21:50','2025-09-24 17:21:50'),(1485,7,NULL,NULL,NULL,NULL,'86:87:D5:B9:81:15','050803',300.00,'2025-09-24 17:22:29','2025-09-24 17:22:29'),(1486,7,NULL,NULL,NULL,NULL,'86:87:D5:B9:81:15','441489',300.00,'2025-09-24 17:23:20','2025-09-24 17:23:20'),(1487,7,NULL,NULL,NULL,NULL,'86:87:D5:B9:81:15','172180',300.00,'2025-09-24 17:32:10','2025-09-24 17:32:10'),(1488,7,NULL,NULL,NULL,NULL,'E6:94:D2:8C:72:72','134946',300.00,'2025-09-24 17:33:14','2025-09-24 17:33:14'),(1489,7,NULL,NULL,NULL,NULL,'86:87:D5:B9:81:15','743204',300.00,'2025-09-24 17:33:56','2025-09-24 17:33:56'),(1490,7,NULL,NULL,NULL,NULL,'86:87:D5:B9:81:15','527152',300.00,'2025-09-24 17:34:29','2025-09-24 17:34:29'),(1493,7,NULL,NULL,NULL,NULL,'CA:EB:B1:E4:E1:08','496006',300.00,'2025-09-24 18:39:48','2025-09-24 18:39:48'),(1496,8,NULL,NULL,NULL,NULL,'3E:A5:2D:34:21:C5','825609',500.00,'2025-09-24 19:26:53','2025-09-24 19:26:53'),(1497,8,NULL,NULL,NULL,NULL,'3E:A5:2D:34:21:C5','766282',500.00,'2025-09-24 19:28:10','2025-09-24 19:28:10'),(1498,8,NULL,NULL,NULL,NULL,'CC:C0:79:8D:5E:35','157619',500.00,'2025-09-24 19:29:09','2025-09-24 19:29:09'),(1505,6,NULL,NULL,NULL,NULL,'9A:E6:33:FA:BC:B3','653058',210.00,'2025-09-24 21:39:13','2025-09-24 21:39:13'),(1506,8,NULL,NULL,NULL,NULL,'FE:06:92:FA:87:6B','349003',500.00,'2025-09-24 21:52:53','2025-09-24 21:52:53'),(1507,65,NULL,NULL,NULL,NULL,'9E:E7:81:41:25:42','589980',500.00,'2025-09-25 09:23:39','2025-09-25 09:23:39'),(1508,65,NULL,NULL,NULL,NULL,'9E:E7:81:41:25:42','250474',500.00,'2025-09-25 09:23:49','2025-09-25 09:23:49'),(1509,65,NULL,NULL,NULL,NULL,'9E:E7:81:41:25:42','890260',500.00,'2025-09-25 09:23:58','2025-09-25 09:23:58'),(1510,65,NULL,NULL,NULL,NULL,'9E:E7:81:41:25:42','708251',500.00,'2025-09-25 09:24:18','2025-09-25 09:24:18'),(1511,64,NULL,NULL,NULL,NULL,'9E:E7:81:41:25:42','895938',1000.00,'2025-09-25 09:24:31','2025-09-25 09:24:31'),(1513,8,NULL,NULL,NULL,NULL,'F2:C6:C1:71:E4:92','093707',500.00,'2025-09-25 18:37:36','2025-09-25 18:37:36'),(1515,9,NULL,NULL,NULL,NULL,'24:DA:33:08:FD:6A','146872',1000.00,'2025-09-25 18:59:19','2025-09-25 18:59:19'),(1516,9,NULL,NULL,NULL,NULL,'56:06:7B:29:60:43','675611',1000.00,'2025-09-25 18:59:50','2025-09-25 18:59:50'),(1517,9,NULL,NULL,NULL,NULL,'56:06:7B:29:60:43','960700',1000.00,'2025-09-25 19:00:30','2025-09-25 19:00:30'),(1519,8,NULL,NULL,NULL,NULL,'D0:2A:AA:90:40:ED','434267',500.00,'2025-09-25 19:11:23','2025-09-25 19:11:23'),(1520,8,NULL,NULL,NULL,NULL,'60:F1:89:64:28:26','701376',500.00,'2025-09-25 19:14:58','2025-09-25 19:14:58'),(1521,8,NULL,NULL,NULL,NULL,'0E:0B:4A:F4:B0:26','082228',500.00,'2025-09-25 19:15:01','2025-09-25 19:15:01'),(1522,7,NULL,NULL,NULL,NULL,'0E:0B:4A:F4:B0:26','863905',300.00,'2025-09-25 19:18:44','2025-09-25 19:18:44'),(1523,7,NULL,NULL,NULL,NULL,'0E:0B:4A:F4:B0:26','971428',300.00,'2025-09-25 19:21:52','2025-09-25 19:21:52'),(1524,7,NULL,NULL,NULL,NULL,'0E:0B:4A:F4:B0:26','298284',300.00,'2025-09-25 19:23:07','2025-09-25 19:23:07'),(1525,7,NULL,NULL,NULL,NULL,'0E:0B:4A:F4:B0:26','370457',300.00,'2025-09-25 19:25:14','2025-09-25 19:25:14'),(1527,7,NULL,NULL,NULL,NULL,'0E:0B:4A:F4:B0:26','575202',300.00,'2025-09-25 19:25:47','2025-09-25 19:25:47'),(1528,7,NULL,NULL,NULL,NULL,'BE:B3:CB:9E:09:DC','471426',300.00,'2025-09-25 19:43:44','2025-09-25 19:43:44'),(1530,7,NULL,NULL,NULL,NULL,'22:F0:CA:D5:AF:FC','760814',300.00,'2025-09-25 20:18:32','2025-09-25 20:18:32'),(1532,8,NULL,NULL,NULL,NULL,'FE:06:92:FA:87:6B','897262',500.00,'2025-09-25 20:55:46','2025-09-25 20:55:46'),(1533,59,NULL,NULL,NULL,NULL,'30:A1:FA:F5:5C:4A','933669',1000.00,'2025-09-25 21:06:56','2025-09-25 21:06:56'),(1534,9,NULL,NULL,NULL,NULL,'B2:17:11:1E:76:42','562541',1000.00,'2025-09-25 21:10:02','2025-09-25 21:10:02'),(1535,9,NULL,NULL,NULL,NULL,'B2:17:11:1E:76:42','692150',1000.00,'2025-09-25 21:12:01','2025-09-25 21:12:01'),(1536,8,NULL,NULL,NULL,NULL,'CA:72:22:4C:C5:32','899487',500.00,'2025-09-26 06:27:20','2025-09-26 06:27:20'),(1540,68,NULL,NULL,NULL,NULL,'B4:63:6F:95:EE:75','911409',1500.00,'2025-09-26 08:17:00','2025-09-26 08:17:00'),(1546,23,NULL,NULL,NULL,NULL,'2A:2B:4F:09:82:4C','888406',15000.00,'2025-09-26 09:32:44','2025-09-26 09:32:44'),(1549,59,NULL,NULL,NULL,NULL,'80:AF:CA:23:CF:5C','100407',1000.00,'2025-09-26 10:28:49','2025-09-26 10:28:49'),(1550,8,NULL,NULL,NULL,NULL,'E6:94:D2:8C:72:72','869754',500.00,'2025-09-26 10:53:48','2025-09-26 10:53:48'),(1551,8,NULL,NULL,NULL,NULL,'86:87:D5:B9:81:15','276313',500.00,'2025-09-26 10:57:16','2025-09-26 10:57:16'),(1552,8,NULL,NULL,NULL,NULL,'86:87:D5:B9:81:15','641439',500.00,'2025-09-26 10:58:55','2025-09-26 10:58:55'),(1553,65,NULL,NULL,NULL,NULL,'9E:E7:81:41:25:42','012576',500.00,'2025-09-26 11:41:24','2025-09-26 11:41:24'),(1554,65,NULL,NULL,NULL,NULL,'9E:E7:81:41:25:42','215530',500.00,'2025-09-26 11:42:36','2025-09-26 11:42:36'),(1555,65,NULL,NULL,NULL,NULL,'9E:E7:81:41:25:42','933088',500.00,'2025-09-26 11:42:44','2025-09-26 11:42:44'),(1556,65,NULL,NULL,NULL,NULL,'9E:E7:81:41:25:42','028961',500.00,'2025-09-26 11:43:05','2025-09-26 11:43:05'),(1557,65,NULL,NULL,NULL,NULL,'9E:E7:81:41:25:42','938578',500.00,'2025-09-26 11:49:03','2025-09-26 11:49:03'),(1560,70,NULL,NULL,NULL,NULL,'3E:54:23:6F:EA:26','483954',750.00,'2025-09-26 13:58:16','2025-09-26 13:58:16'),(1564,8,NULL,NULL,NULL,NULL,'1A:89:CC:42:69:58','497687',500.00,'2025-09-26 17:05:00','2025-09-26 17:05:00'),(1566,65,NULL,NULL,NULL,NULL,'6E:F3:75:3E:13:7E','302385',500.00,'2025-09-26 18:31:48','2025-09-26 18:31:48'),(1567,65,NULL,NULL,NULL,NULL,'6E:F3:75:3E:13:7E','918106',500.00,'2025-09-26 18:32:03','2025-09-26 18:32:03'),(1568,65,NULL,NULL,NULL,NULL,'6E:F3:75:3E:13:7E','842413',500.00,'2025-09-26 18:32:48','2025-09-26 18:32:48'),(1569,65,NULL,NULL,NULL,NULL,'C6:61:2B:22:2D:29','111512',500.00,'2025-09-26 18:33:40','2025-09-26 18:33:40'),(1570,65,NULL,NULL,NULL,NULL,'C6:61:2B:22:2D:29','600789',500.00,'2025-09-26 18:33:49','2025-09-26 18:33:49'),(1571,65,NULL,NULL,NULL,NULL,'6E:F3:75:3E:13:7E','131724',500.00,'2025-09-26 18:37:20','2025-09-26 18:37:20'),(1572,65,NULL,NULL,NULL,NULL,'6E:F3:75:3E:13:7E','377542',500.00,'2025-09-26 18:37:31','2025-09-26 18:37:31'),(1573,65,NULL,NULL,NULL,NULL,'6E:F3:75:3E:13:7E','043840',500.00,'2025-09-26 18:37:36','2025-09-26 18:37:36'),(1574,65,NULL,NULL,NULL,NULL,'6E:F3:75:3E:13:7E','937260',500.00,'2025-09-26 18:37:40','2025-09-26 18:37:40'),(1575,65,NULL,NULL,NULL,NULL,'6E:F3:75:3E:13:7E','247700',500.00,'2025-09-26 18:37:48','2025-09-26 18:37:48'),(1576,8,NULL,NULL,NULL,NULL,'FC:AA:B6:3B:A0:48','811875',500.00,'2025-09-26 18:50:37','2025-09-26 18:50:37'),(1577,8,NULL,NULL,NULL,NULL,'FC:AA:B6:3B:A0:48','536415',500.00,'2025-09-26 18:51:50','2025-09-26 18:51:50'),(1580,8,NULL,NULL,NULL,NULL,'3E:A5:2D:34:21:C5','565915',500.00,'2025-09-26 19:25:55','2025-09-26 19:25:55'),(1581,8,NULL,NULL,NULL,NULL,'3E:A5:2D:34:21:C5','622819',500.00,'2025-09-26 19:26:54','2025-09-26 19:26:54'),(1582,8,NULL,NULL,NULL,NULL,'3E:A5:2D:34:21:C5','479209',500.00,'2025-09-26 19:28:53','2025-09-26 19:28:53'),(1583,8,NULL,NULL,NULL,NULL,'3E:A5:2D:34:21:C5','367842',500.00,'2025-09-26 19:43:49','2025-09-26 19:43:49'),(1584,8,NULL,NULL,NULL,NULL,'3E:A5:2D:34:21:C5','549848',500.00,'2025-09-26 19:44:58','2025-09-26 19:44:58'),(1585,8,NULL,NULL,NULL,NULL,'3E:A5:2D:34:21:C5','915004',500.00,'2025-09-26 19:45:41','2025-09-26 19:45:41'),(1586,7,NULL,NULL,NULL,NULL,'24:2E:02:2C:C6:79','043944',300.00,'2025-09-26 19:47:22','2025-09-26 19:47:22'),(1587,7,NULL,NULL,NULL,NULL,'24:2E:02:2C:C6:79','416975',300.00,'2025-09-26 19:47:23','2025-09-26 19:47:23'),(1588,8,NULL,NULL,NULL,NULL,'3E:A5:2D:34:21:C5','157239',500.00,'2025-09-26 19:48:31','2025-09-26 19:48:31'),(1589,8,NULL,NULL,NULL,NULL,'3E:A5:2D:34:21:C5','013435',500.00,'2025-09-26 19:50:43','2025-09-26 19:50:43'),(1590,7,NULL,NULL,NULL,NULL,'24:2E:02:2C:C6:79','718978',300.00,'2025-09-26 19:52:32','2025-09-26 19:52:32'),(1591,9,NULL,NULL,NULL,NULL,'3E:A5:2D:34:21:C5','805434',1000.00,'2025-09-26 19:54:59','2025-09-26 19:54:59'),(1592,8,NULL,NULL,NULL,NULL,'3E:A5:2D:34:21:C5','946226',500.00,'2025-09-26 19:55:26','2025-09-26 19:55:26'),(1597,70,NULL,NULL,NULL,NULL,'F8:2E:3F:C2:26:48','866400',1000.00,'2025-09-26 21:42:16','2025-09-26 21:42:16'),(1598,70,NULL,NULL,NULL,NULL,'F8:2E:3F:C2:26:48','784397',1000.00,'2025-09-26 21:55:22','2025-09-26 21:55:22'),(1599,70,NULL,NULL,NULL,NULL,'F8:2E:3F:C2:26:48','315277',1000.00,'2025-09-26 21:58:13','2025-09-26 21:58:13'),(1600,73,NULL,NULL,NULL,NULL,'F8:2E:3F:C2:26:48','197922',3500.00,'2025-09-26 22:11:35','2025-09-26 22:11:35'),(1602,8,NULL,NULL,NULL,NULL,'06:9D:01:F5:0E:47','143815',500.00,'2025-09-27 04:56:59','2025-09-27 04:56:59'),(1604,9,NULL,NULL,NULL,NULL,'CA:EB:B1:E4:E1:08','182149',1000.00,'2025-09-27 06:53:27','2025-09-27 06:53:27'),(1607,8,NULL,NULL,NULL,NULL,'B2:17:11:1E:76:42','557140',500.00,'2025-09-27 07:33:13','2025-09-27 07:33:13'),(1608,70,NULL,NULL,NULL,NULL,'F8:2E:3F:C2:26:47','731407',1000.00,'2025-09-27 09:14:06','2025-09-27 09:14:06'),(1609,72,NULL,NULL,NULL,NULL,'F8:2E:3F:C2:26:47','565398',5500.00,'2025-09-27 09:20:14','2025-09-27 09:20:14'),(1610,71,NULL,NULL,NULL,NULL,'F8:2E:3F:C2:26:47','360959',1750.00,'2025-09-27 09:58:41','2025-09-27 09:58:41'),(1612,70,NULL,NULL,NULL,NULL,'DE:8D:37:80:FA:22','058433',1000.00,'2025-09-27 10:38:57','2025-09-27 10:38:57'),(1614,64,NULL,NULL,NULL,NULL,'EA:ED:3E:EB:CE:9C','458999',1000.00,'2025-09-27 13:25:53','2025-09-27 13:25:53'),(1615,65,NULL,NULL,NULL,NULL,'EA:ED:3E:EB:CE:9C','986551',500.00,'2025-09-27 13:34:11','2025-09-27 13:34:11'),(1616,65,NULL,NULL,NULL,NULL,'EA:ED:3E:EB:CE:9C','928365',500.00,'2025-09-27 13:34:20','2025-09-27 13:34:20'),(1617,65,NULL,NULL,NULL,NULL,'EA:ED:3E:EB:CE:9C','159674',500.00,'2025-09-27 13:34:30','2025-09-27 13:34:30'),(1618,64,NULL,NULL,NULL,NULL,'EA:ED:3E:EB:CE:9C','651676',1000.00,'2025-09-27 14:28:06','2025-09-27 14:28:06'),(1619,64,NULL,NULL,NULL,NULL,'EA:ED:3E:EB:CE:9C','460534',1000.00,'2025-09-27 14:28:16','2025-09-27 14:28:16'),(1620,65,NULL,NULL,NULL,NULL,'EA:ED:3E:EB:CE:9C','221181',500.00,'2025-09-27 14:30:14','2025-09-27 14:30:14'),(1621,64,NULL,NULL,NULL,NULL,'EA:ED:3E:EB:CE:9C','206435',1000.00,'2025-09-27 14:31:05','2025-09-27 14:31:05'),(1622,64,NULL,NULL,NULL,NULL,'EA:ED:3E:EB:CE:9C','880871',1000.00,'2025-09-27 14:31:12','2025-09-27 14:31:12'),(1625,9,NULL,NULL,NULL,NULL,'10:3F:44:60:C7:32','878427',1000.00,'2025-09-27 15:13:29','2025-09-27 15:13:29'),(1627,8,NULL,NULL,NULL,NULL,'B2:17:11:1E:76:42','404967',500.00,'2025-09-27 15:45:00','2025-09-27 15:45:00'),(1630,8,NULL,NULL,NULL,NULL,'0A:15:74:AF:16:87','696792',500.00,'2025-09-27 16:27:33','2025-09-27 16:27:33'),(1631,8,NULL,NULL,NULL,NULL,'0A:15:74:AF:16:87','192233',500.00,'2025-09-27 16:28:52','2025-09-27 16:28:52'),(1632,8,NULL,NULL,NULL,NULL,'0A:15:74:AF:16:87','609943',500.00,'2025-09-27 16:29:59','2025-09-27 16:29:59'),(1635,8,NULL,NULL,NULL,NULL,'1A:89:CC:42:69:58','861246',500.00,'2025-09-27 17:59:24','2025-09-27 17:59:24'),(1637,9,NULL,NULL,NULL,NULL,'A2:1C:0F:04:37:59','300243',1000.00,'2025-09-27 18:22:47','2025-09-27 18:22:47'),(1638,8,NULL,NULL,NULL,NULL,'5A:2A:26:B9:46:80','754056',500.00,'2025-09-27 18:26:43','2025-09-27 18:26:43'),(1642,6,NULL,NULL,NULL,NULL,'4E:63:7D:67:95:A8','128374',210.00,'2025-09-27 20:20:31','2025-09-27 20:20:31'),(1646,65,NULL,NULL,NULL,NULL,'DA:34:9C:FC:36:C5','171867',500.00,'2025-09-28 06:08:51','2025-09-28 06:08:51'),(1647,65,NULL,NULL,NULL,NULL,'DA:34:9C:FC:36:C5','243798',500.00,'2025-09-28 06:09:07','2025-09-28 06:09:07'),(1648,7,NULL,NULL,NULL,NULL,'FE:06:92:FA:87:6B','445278',300.00,'2025-09-28 06:10:11','2025-09-28 06:10:11'),(1650,9,NULL,NULL,NULL,NULL,'CA:EB:B1:E4:E1:08','057658',1000.00,'2025-09-28 06:20:09','2025-09-28 06:20:09'),(1651,8,NULL,NULL,NULL,NULL,'CA:EB:B1:E4:E1:08','043786',500.00,'2025-09-28 06:21:01','2025-09-28 06:21:01'),(1659,7,NULL,NULL,NULL,NULL,'CA:EB:B1:E4:E1:08','564102',300.00,'2025-09-28 09:24:26','2025-09-28 09:24:26'),(1661,9,NULL,NULL,NULL,NULL,'C6:C2:9D:CB:45:91','156376',1000.00,'2025-09-28 09:40:10','2025-09-28 09:40:10'),(1662,9,NULL,NULL,NULL,NULL,'C6:C2:9D:CB:45:91','613678',1000.00,'2025-09-28 09:42:20','2025-09-28 09:42:20'),(1663,9,NULL,NULL,NULL,NULL,'C6:C2:9D:CB:45:91','650679',1000.00,'2025-09-28 09:45:38','2025-09-28 09:45:38'),(1664,9,NULL,NULL,NULL,NULL,'C6:C2:9D:CB:45:91','367915',1000.00,'2025-09-28 10:19:26','2025-09-28 10:19:26'),(1665,9,NULL,NULL,NULL,NULL,'C6:C2:9D:CB:45:91','532773',1000.00,'2025-09-28 10:27:35','2025-09-28 10:27:35'),(1666,9,NULL,NULL,NULL,NULL,'C6:C2:9D:CB:45:91','755569',1000.00,'2025-09-28 10:33:20','2025-09-28 10:33:20'),(1667,9,NULL,NULL,NULL,NULL,'8A:2F:6A:03:15:68','683558',1000.00,'2025-09-28 11:55:54','2025-09-28 11:55:54'),(1668,9,NULL,NULL,NULL,NULL,'8A:2F:6A:03:15:68','411799',1000.00,'2025-09-28 11:57:29','2025-09-28 11:57:29'),(1670,8,NULL,NULL,NULL,NULL,'3E:A5:2D:34:21:C5','061526',500.00,'2025-09-28 12:27:38','2025-09-28 12:27:38'),(1672,65,NULL,NULL,NULL,NULL,'F6:F3:C6:A2:04:0B','409571',500.00,'2025-09-28 13:25:30','2025-09-28 13:25:30'),(1673,6,NULL,NULL,NULL,NULL,'20:26:81:EC:2E:02','734486',210.00,'2025-09-28 13:40:18','2025-09-28 13:40:18'),(1677,7,NULL,NULL,NULL,NULL,'5E:29:F0:50:83:C4','175994',300.00,'2025-09-28 15:32:23','2025-09-28 15:32:23'),(1678,6,NULL,NULL,NULL,NULL,'CA:EB:B1:E4:E1:08','918759',210.00,'2025-09-28 15:42:20','2025-09-28 15:42:20'),(1680,6,NULL,NULL,NULL,NULL,'1A:89:CC:42:69:58','339693',210.00,'2025-09-28 16:12:30','2025-09-28 16:12:30'),(1681,6,NULL,NULL,NULL,NULL,'1A:89:CC:42:69:58','216242',210.00,'2025-09-28 16:13:49','2025-09-28 16:13:49'),(1682,6,NULL,NULL,NULL,NULL,'1A:89:CC:42:69:58','995805',210.00,'2025-09-28 16:18:42','2025-09-28 16:18:42'),(1683,65,NULL,NULL,NULL,NULL,'D6:5B:7C:61:AB:95','499854',500.00,'2025-09-28 16:27:41','2025-09-28 16:27:41'),(1684,77,NULL,NULL,NULL,NULL,'16:42:10:3E:7D:21','897983',700.00,'2025-09-28 16:28:15','2025-09-28 16:28:15'),(1686,8,NULL,NULL,NULL,NULL,'9A:E6:33:FA:BC:B3','300164',500.00,'2025-09-28 16:34:00','2025-09-28 16:34:00'),(1688,8,NULL,NULL,NULL,NULL,'9A:E6:33:FA:BC:B3','963709',500.00,'2025-09-28 16:36:27','2025-09-28 16:36:27'),(1689,8,NULL,NULL,NULL,NULL,'FE:06:92:FA:87:6B','817865',500.00,'2025-09-28 16:39:19','2025-09-28 16:39:19'),(1691,7,NULL,NULL,NULL,NULL,'FE:06:92:FA:87:6B','950567',300.00,'2025-09-28 16:55:23','2025-09-28 16:55:23'),(1692,8,NULL,NULL,NULL,NULL,'FE:06:92:FA:87:6B','244546',500.00,'2025-09-28 17:20:47','2025-09-28 17:20:47'),(1694,8,NULL,NULL,NULL,NULL,'FE:06:92:FA:87:6B','840677',500.00,'2025-09-28 18:11:31','2025-09-28 18:11:31'),(1695,7,NULL,NULL,NULL,NULL,'A8:13:06:C0:4E:B3','504927',300.00,'2025-09-28 18:36:32','2025-09-28 18:36:32'),(1698,78,NULL,NULL,NULL,NULL,'86:41:1C:60:68:46','446242',1000.00,'2025-09-28 18:56:28','2025-09-28 18:56:28'),(1699,8,NULL,NULL,NULL,NULL,'FE:06:92:FA:87:6B','627500',500.00,'2025-09-28 19:11:42','2025-09-28 19:11:42'),(1700,8,NULL,NULL,NULL,NULL,'FE:06:92:FA:87:6B','201878',500.00,'2025-09-28 19:14:09','2025-09-28 19:14:09'),(1701,8,NULL,NULL,NULL,NULL,'FE:06:92:FA:87:6B','373162',500.00,'2025-09-28 19:15:30','2025-09-28 19:15:30'),(1702,8,NULL,NULL,NULL,NULL,'FE:06:92:FA:87:6B','437428',500.00,'2025-09-28 19:16:17','2025-09-28 19:16:17'),(1703,8,NULL,NULL,NULL,NULL,'FC:AA:B6:3B:A0:48','580867',500.00,'2025-09-28 20:25:31','2025-09-28 20:25:31'),(1705,65,NULL,NULL,NULL,NULL,'26:99:E1:6D:9C:1C','450687',500.00,'2025-09-28 20:41:14','2025-09-28 20:41:14'),(1708,9,NULL,NULL,NULL,NULL,'B2:17:11:1E:76:42','530538',1000.00,'2025-09-28 21:03:43','2025-09-28 21:03:43'),(1710,6,NULL,NULL,NULL,NULL,'5A:22:D6:25:36:E9','992313',210.00,'2025-09-28 22:54:06','2025-09-28 22:54:06'),(1714,8,NULL,NULL,NULL,NULL,'06:9D:01:F5:0E:47','234063',500.00,'2025-09-29 05:50:18','2025-09-29 05:50:18'),(1717,6,NULL,NULL,NULL,NULL,'22:44:96:CC:3C:8D','719053',210.00,'2025-09-29 07:45:47','2025-09-29 07:45:47'),(1718,77,NULL,NULL,NULL,NULL,'66:61:3D:A7:FA:8E','004022',700.00,'2025-09-29 08:06:38','2025-09-29 08:06:38'),(1722,10,NULL,NULL,NULL,NULL,'10:3F:44:60:C7:32','886004',5000.00,'2025-09-29 09:40:57','2025-09-29 09:40:57'),(1726,7,NULL,NULL,NULL,NULL,'78:3A:6C:7F:20:71','607041',300.00,'2025-09-29 10:20:07','2025-09-29 10:20:07'),(1730,7,NULL,NULL,NULL,NULL,'B2:CB:0B:28:DC:8B','772194',300.00,'2025-09-29 10:43:52','2025-09-29 10:43:52'),(1731,7,NULL,NULL,NULL,NULL,'B2:CB:0B:28:DC:8B','508911',300.00,'2025-09-29 10:45:34','2025-09-29 10:45:34'),(1732,7,NULL,NULL,NULL,NULL,'B2:CB:0B:28:DC:8B','436440',300.00,'2025-09-29 10:46:34','2025-09-29 10:46:34'),(1733,6,NULL,NULL,NULL,NULL,'22:44:96:CC:3C:8D','644570',210.00,'2025-09-29 10:50:49','2025-09-29 10:50:49'),(1734,6,NULL,NULL,NULL,NULL,'22:44:96:CC:3C:8D','223943',210.00,'2025-09-29 10:51:36','2025-09-29 10:51:36'),(1735,7,NULL,NULL,NULL,NULL,'22:44:96:CC:3C:8D','603708',300.00,'2025-09-29 10:53:13','2025-09-29 10:53:13'),(1737,9,NULL,NULL,NULL,NULL,'B6:22:24:47:61:B5','559384',1000.00,'2025-09-29 11:11:35','2025-09-29 11:11:35'),(1738,79,NULL,NULL,NULL,NULL,'70:52:D8:9D:03:CC','789700',5000.00,'2025-09-29 11:12:06','2025-09-29 11:12:06'),(1739,9,NULL,NULL,NULL,NULL,'B6:22:24:47:61:B5','190622',1000.00,'2025-09-29 11:13:44','2025-09-29 11:13:44'),(1741,9,NULL,NULL,NULL,NULL,'B6:22:24:47:61:B5','755133',1000.00,'2025-09-29 11:17:10','2025-09-29 11:17:10'),(1742,9,NULL,NULL,NULL,NULL,'B6:22:24:47:61:B5','267955',1000.00,'2025-09-29 11:28:57','2025-09-29 11:28:57'),(1743,9,NULL,NULL,NULL,NULL,'B6:22:24:47:61:B5','621681',1000.00,'2025-09-29 11:29:49','2025-09-29 11:29:49'),(1745,77,NULL,NULL,NULL,NULL,'96:E8:68:23:C5:E3','760552',700.00,'2025-09-29 12:03:54','2025-09-29 12:03:54'),(1746,77,NULL,NULL,NULL,NULL,'96:E8:68:23:C5:E3','866768',700.00,'2025-09-29 12:05:35','2025-09-29 12:05:35'),(1747,9,NULL,NULL,NULL,NULL,'60:70:72:60:6A:C2','251826',1000.00,'2025-09-29 12:19:24','2025-09-29 12:19:24'),(1749,64,NULL,NULL,NULL,NULL,'CA:52:0B:74:71:92','390577',1000.00,'2025-09-29 12:24:53','2025-09-29 12:24:53'),(1750,64,NULL,NULL,NULL,NULL,'CA:52:0B:74:71:92','923607',1000.00,'2025-09-29 12:25:21','2025-09-29 12:25:21'),(1751,64,NULL,NULL,NULL,NULL,'CA:52:0B:74:71:92','425945',1000.00,'2025-09-29 12:26:59','2025-09-29 12:26:59'),(1752,64,NULL,NULL,NULL,NULL,'CA:52:0B:74:71:92','836040',1000.00,'2025-09-29 12:27:02','2025-09-29 12:27:02'),(1753,64,NULL,NULL,NULL,NULL,'CA:52:0B:74:71:92','535560',1000.00,'2025-09-29 12:27:05','2025-09-29 12:27:05'),(1754,64,NULL,NULL,NULL,NULL,'CA:52:0B:74:71:92','516914',1000.00,'2025-09-29 12:27:12','2025-09-29 12:27:12'),(1755,64,NULL,NULL,NULL,NULL,'CA:52:0B:74:71:92','398351',1000.00,'2025-09-29 12:27:15','2025-09-29 12:27:15'),(1756,9,NULL,NULL,NULL,NULL,'B6:28:6A:AF:47:B3','711769',1000.00,'2025-09-29 12:43:08','2025-09-29 12:43:08'),(1761,81,NULL,NULL,NULL,NULL,'72:E5:7A:4F:18:50','371071',700.00,'2025-09-29 14:24:52','2025-09-29 14:24:52'),(1766,77,NULL,NULL,NULL,NULL,'72:58:58:4C:F5:AA','120577',700.00,'2025-09-29 17:31:15','2025-09-29 17:31:15'),(1768,68,NULL,NULL,NULL,NULL,'72:E9:F2:58:60:EA','216270',1500.00,'2025-09-29 17:58:05','2025-09-29 17:58:05'),(1769,59,NULL,NULL,NULL,NULL,'80:AF:CA:23:CF:5C','045296',1000.00,'2025-09-29 17:59:37','2025-09-29 17:59:37'),(1770,69,NULL,NULL,NULL,NULL,'80:AF:CA:23:CF:5C','670154',3000.00,'2025-09-29 18:17:49','2025-09-29 18:17:49'),(1773,NULL,NULL,NULL,NULL,61,NULL,'345880',40000.00,'2025-09-29 19:07:29','2025-09-29 19:07:29'),(1774,NULL,NULL,NULL,NULL,61,NULL,'632915',40000.00,'2025-09-29 19:12:16','2025-09-29 19:12:16'),(1775,NULL,NULL,NULL,NULL,61,NULL,'463609',40000.00,'2025-09-29 19:12:40','2025-09-29 19:12:40'),(1776,8,NULL,NULL,NULL,NULL,'FE:06:92:FA:87:6B','851171',500.00,'2025-09-29 19:58:12','2025-09-29 19:58:12'),(1781,7,NULL,NULL,NULL,NULL,'78:3A:6C:7F:20:71','249536',300.00,'2025-09-29 20:38:05','2025-09-29 20:38:05'),(1783,9,NULL,NULL,NULL,NULL,'0A:57:0C:DB:64:8E','409670',1000.00,'2025-09-29 21:41:53','2025-09-29 21:41:53'),(1784,59,NULL,NULL,NULL,NULL,'80:AF:CA:23:CF:5C','346945',1000.00,'2025-09-29 21:49:47','2025-09-29 21:49:47'),(1785,9,NULL,NULL,NULL,NULL,'C6:C2:9D:CB:45:91','647065',1000.00,'2025-09-29 21:56:49','2025-09-29 21:56:49'),(1786,9,NULL,NULL,NULL,NULL,'C6:C2:9D:CB:45:91','728279',1000.00,'2025-09-29 21:58:36','2025-09-29 21:58:36'),(1787,9,NULL,NULL,NULL,NULL,'C6:C2:9D:CB:45:91','373905',1000.00,'2025-09-29 22:05:51','2025-09-29 22:05:51'),(1788,9,NULL,NULL,NULL,NULL,'C6:C2:9D:CB:45:91','670478',1000.00,'2025-09-29 22:10:05','2025-09-29 22:10:05'),(1790,7,NULL,NULL,NULL,NULL,'5A:F8:D7:0F:BF:9E','486840',300.00,'2025-09-30 06:00:42','2025-09-30 06:00:42'),(1791,8,NULL,NULL,NULL,NULL,'5A:F8:D7:0F:BF:9E','098548',500.00,'2025-09-30 06:01:07','2025-09-30 06:01:07'),(1792,7,NULL,NULL,NULL,NULL,'5A:F8:D7:0F:BF:9E','619941',300.00,'2025-09-30 06:05:36','2025-09-30 06:05:36'),(1793,7,NULL,NULL,NULL,NULL,'5A:F8:D7:0F:BF:9E','108508',300.00,'2025-09-30 06:08:17','2025-09-30 06:08:17'),(1794,81,NULL,NULL,NULL,NULL,'5A:BE:94:39:75:6E','399726',700.00,'2025-09-30 06:13:04','2025-09-30 06:13:04'),(1798,7,NULL,NULL,NULL,NULL,'5A:F8:D7:0F:BF:9E','156958',300.00,'2025-09-30 07:13:50','2025-09-30 07:13:50'),(1800,77,NULL,NULL,NULL,NULL,'04:01:BB:60:C1:CB','128599',700.00,'2025-09-30 07:36:06','2025-09-30 07:36:06'),(1802,78,NULL,NULL,NULL,NULL,'5A:EC:BA:59:65:CD','701627',1000.00,'2025-09-30 07:56:57','2025-09-30 07:56:57'),(1804,78,NULL,NULL,NULL,NULL,'76:BC:44:99:ED:4A','417536',1000.00,'2025-09-30 08:27:52','2025-09-30 08:27:52'),(1805,9,NULL,NULL,NULL,NULL,'BE:B3:CB:9E:09:DC','853263',1000.00,'2025-09-30 08:59:43','2025-09-30 08:59:43'),(1809,77,NULL,NULL,NULL,NULL,'90:56:FC:75:73:35','476948',700.00,'2025-09-30 09:39:26','2025-09-30 09:39:26'),(1811,77,NULL,NULL,NULL,NULL,'9E:EF:47:4A:D0:F0','799212',700.00,'2025-09-30 10:13:12','2025-09-30 10:13:12'),(1814,9,NULL,NULL,NULL,NULL,'EE:1D:BE:C9:63:A6','109447',1000.00,'2025-09-30 10:42:14','2025-09-30 10:42:14'),(1817,8,NULL,NULL,NULL,NULL,'52:23:86:29:18:8C','502707',500.00,'2025-09-30 11:35:38','2025-09-30 11:35:38'),(1818,8,NULL,NULL,NULL,NULL,'52:23:86:29:18:8C','184132',500.00,'2025-09-30 11:37:13','2025-09-30 11:37:13'),(1821,8,NULL,NULL,NULL,NULL,'06:9D:01:F5:0E:47','896632',500.00,'2025-09-30 11:41:12','2025-09-30 11:41:12'),(1823,90,NULL,NULL,NULL,NULL,'54:48:10:E8:A2:61','462811',1000.00,'2025-09-30 11:53:53','2025-09-30 11:53:53'),(1824,90,NULL,NULL,NULL,NULL,'54:48:10:E8:A2:61','549199',1000.00,'2025-09-30 11:56:44','2025-09-30 11:56:44'),(1825,90,NULL,NULL,NULL,NULL,'54:48:10:E8:A2:61','190941',1000.00,'2025-09-30 11:58:54','2025-09-30 11:58:54'),(1828,70,NULL,NULL,NULL,NULL,'DE:8D:37:80:FA:22','328767',1000.00,'2025-09-30 12:45:52','2025-09-30 12:45:52'),(1829,78,NULL,NULL,NULL,NULL,'C6:20:02:EC:C4:3E','918549',1000.00,'2025-09-30 12:51:37','2025-09-30 12:51:37'),(1830,70,NULL,NULL,NULL,NULL,'14:09:DC:07:3E:A9','879149',1000.00,'2025-09-30 12:53:52','2025-09-30 12:53:52'),(1831,70,NULL,NULL,NULL,NULL,'14:09:DC:07:3E:A9','281837',1000.00,'2025-09-30 12:55:04','2025-09-30 12:55:04'),(1832,70,NULL,NULL,NULL,NULL,'14:09:DC:07:3E:A9','533109',1000.00,'2025-09-30 12:55:52','2025-09-30 12:55:52'),(1833,70,NULL,NULL,NULL,NULL,'F8:2E:3F:C2:26:47','189854',1000.00,'2025-09-30 13:24:00','2025-09-30 13:24:00'),(1834,70,NULL,NULL,NULL,NULL,'F8:2E:3F:C2:26:47','391843',1000.00,'2025-09-30 13:25:48','2025-09-30 13:25:48'),(1835,70,NULL,NULL,NULL,NULL,'F8:2E:3F:C2:26:47','996414',1000.00,'2025-09-30 13:27:09','2025-09-30 13:27:09'),(1836,70,NULL,NULL,NULL,NULL,'F8:2E:3F:C2:26:47','867303',1000.00,'2025-09-30 13:27:23','2025-09-30 13:27:23'),(1837,77,NULL,NULL,NULL,NULL,'86:BC:F2:6C:D3:88','670366',700.00,'2025-09-30 14:10:07','2025-09-30 14:10:07'),(1840,7,NULL,NULL,NULL,NULL,'24:DA:33:08:FD:6A','430272',300.00,'2025-09-30 17:13:23','2025-09-30 17:13:23'),(1841,7,NULL,NULL,NULL,NULL,'24:DA:33:08:FD:6A','365890',300.00,'2025-09-30 17:14:21','2025-09-30 17:14:21'),(1843,6,NULL,NULL,NULL,NULL,'54:41:05:02:22:41','780656',210.00,'2025-09-30 17:16:47','2025-09-30 17:16:47'),(1844,70,NULL,NULL,NULL,NULL,'E6:D3:25:3B:5C:84','647213',1000.00,'2025-09-30 17:24:56','2025-09-30 17:24:56'),(1845,6,NULL,NULL,NULL,NULL,'52:23:86:29:18:8C','446325',210.00,'2025-09-30 17:34:04','2025-09-30 17:34:04'),(1846,6,NULL,NULL,NULL,NULL,'52:23:86:29:18:8C','353848',210.00,'2025-09-30 17:38:57','2025-09-30 17:38:57'),(1848,6,NULL,NULL,NULL,NULL,'52:23:86:29:18:8C','482423',210.00,'2025-09-30 17:44:00','2025-09-30 17:44:00'),(1849,9,NULL,NULL,NULL,NULL,'B2:08:B4:45:AA:47','612184',1000.00,'2025-09-30 17:48:58','2025-09-30 17:48:58'),(1850,8,NULL,NULL,NULL,NULL,'9A:E6:33:FA:BC:B3','270798',500.00,'2025-09-30 17:51:01','2025-09-30 17:51:01'),(1852,8,NULL,NULL,NULL,NULL,'FE:06:92:FA:87:6B','821679',500.00,'2025-09-30 17:59:17','2025-09-30 17:59:17'),(1854,70,NULL,NULL,NULL,NULL,'2E:AD:D4:20:5C:A5','068420',1000.00,'2025-09-30 18:04:42','2025-09-30 18:04:42'),(1855,7,NULL,NULL,NULL,NULL,'22:F0:CA:D5:AF:FC','850734',300.00,'2025-09-30 18:15:58','2025-09-30 18:15:58'),(1857,90,NULL,NULL,NULL,NULL,'D6:93:02:40:75:F2','917476',1000.00,'2025-09-30 18:20:59','2025-09-30 18:20:59'),(1860,7,NULL,NULL,NULL,NULL,'4A:16:D9:48:F9:0B','180631',300.00,'2025-09-30 18:59:02','2025-09-30 18:59:02'),(1865,6,NULL,NULL,NULL,NULL,'66:B6:E7:2B:0C:88','135973',210.00,'2025-09-30 19:11:27','2025-09-30 19:11:27'),(1867,6,NULL,NULL,NULL,NULL,'80:79:5D:00:12:75','420102',210.00,'2025-09-30 19:33:27','2025-09-30 19:33:27'),(1868,8,NULL,NULL,NULL,NULL,'3E:A5:2D:34:21:C5','460852',500.00,'2025-09-30 19:37:30','2025-09-30 19:37:30'),(1869,8,NULL,NULL,NULL,NULL,'3E:A5:2D:34:21:C5','721032',500.00,'2025-09-30 19:38:26','2025-09-30 19:38:26'),(1870,8,NULL,NULL,NULL,NULL,'3E:A5:2D:34:21:C5','096579',500.00,'2025-09-30 19:39:16','2025-09-30 19:39:16'),(1871,8,NULL,NULL,NULL,NULL,'3E:A5:2D:34:21:C5','333720',500.00,'2025-09-30 19:43:37','2025-09-30 19:43:37'),(1872,8,NULL,NULL,NULL,NULL,'3E:A5:2D:34:21:C5','903771',500.00,'2025-09-30 19:44:41','2025-09-30 19:44:41'),(1874,9,NULL,NULL,NULL,NULL,'54:41:05:02:22:41','169528',1000.00,'2025-09-30 20:19:47','2025-09-30 20:19:47'),(1877,8,NULL,NULL,NULL,NULL,'F2:C6:C1:71:E4:92','461017',500.00,'2025-09-30 21:01:44','2025-09-30 21:01:44'),(1879,77,NULL,NULL,NULL,NULL,'FE:9E:23:BB:10:90','863010',700.00,'2025-09-30 21:27:30','2025-09-30 21:27:30'),(1883,6,NULL,NULL,NULL,NULL,'1E:BC:B2:4F:03:65','482338',210.00,'2025-09-30 22:53:22','2025-09-30 22:53:22'),(1884,6,NULL,NULL,NULL,NULL,'1E:BC:B2:4F:03:65','539039',210.00,'2025-09-30 22:54:45','2025-09-30 22:54:45'),(1885,78,NULL,NULL,NULL,NULL,'8A:5F:9A:22:96:0B','271578',1000.00,'2025-10-01 00:02:09','2025-10-01 00:02:09'),(1886,90,NULL,NULL,NULL,NULL,'76:A5:6B:0D:08:DE','480379',1000.00,'2025-10-01 04:28:58','2025-10-01 04:28:58'),(1887,8,NULL,NULL,NULL,NULL,'CA:72:22:4C:C5:32','895911',500.00,'2025-10-01 06:33:04','2025-10-01 06:33:04'),(1888,8,NULL,NULL,NULL,NULL,'AA:78:91:3C:3F:A4','484640',500.00,'2025-10-01 06:35:31','2025-10-01 06:35:31'),(1889,8,NULL,NULL,NULL,NULL,'CA:72:22:4C:C5:32','135862',500.00,'2025-10-01 06:37:04','2025-10-01 06:37:04'),(1893,78,NULL,NULL,NULL,NULL,'DA:1A:0F:E4:D0:2B','862438',1000.00,'2025-10-01 08:15:00','2025-10-01 08:15:00'),(1896,8,NULL,NULL,NULL,NULL,'B2:17:11:1E:76:42','429057',500.00,'2025-10-01 08:56:05','2025-10-01 08:56:05'),(1898,78,NULL,NULL,NULL,NULL,'F6:64:11:4D:F5:90','235119',1000.00,'2025-10-01 09:19:18','2025-10-01 09:19:18'),(1900,8,NULL,NULL,NULL,NULL,'06:FA:AE:DF:BA:72','125590',500.00,'2025-10-01 09:41:31','2025-10-01 09:41:31'),(1901,7,NULL,NULL,NULL,NULL,'06:FA:AE:DF:BA:72','806442',300.00,'2025-10-01 09:43:09','2025-10-01 09:43:09'),(1902,90,NULL,NULL,NULL,NULL,'86:54:F4:A7:B4:70','135183',1000.00,'2025-10-01 09:51:00','2025-10-01 09:51:00'),(1906,78,NULL,NULL,NULL,NULL,'D6:06:04:2B:C9:4F','198064',1000.00,'2025-10-01 09:58:18','2025-10-01 09:58:18'),(1908,6,NULL,NULL,NULL,NULL,'AA:C1:1A:D2:79:24','912213',210.00,'2025-10-01 10:03:13','2025-10-01 10:03:13'),(1909,6,NULL,NULL,NULL,NULL,'AA:C1:1A:D2:79:24','500236',210.00,'2025-10-01 10:06:04','2025-10-01 10:06:04'),(1912,77,NULL,NULL,NULL,NULL,'36:10:9B:16:5B:F2','118777',700.00,'2025-10-01 10:55:59','2025-10-01 10:55:59'),(1917,9,NULL,NULL,NULL,NULL,'16:90:94:94:7D:93','794742',1000.00,'2025-10-01 11:46:55','2025-10-01 11:46:55'),(1918,9,NULL,NULL,NULL,NULL,'16:90:94:94:7D:93','400674',1000.00,'2025-10-01 11:48:16','2025-10-01 11:48:16'),(1920,6,NULL,NULL,NULL,NULL,'BA:9C:E5:DE:13:4B','641229',210.00,'2025-10-01 11:58:04','2025-10-01 11:58:04'),(1921,6,NULL,NULL,NULL,NULL,'BA:9C:E5:DE:13:4B','236086',210.00,'2025-10-01 12:04:24','2025-10-01 12:04:24'),(1924,9,NULL,NULL,NULL,NULL,'B6:28:6A:AF:47:B3','859020',1000.00,'2025-10-01 13:24:28','2025-10-01 13:24:28'),(1926,81,NULL,NULL,NULL,NULL,'F6:43:5D:F3:E3:65','632948',500.00,'2025-10-01 13:51:10','2025-10-01 13:51:10'),(1927,81,NULL,NULL,NULL,NULL,'12:B9:FC:29:B9:B0','708188',500.00,'2025-10-01 13:52:32','2025-10-01 13:52:32'),(1928,81,NULL,NULL,NULL,NULL,'F6:43:5D:F3:E3:65','720990',500.00,'2025-10-01 13:53:18','2025-10-01 13:53:18'),(1929,82,NULL,NULL,NULL,NULL,'F6:43:5D:F3:E3:65','448446',700.00,'2025-10-01 13:55:14','2025-10-01 13:55:14'),(1930,81,NULL,NULL,NULL,NULL,'F6:43:5D:F3:E3:65','758506',600.00,'2025-10-01 13:58:54','2025-10-01 13:58:54'),(1932,9,NULL,NULL,NULL,NULL,'D4:67:D3:E3:17:BD','762717',1000.00,'2025-10-01 14:28:19','2025-10-01 14:28:19'),(1933,9,NULL,NULL,NULL,NULL,'D4:67:D3:E3:17:BD','336264',1000.00,'2025-10-01 14:29:32','2025-10-01 14:29:32'),(1934,8,NULL,NULL,NULL,NULL,'D4:67:D3:E3:17:BD','241421',500.00,'2025-10-01 14:45:36','2025-10-01 14:45:36'),(1936,8,NULL,NULL,NULL,NULL,'9A:E6:33:FA:BC:B3','650827',500.00,'2025-10-01 16:14:45','2025-10-01 16:14:45'),(1938,59,NULL,NULL,NULL,NULL,'80:AF:CA:23:CF:5C','415525',1000.00,'2025-10-01 16:28:42','2025-10-01 16:28:42'),(1939,59,NULL,NULL,NULL,NULL,'80:AF:CA:23:CF:5C','139466',1000.00,'2025-10-01 16:57:14','2025-10-01 16:57:14'),(1941,97,NULL,NULL,NULL,NULL,'FE:AF:8D:55:69:86','563325',1000.00,'2025-10-01 17:08:07','2025-10-01 17:08:07'),(1942,77,NULL,NULL,NULL,NULL,'F6:9D:C1:72:21:31','406564',700.00,'2025-10-01 17:15:39','2025-10-01 17:15:39'),(1943,77,NULL,NULL,NULL,NULL,'F6:9D:C1:72:21:31','680364',700.00,'2025-10-01 17:18:25','2025-10-01 17:18:25'),(1944,77,NULL,NULL,NULL,NULL,'F6:9D:C1:72:21:31','941393',700.00,'2025-10-01 17:19:21','2025-10-01 17:19:21'),(1945,97,NULL,NULL,NULL,NULL,'FE:AF:8D:55:69:86','884361',500.00,'2025-10-01 17:27:17','2025-10-01 17:27:17'),(1946,6,NULL,NULL,NULL,NULL,'4A:87:2C:39:9D:A6','248245',210.00,'2025-10-01 17:41:57','2025-10-01 17:41:57'),(1947,6,NULL,NULL,NULL,NULL,'4A:87:2C:39:9D:A6','451513',210.00,'2025-10-01 17:47:49','2025-10-01 17:47:49'),(1948,6,NULL,NULL,NULL,NULL,'4A:87:2C:39:9D:A6','734682',210.00,'2025-10-01 17:48:36','2025-10-01 17:48:36'),(1950,7,NULL,NULL,NULL,NULL,'F6:1D:E3:77:F2:61','130894',300.00,'2025-10-01 17:55:03','2025-10-01 17:55:03'),(1951,7,NULL,NULL,NULL,NULL,'F6:1D:E3:77:F2:61','592114',300.00,'2025-10-01 17:55:35','2025-10-01 17:55:35'),(1953,77,NULL,NULL,NULL,NULL,'A8:87:B3:23:4F:BF','102309',700.00,'2025-10-01 18:05:06','2025-10-01 18:05:06'),(1955,97,NULL,NULL,NULL,NULL,'86:BB:AA:75:64:DC','824784',500.00,'2025-10-01 18:07:54','2025-10-01 18:07:54'),(1956,97,NULL,NULL,NULL,NULL,'86:BB:AA:75:64:DC','082106',500.00,'2025-10-01 18:14:19','2025-10-01 18:14:19'),(1957,97,NULL,NULL,NULL,NULL,'86:BB:AA:75:64:DC','082226',500.00,'2025-10-01 18:16:20','2025-10-01 18:16:20'),(1958,97,NULL,NULL,NULL,NULL,'18:21:95:86:1E:6B','474004',500.00,'2025-10-01 18:19:10','2025-10-01 18:19:10'),(1959,97,NULL,NULL,NULL,NULL,'18:21:95:86:1E:6B','022275',500.00,'2025-10-01 18:20:21','2025-10-01 18:20:21'),(1962,97,NULL,NULL,NULL,NULL,'86:BB:AA:75:64:DC','006440',500.00,'2025-10-01 18:31:04','2025-10-01 18:31:04'),(1963,97,NULL,NULL,NULL,NULL,'86:BB:AA:75:64:DC','359444',500.00,'2025-10-01 18:32:05','2025-10-01 18:32:05'),(1964,97,NULL,NULL,NULL,NULL,'86:BB:AA:75:64:DC','701531',500.00,'2025-10-01 18:34:21','2025-10-01 18:34:21'),(1965,97,NULL,NULL,NULL,NULL,'86:BB:AA:75:64:DC','159530',500.00,'2025-10-01 18:35:16','2025-10-01 18:35:16'),(1966,97,NULL,NULL,NULL,NULL,'86:BB:AA:75:64:DC','378416',500.00,'2025-10-01 18:37:01','2025-10-01 18:37:01'),(1969,59,NULL,NULL,NULL,NULL,'5A:2D:A2:9E:96:EF','287600',1000.00,'2025-10-01 18:53:57','2025-10-01 18:53:57'),(1970,78,NULL,NULL,NULL,NULL,'62:97:9F:A7:A9:8E','200569',1000.00,'2025-10-01 18:59:58','2025-10-01 18:59:58'),(1972,64,NULL,NULL,NULL,NULL,'9E:D3:BD:D5:C0:CB','380836',1000.00,'2025-10-01 19:12:32','2025-10-01 19:12:32'),(1974,64,NULL,NULL,NULL,NULL,'9E:D3:BD:D5:C0:CB','568078',1000.00,'2025-10-01 19:12:50','2025-10-01 19:12:50'),(1975,8,NULL,NULL,NULL,NULL,'10:3F:44:60:C7:32','937173',500.00,'2025-10-01 19:41:06','2025-10-01 19:41:06'),(1976,6,NULL,NULL,NULL,NULL,'FE:13:2B:4F:8A:16','937979',210.00,'2025-10-01 20:04:06','2025-10-01 20:04:06'),(1978,10,NULL,NULL,NULL,NULL,'10:3F:44:60:C7:32','307186',5000.00,'2025-10-01 20:18:01','2025-10-01 20:18:01'),(1982,59,NULL,NULL,NULL,NULL,'12:5B:74:D8:6D:FE','139509',1000.00,'2025-10-01 20:24:46','2025-10-01 20:24:46'),(1984,70,NULL,NULL,NULL,NULL,'1E:8A:36:29:22:A4','006043',1000.00,'2025-10-01 20:35:01','2025-10-01 20:35:01'),(1985,9,NULL,NULL,NULL,NULL,'06:FA:AE:DF:BA:72','816836',1000.00,'2025-10-01 20:35:41','2025-10-01 20:35:41'),(1986,70,NULL,NULL,NULL,NULL,'D2:FB:45:DD:AC:94','834744',1000.00,'2025-10-01 20:35:50','2025-10-01 20:35:50'),(1987,24,NULL,NULL,NULL,NULL,'3A:13:89:8C:B7:66','880006',2500.00,'2025-10-01 20:41:04','2025-10-01 20:41:04'),(1988,24,NULL,NULL,NULL,NULL,'3A:13:89:8C:B7:66','529520',2500.00,'2025-10-01 21:18:09','2025-10-01 21:18:09'),(1992,97,NULL,NULL,NULL,NULL,'52:A2:65:65:1A:B8','758227',500.00,'2025-10-01 21:57:17','2025-10-01 21:57:17'),(1993,97,NULL,NULL,NULL,NULL,'52:A2:65:65:1A:B8','457945',500.00,'2025-10-01 21:58:08','2025-10-01 21:58:08'),(1994,97,NULL,NULL,NULL,NULL,'34:E1:2D:94:3B:58','958883',500.00,'2025-10-01 22:05:53','2025-10-01 22:05:53'),(1995,97,NULL,NULL,NULL,NULL,'52:A2:65:65:1A:B8','923934',500.00,'2025-10-01 22:06:50','2025-10-01 22:06:50'),(1998,78,NULL,NULL,NULL,NULL,'CE:AE:E9:2D:35:C4','910540',1000.00,'2025-10-01 23:00:52','2025-10-01 23:00:52'),(2000,8,NULL,NULL,NULL,NULL,'5A:F8:D7:0F:BF:9E','263320',500.00,'2025-10-02 04:20:08','2025-10-02 04:20:08'),(2001,70,NULL,NULL,NULL,NULL,'1E:8A:36:29:22:A4','179608',1000.00,'2025-10-02 04:30:56','2025-10-02 04:30:56'),(2003,8,NULL,NULL,NULL,NULL,'E6:94:D2:8C:72:72','130269',500.00,'2025-10-02 05:08:35','2025-10-02 05:08:35'),(2004,7,NULL,NULL,NULL,NULL,'E6:94:D2:8C:72:72','127896',300.00,'2025-10-02 05:09:18','2025-10-02 05:09:18'),(2005,77,NULL,NULL,NULL,NULL,'32:67:7E:83:97:B1','155216',700.00,'2025-10-02 05:34:51','2025-10-02 05:34:51'),(2007,8,NULL,NULL,NULL,NULL,'AA:78:91:3C:3F:A4','764275',500.00,'2025-10-02 05:42:06','2025-10-02 05:42:06'),(2008,8,NULL,NULL,NULL,NULL,'AA:78:91:3C:3F:A4','131191',500.00,'2025-10-02 05:43:13','2025-10-02 05:43:13'),(2009,8,NULL,NULL,NULL,NULL,'AA:78:91:3C:3F:A4','527940',500.00,'2025-10-02 05:45:00','2025-10-02 05:45:00'),(2010,8,NULL,NULL,NULL,NULL,'1A:89:CC:42:69:58','223481',500.00,'2025-10-02 05:49:10','2025-10-02 05:49:10'),(2011,8,NULL,NULL,NULL,NULL,'1A:89:CC:42:69:58','006728',500.00,'2025-10-02 05:50:59','2025-10-02 05:50:59'),(2013,8,NULL,NULL,NULL,NULL,'1A:89:CC:42:69:58','627730',500.00,'2025-10-02 05:56:59','2025-10-02 05:56:59'),(2014,8,NULL,NULL,NULL,NULL,'1A:89:CC:42:69:58','102254',500.00,'2025-10-02 06:06:42','2025-10-02 06:06:42'),(2015,8,NULL,NULL,NULL,NULL,'1A:89:CC:42:69:58','769700',500.00,'2025-10-02 06:21:17','2025-10-02 06:21:17'),(2017,81,NULL,NULL,NULL,NULL,'12:B9:FC:29:B9:B0','606246',600.00,'2025-10-02 15:09:04','2025-10-02 15:09:04'),(2018,7,NULL,NULL,NULL,NULL,'CA:72:22:4C:C5:32','242128',300.00,'2025-10-02 15:24:36','2025-10-02 15:24:36'),(2023,6,NULL,NULL,NULL,NULL,'B2:1A:49:7E:1F:58','205275',210.00,'2025-10-02 16:26:25','2025-10-02 16:26:25'),(2025,9,NULL,NULL,NULL,NULL,'D4:67:D3:E3:17:BD','559065',1000.00,'2025-10-02 17:33:26','2025-10-02 17:33:26'),(2029,7,NULL,NULL,NULL,NULL,'72:34:EB:AB:58:0A','959597',300.00,'2025-10-02 18:05:06','2025-10-02 18:05:06'),(2031,70,NULL,NULL,NULL,NULL,'14:09:DC:07:3E:A9','697033',1000.00,'2025-10-02 18:12:46','2025-10-02 18:12:46'),(2033,97,NULL,NULL,NULL,NULL,'18:21:95:86:1E:6B','085239',500.00,'2025-10-02 18:48:30','2025-10-02 18:48:30'),(2040,7,NULL,NULL,NULL,NULL,'1A:89:CC:42:69:58','127827',300.00,'2025-10-02 20:55:48','2025-10-02 20:55:48'),(2043,6,NULL,NULL,NULL,NULL,'52:23:86:29:18:8C','181828',210.00,'2025-10-03 03:58:28','2025-10-03 03:58:28'),(2046,8,NULL,NULL,NULL,NULL,'AA:78:91:3C:3F:A4','537648',500.00,'2025-10-03 05:02:03','2025-10-03 05:02:03'),(2047,8,NULL,NULL,NULL,NULL,'AA:78:91:3C:3F:A4','039754',500.00,'2025-10-03 06:13:29','2025-10-03 06:13:29'),(2058,9,NULL,NULL,NULL,NULL,'1A:D4:A3:02:07:CD','363028',1000.00,'2025-10-03 10:10:33','2025-10-03 10:10:33'),(2059,8,NULL,NULL,NULL,NULL,'1A:D4:A3:02:07:CD','773041',500.00,'2025-10-03 10:11:20','2025-10-03 10:11:20'),(2060,8,NULL,NULL,NULL,NULL,'9E:0D:04:94:2B:3A','720487',500.00,'2025-10-03 10:12:42','2025-10-03 10:12:42'),(2061,8,NULL,NULL,NULL,NULL,'9E:0D:04:94:2B:3A','877788',500.00,'2025-10-03 10:18:27','2025-10-03 10:18:27'),(2064,32,NULL,NULL,NULL,NULL,'52:08:0A:CC:15:CA','033193',500.00,'2025-10-03 11:42:34','2025-10-03 11:42:34'),(2066,65,NULL,NULL,NULL,NULL,'E2:E7:76:C7:F6:39','850414',500.00,'2025-10-03 12:56:00','2025-10-03 12:56:00'),(2067,65,NULL,NULL,NULL,NULL,'E2:E7:76:C7:F6:39','075581',500.00,'2025-10-03 12:56:20','2025-10-03 12:56:20'),(2068,34,NULL,NULL,NULL,NULL,'E4:A4:71:DD:24:CB','081333',1000.00,'2025-10-03 13:35:50','2025-10-03 13:35:50'),(2069,8,NULL,NULL,NULL,NULL,'7C:6B:9C:51:46:73','645834',500.00,'2025-10-03 13:40:58','2025-10-03 13:40:58'),(2070,8,NULL,NULL,NULL,NULL,'7C:6B:9C:51:46:73','248599',500.00,'2025-10-03 13:42:08','2025-10-03 13:42:08'),(2071,8,NULL,NULL,NULL,NULL,'7C:6B:9C:51:46:73','187025',500.00,'2025-10-03 14:14:30','2025-10-03 14:14:30'),(2072,8,NULL,NULL,NULL,NULL,'7C:6B:9C:51:46:73','689416',500.00,'2025-10-03 14:20:10','2025-10-03 14:20:10'),(2076,6,NULL,NULL,NULL,NULL,'1E:43:B2:97:E8:AE','319332',210.00,'2025-10-03 15:15:42','2025-10-03 15:15:42'),(2078,8,NULL,NULL,NULL,NULL,'1E:F8:02:AD:CE:D9','340697',500.00,'2025-10-03 16:19:15','2025-10-03 16:19:15'),(2081,8,NULL,NULL,NULL,NULL,'C6:44:E9:5D:62:54','045392',500.00,'2025-10-03 17:18:38','2025-10-03 17:18:38'),(2082,8,NULL,NULL,NULL,NULL,'C6:44:E9:5D:62:54','781162',500.00,'2025-10-03 17:23:39','2025-10-03 17:23:39'),(2084,8,NULL,NULL,NULL,NULL,'C6:44:E9:5D:62:54','974805',500.00,'2025-10-03 17:27:59','2025-10-03 17:27:59'),(2085,7,NULL,NULL,NULL,NULL,'1A:89:CC:42:69:58','579773',300.00,'2025-10-03 17:33:07','2025-10-03 17:33:07'),(2086,7,NULL,NULL,NULL,NULL,'0A:15:6E:77:2E:DE','593048',300.00,'2025-10-03 17:33:51','2025-10-03 17:33:51'),(2087,97,NULL,NULL,NULL,NULL,'52:A2:65:65:1A:B8','493937',500.00,'2025-10-03 17:37:15','2025-10-03 17:37:15'),(2090,8,NULL,NULL,NULL,NULL,'FE:06:92:FA:87:6B','593573',500.00,'2025-10-03 18:32:25','2025-10-03 18:32:25'),(2092,73,NULL,NULL,NULL,NULL,'52:EE:54:35:84:EB','642113',3500.00,'2025-10-03 18:35:35','2025-10-03 18:35:35'),(2093,8,NULL,NULL,NULL,NULL,'1A:FA:73:E9:FA:23','611420',500.00,'2025-10-03 19:00:41','2025-10-03 19:00:41'),(2095,6,NULL,NULL,NULL,NULL,'1E:DF:38:42:C7:60','958443',210.00,'2025-10-03 19:04:06','2025-10-03 19:04:06'),(2096,6,NULL,NULL,NULL,NULL,'1E:DF:38:42:C7:60','711320',210.00,'2025-10-03 19:05:35','2025-10-03 19:05:35'),(2097,6,NULL,NULL,NULL,NULL,'1E:DF:38:42:C7:60','337305',210.00,'2025-10-03 19:08:19','2025-10-03 19:08:19'),(2101,6,NULL,NULL,NULL,NULL,'1A:89:CC:42:69:58','179813',210.00,'2025-10-03 19:47:16','2025-10-03 19:47:16'),(2104,8,NULL,NULL,NULL,NULL,'5A:F8:D7:0F:BF:9E','892298',500.00,'2025-10-04 06:34:23','2025-10-04 06:34:23'),(2105,65,NULL,NULL,NULL,NULL,'9E:AA:51:08:1C:86','024263',500.00,'2025-10-04 07:12:12','2025-10-04 07:12:12'),(2106,65,NULL,NULL,NULL,NULL,'9E:AA:51:08:1C:86','947661',500.00,'2025-10-04 07:12:28','2025-10-04 07:12:28'),(2107,65,NULL,NULL,NULL,NULL,'9E:AA:51:08:1C:86','307500',500.00,'2025-10-04 07:12:50','2025-10-04 07:12:50'),(2108,65,NULL,NULL,NULL,NULL,'AA:E6:1B:2B:30:EC','301311',500.00,'2025-10-04 07:17:37','2025-10-04 07:17:37'),(2109,7,NULL,NULL,NULL,NULL,'5A:F8:D7:0F:BF:9E','483844',300.00,'2025-10-04 07:18:11','2025-10-04 07:18:11'),(2110,65,NULL,NULL,NULL,NULL,'AA:E6:1B:2B:30:EC','515745',500.00,'2025-10-04 07:18:35','2025-10-04 07:18:35'),(2111,6,NULL,NULL,NULL,NULL,'5A:F8:D7:0F:BF:9E','429358',210.00,'2025-10-04 07:19:04','2025-10-04 07:19:04'),(2112,65,NULL,NULL,NULL,NULL,'AA:E6:1B:2B:30:EC','678333',500.00,'2025-10-04 07:19:17','2025-10-04 07:19:17'),(2113,65,NULL,NULL,NULL,NULL,'AA:E6:1B:2B:30:EC','928175',500.00,'2025-10-04 07:19:46','2025-10-04 07:19:46'),(2114,8,NULL,NULL,NULL,NULL,'5A:F8:D7:0F:BF:9E','089492',500.00,'2025-10-04 07:27:43','2025-10-04 07:27:43'),(2116,8,NULL,NULL,NULL,NULL,'CA:72:22:4C:C5:32','558984',500.00,'2025-10-04 07:30:01','2025-10-04 07:30:01'),(2117,8,NULL,NULL,NULL,NULL,'CA:72:22:4C:C5:32','699298',500.00,'2025-10-04 07:30:37','2025-10-04 07:30:37'),(2121,9,NULL,NULL,NULL,NULL,'16:90:94:94:7D:93','272434',1000.00,'2025-10-04 09:30:34','2025-10-04 09:30:34'),(2132,8,NULL,NULL,NULL,NULL,'5A:22:D6:25:36:E9','289711',500.00,'2025-10-04 13:40:48','2025-10-04 13:40:48'),(2134,8,NULL,NULL,NULL,NULL,'AE:56:C4:2C:DB:22','482340',500.00,'2025-10-04 14:59:35','2025-10-04 14:59:35'),(2135,72,NULL,NULL,NULL,NULL,'14:09:DC:07:3E:A9','946872',5500.00,'2025-10-04 15:01:43','2025-10-04 15:01:43'),(2136,72,NULL,NULL,NULL,NULL,'14:09:DC:07:3E:A9','368848',5500.00,'2025-10-04 15:05:11','2025-10-04 15:05:11'),(2137,72,NULL,NULL,NULL,NULL,'14:09:DC:07:3E:A9','463922',5500.00,'2025-10-04 15:06:24','2025-10-04 15:06:24'),(2138,72,NULL,NULL,NULL,NULL,'14:09:DC:07:3E:A9','707651',5500.00,'2025-10-04 15:07:38','2025-10-04 15:07:38'),(2141,9,NULL,NULL,NULL,NULL,'3E:72:8B:99:F0:DB','573715',1000.00,'2025-10-04 15:34:03','2025-10-04 15:34:03'),(2142,9,NULL,NULL,NULL,NULL,'3E:72:8B:99:F0:DB','477313',1000.00,'2025-10-04 15:40:15','2025-10-04 15:40:15'),(2143,65,NULL,NULL,NULL,NULL,'AA:E6:1B:2B:30:EC','524883',500.00,'2025-10-04 15:44:52','2025-10-04 15:44:52'),(2149,7,NULL,NULL,NULL,NULL,'06:FA:AE:DF:BA:72','282055',300.00,'2025-10-04 17:33:55','2025-10-04 17:33:55'),(2151,6,NULL,NULL,NULL,NULL,'FE:02:BF:6C:60:89','200871',210.00,'2025-10-04 17:51:08','2025-10-04 17:51:08'),(2153,8,NULL,NULL,NULL,NULL,'3E:A5:2D:34:21:C5','308779',500.00,'2025-10-04 18:32:40','2025-10-04 18:32:40'),(2154,8,NULL,NULL,NULL,NULL,'3E:A5:2D:34:21:C5','497249',500.00,'2025-10-04 18:33:50','2025-10-04 18:33:50'),(2155,7,NULL,NULL,NULL,NULL,'22:F0:CA:D5:AF:FC','531038',300.00,'2025-10-04 19:10:15','2025-10-04 19:10:15'),(2157,9,NULL,NULL,NULL,NULL,'B2:17:11:1E:76:42','050835',1000.00,'2025-10-04 20:11:25','2025-10-04 20:11:25'),(2162,8,NULL,NULL,NULL,NULL,'F2:65:ED:BF:19:CD','015681',500.00,'2025-10-04 21:36:59','2025-10-04 21:36:59'),(2163,8,NULL,NULL,NULL,NULL,'F2:65:ED:BF:19:CD','830245',500.00,'2025-10-04 21:40:02','2025-10-04 21:40:02'),(2164,8,NULL,NULL,NULL,NULL,'F2:65:ED:BF:19:CD','626503',500.00,'2025-10-04 21:44:59','2025-10-04 21:44:59'),(2173,9,NULL,NULL,NULL,NULL,'3E:72:8B:99:F0:DB','592766',1000.00,'2025-10-05 08:04:56','2025-10-05 08:04:56'),(2176,8,NULL,NULL,NULL,NULL,'5A:F8:D7:0F:BF:9E','193821',500.00,'2025-10-05 09:07:57','2025-10-05 09:07:57'),(2178,7,NULL,NULL,NULL,NULL,'06:FA:AE:DF:BA:72','252660',300.00,'2025-10-05 09:14:20','2025-10-05 09:14:20'),(2179,8,NULL,NULL,NULL,NULL,'10:3F:44:60:C7:32','496329',500.00,'2025-10-05 09:16:52','2025-10-05 09:16:52'),(2180,65,NULL,NULL,NULL,NULL,'6A:A3:3F:4F:83:31','199967',500.00,'2025-10-05 09:49:10','2025-10-05 09:49:10'),(2181,65,NULL,NULL,NULL,NULL,'6A:A3:3F:4F:83:31','126448',500.00,'2025-10-05 09:49:22','2025-10-05 09:49:22'),(2184,7,NULL,NULL,NULL,NULL,'A2:32:59:BA:56:02','058241',300.00,'2025-10-05 11:07:03','2025-10-05 11:07:03'),(2185,6,NULL,NULL,NULL,NULL,'A2:32:59:BA:56:02','207972',210.00,'2025-10-05 11:11:17','2025-10-05 11:11:17'),(2186,6,NULL,NULL,NULL,NULL,'A2:32:59:BA:56:02','132179',210.00,'2025-10-05 11:12:36','2025-10-05 11:12:36'),(2188,7,NULL,NULL,NULL,NULL,'5A:F8:D7:0F:BF:9E','426257',300.00,'2025-10-05 12:47:01','2025-10-05 12:47:01'),(2190,6,NULL,NULL,NULL,NULL,'5A:F8:D7:0F:BF:9E','079284',210.00,'2025-10-05 12:59:48','2025-10-05 12:59:48'),(2191,6,NULL,NULL,NULL,NULL,'5A:F8:D7:0F:BF:9E','452442',210.00,'2025-10-05 13:02:47','2025-10-05 13:02:47'),(2193,6,NULL,NULL,NULL,NULL,'5A:F8:D7:0F:BF:9E','745623',210.00,'2025-10-05 13:42:30','2025-10-05 13:42:30'),(2194,6,NULL,NULL,NULL,NULL,'5A:F8:D7:0F:BF:9E','822359',210.00,'2025-10-05 14:06:01','2025-10-05 14:06:01'),(2195,7,NULL,NULL,NULL,NULL,'60:F1:89:64:28:26','422024',300.00,'2025-10-05 14:19:28','2025-10-05 14:19:28'),(2203,6,NULL,NULL,NULL,NULL,'4E:63:7D:67:95:A8','970909',210.00,'2025-10-05 16:14:28','2025-10-05 16:14:28'),(2204,6,NULL,NULL,NULL,NULL,'4E:63:7D:67:95:A8','422814',210.00,'2025-10-05 16:16:27','2025-10-05 16:16:27'),(2205,81,NULL,NULL,NULL,NULL,'22:E7:FA:7F:28:F6','510683',600.00,'2025-10-05 16:20:35','2025-10-05 16:20:35'),(2207,8,NULL,NULL,NULL,NULL,'BE:B3:CB:9E:09:DC','354587',500.00,'2025-10-05 17:12:54','2025-10-05 17:12:54'),(2208,6,NULL,NULL,NULL,NULL,'BE:B3:CB:9E:09:DC','541220',210.00,'2025-10-05 17:14:48','2025-10-05 17:14:48'),(2209,6,NULL,NULL,NULL,NULL,'BE:B3:CB:9E:09:DC','315817',210.00,'2025-10-05 17:17:46','2025-10-05 17:17:46'),(2210,7,NULL,NULL,NULL,NULL,'BE:B3:CB:9E:09:DC','211587',300.00,'2025-10-05 17:19:07','2025-10-05 17:19:07'),(2212,8,NULL,NULL,NULL,NULL,'FE:06:92:FA:87:6B','401497',500.00,'2025-10-05 18:13:07','2025-10-05 18:13:07'),(2213,8,NULL,NULL,NULL,NULL,'9A:E6:33:FA:BC:B3','861844',500.00,'2025-10-05 18:29:26','2025-10-05 18:29:26'),(2215,8,NULL,NULL,NULL,NULL,'9A:E6:33:FA:BC:B3','703699',500.00,'2025-10-05 19:24:28','2025-10-05 19:24:28'),(2216,8,NULL,NULL,NULL,NULL,'9A:E6:33:FA:BC:B3','874796',500.00,'2025-10-05 19:25:20','2025-10-05 19:25:20'),(2217,8,NULL,NULL,NULL,NULL,'FE:06:92:FA:87:6B','290082',500.00,'2025-10-05 19:30:20','2025-10-05 19:30:20'),(2218,8,NULL,NULL,NULL,NULL,'FE:06:92:FA:87:6B','883779',500.00,'2025-10-05 19:37:40','2025-10-05 19:37:40'),(2219,8,NULL,NULL,NULL,NULL,'FE:06:92:FA:87:6B','899043',500.00,'2025-10-05 19:38:56','2025-10-05 19:38:56'),(2220,8,NULL,NULL,NULL,NULL,'FE:06:92:FA:87:6B','992391',500.00,'2025-10-05 20:07:25','2025-10-05 20:07:25'),(2221,8,NULL,NULL,NULL,NULL,'FE:06:92:FA:87:6B','756165',500.00,'2025-10-05 20:08:04','2025-10-05 20:08:04'),(2223,6,NULL,NULL,NULL,NULL,'4E:63:7D:67:95:A8','558008',210.00,'2025-10-05 20:38:49','2025-10-05 20:38:49'),(2224,6,NULL,NULL,NULL,NULL,'4E:63:7D:67:95:A8','811691',210.00,'2025-10-05 20:47:30','2025-10-05 20:47:30'),(2225,6,NULL,NULL,NULL,NULL,'36:05:56:65:9A:CC','735067',210.00,'2025-10-05 21:23:15','2025-10-05 21:23:15'),(2226,6,NULL,NULL,NULL,NULL,'36:05:56:65:9A:CC','108391',210.00,'2025-10-05 21:26:35','2025-10-05 21:26:35'),(2227,6,NULL,NULL,NULL,NULL,'36:05:56:65:9A:CC','221479',210.00,'2025-10-05 21:30:49','2025-10-05 21:30:49'),(2229,6,NULL,NULL,NULL,NULL,'36:05:56:65:9A:CC','695179',210.00,'2025-10-05 21:35:18','2025-10-05 21:35:18'),(2230,6,NULL,NULL,NULL,NULL,'36:05:56:65:9A:CC','217204',210.00,'2025-10-05 21:38:22','2025-10-05 21:38:22'),(2231,6,NULL,NULL,NULL,NULL,'36:05:56:65:9A:CC','964773',210.00,'2025-10-05 21:42:01','2025-10-05 21:42:01'),(2232,6,NULL,NULL,NULL,NULL,'36:05:56:65:9A:CC','953152',210.00,'2025-10-05 21:42:54','2025-10-05 21:42:54'),(2234,8,NULL,NULL,NULL,NULL,'FE:06:92:FA:87:6B','676224',500.00,'2025-10-05 21:50:58','2025-10-05 21:50:58'),(2237,9,NULL,NULL,NULL,NULL,'76:41:E9:B1:C9:13','977126',1000.00,'2025-10-05 23:21:00','2025-10-05 23:21:00'),(2238,70,NULL,NULL,NULL,NULL,'DE:8D:37:80:FA:22','653956',1000.00,'2025-10-06 04:02:20','2025-10-06 04:02:20'),(2239,24,NULL,NULL,NULL,NULL,'8E:84:80:D7:56:E5','339364',2500.00,'2025-10-06 04:17:42','2025-10-06 04:17:42'),(2242,70,NULL,NULL,NULL,NULL,'B2:4E:CF:0C:BF:C2','612847',1000.00,'2025-10-06 06:12:00','2025-10-06 06:12:00'),(2243,82,NULL,NULL,NULL,NULL,'9C:5C:F9:CC:C4:60','947113',800.00,'2025-10-06 06:26:38','2025-10-06 06:26:38'),(2244,82,NULL,NULL,NULL,NULL,'9C:5C:F9:CC:C4:60','672578',800.00,'2025-10-06 06:28:46','2025-10-06 06:28:46'),(2246,8,NULL,NULL,NULL,NULL,'86:87:D5:B9:81:15','683816',500.00,'2025-10-06 08:36:40','2025-10-06 08:36:40'),(2247,8,NULL,NULL,NULL,NULL,'86:87:D5:B9:81:15','554663',500.00,'2025-10-06 08:37:25','2025-10-06 08:37:25'),(2248,9,NULL,NULL,NULL,NULL,'D4:67:D3:E3:17:BD','476471',1000.00,'2025-10-06 08:52:20','2025-10-06 08:52:20'),(2251,9,NULL,NULL,NULL,NULL,'AE:A7:4D:CE:89:BF','160880',1000.00,'2025-10-06 10:06:30','2025-10-06 10:06:30'),(2252,9,NULL,NULL,NULL,NULL,'AE:A7:4D:CE:89:BF','383086',1000.00,'2025-10-06 10:09:03','2025-10-06 10:09:03'),(2253,9,NULL,NULL,NULL,NULL,'AE:A7:4D:CE:89:BF','914755',1000.00,'2025-10-06 10:09:30','2025-10-06 10:09:30'),(2254,6,NULL,NULL,NULL,NULL,'1A:89:CC:42:69:58','078134',210.00,'2025-10-06 10:32:45','2025-10-06 10:32:45'),(2255,9,NULL,NULL,NULL,NULL,'14:9F:3C:6B:96:77','418295',1000.00,'2025-10-06 10:37:56','2025-10-06 10:37:56'),(2256,8,NULL,NULL,NULL,NULL,'B2:1A:49:7E:1F:58','496469',500.00,'2025-10-06 10:38:07','2025-10-06 10:38:07'),(2263,9,NULL,NULL,NULL,NULL,'86:87:D5:B9:81:15','025067',1000.00,'2025-10-06 14:19:09','2025-10-06 14:19:09'),(2266,8,NULL,NULL,NULL,NULL,'5A:F8:D7:0F:BF:9E','838315',500.00,'2025-10-06 16:29:02','2025-10-06 16:29:02'),(2275,9,NULL,NULL,NULL,NULL,'8E:5A:73:94:6B:D3','137914',1000.00,'2025-10-06 19:55:50','2025-10-06 19:55:50'),(2276,9,NULL,NULL,NULL,NULL,'26:FD:5C:BC:F1:CF','393869',1000.00,'2025-10-06 20:02:27','2025-10-06 20:02:27'),(2277,8,NULL,NULL,NULL,NULL,'A8:13:06:C0:4E:B3','298049',500.00,'2025-10-06 20:04:20','2025-10-06 20:04:20'),(2279,7,NULL,NULL,NULL,NULL,'A8:13:06:C0:4E:B3','063879',300.00,'2025-10-06 20:12:30','2025-10-06 20:12:30'),(2286,8,NULL,NULL,NULL,NULL,'9A:E6:33:FA:BC:B3','593093',500.00,'2025-10-06 22:01:51','2025-10-06 22:01:51'),(2289,8,NULL,NULL,NULL,NULL,'FE:06:92:FA:87:6B','143025',500.00,'2025-10-06 22:07:42','2025-10-06 22:07:42'),(2291,8,NULL,NULL,NULL,NULL,'FE:06:92:FA:87:6B','420547',500.00,'2025-10-06 23:00:08','2025-10-06 23:00:08'),(2297,7,NULL,NULL,NULL,NULL,'3A:13:89:8C:B7:66','397007',300.00,'2025-10-07 06:49:16','2025-10-07 06:49:16'),(2299,7,NULL,NULL,NULL,NULL,'7E:A5:C8:0E:3C:6A','192954',300.00,'2025-10-07 07:51:00','2025-10-07 07:51:00'),(2301,64,NULL,NULL,NULL,NULL,'E6:4B:10:FA:2B:3E','350832',1000.00,'2025-10-07 09:16:25','2025-10-07 09:16:25'),(2302,64,NULL,NULL,NULL,NULL,'E6:4B:10:FA:2B:3E','584826',1000.00,'2025-10-07 09:16:56','2025-10-07 09:16:56'),(2303,64,NULL,NULL,NULL,NULL,'E6:4B:10:FA:2B:3E','478387',1000.00,'2025-10-07 09:17:01','2025-10-07 09:17:01'),(2304,64,NULL,NULL,NULL,NULL,'E6:4B:10:FA:2B:3E','813498',1000.00,'2025-10-07 09:17:38','2025-10-07 09:17:38'),(2305,65,NULL,NULL,NULL,NULL,'E6:4B:10:FA:2B:3E','549045',500.00,'2025-10-07 09:17:58','2025-10-07 09:17:58'),(2306,70,NULL,NULL,NULL,NULL,'F8:2E:3F:C2:26:46','574153',1000.00,'2025-10-07 10:30:34','2025-10-07 10:30:34'),(2307,7,NULL,NULL,NULL,NULL,'9E:0D:04:94:2B:3A','236053',300.00,'2025-10-07 10:36:20','2025-10-07 10:36:20'),(2309,6,NULL,NULL,NULL,NULL,'9E:0D:04:94:2B:3A','835667',210.00,'2025-10-07 10:38:28','2025-10-07 10:38:28'),(2310,7,NULL,NULL,NULL,NULL,'1A:D4:A3:02:07:CD','444272',300.00,'2025-10-07 10:42:06','2025-10-07 10:42:06'),(2311,8,NULL,NULL,NULL,NULL,'FE:06:92:FA:87:6B','333707',500.00,'2025-10-07 11:08:37','2025-10-07 11:08:37'),(2312,8,NULL,NULL,NULL,NULL,'FE:06:92:FA:87:6B','926208',500.00,'2025-10-07 11:11:32','2025-10-07 11:11:32'),(2313,77,NULL,NULL,NULL,NULL,'EA:20:82:96:79:F9','064518',700.00,'2025-10-07 11:15:56','2025-10-07 11:15:56'),(2314,77,NULL,NULL,NULL,NULL,'EA:20:82:96:79:F9','384631',700.00,'2025-10-07 11:17:32','2025-10-07 11:17:32'),(2318,7,NULL,NULL,NULL,NULL,'C6:9F:66:6D:0D:3E','357032',300.00,'2025-10-07 12:37:02','2025-10-07 12:37:02'),(2319,7,NULL,NULL,NULL,NULL,'C6:9F:66:6D:0D:3E','410296',300.00,'2025-10-07 12:38:55','2025-10-07 12:38:55'),(2320,8,NULL,NULL,NULL,NULL,'56:67:20:4B:77:24','216428',500.00,'2025-10-07 12:41:03','2025-10-07 12:41:03'),(2324,NULL,NULL,NULL,NULL,167,NULL,'814237',40000.00,'2025-10-07 14:07:37','2025-10-07 14:07:37'),(2326,7,NULL,NULL,NULL,NULL,'FE:7D:17:D6:B7:19','820281',300.00,'2025-10-07 15:16:17','2025-10-07 15:16:17'),(2332,6,NULL,NULL,NULL,NULL,'7E:A5:C8:0E:3C:6A','796863',210.00,'2025-10-07 17:27:12','2025-10-07 17:27:12'),(2333,8,NULL,NULL,NULL,NULL,'A8:13:06:C0:4E:B3','219617',500.00,'2025-10-07 17:28:42','2025-10-07 17:28:42'),(2334,8,NULL,NULL,NULL,NULL,'A8:13:06:C0:4E:B3','196017',500.00,'2025-10-07 17:29:33','2025-10-07 17:29:33'),(2335,77,NULL,NULL,NULL,NULL,'BA:6C:89:EE:35:BB','570976',700.00,'2025-10-07 17:30:39','2025-10-07 17:30:39'),(2336,7,NULL,NULL,NULL,NULL,'A8:13:06:C0:4E:B3','900251',300.00,'2025-10-07 17:31:51','2025-10-07 17:31:51'),(2339,78,NULL,NULL,NULL,NULL,'14:11:14:81:88:04','457792',1000.00,'2025-10-07 18:04:26','2025-10-07 18:04:26'),(2343,64,NULL,NULL,NULL,NULL,'EE:E7:0B:2C:72:2E','903973',1000.00,'2025-10-07 18:17:44','2025-10-07 18:17:44'),(2344,64,NULL,NULL,NULL,NULL,'EE:E7:0B:2C:72:2E','496564',1000.00,'2025-10-07 18:17:56','2025-10-07 18:17:56'),(2346,8,NULL,NULL,NULL,NULL,'D4:67:D3:E3:17:BD','927836',500.00,'2025-10-07 18:39:58','2025-10-07 18:39:58'),(2347,8,NULL,NULL,NULL,NULL,'D4:67:D3:E3:17:BD','939803',500.00,'2025-10-07 18:40:38','2025-10-07 18:40:38'),(2348,8,NULL,NULL,NULL,NULL,'D4:67:D3:E3:17:BD','022770',500.00,'2025-10-07 18:41:12','2025-10-07 18:41:12'),(2351,8,NULL,NULL,NULL,NULL,'FE:02:BF:6C:60:89','559528',500.00,'2025-10-07 18:57:18','2025-10-07 18:57:18'),(2352,8,NULL,NULL,NULL,NULL,'FE:02:BF:6C:60:89','796904',500.00,'2025-10-07 18:59:46','2025-10-07 18:59:46'),(2353,8,NULL,NULL,NULL,NULL,'10:3F:44:60:C7:32','431353',500.00,'2025-10-07 19:00:28','2025-10-07 19:00:28'),(2354,8,NULL,NULL,NULL,NULL,'4E:63:7D:67:95:A8','952074',500.00,'2025-10-07 19:00:52','2025-10-07 19:00:52'),(2357,9,NULL,NULL,NULL,NULL,'BE:B3:CB:9E:09:DC','008853',1000.00,'2025-10-07 19:10:28','2025-10-07 19:10:28'),(2361,8,NULL,NULL,NULL,NULL,'FE:06:92:FA:87:6B','612002',500.00,'2025-10-07 20:19:24','2025-10-07 20:19:24'),(2363,9,NULL,NULL,NULL,NULL,'62:34:DF:44:9A:A4','503234',1000.00,'2025-10-07 21:15:53','2025-10-07 21:15:53'),(2364,9,NULL,NULL,NULL,NULL,'B2:17:11:1E:76:42','567983',1000.00,'2025-10-07 21:20:31','2025-10-07 21:20:31'),(2366,77,NULL,NULL,NULL,NULL,'AC:29:29:4A:C3:C3','740260',700.00,'2025-10-07 23:38:51','2025-10-07 23:38:51'),(2367,77,NULL,NULL,NULL,NULL,'AC:29:29:4A:C3:C3','927847',700.00,'2025-10-07 23:39:18','2025-10-07 23:39:18'),(2370,81,NULL,NULL,NULL,NULL,'CE:69:16:A8:AE:B0','109778',600.00,'2025-10-08 01:38:57','2025-10-08 01:38:57'),(2372,8,NULL,NULL,NULL,NULL,'02:AE:8E:00:79:71','462218',500.00,'2025-10-08 05:58:58','2025-10-08 05:58:58'),(2374,7,NULL,NULL,NULL,NULL,'5A:F8:D7:0F:BF:9E','198166',300.00,'2025-10-08 06:01:20','2025-10-08 06:01:20'),(2376,7,NULL,NULL,NULL,NULL,'5A:F8:D7:0F:BF:9E','811198',300.00,'2025-10-08 06:02:31','2025-10-08 06:02:31'),(2381,6,NULL,NULL,NULL,NULL,'5A:F8:D7:0F:BF:9E','165529',210.00,'2025-10-08 07:10:14','2025-10-08 07:10:14'),(2382,78,NULL,NULL,NULL,NULL,'A2:26:D9:47:C7:EC','804824',1000.00,'2025-10-08 07:12:40','2025-10-08 07:12:40'),(2384,NULL,30,NULL,NULL,NULL,NULL,'212075',21000.00,'2025-10-08 08:20:02','2025-10-08 08:20:02'),(2386,78,NULL,NULL,NULL,NULL,'A8:87:B3:23:4F:BF','943062',1000.00,'2025-10-08 08:56:11','2025-10-08 08:56:11'),(2387,78,NULL,NULL,NULL,NULL,'A8:87:B3:23:4F:BF','532753',1000.00,'2025-10-08 08:56:49','2025-10-08 08:56:49'),(2389,8,NULL,NULL,NULL,NULL,'24:DA:33:08:FD:6A','503664',500.00,'2025-10-08 09:27:41','2025-10-08 09:27:41'),(2391,96,NULL,NULL,NULL,NULL,'E6:86:E0:B9:44:65','240549',1500.00,'2025-10-08 09:37:01','2025-10-08 09:37:01'),(2392,64,NULL,NULL,NULL,NULL,'62:38:2E:D4:44:86','459217',1000.00,'2025-10-08 09:37:22','2025-10-08 09:37:22'),(2393,64,NULL,NULL,NULL,NULL,'62:38:2E:D4:44:86','258163',1000.00,'2025-10-08 09:38:00','2025-10-08 09:38:00'),(2394,96,NULL,NULL,NULL,NULL,'12:B9:FC:29:B9:B0','560162',1500.00,'2025-10-08 09:39:40','2025-10-08 09:39:40'),(2395,96,NULL,NULL,NULL,NULL,'CA:07:EA:5F:DB:02','848261',1500.00,'2025-10-08 09:41:52','2025-10-08 09:41:52'),(2396,95,NULL,NULL,NULL,NULL,'E6:86:E0:B9:44:65','132303',1000.00,'2025-10-08 09:43:49','2025-10-08 09:43:49'),(2397,95,NULL,NULL,NULL,NULL,'CA:07:EA:5F:DB:02','208632',1000.00,'2025-10-08 09:44:30','2025-10-08 09:44:30'),(2400,32,NULL,NULL,NULL,NULL,'4A:34:37:63:EB:03','268533',500.00,'2025-10-08 12:19:01','2025-10-08 12:19:01'),(2402,95,NULL,NULL,NULL,NULL,'8E:66:93:23:BB:D0','816826',1000.00,'2025-10-08 13:29:17','2025-10-08 13:29:17'),(2403,124,NULL,NULL,NULL,NULL,'8E:66:93:23:BB:D0','543739',10000.00,'2025-10-08 13:36:35','2025-10-08 13:36:35'),(2406,78,NULL,NULL,NULL,NULL,'86:C2:30:71:5F:D3','833857',1000.00,'2025-10-08 14:04:50','2025-10-08 14:04:50'),(2407,78,NULL,NULL,NULL,NULL,'86:C2:30:71:5F:D3','589808',1000.00,'2025-10-08 14:06:18','2025-10-08 14:06:18'),(2408,78,NULL,NULL,NULL,NULL,'86:C2:30:71:5F:D3','633513',1000.00,'2025-10-08 14:55:20','2025-10-08 14:55:20'),(2409,78,NULL,NULL,NULL,NULL,'86:C2:30:71:5F:D3','414213',1000.00,'2025-10-08 15:06:49','2025-10-08 15:06:49'),(2410,78,NULL,NULL,NULL,NULL,'86:C2:30:71:5F:D3','385350',1000.00,'2025-10-08 15:07:54','2025-10-08 15:07:54'),(2411,78,NULL,NULL,NULL,NULL,'86:C2:30:71:5F:D3','962190',1000.00,'2025-10-08 15:09:05','2025-10-08 15:09:05'),(2412,78,NULL,NULL,NULL,NULL,'86:C2:30:71:5F:D3','956551',1000.00,'2025-10-08 15:11:56','2025-10-08 15:11:56'),(2413,78,NULL,NULL,NULL,NULL,'86:C2:30:71:5F:D3','237629',1000.00,'2025-10-08 15:15:24','2025-10-08 15:15:24'),(2414,78,NULL,NULL,NULL,NULL,'86:C2:30:71:5F:D3','483495',1000.00,'2025-10-08 15:18:17','2025-10-08 15:18:17'),(2416,23,NULL,NULL,NULL,NULL,'8E:CC:F9:80:BC:C7','725432',15000.00,'2025-10-08 17:12:27','2025-10-08 17:12:27'),(2419,8,NULL,NULL,NULL,NULL,'5A:F8:D7:0F:BF:9E','739274',500.00,'2025-10-08 17:48:08','2025-10-08 17:48:08'),(2420,7,NULL,NULL,NULL,NULL,'5A:F8:D7:0F:BF:9E','881566',300.00,'2025-10-08 17:49:12','2025-10-08 17:49:12'),(2423,9,NULL,NULL,NULL,NULL,'BE:13:B8:AF:2F:FD','119681',1000.00,'2025-10-08 17:57:24','2025-10-08 17:57:24'),(2424,8,NULL,NULL,NULL,NULL,'EE:F7:43:4A:79:AC','580226',500.00,'2025-10-08 18:14:25','2025-10-08 18:14:25'),(2425,8,NULL,NULL,NULL,NULL,'5A:2A:26:B9:46:80','288634',500.00,'2025-10-08 18:16:46','2025-10-08 18:16:46'),(2427,78,NULL,NULL,NULL,NULL,'14:11:14:81:88:04','828570',1000.00,'2025-10-08 18:17:38','2025-10-08 18:17:38'),(2431,70,NULL,NULL,NULL,NULL,'56:C2:6F:7E:1A:50','887673',1000.00,'2025-10-08 18:33:55','2025-10-08 18:33:55'),(2432,9,NULL,NULL,NULL,NULL,'66:69:37:E7:6B:00','188729',1000.00,'2025-10-08 19:27:59','2025-10-08 19:27:59'),(2433,9,NULL,NULL,NULL,NULL,'66:69:37:E7:6B:00','083082',1000.00,'2025-10-08 19:30:32','2025-10-08 19:30:32'),(2434,8,NULL,NULL,NULL,NULL,'66:69:37:E7:6B:00','629627',500.00,'2025-10-08 19:31:53','2025-10-08 19:31:53'),(2437,9,NULL,NULL,NULL,NULL,'5C:C5:D4:F0:72:92','668547',1000.00,'2025-10-08 19:42:13','2025-10-08 19:42:13'),(2439,6,NULL,NULL,NULL,NULL,'C6:82:84:09:10:28','870513',210.00,'2025-10-08 19:46:48','2025-10-08 19:46:48'),(2441,9,NULL,NULL,NULL,NULL,'14:9F:3C:6B:96:77','012084',1000.00,'2025-10-08 20:25:53','2025-10-08 20:25:53'),(2442,65,NULL,NULL,NULL,NULL,'76:65:15:32:93:BE','593824',500.00,'2025-10-08 20:26:51','2025-10-08 20:26:51'),(2443,65,NULL,NULL,NULL,NULL,'76:65:15:32:93:BE','252977',500.00,'2025-10-08 20:27:04','2025-10-08 20:27:04'),(2444,65,NULL,NULL,NULL,NULL,'76:65:15:32:93:BE','821083',500.00,'2025-10-08 20:27:33','2025-10-08 20:27:33'),(2445,65,NULL,NULL,NULL,NULL,'76:65:15:32:93:BE','778701',500.00,'2025-10-08 20:27:39','2025-10-08 20:27:39'),(2451,77,NULL,NULL,NULL,NULL,'F6:2F:B8:B7:B8:41','940827',700.00,'2025-10-08 22:50:22','2025-10-08 22:50:22'),(2452,8,NULL,NULL,NULL,NULL,'FE:06:92:FA:87:6B','442223',500.00,'2025-10-09 00:14:10','2025-10-09 00:14:10'),(2453,8,NULL,NULL,NULL,NULL,'FE:06:92:FA:87:6B','917256',500.00,'2025-10-09 03:23:40','2025-10-09 03:23:40'),(2454,8,NULL,NULL,NULL,NULL,'FE:06:92:FA:87:6B','005601',500.00,'2025-10-09 03:24:30','2025-10-09 03:24:30'),(2455,6,NULL,NULL,NULL,NULL,'FE:06:92:FA:87:6B','891378',210.00,'2025-10-09 03:26:00','2025-10-09 03:26:00'),(2456,78,NULL,NULL,NULL,NULL,'32:A0:E0:9E:5D:E1','856290',1000.00,'2025-10-09 03:48:45','2025-10-09 03:48:45'),(2461,8,NULL,NULL,NULL,NULL,'02:AE:8E:00:79:71','909095',500.00,'2025-10-09 07:03:29','2025-10-09 07:03:29'),(2464,82,NULL,NULL,NULL,NULL,'16:9B:E3:AC:D8:E0','952570',800.00,'2025-10-09 07:38:22','2025-10-09 07:38:22'),(2465,8,NULL,NULL,NULL,NULL,'5A:F8:D7:0F:BF:9E','194231',500.00,'2025-10-09 08:02:43','2025-10-09 08:02:43'),(2467,8,NULL,NULL,NULL,NULL,'5A:F8:D7:0F:BF:9E','345673',500.00,'2025-10-09 08:08:25','2025-10-09 08:08:25'),(2468,9,NULL,NULL,NULL,NULL,'5A:F8:D7:0F:BF:9E','749919',1000.00,'2025-10-09 08:11:50','2025-10-09 08:11:50'),(2472,7,NULL,NULL,NULL,NULL,'5A:22:D6:25:36:E9','192337',300.00,'2025-10-09 08:54:15','2025-10-09 08:54:15'),(2473,7,NULL,NULL,NULL,NULL,'5A:22:D6:25:36:E9','740847',300.00,'2025-10-09 08:55:26','2025-10-09 08:55:26'),(2474,8,NULL,NULL,NULL,NULL,'C6:3B:86:7E:E7:2B','964630',500.00,'2025-10-09 09:12:06','2025-10-09 09:12:06'),(2475,78,NULL,NULL,NULL,NULL,'36:A5:D1:E4:E3:83','045127',1000.00,'2025-10-09 09:15:26','2025-10-09 09:15:26'),(2476,78,NULL,NULL,NULL,NULL,'36:A5:D1:E4:E3:83','009999',1000.00,'2025-10-09 09:17:51','2025-10-09 09:17:51'),(2477,8,NULL,NULL,NULL,NULL,'A2:74:55:A8:D1:B7','679020',500.00,'2025-10-09 09:26:13','2025-10-09 09:26:13'),(2481,7,NULL,NULL,NULL,NULL,'5A:22:D6:25:36:E9','166024',300.00,'2025-10-09 10:08:30','2025-10-09 10:08:30'),(2483,77,NULL,NULL,NULL,NULL,'F2:05:7F:4C:8A:A1','549351',700.00,'2025-10-09 10:17:02','2025-10-09 10:17:02'),(2484,77,NULL,NULL,NULL,NULL,'F2:05:7F:4C:8A:A1','757260',700.00,'2025-10-09 10:19:29','2025-10-09 10:19:29'),(2485,9,NULL,NULL,NULL,NULL,'AE:A7:4D:CE:89:BF','276930',1000.00,'2025-10-09 10:23:39','2025-10-09 10:23:39'),(2488,77,NULL,NULL,NULL,NULL,'86:41:1C:60:68:46','423516',700.00,'2025-10-09 11:04:15','2025-10-09 11:04:15'),(2489,7,NULL,NULL,NULL,NULL,'5A:F8:D7:0F:BF:9E','318373',300.00,'2025-10-09 11:08:07','2025-10-09 11:08:07'),(2494,65,NULL,NULL,NULL,NULL,'D6:5B:7C:61:AB:95','111180',500.00,'2025-10-09 12:19:08','2025-10-09 12:19:08'),(2497,78,NULL,NULL,NULL,NULL,'DE:46:DF:28:62:3B','325504',1000.00,'2025-10-09 12:33:01','2025-10-09 12:33:01'),(2498,6,NULL,NULL,NULL,NULL,'A2:74:55:A8:D1:B7','935470',210.00,'2025-10-09 12:55:00','2025-10-09 12:55:00'),(2500,7,NULL,NULL,NULL,NULL,'EE:20:C1:F6:95:D2','069500',300.00,'2025-10-09 14:32:00','2025-10-09 14:32:00'),(2501,7,NULL,NULL,NULL,NULL,'EE:20:C1:F6:95:D2','011270',300.00,'2025-10-09 14:32:16','2025-10-09 14:32:16'),(2502,7,NULL,NULL,NULL,NULL,'EE:20:C1:F6:95:D2','860140',300.00,'2025-10-09 14:32:22','2025-10-09 14:32:22'),(2503,7,NULL,NULL,NULL,NULL,'EE:20:C1:F6:95:D2','563711',300.00,'2025-10-09 14:32:28','2025-10-09 14:32:28'),(2504,7,NULL,NULL,NULL,NULL,'EE:20:C1:F6:95:D2','523759',300.00,'2025-10-09 14:32:43','2025-10-09 14:32:43'),(2505,7,NULL,NULL,NULL,NULL,'EE:20:C1:F6:95:D2','970510',300.00,'2025-10-09 14:33:32','2025-10-09 14:33:32'),(2506,7,NULL,NULL,NULL,NULL,'EE:20:C1:F6:95:D2','360978',300.00,'2025-10-09 14:33:50','2025-10-09 14:33:50'),(2507,6,NULL,NULL,NULL,NULL,'EE:20:C1:F6:95:D2','115536',210.00,'2025-10-09 14:34:13','2025-10-09 14:34:13'),(2508,6,NULL,NULL,NULL,NULL,'EE:20:C1:F6:95:D2','835695',210.00,'2025-10-09 14:34:21','2025-10-09 14:34:21'),(2509,7,NULL,NULL,NULL,NULL,'EE:20:C1:F6:95:D2','778250',300.00,'2025-10-09 14:36:31','2025-10-09 14:36:31'),(2513,9,NULL,NULL,NULL,NULL,'82:3D:CF:B1:31:9B','578785',1000.00,'2025-10-09 16:35:18','2025-10-09 16:35:18'),(2515,9,NULL,NULL,NULL,NULL,'82:3D:CF:B1:31:9B','239242',1000.00,'2025-10-09 17:02:18','2025-10-09 17:02:18'),(2516,79,NULL,NULL,NULL,NULL,'26:8F:7E:BB:D6:7C','651214',5000.00,'2025-10-09 17:22:55','2025-10-09 17:22:55'),(2518,9,NULL,NULL,NULL,NULL,'82:3D:CF:B1:31:9B','214967',1000.00,'2025-10-09 17:32:36','2025-10-09 17:32:36'),(2519,73,NULL,NULL,NULL,NULL,'14:09:DC:07:3E:A9','567469',3500.00,'2025-10-09 17:32:41','2025-10-09 17:32:41'),(2520,71,NULL,NULL,NULL,NULL,'14:09:DC:07:3E:A9','682083',1750.00,'2025-10-09 17:38:21','2025-10-09 17:38:21'),(2522,6,NULL,NULL,NULL,NULL,'EE:20:C1:F6:95:D2','334640',210.00,'2025-10-09 17:43:00','2025-10-09 17:43:00'),(2523,6,NULL,NULL,NULL,NULL,'EE:20:C1:F6:95:D2','127587',210.00,'2025-10-09 17:46:37','2025-10-09 17:46:37'),(2524,9,NULL,NULL,NULL,NULL,'82:3D:CF:B1:31:9B','566398',1000.00,'2025-10-09 17:47:30','2025-10-09 17:47:30'),(2526,9,NULL,NULL,NULL,NULL,'82:3D:CF:B1:31:9B','741636',1000.00,'2025-10-09 17:50:08','2025-10-09 17:50:08'),(2528,78,NULL,NULL,NULL,NULL,'14:11:14:81:88:04','114338',1000.00,'2025-10-09 18:49:08','2025-10-09 18:49:08'),(2529,128,NULL,NULL,NULL,NULL,'EA:E3:D1:1D:12:03','881773',500.00,'2025-10-09 19:19:31','2025-10-09 19:19:31'),(2530,8,NULL,NULL,NULL,NULL,'F6:CD:F8:58:15:32','161740',500.00,'2025-10-09 19:43:41','2025-10-09 19:43:41'),(2531,8,NULL,NULL,NULL,NULL,'F2:65:ED:BF:19:CD','653756',500.00,'2025-10-09 20:30:10','2025-10-09 20:30:10'),(2534,7,NULL,NULL,NULL,NULL,'A8:13:06:C0:4E:B3','827597',300.00,'2025-10-09 21:05:07','2025-10-09 21:05:07'),(2537,81,NULL,NULL,NULL,NULL,'22:4C:7D:8D:E2:A6','346752',600.00,'2025-10-09 22:34:56','2025-10-09 22:34:56'),(2538,96,NULL,NULL,NULL,NULL,'22:4C:7D:8D:E2:A6','587992',1500.00,'2025-10-09 22:38:15','2025-10-09 22:38:15'),(2539,78,NULL,NULL,NULL,NULL,'CA:B5:26:3C:00:4E','550338',1000.00,'2025-10-10 00:09:27','2025-10-10 00:09:27'),(2540,8,NULL,NULL,NULL,NULL,'5A:F8:D7:0F:BF:9E','168219',500.00,'2025-10-10 00:36:17','2025-10-10 00:36:17'),(2541,7,NULL,NULL,NULL,NULL,'5A:F8:D7:0F:BF:9E','584861',300.00,'2025-10-10 00:37:12','2025-10-10 00:37:12'),(2542,7,NULL,NULL,NULL,NULL,'5A:F8:D7:0F:BF:9E','162659',300.00,'2025-10-10 00:38:10','2025-10-10 00:38:10'),(2543,7,NULL,NULL,NULL,NULL,'5A:F8:D7:0F:BF:9E','686318',300.00,'2025-10-10 00:41:29','2025-10-10 00:41:29'),(2544,7,NULL,NULL,NULL,NULL,'5A:F8:D7:0F:BF:9E','575843',300.00,'2025-10-10 00:42:13','2025-10-10 00:42:13'),(2545,7,NULL,NULL,NULL,NULL,'5A:F8:D7:0F:BF:9E','823070',300.00,'2025-10-10 00:43:15','2025-10-10 00:43:15'),(2546,7,NULL,NULL,NULL,NULL,'5A:F8:D7:0F:BF:9E','663717',300.00,'2025-10-10 00:43:56','2025-10-10 00:43:56'),(2547,7,NULL,NULL,NULL,NULL,'5A:F8:D7:0F:BF:9E','272807',300.00,'2025-10-10 00:46:06','2025-10-10 00:46:06'),(2548,77,NULL,NULL,NULL,NULL,'5A:ED:D3:04:DA:E9','621176',700.00,'2025-10-10 01:58:01','2025-10-10 01:58:01'),(2551,9,NULL,NULL,NULL,NULL,'A2:1C:0F:04:37:59','429581',1000.00,'2025-10-10 05:59:58','2025-10-10 05:59:58'),(2552,78,NULL,NULL,NULL,NULL,'14:11:14:81:88:04','694838',1000.00,'2025-10-10 06:30:04','2025-10-10 06:30:04'),(2554,77,NULL,NULL,NULL,NULL,'86:41:1C:60:68:46','746237',700.00,'2025-10-10 06:59:07','2025-10-10 06:59:07'),(2555,77,NULL,NULL,NULL,NULL,'32:67:7E:83:97:B1','177760',700.00,'2025-10-10 07:13:18','2025-10-10 07:13:18'),(2557,8,NULL,NULL,NULL,NULL,'5A:F8:D7:0F:BF:9E','043353',500.00,'2025-10-10 07:51:31','2025-10-10 07:51:31'),(2558,9,NULL,NULL,NULL,NULL,'82:3D:CF:B1:31:9B','756011',1000.00,'2025-10-10 07:54:19','2025-10-10 07:54:19'),(2560,9,NULL,NULL,NULL,NULL,'82:3D:CF:B1:31:9B','692580',1000.00,'2025-10-10 07:55:10','2025-10-10 07:55:10'),(2561,9,NULL,NULL,NULL,NULL,'82:3D:CF:B1:31:9B','689498',1000.00,'2025-10-10 07:57:23','2025-10-10 07:57:23'),(2562,9,NULL,NULL,NULL,NULL,'82:3D:CF:B1:31:9B','090869',1000.00,'2025-10-10 07:58:37','2025-10-10 07:58:37'),(2565,65,NULL,NULL,NULL,NULL,'E6:91:A3:27:C2:BD','411959',500.00,'2025-10-10 08:04:42','2025-10-10 08:04:42'),(2566,65,NULL,NULL,NULL,NULL,'E6:91:A3:27:C2:BD','245015',500.00,'2025-10-10 08:05:01','2025-10-10 08:05:01'),(2567,65,NULL,NULL,NULL,NULL,'E6:91:A3:27:C2:BD','035440',500.00,'2025-10-10 08:05:10','2025-10-10 08:05:10'),(2573,7,NULL,NULL,NULL,NULL,'5A:F8:D7:0F:BF:9E','704775',300.00,'2025-10-10 10:58:20','2025-10-10 10:58:20'),(2574,7,NULL,NULL,NULL,NULL,'5A:F8:D7:0F:BF:9E','494779',300.00,'2025-10-10 10:59:35','2025-10-10 10:59:35'),(2575,6,NULL,NULL,NULL,NULL,'5A:F8:D7:0F:BF:9E','069411',210.00,'2025-10-10 11:03:29','2025-10-10 11:03:29'),(2576,6,NULL,NULL,NULL,NULL,'5A:F8:D7:0F:BF:9E','451497',210.00,'2025-10-10 11:10:31','2025-10-10 11:10:31'),(2577,65,NULL,NULL,NULL,NULL,'E6:91:A3:27:C2:BD','862198',500.00,'2025-10-10 11:16:49','2025-10-10 11:16:49'),(2579,64,NULL,NULL,NULL,NULL,'E6:91:A3:27:C2:BD','716964',1000.00,'2025-10-10 11:19:57','2025-10-10 11:19:57'),(2580,64,NULL,NULL,NULL,NULL,'E6:91:A3:27:C2:BD','918567',1000.00,'2025-10-10 11:26:21','2025-10-10 11:26:21'),(2581,65,NULL,NULL,NULL,NULL,'E6:91:A3:27:C2:BD','671493',500.00,'2025-10-10 11:27:17','2025-10-10 11:27:17'),(2583,64,NULL,NULL,NULL,NULL,'E6:91:A3:27:C2:BD','352958',1000.00,'2025-10-10 11:39:17','2025-10-10 11:39:17'),(2584,81,NULL,NULL,NULL,NULL,'8E:66:93:23:BB:D0','994698',600.00,'2025-10-10 11:44:29','2025-10-10 11:44:29'),(2585,81,NULL,NULL,NULL,NULL,'8E:66:93:23:BB:D0','027257',600.00,'2025-10-10 11:49:56','2025-10-10 11:49:56'),(2586,81,NULL,NULL,NULL,NULL,'8E:66:93:23:BB:D0','406443',600.00,'2025-10-10 11:51:37','2025-10-10 11:51:37'),(2597,6,NULL,NULL,NULL,NULL,'A8:13:06:C0:4E:B3','810044',210.00,'2025-10-10 15:04:23','2025-10-10 15:04:23'),(2599,24,NULL,NULL,NULL,NULL,'3A:13:89:8C:B7:66','870242',2500.00,'2025-10-10 17:45:50','2025-10-10 17:45:50'),(2604,9,NULL,NULL,NULL,NULL,'7E:98:5B:13:C0:41','434198',1000.00,'2025-10-10 19:01:36','2025-10-10 19:01:36'),(2605,6,NULL,NULL,NULL,NULL,'F2:64:93:13:D3:7D','924392',210.00,'2025-10-10 19:38:34','2025-10-10 19:38:34'),(2608,9,NULL,NULL,NULL,NULL,'FE:06:92:FA:87:6B','278598',1000.00,'2025-10-10 20:02:24','2025-10-10 20:02:24'),(2609,9,NULL,NULL,NULL,NULL,'FE:06:92:FA:87:6B','314330',1000.00,'2025-10-10 20:03:48','2025-10-10 20:03:48'),(2610,9,NULL,NULL,NULL,NULL,'FE:06:92:FA:87:6B','646715',1000.00,'2025-10-10 20:09:18','2025-10-10 20:09:18'),(2611,8,NULL,NULL,NULL,NULL,'FE:06:92:FA:87:6B','549279',500.00,'2025-10-10 20:12:15','2025-10-10 20:12:15'),(2612,8,NULL,NULL,NULL,NULL,'FE:06:92:FA:87:6B','129547',500.00,'2025-10-10 20:14:48','2025-10-10 20:14:48'),(2614,7,NULL,NULL,NULL,NULL,'C6:82:84:09:10:28','771027',300.00,'2025-10-10 20:30:34','2025-10-10 20:30:34'),(2616,7,NULL,NULL,NULL,NULL,'FE:06:92:FA:87:6B','452447',300.00,'2025-10-10 20:43:21','2025-10-10 20:43:21'),(2618,77,NULL,NULL,NULL,NULL,'CE:AE:E9:2D:35:C4','243031',700.00,'2025-10-10 21:19:03','2025-10-10 21:19:03'),(2619,8,NULL,NULL,NULL,NULL,'C6:3B:86:7E:E7:2B','827614',500.00,'2025-10-10 21:30:30','2025-10-10 21:30:30'),(2622,7,NULL,NULL,NULL,NULL,'5A:F8:D7:0F:BF:9E','434692',300.00,'2025-10-10 23:32:56','2025-10-10 23:32:56'),(2625,6,NULL,NULL,NULL,NULL,'32:AD:3F:FF:E3:59','113202',210.00,'2025-10-11 05:02:41','2025-10-11 05:02:41'),(2627,9,NULL,NULL,NULL,NULL,'90:B6:86:C2:29:A1','809927',1000.00,'2025-10-11 06:06:31','2025-10-11 06:06:31'),(2628,9,NULL,NULL,NULL,NULL,'90:B6:86:C2:29:A1','927247',1000.00,'2025-10-11 06:08:19','2025-10-11 06:08:19'),(2631,77,NULL,NULL,NULL,NULL,'32:67:7E:83:97:B1','113998',700.00,'2025-10-11 07:08:46','2025-10-11 07:08:46'),(2636,9,NULL,NULL,NULL,NULL,'BE:B3:CB:9E:09:DC','984422',1000.00,'2025-10-11 08:10:38','2025-10-11 08:10:38'),(2638,81,NULL,NULL,NULL,NULL,'A6:0F:27:8C:85:55','348442',600.00,'2025-10-11 08:24:15','2025-10-11 08:24:15'),(2639,81,NULL,NULL,NULL,NULL,'A6:0F:27:8C:85:55','907919',600.00,'2025-10-11 08:27:01','2025-10-11 08:27:01'),(2640,82,NULL,NULL,NULL,NULL,'96:A3:3E:19:CC:D8','923118',800.00,'2025-10-11 08:31:41','2025-10-11 08:31:41'),(2641,77,NULL,NULL,NULL,NULL,'46:56:81:3B:45:DD','736412',700.00,'2025-10-11 09:28:11','2025-10-11 09:28:11'),(2642,65,NULL,NULL,NULL,NULL,'26:7A:63:64:8B:7B','485067',500.00,'2025-10-11 09:47:18','2025-10-11 09:47:18'),(2643,65,NULL,NULL,NULL,NULL,'26:7A:63:64:8B:7B','971584',500.00,'2025-10-11 09:47:26','2025-10-11 09:47:26'),(2645,9,NULL,NULL,NULL,NULL,'4A:F0:CA:55:81:84','195109',1000.00,'2025-10-11 10:14:55','2025-10-11 10:14:55'),(2647,8,NULL,NULL,NULL,NULL,'5A:F8:D7:0F:BF:9E','197408',500.00,'2025-10-11 11:10:47','2025-10-11 11:10:47'),(2648,32,NULL,NULL,NULL,NULL,'EE:3A:86:79:90:6F','799130',500.00,'2025-10-11 12:46:51','2025-10-11 12:46:51'),(2649,6,NULL,NULL,NULL,NULL,'24:2E:02:2C:C6:79','779969',210.00,'2025-10-11 13:33:23','2025-10-11 13:33:23'),(2652,8,NULL,NULL,NULL,NULL,'5A:F8:D7:0F:BF:9E','469039',500.00,'2025-10-11 13:47:00','2025-10-11 13:47:00'),(2653,79,NULL,NULL,NULL,NULL,'$(mac)','704559',5000.00,'2025-10-11 13:47:19','2025-10-11 13:47:19'),(2654,78,NULL,NULL,NULL,NULL,'$(mac)','551051',1000.00,'2025-10-11 13:47:33','2025-10-11 13:47:33'),(2655,78,NULL,NULL,NULL,NULL,'$(mac)','279504',1000.00,'2025-10-11 13:50:18','2025-10-11 13:50:18'),(2656,78,NULL,NULL,NULL,NULL,'$(mac)','138747',1000.00,'2025-10-11 13:51:12','2025-10-11 13:51:12'),(2657,78,NULL,NULL,NULL,NULL,'$(mac)','328440',1000.00,'2025-10-11 13:52:24','2025-10-11 13:52:24'),(2658,78,NULL,NULL,NULL,NULL,'$(mac)','604024',1000.00,'2025-10-11 13:53:34','2025-10-11 13:53:34'),(2659,78,NULL,NULL,NULL,NULL,'$(mac)','474278',1000.00,'2025-10-11 13:55:40','2025-10-11 13:55:40'),(2660,78,NULL,NULL,NULL,NULL,'$(mac)','441675',1000.00,'2025-10-11 13:58:01','2025-10-11 13:58:01'),(2661,8,NULL,NULL,NULL,NULL,'5A:F8:D7:0F:BF:9E','483970',500.00,'2025-10-11 14:16:28','2025-10-11 14:16:28'),(2662,6,NULL,NULL,NULL,NULL,'56:9C:1A:9D:22:BB','476713',210.00,'2025-10-11 14:23:42','2025-10-11 14:23:42'),(2663,78,NULL,NULL,NULL,NULL,'$(mac)','625679',1000.00,'2025-10-11 14:25:25','2025-10-11 14:25:25'),(2667,77,NULL,NULL,NULL,NULL,'FE:55:2E:D8:E1:F3','295543',700.00,'2025-10-11 15:36:10','2025-10-11 15:36:10'),(2668,77,NULL,NULL,NULL,NULL,'FE:55:2E:D8:E1:F3','724960',700.00,'2025-10-11 15:38:27','2025-10-11 15:38:27'),(2669,8,NULL,NULL,NULL,NULL,'24:DA:33:08:FD:6A','654076',500.00,'2025-10-11 15:48:41','2025-10-11 15:48:41'),(2670,8,NULL,NULL,NULL,NULL,'24:DA:33:08:FD:6A','703932',500.00,'2025-10-11 15:52:01','2025-10-11 15:52:01'),(2672,7,NULL,NULL,NULL,NULL,'24:DA:33:08:FD:6A','662612',300.00,'2025-10-11 15:59:51','2025-10-11 15:59:51'),(2674,9,NULL,NULL,NULL,NULL,'26:FD:5C:BC:F1:CF','208735',1000.00,'2025-10-11 16:53:27','2025-10-11 16:53:27'),(2676,9,NULL,NULL,NULL,NULL,'86:C5:D3:62:1A:52','717135',1000.00,'2025-10-11 17:06:18','2025-10-11 17:06:18'),(2677,9,NULL,NULL,NULL,NULL,'86:C5:D3:62:1A:52','400267',1000.00,'2025-10-11 17:09:09','2025-10-11 17:09:09'),(2678,8,NULL,NULL,NULL,NULL,'86:C5:D3:62:1A:52','565978',500.00,'2025-10-11 17:12:34','2025-10-11 17:12:34'),(2680,9,NULL,NULL,NULL,NULL,'D4:67:D3:E3:17:BD','880655',1000.00,'2025-10-11 17:17:17','2025-10-11 17:17:17'),(2681,9,NULL,NULL,NULL,NULL,'D4:67:D3:E3:17:BD','509462',1000.00,'2025-10-11 17:19:06','2025-10-11 17:19:06'),(2683,9,NULL,NULL,NULL,NULL,'D4:67:D3:E3:17:BD','204526',1000.00,'2025-10-11 17:31:42','2025-10-11 17:31:42'),(2685,70,NULL,NULL,NULL,NULL,'90:81:75:41:2F:DE','736862',1000.00,'2025-10-11 18:26:31','2025-10-11 18:26:31'),(2687,70,NULL,NULL,NULL,NULL,'0E:25:8E:23:47:6D','833464',1000.00,'2025-10-11 19:01:07','2025-10-11 19:01:07'),(2688,70,NULL,NULL,NULL,NULL,'0E:25:8E:23:47:6D','039579',1000.00,'2025-10-11 19:08:11','2025-10-11 19:08:11'),(2690,70,NULL,NULL,NULL,NULL,'0E:25:8E:23:47:6D','534594',1000.00,'2025-10-11 19:09:05','2025-10-11 19:09:05'),(2694,77,NULL,NULL,NULL,NULL,'16:CD:49:05:71:2D','552599',700.00,'2025-10-11 20:52:33','2025-10-11 20:52:33'),(2695,77,NULL,NULL,NULL,NULL,'92:59:BE:44:64:A2','945071',700.00,'2025-10-11 20:54:15','2025-10-11 20:54:15'),(2696,77,NULL,NULL,NULL,NULL,'92:59:BE:44:64:A2','517334',700.00,'2025-10-11 20:56:26','2025-10-11 20:56:26'),(2697,77,NULL,NULL,NULL,NULL,'92:59:BE:44:64:A2','548332',700.00,'2025-10-11 20:59:07','2025-10-11 20:59:07'),(2698,77,NULL,NULL,NULL,NULL,'92:59:BE:44:64:A2','984200',700.00,'2025-10-11 21:00:51','2025-10-11 21:00:51'),(2702,78,NULL,NULL,NULL,NULL,'92:59:BE:44:64:A2','342934',1000.00,'2025-10-11 23:50:03','2025-10-11 23:50:03'),(2703,77,NULL,NULL,NULL,NULL,'92:59:BE:44:64:A2','233716',700.00,'2025-10-11 23:50:40','2025-10-11 23:50:40'),(2705,7,NULL,NULL,NULL,NULL,'80:79:5D:00:12:75','940571',300.00,'2025-10-12 03:50:49','2025-10-12 03:50:49'),(2706,77,NULL,NULL,NULL,NULL,'32:67:7E:83:97:B1','846678',700.00,'2025-10-12 06:27:47','2025-10-12 06:27:47'),(2707,77,NULL,NULL,NULL,NULL,'32:67:7E:83:97:B1','424889',700.00,'2025-10-12 06:27:51','2025-10-12 06:27:51'),(2708,77,NULL,NULL,NULL,NULL,'32:67:7E:83:97:B1','968847',700.00,'2025-10-12 06:27:55','2025-10-12 06:27:55'),(2710,77,NULL,NULL,NULL,NULL,'32:67:7E:83:97:B1','727772',700.00,'2025-10-12 06:29:25','2025-10-12 06:29:25'),(2711,78,NULL,NULL,NULL,NULL,'78:C3:E9:DF:FD:6C','808904',1000.00,'2025-10-12 06:34:54','2025-10-12 06:34:54'),(2713,140,NULL,NULL,NULL,NULL,'D8:1E:DD:1C:FA:7B','883454',2000.00,'2025-10-12 07:48:49','2025-10-12 07:48:49'),(2714,140,NULL,NULL,NULL,NULL,'D8:1E:DD:1C:FA:7B','474329',2000.00,'2025-10-12 07:49:20','2025-10-12 07:49:20'),(2715,140,NULL,NULL,NULL,NULL,'D8:1E:DD:1C:FA:7B','421914',2000.00,'2025-10-12 07:49:29','2025-10-12 07:49:29'),(2716,9,NULL,NULL,NULL,NULL,'FC:AA:B6:3B:A0:48','696543',1000.00,'2025-10-12 07:55:29','2025-10-12 07:55:29'),(2717,9,NULL,NULL,NULL,NULL,'FC:AA:B6:3B:A0:48','499354',1000.00,'2025-10-12 07:55:47','2025-10-12 07:55:47'),(2718,9,NULL,NULL,NULL,NULL,'FC:AA:B6:3B:A0:48','904557',1000.00,'2025-10-12 07:56:03','2025-10-12 07:56:03'),(2719,9,NULL,NULL,NULL,NULL,'FC:AA:B6:3B:A0:48','394317',1000.00,'2025-10-12 07:56:25','2025-10-12 07:56:25'),(2720,9,NULL,NULL,NULL,NULL,'FC:AA:B6:3B:A0:48','964082',1000.00,'2025-10-12 07:58:43','2025-10-12 07:58:43'),(2722,8,NULL,NULL,NULL,NULL,'06:04:75:A8:AE:04','774284',500.00,'2025-10-12 08:03:00','2025-10-12 08:03:00'),(2723,9,NULL,NULL,NULL,NULL,'FC:AA:B6:3B:A0:48','453859',1000.00,'2025-10-12 08:03:12','2025-10-12 08:03:12'),(2725,8,NULL,NULL,NULL,NULL,'5A:F8:D7:0F:BF:9E','222251',500.00,'2025-10-12 08:25:36','2025-10-12 08:25:36'),(2726,7,NULL,NULL,NULL,NULL,'5A:F8:D7:0F:BF:9E','204964',300.00,'2025-10-12 08:26:56','2025-10-12 08:26:56'),(2728,9,NULL,NULL,NULL,NULL,'BE:B3:CB:9E:09:DC','863746',1000.00,'2025-10-12 08:28:14','2025-10-12 08:28:14'),(2729,9,NULL,NULL,NULL,NULL,'BE:B3:CB:9E:09:DC','260871',1000.00,'2025-10-12 08:28:18','2025-10-12 08:28:18'),(2730,7,NULL,NULL,NULL,NULL,'5A:F8:D7:0F:BF:9E','505549',300.00,'2025-10-12 08:39:44','2025-10-12 08:39:44'),(2731,140,NULL,NULL,NULL,NULL,'2E:C3:48:76:DB:F8','926161',2000.00,'2025-10-12 08:42:18','2025-10-12 08:42:18'),(2732,140,NULL,NULL,NULL,NULL,'2E:C3:48:76:DB:F8','910762',2000.00,'2025-10-12 08:42:47','2025-10-12 08:42:47'),(2733,140,NULL,NULL,NULL,NULL,'2E:C3:48:76:DB:F8','074051',2000.00,'2025-10-12 08:45:13','2025-10-12 08:45:13'),(2734,6,NULL,NULL,NULL,NULL,'5A:F8:D7:0F:BF:9E','082486',210.00,'2025-10-12 08:46:25','2025-10-12 08:46:25'),(2735,139,NULL,NULL,NULL,NULL,'EC:2E:98:77:F2:F9','707339',1000.00,'2025-10-12 08:57:53','2025-10-12 08:57:53'),(2736,139,NULL,NULL,NULL,NULL,'EC:2E:98:77:F2:F9','773687',500.00,'2025-10-12 09:00:53','2025-10-12 09:00:53'),(2739,8,NULL,NULL,NULL,NULL,'FE:54:93:3B:80:42','977995',500.00,'2025-10-12 09:12:16','2025-10-12 09:12:16'),(2741,7,NULL,NULL,NULL,NULL,'96:D4:9F:81:4D:92','065359',300.00,'2025-10-12 09:18:08','2025-10-12 09:18:08'),(2742,70,NULL,NULL,NULL,NULL,'CA:2F:DE:09:AE:46','847107',1000.00,'2025-10-12 09:24:29','2025-10-12 09:24:29'),(2744,77,NULL,NULL,NULL,NULL,'02:8F:5C:86:3F:C2','801406',700.00,'2025-10-12 09:45:14','2025-10-12 09:45:14'),(2746,8,NULL,NULL,NULL,NULL,'34:F3:9A:78:7D:6E','123355',500.00,'2025-10-12 10:26:07','2025-10-12 10:26:07'),(2748,96,NULL,NULL,NULL,NULL,'22:4C:7D:8D:E2:A6','819085',1500.00,'2025-10-12 11:30:23','2025-10-12 11:30:23'),(2749,8,NULL,NULL,NULL,NULL,'7E:28:9B:C1:AB:64','547668',500.00,'2025-10-12 12:38:41','2025-10-12 12:38:41'),(2750,140,NULL,NULL,NULL,NULL,'EE:F1:DA:B2:A0:D7','545955',2000.00,'2025-10-12 12:40:11','2025-10-12 12:40:11'),(2751,8,NULL,NULL,NULL,NULL,'7E:28:9B:C1:AB:64','484715',500.00,'2025-10-12 12:41:32','2025-10-12 12:41:32'),(2755,140,NULL,NULL,NULL,NULL,'AE:C1:54:56:85:DE','153056',2000.00,'2025-10-12 14:23:32','2025-10-12 14:23:32'),(2756,140,NULL,NULL,NULL,NULL,'AE:C1:54:56:85:DE','129818',2000.00,'2025-10-12 14:24:35','2025-10-12 14:24:35'),(2758,8,NULL,NULL,NULL,NULL,'22:F0:CA:D5:AF:FC','042612',500.00,'2025-10-12 14:50:36','2025-10-12 14:50:36'),(2759,8,NULL,NULL,NULL,NULL,'22:F0:CA:D5:AF:FC','646261',500.00,'2025-10-12 14:50:42','2025-10-12 14:50:42'),(2760,8,NULL,NULL,NULL,NULL,'22:F0:CA:D5:AF:FC','388525',500.00,'2025-10-12 14:50:56','2025-10-12 14:50:56'),(2761,6,NULL,NULL,NULL,NULL,'5A:F8:D7:0F:BF:9E','238167',210.00,'2025-10-12 15:33:39','2025-10-12 15:33:39'),(2762,9,NULL,NULL,NULL,NULL,'A8:13:06:C0:4E:B3','049186',1000.00,'2025-10-12 17:01:40','2025-10-12 17:01:40'),(2764,7,NULL,NULL,NULL,NULL,'6E:64:BE:16:9C:53','417819',300.00,'2025-10-12 17:38:03','2025-10-12 17:38:03'),(2765,7,NULL,NULL,NULL,NULL,'6E:64:BE:16:9C:53','738130',300.00,'2025-10-12 17:38:34','2025-10-12 17:38:34'),(2766,7,NULL,NULL,NULL,NULL,'6E:64:BE:16:9C:53','848419',300.00,'2025-10-12 17:38:40','2025-10-12 17:38:40'),(2767,7,NULL,NULL,NULL,NULL,'6E:64:BE:16:9C:53','995341',300.00,'2025-10-12 17:38:52','2025-10-12 17:38:52'),(2768,7,NULL,NULL,NULL,NULL,'6E:64:BE:16:9C:53','672695',300.00,'2025-10-12 17:39:02','2025-10-12 17:39:02'),(2769,7,NULL,NULL,NULL,NULL,'6E:64:BE:16:9C:53','896831',300.00,'2025-10-12 17:39:28','2025-10-12 17:39:28'),(2770,7,NULL,NULL,NULL,NULL,'22:0C:FE:A8:E4:7B','225834',300.00,'2025-10-12 17:43:58','2025-10-12 17:43:58'),(2771,7,NULL,NULL,NULL,NULL,'22:0C:FE:A8:E4:7B','440697',300.00,'2025-10-12 17:44:39','2025-10-12 17:44:39'),(2772,7,NULL,NULL,NULL,NULL,'22:0C:FE:A8:E4:7B','287203',300.00,'2025-10-12 17:45:12','2025-10-12 17:45:12'),(2773,9,NULL,NULL,NULL,NULL,'22:0C:FE:A8:E4:7B','900591',1000.00,'2025-10-12 17:54:51','2025-10-12 17:54:51'),(2774,8,NULL,NULL,NULL,NULL,'22:0C:FE:A8:E4:7B','331147',500.00,'2025-10-12 17:57:44','2025-10-12 17:57:44'),(2775,8,NULL,NULL,NULL,NULL,'22:0C:FE:A8:E4:7B','237415',500.00,'2025-10-12 17:59:30','2025-10-12 17:59:30'),(2776,8,NULL,NULL,NULL,NULL,'22:0C:FE:A8:E4:7B','243861',500.00,'2025-10-12 18:00:16','2025-10-12 18:00:16'),(2777,8,NULL,NULL,NULL,NULL,'22:0C:FE:A8:E4:7B','198494',500.00,'2025-10-12 18:00:25','2025-10-12 18:00:25'),(2778,8,NULL,NULL,NULL,NULL,'22:0C:FE:A8:E4:7B','621540',500.00,'2025-10-12 18:00:32','2025-10-12 18:00:32'),(2779,8,NULL,NULL,NULL,NULL,'22:0C:FE:A8:E4:7B','667849',500.00,'2025-10-12 18:04:42','2025-10-12 18:04:42'),(2780,8,NULL,NULL,NULL,NULL,'22:0C:FE:A8:E4:7B','073057',500.00,'2025-10-12 18:05:37','2025-10-12 18:05:37'),(2781,8,NULL,NULL,NULL,NULL,'22:0C:FE:A8:E4:7B','970200',500.00,'2025-10-12 18:05:45','2025-10-12 18:05:45'),(2782,8,NULL,NULL,NULL,NULL,'22:0C:FE:A8:E4:7B','745993',500.00,'2025-10-12 18:08:14','2025-10-12 18:08:14'),(2783,8,NULL,NULL,NULL,NULL,'22:0C:FE:A8:E4:7B','418689',500.00,'2025-10-12 18:08:24','2025-10-12 18:08:24'),(2784,8,NULL,NULL,NULL,NULL,'22:0C:FE:A8:E4:7B','664392',500.00,'2025-10-12 18:16:52','2025-10-12 18:16:52'),(2785,8,NULL,NULL,NULL,NULL,'22:0C:FE:A8:E4:7B','393388',500.00,'2025-10-12 18:17:01','2025-10-12 18:17:01'),(2786,8,NULL,NULL,NULL,NULL,'22:0C:FE:A8:E4:7B','644044',500.00,'2025-10-12 18:17:21','2025-10-12 18:17:21'),(2787,8,NULL,NULL,NULL,NULL,'22:0C:FE:A8:E4:7B','502385',500.00,'2025-10-12 18:19:24','2025-10-12 18:19:24'),(2788,8,NULL,NULL,NULL,NULL,'22:0C:FE:A8:E4:7B','461020',500.00,'2025-10-12 18:19:30','2025-10-12 18:19:30'),(2790,81,NULL,NULL,NULL,NULL,'4E:94:3C:14:9A:80','669028',600.00,'2025-10-12 18:35:10','2025-10-12 18:35:10'),(2791,81,NULL,NULL,NULL,NULL,'4E:94:3C:14:9A:80','853685',600.00,'2025-10-12 18:36:08','2025-10-12 18:36:08'),(2792,81,NULL,NULL,NULL,NULL,'4E:94:3C:14:9A:80','243563',600.00,'2025-10-12 18:37:30','2025-10-12 18:37:30'),(2796,140,NULL,NULL,NULL,NULL,'34:29:12:32:1D:5A','223608',2000.00,'2025-10-12 20:55:02','2025-10-12 20:55:02'),(2797,140,NULL,NULL,NULL,NULL,'34:29:12:32:1D:5A','319634',2000.00,'2025-10-12 20:55:36','2025-10-12 20:55:36'),(2801,6,NULL,NULL,NULL,NULL,'30:FC:EB:7A:0C:90','960811',210.00,'2025-10-12 21:58:37','2025-10-12 21:58:37'),(2802,141,NULL,NULL,NULL,NULL,'EC:2E:98:77:F2:F9','669304',1000.00,'2025-10-13 00:30:14','2025-10-13 00:30:14'),(2803,126,NULL,NULL,NULL,NULL,'3E:B2:A9:0D:49:EE','989198',30000.00,'2025-10-13 06:22:50','2025-10-13 06:22:50'),(2804,126,NULL,NULL,NULL,NULL,'3E:B2:A9:0D:49:EE','176894',30000.00,'2025-10-13 06:22:57','2025-10-13 06:22:57'),(2805,8,NULL,NULL,NULL,NULL,'EE:F7:43:4A:79:AC','924161',500.00,'2025-10-13 06:53:41','2025-10-13 06:53:41'),(2806,81,NULL,NULL,NULL,NULL,'3A:11:92:D3:AF:C9','262201',600.00,'2025-10-13 06:58:47','2025-10-13 06:58:47'),(2807,81,NULL,NULL,NULL,NULL,'3A:11:92:D3:AF:C9','924963',600.00,'2025-10-13 06:59:23','2025-10-13 06:59:23'),(2808,6,NULL,NULL,NULL,NULL,'30:FC:EB:7A:0C:90','301467',210.00,'2025-10-13 07:06:44','2025-10-13 07:06:44'),(2812,7,NULL,NULL,NULL,NULL,'86:87:D5:B9:81:15','306701',300.00,'2025-10-13 07:25:33','2025-10-13 07:25:33'),(2813,7,NULL,NULL,NULL,NULL,'86:87:D5:B9:81:15','617527',300.00,'2025-10-13 07:25:39','2025-10-13 07:25:39'),(2815,7,NULL,NULL,NULL,NULL,'86:87:D5:B9:81:15','023382',300.00,'2025-10-13 07:39:35','2025-10-13 07:39:35'),(2816,7,NULL,NULL,NULL,NULL,'86:87:D5:B9:81:15','982630',300.00,'2025-10-13 07:39:42','2025-10-13 07:39:42'),(2817,7,NULL,NULL,NULL,NULL,'86:87:D5:B9:81:15','838549',300.00,'2025-10-13 07:48:13','2025-10-13 07:48:13'),(2818,7,NULL,NULL,NULL,NULL,'86:87:D5:B9:81:15','760919',300.00,'2025-10-13 07:48:17','2025-10-13 07:48:17'),(2819,7,NULL,NULL,NULL,NULL,'86:87:D5:B9:81:15','490869',300.00,'2025-10-13 07:48:39','2025-10-13 07:48:39'),(2820,7,NULL,NULL,NULL,NULL,'86:87:D5:B9:81:15','956780',300.00,'2025-10-13 07:48:45','2025-10-13 07:48:45'),(2821,81,NULL,NULL,NULL,NULL,'2A:F0:3E:88:3F:ED','016811',600.00,'2025-10-13 08:12:20','2025-10-13 08:12:20'),(2822,81,NULL,NULL,NULL,NULL,'2A:F0:3E:88:3F:ED','686426',600.00,'2025-10-13 08:12:26','2025-10-13 08:12:26'),(2824,9,NULL,NULL,NULL,NULL,'8E:84:80:D7:56:E5','849440',1000.00,'2025-10-13 08:21:30','2025-10-13 08:21:30'),(2828,9,NULL,NULL,NULL,NULL,'BE:B3:CB:9E:09:DC','052630',1000.00,'2025-10-13 08:59:09','2025-10-13 08:59:09'),(2830,64,NULL,NULL,NULL,NULL,'80:CE:B9:CE:0C:AF','993692',1000.00,'2025-10-13 09:33:36','2025-10-13 09:33:36'),(2831,64,NULL,NULL,NULL,NULL,'80:CE:B9:CE:0C:AF','272297',1000.00,'2025-10-13 09:34:21','2025-10-13 09:34:21'),(2832,96,NULL,NULL,NULL,NULL,'D2:60:EF:A6:4A:C8','709782',1500.00,'2025-10-13 09:35:29','2025-10-13 09:35:29'),(2833,96,NULL,NULL,NULL,NULL,'D2:60:EF:A6:4A:C8','713017',1500.00,'2025-10-13 09:35:35','2025-10-13 09:35:35'),(2834,8,NULL,NULL,NULL,NULL,'B2:CB:0B:28:DC:8B','942125',500.00,'2025-10-13 10:02:04','2025-10-13 10:02:04'),(2836,7,NULL,NULL,NULL,NULL,'06:C2:96:BF:C6:A5','525589',300.00,'2025-10-13 10:33:19','2025-10-13 10:33:19'),(2837,7,NULL,NULL,NULL,NULL,'06:C2:96:BF:C6:A5','610119',300.00,'2025-10-13 10:33:55','2025-10-13 10:33:55'),(2838,7,NULL,NULL,NULL,NULL,'06:C2:96:BF:C6:A5','760158',300.00,'2025-10-13 10:34:41','2025-10-13 10:34:41'),(2839,7,NULL,NULL,NULL,NULL,'06:C2:96:BF:C6:A5','641545',300.00,'2025-10-13 10:35:35','2025-10-13 10:35:35'),(2840,7,NULL,NULL,NULL,NULL,'06:C2:96:BF:C6:A5','463745',300.00,'2025-10-13 10:36:20','2025-10-13 10:36:20'),(2841,7,NULL,NULL,NULL,NULL,'06:C2:96:BF:C6:A5','489266',300.00,'2025-10-13 10:36:32','2025-10-13 10:36:32'),(2842,7,NULL,NULL,NULL,NULL,'06:C2:96:BF:C6:A5','692327',300.00,'2025-10-13 10:36:46','2025-10-13 10:36:46'),(2843,7,NULL,NULL,NULL,NULL,'06:C2:96:BF:C6:A5','957018',300.00,'2025-10-13 10:37:13','2025-10-13 10:37:13'),(2844,6,NULL,NULL,NULL,NULL,'06:C2:96:BF:C6:A5','255587',210.00,'2025-10-13 10:38:21','2025-10-13 10:38:21'),(2845,7,NULL,NULL,NULL,NULL,'06:C2:96:BF:C6:A5','936926',300.00,'2025-10-13 10:40:58','2025-10-13 10:40:58'),(2846,7,NULL,NULL,NULL,NULL,'06:C2:96:BF:C6:A5','700134',300.00,'2025-10-13 10:41:11','2025-10-13 10:41:11'),(2848,95,NULL,NULL,NULL,NULL,'12:33:FA:AA:AB:11','844065',1000.00,'2025-10-13 11:26:31','2025-10-13 11:26:31'),(2850,8,NULL,NULL,NULL,NULL,'B2:1A:49:7E:1F:58','605096',500.00,'2025-10-13 11:38:35','2025-10-13 11:38:35'),(2851,8,NULL,NULL,NULL,NULL,'B2:1A:49:7E:1F:58','476052',500.00,'2025-10-13 11:38:45','2025-10-13 11:38:45'),(2852,8,NULL,NULL,NULL,NULL,'B2:1A:49:7E:1F:58','030890',500.00,'2025-10-13 11:40:16','2025-10-13 11:40:16'),(2853,8,NULL,NULL,NULL,NULL,'B2:1A:49:7E:1F:58','165261',500.00,'2025-10-13 11:40:28','2025-10-13 11:40:28'),(2854,8,NULL,NULL,NULL,NULL,'B2:1A:49:7E:1F:58','079202',500.00,'2025-10-13 11:41:43','2025-10-13 11:41:43'),(2855,8,NULL,NULL,NULL,NULL,'B2:1A:49:7E:1F:58','888120',500.00,'2025-10-13 11:42:27','2025-10-13 11:42:27'),(2856,8,NULL,NULL,NULL,NULL,'B2:1A:49:7E:1F:58','155047',500.00,'2025-10-13 11:58:19','2025-10-13 11:58:19'),(2857,8,NULL,NULL,NULL,NULL,'B2:1A:49:7E:1F:58','580469',500.00,'2025-10-13 11:59:00','2025-10-13 11:59:00'),(2858,7,NULL,NULL,NULL,NULL,'B2:1A:49:7E:1F:58','509488',300.00,'2025-10-13 11:59:47','2025-10-13 11:59:47'),(2860,8,NULL,NULL,NULL,NULL,'EE:20:C1:F6:95:D2','012650',500.00,'2025-10-13 12:07:16','2025-10-13 12:07:16'),(2861,8,NULL,NULL,NULL,NULL,'EE:20:C1:F6:95:D2','726531',500.00,'2025-10-13 12:07:34','2025-10-13 12:07:34'),(2862,8,NULL,NULL,NULL,NULL,'EE:20:C1:F6:95:D2','271134',500.00,'2025-10-13 12:07:57','2025-10-13 12:07:57'),(2863,8,NULL,NULL,NULL,NULL,'EE:20:C1:F6:95:D2','976185',500.00,'2025-10-13 12:08:16','2025-10-13 12:08:16'),(2864,8,NULL,NULL,NULL,NULL,'EE:20:C1:F6:95:D2','985894',500.00,'2025-10-13 12:09:26','2025-10-13 12:09:26'),(2866,64,NULL,NULL,NULL,NULL,'1A:8A:2E:7C:0E:5C','103116',1000.00,'2025-10-13 12:23:32','2025-10-13 12:23:32'),(2867,64,NULL,NULL,NULL,NULL,'1A:8A:2E:7C:0E:5C','212812',1000.00,'2025-10-13 12:23:41','2025-10-13 12:23:41'),(2868,64,NULL,NULL,NULL,NULL,'4E:2A:C0:14:99:BA','032451',1000.00,'2025-10-13 12:24:43','2025-10-13 12:24:43'),(2870,64,NULL,NULL,NULL,NULL,'8A:D3:62:AE:C2:9C','533840',1000.00,'2025-10-13 13:34:51','2025-10-13 13:34:51'),(2871,6,NULL,NULL,NULL,NULL,'AA:C1:1A:D2:79:24','331428',210.00,'2025-10-13 13:49:01','2025-10-13 13:49:01'),(2872,6,NULL,NULL,NULL,NULL,'AA:C1:1A:D2:79:24','304725',210.00,'2025-10-13 13:49:17','2025-10-13 13:49:17'),(2873,6,NULL,NULL,NULL,NULL,'AA:C1:1A:D2:79:24','250633',210.00,'2025-10-13 13:49:22','2025-10-13 13:49:22'),(2874,8,NULL,NULL,NULL,NULL,'4A:2E:09:EE:37:2A','330535',500.00,'2025-10-13 13:50:26','2025-10-13 13:50:26'),(2877,7,NULL,NULL,NULL,NULL,'F2:40:99:99:42:1C','551647',300.00,'2025-10-13 15:43:43','2025-10-13 15:43:43'),(2878,6,NULL,NULL,NULL,NULL,'F2:40:99:99:42:1C','176557',210.00,'2025-10-13 15:44:53','2025-10-13 15:44:53'),(2879,6,NULL,NULL,NULL,NULL,'F2:40:99:99:42:1C','333103',210.00,'2025-10-13 15:52:28','2025-10-13 15:52:28'),(2880,6,NULL,NULL,NULL,NULL,'F2:40:99:99:42:1C','939826',210.00,'2025-10-13 15:53:19','2025-10-13 15:53:19'),(2881,6,NULL,NULL,NULL,NULL,'F2:40:99:99:42:1C','010228',210.00,'2025-10-13 15:54:41','2025-10-13 15:54:41'),(2882,140,NULL,NULL,NULL,NULL,'8A:F1:55:2E:5E:4E','113095',2000.00,'2025-10-13 15:55:14','2025-10-13 15:55:14'),(2883,6,NULL,NULL,NULL,NULL,'F2:40:99:99:42:1C','594662',210.00,'2025-10-13 15:55:26','2025-10-13 15:55:26'),(2884,140,NULL,NULL,NULL,NULL,'8A:F1:55:2E:5E:4E','796074',2000.00,'2025-10-13 15:55:27','2025-10-13 15:55:27'),(2885,140,NULL,NULL,NULL,NULL,'8A:F1:55:2E:5E:4E','069443',2000.00,'2025-10-13 15:55:43','2025-10-13 15:55:43'),(2886,6,NULL,NULL,NULL,NULL,'F2:40:99:99:42:1C','560596',210.00,'2025-10-13 15:55:52','2025-10-13 15:55:52'),(2887,6,NULL,NULL,NULL,NULL,'F2:40:99:99:42:1C','990881',210.00,'2025-10-13 15:56:20','2025-10-13 15:56:20'),(2888,6,NULL,NULL,NULL,NULL,'F2:40:99:99:42:1C','773472',210.00,'2025-10-13 16:13:51','2025-10-13 16:13:51'),(2889,6,NULL,NULL,NULL,NULL,'F2:40:99:99:42:1C','218601',210.00,'2025-10-13 16:15:29','2025-10-13 16:15:29'),(2890,6,NULL,NULL,NULL,NULL,'F2:40:99:99:42:1C','756475',210.00,'2025-10-13 16:17:17','2025-10-13 16:17:17'),(2891,6,NULL,NULL,NULL,NULL,'F2:40:99:99:42:1C','862300',210.00,'2025-10-13 16:24:10','2025-10-13 16:24:10'),(2895,7,NULL,NULL,NULL,NULL,'22:F0:CA:D5:AF:FC','718843',300.00,'2025-10-13 17:33:11','2025-10-13 17:33:11'),(2896,6,NULL,NULL,NULL,NULL,'F2:C6:C1:71:E4:92','062440',210.00,'2025-10-13 17:39:18','2025-10-13 17:39:18'),(2897,6,NULL,NULL,NULL,NULL,'F2:C6:C1:71:E4:92','923767',210.00,'2025-10-13 17:39:24','2025-10-13 17:39:24'),(2899,7,NULL,NULL,NULL,NULL,'F2:C6:C1:71:E4:92','986430',300.00,'2025-10-13 17:40:19','2025-10-13 17:40:19'),(2900,9,NULL,NULL,NULL,NULL,'3E:99:FD:98:5C:5B','939618',1000.00,'2025-10-13 17:42:51','2025-10-13 17:42:51'),(2901,9,NULL,NULL,NULL,NULL,'3E:99:FD:98:5C:5B','654064',1000.00,'2025-10-13 17:42:56','2025-10-13 17:42:56'),(2902,9,NULL,NULL,NULL,NULL,'3E:99:FD:98:5C:5B','010663',1000.00,'2025-10-13 17:43:35','2025-10-13 17:43:35'),(2903,9,NULL,NULL,NULL,NULL,'3E:99:FD:98:5C:5B','792642',1000.00,'2025-10-13 17:44:12','2025-10-13 17:44:12'),(2905,9,NULL,NULL,NULL,NULL,'3E:99:FD:98:5C:5B','068189',1000.00,'2025-10-13 17:45:29','2025-10-13 17:45:29'),(2906,9,NULL,NULL,NULL,NULL,'3E:99:FD:98:5C:5B','343560',1000.00,'2025-10-13 17:50:07','2025-10-13 17:50:07'),(2907,9,NULL,NULL,NULL,NULL,'3E:99:FD:98:5C:5B','008218',1000.00,'2025-10-13 17:50:18','2025-10-13 17:50:18'),(2908,9,NULL,NULL,NULL,NULL,'3E:99:FD:98:5C:5B','830243',1000.00,'2025-10-13 18:03:44','2025-10-13 18:03:44'),(2909,9,NULL,NULL,NULL,NULL,'3E:99:FD:98:5C:5B','830316',1000.00,'2025-10-13 18:03:51','2025-10-13 18:03:51'),(2910,9,NULL,NULL,NULL,NULL,'3E:99:FD:98:5C:5B','709400',1000.00,'2025-10-13 18:03:55','2025-10-13 18:03:55'),(2911,9,NULL,NULL,NULL,NULL,'3E:99:FD:98:5C:5B','542279',1000.00,'2025-10-13 18:04:00','2025-10-13 18:04:00'),(2912,9,NULL,NULL,NULL,NULL,'3E:99:FD:98:5C:5B','234545',1000.00,'2025-10-13 18:04:07','2025-10-13 18:04:07'),(2913,9,NULL,NULL,NULL,NULL,'3E:99:FD:98:5C:5B','521761',1000.00,'2025-10-13 18:04:10','2025-10-13 18:04:10'),(2914,9,NULL,NULL,NULL,NULL,'3E:99:FD:98:5C:5B','491341',1000.00,'2025-10-13 18:04:15','2025-10-13 18:04:15'),(2915,9,NULL,NULL,NULL,NULL,'3E:99:FD:98:5C:5B','000268',1000.00,'2025-10-13 18:04:19','2025-10-13 18:04:19'),(2916,9,NULL,NULL,NULL,NULL,'3E:99:FD:98:5C:5B','310806',1000.00,'2025-10-13 18:04:25','2025-10-13 18:04:25'),(2917,9,NULL,NULL,NULL,NULL,'3E:99:FD:98:5C:5B','244806',1000.00,'2025-10-13 18:04:30','2025-10-13 18:04:30'),(2918,9,NULL,NULL,NULL,NULL,'3E:99:FD:98:5C:5B','651966',1000.00,'2025-10-13 18:04:34','2025-10-13 18:04:34'),(2919,9,NULL,NULL,NULL,NULL,'3E:99:FD:98:5C:5B','562923',1000.00,'2025-10-13 18:04:38','2025-10-13 18:04:38'),(2921,70,NULL,NULL,NULL,NULL,'CA:2F:DE:09:AE:46','946549',1000.00,'2025-10-13 18:56:29','2025-10-13 18:56:29'),(2923,70,NULL,NULL,NULL,NULL,'CA:2F:DE:09:AE:46','058098',1000.00,'2025-10-13 18:58:40','2025-10-13 18:58:40'),(2924,70,NULL,NULL,NULL,NULL,'CA:2F:DE:09:AE:46','541964',1000.00,'2025-10-13 18:59:07','2025-10-13 18:59:07'),(2925,70,NULL,NULL,NULL,NULL,'CA:2F:DE:09:AE:46','645315',1000.00,'2025-10-13 18:59:32','2025-10-13 18:59:32'),(2928,24,NULL,NULL,NULL,NULL,'3A:13:89:8C:B7:66','583317',2500.00,'2025-10-13 19:06:18','2025-10-13 19:06:18'),(2929,24,NULL,NULL,NULL,NULL,'3A:13:89:8C:B7:66','848449',2500.00,'2025-10-13 19:06:39','2025-10-13 19:06:39'),(2930,141,NULL,NULL,NULL,NULL,'3E:02:BD:86:E3:B9','498463',1000.00,'2025-10-13 20:18:17','2025-10-13 20:18:17'),(2931,141,NULL,NULL,NULL,NULL,'3E:02:BD:86:E3:B9','417461',1000.00,'2025-10-13 20:18:29','2025-10-13 20:18:29'),(2932,141,NULL,NULL,NULL,NULL,'3E:02:BD:86:E3:B9','424866',1000.00,'2025-10-13 20:18:36','2025-10-13 20:18:36'),(2934,141,NULL,NULL,NULL,NULL,'3E:02:BD:86:E3:B9','537460',1000.00,'2025-10-13 20:25:11','2025-10-13 20:25:11'),(2936,70,NULL,NULL,NULL,NULL,'F8:2E:3F:C2:26:47','860429',1000.00,'2025-10-13 22:11:08','2025-10-13 22:11:08'),(2937,70,NULL,NULL,NULL,NULL,'F8:2E:3F:C2:26:47','091474',1000.00,'2025-10-13 22:11:29','2025-10-13 22:11:29'),(2941,7,NULL,NULL,NULL,NULL,'D4:67:D3:E3:17:BD','324706',300.00,'2025-10-14 04:57:36','2025-10-14 04:57:36'),(2942,9,NULL,NULL,NULL,NULL,'D4:67:D3:E3:17:BD','069239',1000.00,'2025-10-14 04:59:03','2025-10-14 04:59:03'),(2944,8,NULL,NULL,NULL,NULL,'1E:BC:B2:4F:03:65','632538',500.00,'2025-10-14 05:28:57','2025-10-14 05:28:57'),(2945,8,NULL,NULL,NULL,NULL,'1E:BC:B2:4F:03:65','210118',500.00,'2025-10-14 05:29:13','2025-10-14 05:29:13'),(2946,8,NULL,NULL,NULL,NULL,'06:04:75:A8:AE:04','348801',500.00,'2025-10-14 05:31:52','2025-10-14 05:31:52'),(2947,8,NULL,NULL,NULL,NULL,'06:04:75:A8:AE:04','018923',500.00,'2025-10-14 05:32:02','2025-10-14 05:32:02'),(2948,8,NULL,NULL,NULL,NULL,'06:04:75:A8:AE:04','716967',500.00,'2025-10-14 05:32:26','2025-10-14 05:32:26'),(2949,8,NULL,NULL,NULL,NULL,'06:04:75:A8:AE:04','408619',500.00,'2025-10-14 05:33:27','2025-10-14 05:33:27'),(2950,8,NULL,NULL,NULL,NULL,'06:04:75:A8:AE:04','852804',500.00,'2025-10-14 05:34:15','2025-10-14 05:34:15'),(2951,8,NULL,NULL,NULL,NULL,'06:04:75:A8:AE:04','917098',500.00,'2025-10-14 05:34:33','2025-10-14 05:34:33'),(2952,8,NULL,NULL,NULL,NULL,'06:04:75:A8:AE:04','346284',500.00,'2025-10-14 05:35:54','2025-10-14 05:35:54'),(2953,8,NULL,NULL,NULL,NULL,'06:04:75:A8:AE:04','575215',500.00,'2025-10-14 05:36:51','2025-10-14 05:36:51'),(2954,8,NULL,NULL,NULL,NULL,'06:04:75:A8:AE:04','441387',500.00,'2025-10-14 05:37:29','2025-10-14 05:37:29'),(2955,9,NULL,NULL,NULL,NULL,'06:04:75:A8:AE:04','346607',1000.00,'2025-10-14 05:37:44','2025-10-14 05:37:44'),(2956,70,NULL,NULL,NULL,NULL,'F8:2E:3F:C2:26:47','610547',1000.00,'2025-10-14 06:44:50','2025-10-14 06:44:50'),(2958,70,NULL,NULL,NULL,NULL,'F8:2E:3F:C2:26:47','777056',1000.00,'2025-10-14 06:48:08','2025-10-14 06:48:08'),(2962,82,NULL,NULL,NULL,NULL,'2A:BD:C1:5B:2C:07','012751',800.00,'2025-10-14 08:34:47','2025-10-14 08:34:47'),(2963,10,NULL,NULL,NULL,NULL,'8E:84:80:D7:56:E5','226169',5000.00,'2025-10-14 08:45:20','2025-10-14 08:45:20'),(2965,10,NULL,NULL,NULL,NULL,'8E:84:80:D7:56:E5','741246',5000.00,'2025-10-14 08:57:09','2025-10-14 08:57:09'),(2968,70,NULL,NULL,NULL,NULL,'CA:2F:DE:09:AE:46','738913',1000.00,'2025-10-14 10:20:02','2025-10-14 10:20:02'),(2970,6,NULL,NULL,NULL,NULL,'2A:DA:E1:23:51:37','032553',210.00,'2025-10-14 10:37:25','2025-10-14 10:37:25'),(2973,81,NULL,NULL,NULL,NULL,'96:4C:FC:00:25:61','833009',600.00,'2025-10-14 11:16:13','2025-10-14 11:16:13'),(2974,81,NULL,NULL,NULL,NULL,'96:4C:FC:00:25:61','647897',600.00,'2025-10-14 11:16:26','2025-10-14 11:16:26'),(2975,65,NULL,NULL,NULL,NULL,'6A:A2:4A:BA:5C:6E','149451',500.00,'2025-10-14 11:18:04','2025-10-14 11:18:04'),(2976,65,NULL,NULL,NULL,NULL,'6A:A2:4A:BA:5C:6E','253118',500.00,'2025-10-14 11:18:24','2025-10-14 11:18:24'),(2977,65,NULL,NULL,NULL,NULL,'6A:A2:4A:BA:5C:6E','800498',500.00,'2025-10-14 11:19:01','2025-10-14 11:19:01'),(2978,8,NULL,NULL,NULL,NULL,'C2:90:68:DF:AC:2C','453166',500.00,'2025-10-14 11:45:06','2025-10-14 11:45:06'),(2981,9,NULL,NULL,NULL,NULL,'C2:90:68:DF:AC:2C','154089',1000.00,'2025-10-14 12:02:29','2025-10-14 12:02:29'),(2983,6,NULL,NULL,NULL,NULL,'B2:1A:49:7E:1F:58','490264',210.00,'2025-10-14 12:27:25','2025-10-14 12:27:25'),(2984,6,NULL,NULL,NULL,NULL,'B2:1A:49:7E:1F:58','473423',210.00,'2025-10-14 12:28:38','2025-10-14 12:28:38'),(2985,6,NULL,NULL,NULL,NULL,'B2:1A:49:7E:1F:58','636998',210.00,'2025-10-14 13:01:05','2025-10-14 13:01:05'),(2986,6,NULL,NULL,NULL,NULL,'B2:1A:49:7E:1F:58','021467',210.00,'2025-10-14 13:01:42','2025-10-14 13:01:42'),(2990,7,NULL,NULL,NULL,NULL,'86:87:D5:B9:81:15','083462',300.00,'2025-10-14 15:08:10','2025-10-14 15:08:10'),(2991,7,NULL,NULL,NULL,NULL,'86:87:D5:B9:81:15','625646',300.00,'2025-10-14 15:08:15','2025-10-14 15:08:15'),(2992,7,NULL,NULL,NULL,NULL,'86:87:D5:B9:81:15','305757',300.00,'2025-10-14 15:08:33','2025-10-14 15:08:33'),(2993,7,NULL,NULL,NULL,NULL,'86:87:D5:B9:81:15','236298',300.00,'2025-10-14 15:08:38','2025-10-14 15:08:38'),(2994,7,NULL,NULL,NULL,NULL,'86:87:D5:B9:81:15','584375',300.00,'2025-10-14 15:09:10','2025-10-14 15:09:10'),(2995,7,NULL,NULL,NULL,NULL,'86:87:D5:B9:81:15','651307',300.00,'2025-10-14 15:09:15','2025-10-14 15:09:15'),(2996,7,NULL,NULL,NULL,NULL,'86:87:D5:B9:81:15','696995',300.00,'2025-10-14 15:09:19','2025-10-14 15:09:19'),(2997,6,NULL,NULL,NULL,NULL,'86:87:D5:B9:81:15','069217',210.00,'2025-10-14 15:09:39','2025-10-14 15:09:39'),(2998,6,NULL,NULL,NULL,NULL,'86:87:D5:B9:81:15','133002',210.00,'2025-10-14 15:09:43','2025-10-14 15:09:43'),(2999,6,NULL,NULL,NULL,NULL,'86:87:D5:B9:81:15','147455',210.00,'2025-10-14 15:09:48','2025-10-14 15:09:48'),(3001,6,NULL,NULL,NULL,NULL,'7E:A5:C8:0E:3C:6A','770777',210.00,'2025-10-14 15:55:23','2025-10-14 15:55:23'),(3003,8,NULL,NULL,NULL,NULL,'82:3D:CF:B1:31:9B','219460',500.00,'2025-10-14 17:01:56','2025-10-14 17:01:56'),(3011,8,NULL,NULL,NULL,NULL,'EE:F7:43:4A:79:AC','401835',500.00,'2025-10-14 18:57:15','2025-10-14 18:57:15'),(3012,75,NULL,NULL,NULL,NULL,'F8:2E:3F:C2:26:47','619305',35000.00,'2025-10-14 19:07:40','2025-10-14 19:07:40'),(3013,75,NULL,NULL,NULL,NULL,'F8:2E:3F:C2:26:47','393629',35000.00,'2025-10-14 19:07:50','2025-10-14 19:07:50'),(3014,75,NULL,NULL,NULL,NULL,'F8:2E:3F:C2:26:47','851074',35000.00,'2025-10-14 19:08:11','2025-10-14 19:08:11'),(3015,75,NULL,NULL,NULL,NULL,'F8:2E:3F:C2:26:47','479951',35000.00,'2025-10-14 19:08:19','2025-10-14 19:08:19'),(3016,75,NULL,NULL,NULL,NULL,'F8:2E:3F:C2:26:47','728815',35000.00,'2025-10-14 19:09:27','2025-10-14 19:09:27'),(3017,7,NULL,NULL,NULL,NULL,'86:87:D5:B9:81:15','894386',300.00,'2025-10-14 19:15:17','2025-10-14 19:15:17'),(3018,7,NULL,NULL,NULL,NULL,'86:87:D5:B9:81:15','089740',300.00,'2025-10-14 19:15:21','2025-10-14 19:15:21'),(3019,7,NULL,NULL,NULL,NULL,'86:87:D5:B9:81:15','577903',300.00,'2025-10-14 19:15:25','2025-10-14 19:15:25'),(3020,7,NULL,NULL,NULL,NULL,'86:87:D5:B9:81:15','224299',300.00,'2025-10-14 19:15:25','2025-10-14 19:15:25'),(3021,7,NULL,NULL,NULL,NULL,'86:87:D5:B9:81:15','500094',300.00,'2025-10-14 19:15:29','2025-10-14 19:15:29'),(3023,8,NULL,NULL,NULL,NULL,'BE:B3:CB:9E:09:DC','388619',500.00,'2025-10-14 20:02:36','2025-10-14 20:02:36'),(3024,8,NULL,NULL,NULL,NULL,'BE:B3:CB:9E:09:DC','386148',500.00,'2025-10-14 20:02:41','2025-10-14 20:02:41'),(3025,70,NULL,NULL,NULL,NULL,'F8:2E:3F:C2:26:47','352539',1000.00,'2025-10-14 20:11:16','2025-10-14 20:11:16'),(3027,6,NULL,NULL,NULL,NULL,'A8:13:06:C0:4E:B3','475225',210.00,'2025-10-14 20:45:29','2025-10-14 20:45:29'),(3028,6,NULL,NULL,NULL,NULL,'A8:13:06:C0:4E:B3','217424',210.00,'2025-10-14 20:45:51','2025-10-14 20:45:51'),(3029,6,NULL,NULL,NULL,NULL,'A8:13:06:C0:4E:B3','916173',210.00,'2025-10-14 20:47:54','2025-10-14 20:47:54'),(3030,6,NULL,NULL,NULL,NULL,'A8:13:06:C0:4E:B3','301279',210.00,'2025-10-14 20:49:23','2025-10-14 20:49:23'),(3031,6,NULL,NULL,NULL,NULL,'A8:13:06:C0:4E:B3','532016',210.00,'2025-10-14 20:51:57','2025-10-14 20:51:57'),(3032,6,NULL,NULL,NULL,NULL,'A8:13:06:C0:4E:B3','269689',210.00,'2025-10-14 20:54:14','2025-10-14 20:54:14'),(3034,6,NULL,NULL,NULL,NULL,'5A:22:D6:25:36:E9','158259',210.00,'2025-10-14 22:23:02','2025-10-14 22:23:02'),(3037,8,NULL,NULL,NULL,NULL,'C2:90:68:DF:AC:2C','892538',500.00,'2025-10-15 06:33:09','2025-10-15 06:33:09'),(3038,7,NULL,NULL,NULL,NULL,'C2:90:68:DF:AC:2C','777991',300.00,'2025-10-15 07:39:12','2025-10-15 07:39:12'),(3044,9,NULL,NULL,NULL,NULL,'A2:05:34:27:13:AF','862331',1000.00,'2025-10-15 09:50:41','2025-10-15 09:50:41'),(3046,81,NULL,NULL,NULL,NULL,'16:82:06:E8:A9:4F','812256',600.00,'2025-10-15 10:34:56','2025-10-15 10:34:56'),(3047,81,NULL,NULL,NULL,NULL,'16:82:06:E8:A9:4F','711041',600.00,'2025-10-15 10:35:50','2025-10-15 10:35:50'),(3048,81,NULL,NULL,NULL,NULL,'B2:C4:81:3A:DE:1C','032977',600.00,'2025-10-15 10:37:31','2025-10-15 10:37:31'),(3049,6,NULL,NULL,NULL,NULL,'0C:CE:F6:FD:BC:87','151605',210.00,'2025-10-15 10:38:48','2025-10-15 10:38:48'),(3050,6,NULL,NULL,NULL,NULL,'0C:CE:F6:FD:BC:87','314298',210.00,'2025-10-15 10:38:55','2025-10-15 10:38:55'),(3051,6,NULL,NULL,NULL,NULL,'0C:CE:F6:FD:BC:87','000108',210.00,'2025-10-15 10:40:12','2025-10-15 10:40:12'),(3052,7,NULL,NULL,NULL,NULL,'AE:42:68:3C:D6:1F','960387',300.00,'2025-10-15 10:40:35','2025-10-15 10:40:35'),(3053,6,NULL,NULL,NULL,NULL,'0C:CE:F6:FD:BC:87','471621',210.00,'2025-10-15 10:40:46','2025-10-15 10:40:46'),(3054,7,NULL,NULL,NULL,NULL,'AE:42:68:3C:D6:1F','586380',300.00,'2025-10-15 10:40:47','2025-10-15 10:40:47'),(3055,6,NULL,NULL,NULL,NULL,'AE:42:68:3C:D6:1F','141514',210.00,'2025-10-15 10:42:44','2025-10-15 10:42:44'),(3056,6,NULL,NULL,NULL,NULL,'AE:42:68:3C:D6:1F','213734',210.00,'2025-10-15 10:43:17','2025-10-15 10:43:17'),(3057,6,NULL,NULL,NULL,NULL,'AE:42:68:3C:D6:1F','754991',210.00,'2025-10-15 10:50:15','2025-10-15 10:50:15'),(3058,6,NULL,NULL,NULL,NULL,'AE:42:68:3C:D6:1F','969946',210.00,'2025-10-15 10:50:25','2025-10-15 10:50:25'),(3059,6,NULL,NULL,NULL,NULL,'AE:42:68:3C:D6:1F','818832',210.00,'2025-10-15 10:50:49','2025-10-15 10:50:49'),(3060,6,NULL,NULL,NULL,NULL,'AE:42:68:3C:D6:1F','984534',210.00,'2025-10-15 10:51:17','2025-10-15 10:51:17'),(3061,6,NULL,NULL,NULL,NULL,'AE:42:68:3C:D6:1F','115092',210.00,'2025-10-15 10:52:33','2025-10-15 10:52:33'),(3062,6,NULL,NULL,NULL,NULL,'AE:42:68:3C:D6:1F','902965',210.00,'2025-10-15 10:52:43','2025-10-15 10:52:43'),(3063,6,NULL,NULL,NULL,NULL,'BE:13:B8:AF:2F:FD','004735',210.00,'2025-10-15 11:11:02','2025-10-15 11:11:02'),(3064,7,NULL,NULL,NULL,NULL,'B2:1A:49:7E:1F:58','861863',300.00,'2025-10-15 11:20:07','2025-10-15 11:20:07'),(3065,6,NULL,NULL,NULL,NULL,'B2:1A:49:7E:1F:58','378826',210.00,'2025-10-15 11:20:53','2025-10-15 11:20:53'),(3067,96,NULL,NULL,NULL,NULL,'30:FC:EB:93:50:AB','590001',1500.00,'2025-10-15 13:09:57','2025-10-15 13:09:57'),(3070,7,NULL,NULL,NULL,NULL,'86:87:D5:B9:81:15','669555',300.00,'2025-10-15 14:11:55','2025-10-15 14:11:55'),(3071,7,NULL,NULL,NULL,NULL,'86:87:D5:B9:81:15','292642',300.00,'2025-10-15 14:12:02','2025-10-15 14:12:02'),(3072,7,NULL,NULL,NULL,NULL,'86:87:D5:B9:81:15','266481',300.00,'2025-10-15 14:12:10','2025-10-15 14:12:10'),(3073,7,NULL,NULL,NULL,NULL,'86:87:D5:B9:81:15','148289',300.00,'2025-10-15 14:12:15','2025-10-15 14:12:15'),(3074,6,NULL,NULL,NULL,NULL,'86:87:D5:B9:81:15','278234',210.00,'2025-10-15 14:14:33','2025-10-15 14:14:33'),(3075,6,NULL,NULL,NULL,NULL,'86:87:D5:B9:81:15','786458',210.00,'2025-10-15 14:14:38','2025-10-15 14:14:38'),(3076,7,NULL,NULL,NULL,NULL,'62:D2:99:2F:ED:99','587252',300.00,'2025-10-15 14:38:53','2025-10-15 14:38:53'),(3077,8,NULL,NULL,NULL,NULL,'42:CC:90:DA:81:CB','281471',500.00,'2025-10-15 15:10:11','2025-10-15 15:10:11'),(3078,8,NULL,NULL,NULL,NULL,'42:CC:90:DA:81:CB','905769',500.00,'2025-10-15 15:10:54','2025-10-15 15:10:54'),(3080,96,NULL,NULL,NULL,NULL,'56:44:57:EB:B1:B4','062036',1500.00,'2025-10-15 15:55:46','2025-10-15 15:55:46'),(3081,96,NULL,NULL,NULL,NULL,'56:44:57:EB:B1:B4','894012',1500.00,'2025-10-15 15:56:28','2025-10-15 15:56:28'),(3085,96,NULL,NULL,NULL,NULL,'0E:AB:19:C4:3B:C9','205133',1500.00,'2025-10-15 16:43:51','2025-10-15 16:43:51'),(3086,96,NULL,NULL,NULL,NULL,'0E:AB:19:C4:3B:C9','231891',1500.00,'2025-10-15 16:43:56','2025-10-15 16:43:56'),(3087,96,NULL,NULL,NULL,NULL,'0E:AB:19:C4:3B:C9','798830',1500.00,'2025-10-15 16:44:08','2025-10-15 16:44:08'),(3088,96,NULL,NULL,NULL,NULL,'0E:AB:19:C4:3B:C9','247167',1500.00,'2025-10-15 16:44:25','2025-10-15 16:44:25'),(3089,96,NULL,NULL,NULL,NULL,'0E:AB:19:C4:3B:C9','638574',1500.00,'2025-10-15 16:44:47','2025-10-15 16:44:47'),(3091,96,NULL,NULL,NULL,NULL,'0E:AB:19:C4:3B:C9','191899',1500.00,'2025-10-15 16:45:39','2025-10-15 16:45:39'),(3092,9,NULL,NULL,NULL,NULL,'4A:F0:CA:55:81:84','521540',1000.00,'2025-10-15 17:05:29','2025-10-15 17:05:29'),(3093,9,NULL,NULL,NULL,NULL,'4A:F0:CA:55:81:84','920608',1000.00,'2025-10-15 17:06:17','2025-10-15 17:06:17'),(3094,9,NULL,NULL,NULL,NULL,'4A:F0:CA:55:81:84','401417',1000.00,'2025-10-15 17:09:00','2025-10-15 17:09:00'),(3095,9,NULL,NULL,NULL,NULL,'86:C5:D3:62:1A:52','864447',1000.00,'2025-10-15 17:09:32','2025-10-15 17:09:32'),(3096,9,NULL,NULL,NULL,NULL,'86:C5:D3:62:1A:52','537852',1000.00,'2025-10-15 17:09:43','2025-10-15 17:09:43'),(3097,9,NULL,NULL,NULL,NULL,'86:C5:D3:62:1A:52','788374',1000.00,'2025-10-15 17:09:54','2025-10-15 17:09:54'),(3098,9,NULL,NULL,NULL,NULL,'86:C5:D3:62:1A:52','299456',1000.00,'2025-10-15 17:10:42','2025-10-15 17:10:42'),(3099,9,NULL,NULL,NULL,NULL,'86:C5:D3:62:1A:52','548682',1000.00,'2025-10-15 17:11:22','2025-10-15 17:11:22'),(3100,9,NULL,NULL,NULL,NULL,'4A:F0:CA:55:81:84','994637',1000.00,'2025-10-15 17:19:02','2025-10-15 17:19:02'),(3101,8,NULL,NULL,NULL,NULL,'86:87:D5:B9:81:15','898321',500.00,'2025-10-15 17:42:02','2025-10-15 17:42:02'),(3102,8,NULL,NULL,NULL,NULL,'86:87:D5:B9:81:15','224405',500.00,'2025-10-15 17:42:07','2025-10-15 17:42:07'),(3103,8,NULL,NULL,NULL,NULL,'86:87:D5:B9:81:15','367577',500.00,'2025-10-15 17:42:58','2025-10-15 17:42:58'),(3104,8,NULL,NULL,NULL,NULL,'86:87:D5:B9:81:15','736365',500.00,'2025-10-15 17:43:03','2025-10-15 17:43:03'),(3105,7,NULL,NULL,NULL,NULL,'22:F0:CA:D5:AF:FC','108659',300.00,'2025-10-15 17:59:24','2025-10-15 17:59:24'),(3107,9,NULL,NULL,NULL,NULL,'6E:9E:9A:B6:06:5A','702235',1000.00,'2025-10-15 18:02:58','2025-10-15 18:02:58'),(3108,9,NULL,NULL,NULL,NULL,'6E:9E:9A:B6:06:5A','203656',1000.00,'2025-10-15 18:03:03','2025-10-15 18:03:03'),(3110,23,NULL,NULL,NULL,NULL,'7E:A5:C8:0E:3C:6A','418961',15000.00,'2025-10-15 18:55:02','2025-10-15 18:55:02'),(3112,9,NULL,NULL,NULL,NULL,'6E:9E:9A:B6:06:5A','409536',1000.00,'2025-10-16 06:21:42','2025-10-16 06:21:42'),(3113,9,NULL,NULL,NULL,NULL,'6E:9E:9A:B6:06:5A','394365',1000.00,'2025-10-16 06:22:16','2025-10-16 06:22:16'),(3114,8,NULL,NULL,NULL,NULL,'EE:F7:43:4A:79:AC','638081',500.00,'2025-10-16 06:56:04','2025-10-16 06:56:04'),(3116,9,NULL,NULL,NULL,NULL,'FE:AC:AA:09:8B:E5','955467',1000.00,'2025-10-16 07:06:06','2025-10-16 07:06:06'),(3120,8,NULL,NULL,NULL,NULL,'BE:B3:CB:9E:09:DC','842853',500.00,'2025-10-16 07:16:59','2025-10-16 07:16:59'),(3121,8,NULL,NULL,NULL,NULL,'38:CA:73:72:CF:B0','092046',500.00,'2025-10-16 07:27:41','2025-10-16 07:27:41'),(3122,8,NULL,NULL,NULL,NULL,'38:CA:73:72:CF:B0','935947',500.00,'2025-10-16 07:28:26','2025-10-16 07:28:26'),(3123,8,NULL,NULL,NULL,NULL,'38:CA:73:72:CF:B0','251468',500.00,'2025-10-16 07:28:51','2025-10-16 07:28:51'),(3131,65,NULL,NULL,NULL,NULL,'36:8F:7C:4B:C8:0A','264081',500.00,'2025-10-16 10:55:20','2025-10-16 10:55:20'),(3132,126,NULL,NULL,NULL,NULL,'C6:3F:5D:7B:61:54','355911',30000.00,'2025-10-16 11:18:16','2025-10-16 11:18:16'),(3133,126,NULL,NULL,NULL,NULL,'C6:3F:5D:7B:61:54','244276',30000.00,'2025-10-16 11:18:28','2025-10-16 11:18:28'),(3135,8,NULL,NULL,NULL,NULL,'CE:D5:26:D6:BE:9F','928772',500.00,'2025-10-16 12:06:07','2025-10-16 12:06:07'),(3136,8,NULL,NULL,NULL,NULL,'CE:D5:26:D6:BE:9F','351357',500.00,'2025-10-16 12:08:08','2025-10-16 12:08:08'),(3139,6,NULL,NULL,NULL,NULL,'B6:28:6A:AF:47:B3','756301',210.00,'2025-10-16 13:20:42','2025-10-16 13:20:42'),(3143,7,NULL,NULL,NULL,NULL,'C2:90:68:DF:AC:2C','804680',300.00,'2025-10-16 14:33:05','2025-10-16 14:33:05'),(3144,7,NULL,NULL,NULL,NULL,'C2:90:68:DF:AC:2C','622723',300.00,'2025-10-16 14:33:15','2025-10-16 14:33:15'),(3145,7,NULL,NULL,NULL,NULL,'C2:90:68:DF:AC:2C','126548',300.00,'2025-10-16 14:34:02','2025-10-16 14:34:02'),(3149,121,NULL,NULL,NULL,NULL,'A0:C9:A0:9D:5B:F4','783656',1000.00,'2025-10-16 16:13:13','2025-10-16 16:13:13'),(3150,121,NULL,NULL,NULL,NULL,'A0:C9:A0:9D:5B:F4','405208',1000.00,'2025-10-16 16:19:04','2025-10-16 16:19:04'),(3151,121,NULL,NULL,NULL,NULL,'A0:C9:A0:9D:5B:F4','701634',1000.00,'2025-10-16 16:19:56','2025-10-16 16:19:56'),(3152,121,NULL,NULL,NULL,NULL,'A0:C9:A0:9D:5B:F4','031812',1000.00,'2025-10-16 16:21:25','2025-10-16 16:21:25'),(3153,8,NULL,NULL,NULL,NULL,'62:D2:99:2F:ED:99','766361',500.00,'2025-10-16 17:17:01','2025-10-16 17:17:01'),(3154,121,NULL,NULL,NULL,NULL,'A0:C9:A0:9D:5B:F4','665969',1000.00,'2025-10-16 17:21:10','2025-10-16 17:21:10'),(3155,121,NULL,NULL,NULL,NULL,'A0:C9:A0:9D:5B:F4','333442',1000.00,'2025-10-16 17:28:21','2025-10-16 17:28:21'),(3157,6,NULL,NULL,NULL,NULL,'46:A8:8D:A0:81:EC','254624',210.00,'2025-10-16 17:32:46','2025-10-16 17:32:46'),(3158,121,NULL,NULL,NULL,NULL,'0E:AE:4D:48:0A:82','596502',1000.00,'2025-10-16 17:40:16','2025-10-16 17:40:16'),(3159,121,NULL,NULL,NULL,NULL,'0E:AE:4D:48:0A:82','686694',1000.00,'2025-10-16 17:40:35','2025-10-16 17:40:35'),(3160,121,NULL,NULL,NULL,NULL,'0E:AE:4D:48:0A:82','636856',1000.00,'2025-10-16 17:40:47','2025-10-16 17:40:47'),(3161,121,NULL,NULL,NULL,NULL,'0E:AE:4D:48:0A:82','169259',1000.00,'2025-10-16 17:41:01','2025-10-16 17:41:01'),(3162,6,NULL,NULL,NULL,NULL,'86:87:D5:B9:81:15','608708',210.00,'2025-10-16 17:42:26','2025-10-16 17:42:26'),(3163,6,NULL,NULL,NULL,NULL,'92:85:32:EB:61:BE','818141',210.00,'2025-10-16 17:56:28','2025-10-16 17:56:28'),(3164,6,NULL,NULL,NULL,NULL,'92:85:32:EB:61:BE','423599',210.00,'2025-10-16 17:56:36','2025-10-16 17:56:36'),(3166,8,NULL,NULL,NULL,NULL,'A8:13:06:C0:4E:B3','209047',500.00,'2025-10-16 17:56:48','2025-10-16 17:56:48'),(3167,6,NULL,NULL,NULL,NULL,'92:85:32:EB:61:BE','656538',210.00,'2025-10-16 17:56:48','2025-10-16 17:56:48'),(3168,6,NULL,NULL,NULL,NULL,'92:85:32:EB:61:BE','835052',210.00,'2025-10-16 17:57:02','2025-10-16 17:57:02'),(3169,8,NULL,NULL,NULL,NULL,'A8:13:06:C0:4E:B3','115150',500.00,'2025-10-16 17:57:04','2025-10-16 17:57:04'),(3170,8,NULL,NULL,NULL,NULL,'A8:13:06:C0:4E:B3','713021',500.00,'2025-10-16 17:57:14','2025-10-16 17:57:14'),(3171,8,NULL,NULL,NULL,NULL,'A8:13:06:C0:4E:B3','033789',500.00,'2025-10-16 17:57:29','2025-10-16 17:57:29'),(3172,6,NULL,NULL,NULL,NULL,'92:85:32:EB:61:BE','687072',210.00,'2025-10-16 17:57:46','2025-10-16 17:57:46'),(3173,6,NULL,NULL,NULL,NULL,'92:85:32:EB:61:BE','438563',210.00,'2025-10-16 17:57:52','2025-10-16 17:57:52'),(3175,7,NULL,NULL,NULL,NULL,'22:F0:CA:D5:AF:FC','223945',300.00,'2025-10-16 17:58:07','2025-10-16 17:58:07'),(3177,8,NULL,NULL,NULL,NULL,'A8:13:06:C0:4E:B3','438367',500.00,'2025-10-16 17:58:35','2025-10-16 17:58:35'),(3179,6,NULL,NULL,NULL,NULL,'92:85:32:EB:61:BE','673310',210.00,'2025-10-16 18:14:54','2025-10-16 18:14:54'),(3180,6,NULL,NULL,NULL,NULL,'92:85:32:EB:61:BE','581583',210.00,'2025-10-16 18:15:04','2025-10-16 18:15:04'),(3181,6,NULL,NULL,NULL,NULL,'92:85:32:EB:61:BE','273924',210.00,'2025-10-16 18:15:19','2025-10-16 18:15:19'),(3182,6,NULL,NULL,NULL,NULL,'1E:DF:38:42:C7:60','177152',210.00,'2025-10-16 18:16:29','2025-10-16 18:16:29'),(3184,6,NULL,NULL,NULL,NULL,'1E:DF:38:42:C7:60','268032',210.00,'2025-10-16 18:17:17','2025-10-16 18:17:17'),(3185,6,NULL,NULL,NULL,NULL,'1E:DF:38:42:C7:60','445512',210.00,'2025-10-16 18:18:21','2025-10-16 18:18:21'),(3186,7,NULL,NULL,NULL,NULL,'1E:DF:38:42:C7:60','131684',300.00,'2025-10-16 18:24:06','2025-10-16 18:24:06'),(3187,9,NULL,NULL,NULL,NULL,'86:87:D5:B9:81:15','550592',1000.00,'2025-10-16 18:26:14','2025-10-16 18:26:14'),(3189,121,NULL,NULL,NULL,NULL,'0E:86:DD:73:03:D3','667583',1000.00,'2025-10-16 19:05:09','2025-10-16 19:05:09'),(3190,121,NULL,NULL,NULL,NULL,'0E:86:DD:73:03:D3','000270',1000.00,'2025-10-16 19:05:29','2025-10-16 19:05:29'),(3192,8,NULL,NULL,NULL,NULL,'CA:AB:0C:3B:E0:FC','942156',500.00,'2025-10-16 19:09:17','2025-10-16 19:09:17'),(3196,8,NULL,NULL,NULL,NULL,'BE:B3:CB:9E:09:DC','190063',500.00,'2025-10-16 19:22:09','2025-10-16 19:22:09'),(3197,8,NULL,NULL,NULL,NULL,'42:CC:90:DA:81:CB','275652',500.00,'2025-10-16 19:49:25','2025-10-16 19:49:25'),(3198,8,NULL,NULL,NULL,NULL,'92:85:32:EB:61:BE','279328',500.00,'2025-10-16 19:52:20','2025-10-16 19:52:20'),(3199,8,NULL,NULL,NULL,NULL,'92:85:32:EB:61:BE','237470',500.00,'2025-10-16 19:52:27','2025-10-16 19:52:27'),(3200,8,NULL,NULL,NULL,NULL,'92:85:32:EB:61:BE','496751',500.00,'2025-10-16 19:53:07','2025-10-16 19:53:07'),(3201,9,NULL,NULL,NULL,NULL,'76:B4:55:80:75:CE','339997',1000.00,'2025-10-16 19:53:28','2025-10-16 19:53:28'),(3202,9,NULL,NULL,NULL,NULL,'76:B4:55:80:75:CE','035685',1000.00,'2025-10-16 19:54:41','2025-10-16 19:54:41'),(3203,8,NULL,NULL,NULL,NULL,'92:85:32:EB:61:BE','858710',500.00,'2025-10-16 19:55:17','2025-10-16 19:55:17'),(3204,9,NULL,NULL,NULL,NULL,'76:B4:55:80:75:CE','686171',1000.00,'2025-10-16 19:55:18','2025-10-16 19:55:18'),(3205,9,NULL,NULL,NULL,NULL,'76:B4:55:80:75:CE','518008',1000.00,'2025-10-16 19:55:31','2025-10-16 19:55:31'),(3206,8,NULL,NULL,NULL,NULL,'92:85:32:EB:61:BE','464621',500.00,'2025-10-16 19:56:23','2025-10-16 19:56:23'),(3207,8,NULL,NULL,NULL,NULL,'92:85:32:EB:61:BE','415692',500.00,'2025-10-16 19:59:17','2025-10-16 19:59:17'),(3208,8,NULL,NULL,NULL,NULL,'92:85:32:EB:61:BE','721785',500.00,'2025-10-16 19:59:27','2025-10-16 19:59:27'),(3209,8,NULL,NULL,NULL,NULL,'92:85:32:EB:61:BE','776790',500.00,'2025-10-16 19:59:30','2025-10-16 19:59:30'),(3210,8,NULL,NULL,NULL,NULL,'92:85:32:EB:61:BE','317570',500.00,'2025-10-16 20:00:49','2025-10-16 20:00:49'),(3211,8,NULL,NULL,NULL,NULL,'92:85:32:EB:61:BE','504832',500.00,'2025-10-16 20:00:57','2025-10-16 20:00:57'),(3212,8,NULL,NULL,NULL,NULL,'92:85:32:EB:61:BE','191172',500.00,'2025-10-16 20:01:06','2025-10-16 20:01:06'),(3213,8,NULL,NULL,NULL,NULL,'92:85:32:EB:61:BE','636811',500.00,'2025-10-16 20:01:19','2025-10-16 20:01:19'),(3214,8,NULL,NULL,NULL,NULL,'92:85:32:EB:61:BE','316528',500.00,'2025-10-16 20:01:25','2025-10-16 20:01:25'),(3215,8,NULL,NULL,NULL,NULL,'92:85:32:EB:61:BE','823839',500.00,'2025-10-16 20:01:41','2025-10-16 20:01:41'),(3216,8,NULL,NULL,NULL,NULL,'92:85:32:EB:61:BE','718808',500.00,'2025-10-16 20:01:50','2025-10-16 20:01:50'),(3217,7,NULL,NULL,NULL,NULL,'92:85:32:EB:61:BE','544342',300.00,'2025-10-16 20:02:23','2025-10-16 20:02:23'),(3218,7,NULL,NULL,NULL,NULL,'92:85:32:EB:61:BE','728351',300.00,'2025-10-16 20:02:29','2025-10-16 20:02:29'),(3219,7,NULL,NULL,NULL,NULL,'92:85:32:EB:61:BE','690975',300.00,'2025-10-16 20:02:43','2025-10-16 20:02:43'),(3220,8,NULL,NULL,NULL,NULL,'92:85:32:EB:61:BE','891485',500.00,'2025-10-16 20:04:04','2025-10-16 20:04:04'),(3221,8,NULL,NULL,NULL,NULL,'92:85:32:EB:61:BE','932052',500.00,'2025-10-16 20:04:11','2025-10-16 20:04:11'),(3222,8,NULL,NULL,NULL,NULL,'92:85:32:EB:61:BE','748368',500.00,'2025-10-16 20:04:32','2025-10-16 20:04:32'),(3223,8,NULL,NULL,NULL,NULL,'92:85:32:EB:61:BE','543447',500.00,'2025-10-16 20:04:39','2025-10-16 20:04:39'),(3224,8,NULL,NULL,NULL,NULL,'92:85:32:EB:61:BE','123325',500.00,'2025-10-16 20:04:45','2025-10-16 20:04:45'),(3225,8,NULL,NULL,NULL,NULL,'92:85:32:EB:61:BE','010039',500.00,'2025-10-16 20:04:50','2025-10-16 20:04:50'),(3226,8,NULL,NULL,NULL,NULL,'92:85:32:EB:61:BE','734543',500.00,'2025-10-16 20:04:54','2025-10-16 20:04:54'),(3227,8,NULL,NULL,NULL,NULL,'92:85:32:EB:61:BE','792593',500.00,'2025-10-16 20:05:02','2025-10-16 20:05:02'),(3228,8,NULL,NULL,NULL,NULL,'92:85:32:EB:61:BE','494183',500.00,'2025-10-16 20:05:21','2025-10-16 20:05:21'),(3229,8,NULL,NULL,NULL,NULL,'92:85:32:EB:61:BE','965370',500.00,'2025-10-16 20:06:07','2025-10-16 20:06:07'),(3230,8,NULL,NULL,NULL,NULL,'92:85:32:EB:61:BE','946223',500.00,'2025-10-16 20:07:27','2025-10-16 20:07:27'),(3231,8,NULL,NULL,NULL,NULL,'92:85:32:EB:61:BE','090091',500.00,'2025-10-16 20:07:49','2025-10-16 20:07:49'),(3232,8,NULL,NULL,NULL,NULL,'92:85:32:EB:61:BE','087158',500.00,'2025-10-16 20:08:02','2025-10-16 20:08:02'),(3233,8,NULL,NULL,NULL,NULL,'92:85:32:EB:61:BE','161279',500.00,'2025-10-16 20:09:34','2025-10-16 20:09:34'),(3234,8,NULL,NULL,NULL,NULL,'92:85:32:EB:61:BE','153254',500.00,'2025-10-16 20:09:44','2025-10-16 20:09:44'),(3235,8,NULL,NULL,NULL,NULL,'92:85:32:EB:61:BE','295612',500.00,'2025-10-16 20:34:55','2025-10-16 20:34:55'),(3236,8,NULL,NULL,NULL,NULL,'92:85:32:EB:61:BE','900981',500.00,'2025-10-16 20:35:02','2025-10-16 20:35:02'),(3237,8,NULL,NULL,NULL,NULL,'92:85:32:EB:61:BE','944584',500.00,'2025-10-16 20:53:54','2025-10-16 20:53:54'),(3238,8,NULL,NULL,NULL,NULL,'92:85:32:EB:61:BE','528471',500.00,'2025-10-16 20:54:01','2025-10-16 20:54:01'),(3239,9,NULL,NULL,NULL,NULL,'12:3F:E4:20:8A:DC','098392',1000.00,'2025-10-16 20:54:53','2025-10-16 20:54:53'),(3241,8,NULL,NULL,NULL,NULL,'76:37:43:48:70:A8','348135',500.00,'2025-10-16 20:57:21','2025-10-16 20:57:21'),(3244,142,NULL,NULL,NULL,NULL,'26:C9:7C:1C:01:D2','567085',20000.00,'2025-10-16 21:45:11','2025-10-16 21:45:11'),(3245,8,NULL,NULL,NULL,NULL,'F2:65:ED:BF:19:CD','950269',500.00,'2025-10-16 22:13:20','2025-10-16 22:13:20'),(3251,8,NULL,NULL,NULL,NULL,'EE:20:C1:F6:95:D2','982220',500.00,'2025-10-17 08:10:44','2025-10-17 08:10:44'),(3253,9,NULL,NULL,NULL,NULL,'FE:AC:AA:09:8B:E5','753430',1000.00,'2025-10-17 08:26:40','2025-10-17 08:26:40'),(3254,8,NULL,NULL,NULL,NULL,'BE:B3:CB:9E:09:DC','595399',500.00,'2025-10-17 08:27:03','2025-10-17 08:27:03'),(3255,8,NULL,NULL,NULL,NULL,'BE:B3:CB:9E:09:DC','234423',500.00,'2025-10-17 08:27:17','2025-10-17 08:27:17'),(3256,8,NULL,NULL,NULL,NULL,'BE:B3:CB:9E:09:DC','472495',500.00,'2025-10-17 08:27:36','2025-10-17 08:27:36'),(3257,9,NULL,NULL,NULL,NULL,'FE:AC:AA:09:8B:E5','698680',1000.00,'2025-10-17 08:33:17','2025-10-17 08:33:17'),(3259,81,NULL,NULL,NULL,NULL,'EA:D2:38:B3:A2:07','774858',600.00,'2025-10-17 09:23:04','2025-10-17 09:23:04'),(3260,81,NULL,NULL,NULL,NULL,'EA:D2:38:B3:A2:07','832332',600.00,'2025-10-17 09:23:11','2025-10-17 09:23:11'),(3261,81,NULL,NULL,NULL,NULL,'EA:D2:38:B3:A2:07','631299',600.00,'2025-10-17 09:23:16','2025-10-17 09:23:16'),(3262,81,NULL,NULL,NULL,NULL,'EA:D2:38:B3:A2:07','111079',600.00,'2025-10-17 09:23:35','2025-10-17 09:23:35'),(3263,81,NULL,NULL,NULL,NULL,'EA:D2:38:B3:A2:07','811825',600.00,'2025-10-17 09:23:40','2025-10-17 09:23:40'),(3264,81,NULL,NULL,NULL,NULL,'EA:D2:38:B3:A2:07','201685',600.00,'2025-10-17 09:23:44','2025-10-17 09:23:44'),(3265,81,NULL,NULL,NULL,NULL,'EA:D2:38:B3:A2:07','813048',600.00,'2025-10-17 09:23:48','2025-10-17 09:23:48'),(3266,81,NULL,NULL,NULL,NULL,'EA:D2:38:B3:A2:07','124983',600.00,'2025-10-17 09:24:09','2025-10-17 09:24:09'),(3267,7,NULL,NULL,NULL,NULL,'EE:27:90:CF:93:40','633059',300.00,'2025-10-17 09:38:19','2025-10-17 09:38:19'),(3268,7,NULL,NULL,NULL,NULL,'EE:27:90:CF:93:40','613255',300.00,'2025-10-17 09:38:26','2025-10-17 09:38:26'),(3270,8,NULL,NULL,NULL,NULL,'BE:B3:CB:9E:09:DC','763432',500.00,'2025-10-17 10:02:05','2025-10-17 10:02:05'),(3271,81,NULL,NULL,NULL,NULL,'0A:F9:74:EB:A1:66','213342',600.00,'2025-10-17 10:02:18','2025-10-17 10:02:18'),(3272,81,NULL,NULL,NULL,NULL,'0A:F9:74:EB:A1:66','552061',600.00,'2025-10-17 10:02:24','2025-10-17 10:02:24');

--
-- Table structure for table `tickets`
--

CREATE TABLE `tickets` (
  `id` bigint unsigned NOT NULL AUTO_INCREMENT,
  `ref_no` varchar(191) COLLATE utf8mb4_unicode_ci NOT NULL,
  `company_id` bigint unsigned NOT NULL,
  `company_router_id` bigint unsigned NOT NULL,
  `user_id` bigint unsigned NOT NULL,
  `issue_title` varchar(191) COLLATE utf8mb4_unicode_ci NOT NULL,
  `description` text COLLATE utf8mb4_unicode_ci NOT NULL,
  `reminder` datetime NOT NULL,
  `stage` enum('Open','In Progress','Resolved','Closed') COLLATE utf8mb4_unicode_ci NOT NULL DEFAULT 'Open',
  `status` int NOT NULL DEFAULT '1' COMMENT '0=Inactive, 1=Active',
  `created_at` timestamp NULL DEFAULT NULL,
  `updated_at` timestamp NULL DEFAULT NULL,
  `deleted_at` timestamp NULL DEFAULT NULL,
  PRIMARY KEY (`id`),
  KEY `tickets_company_id_foreign` (`company_id`),
  KEY `tickets_company_router_id_foreign` (`company_router_id`),
  KEY `tickets_user_id_foreign` (`user_id`),
  CONSTRAINT `tickets_company_id_foreign` FOREIGN KEY (`company_id`) REFERENCES `companies` (`id`) ON DELETE CASCADE,
  CONSTRAINT `tickets_company_router_id_foreign` FOREIGN KEY (`company_router_id`) REFERENCES `company_routers` (`id`) ON DELETE CASCADE,
  CONSTRAINT `tickets_user_id_foreign` FOREIGN KEY (`user_id`) REFERENCES `users` (`id`) ON DELETE CASCADE
) ENGINE=InnoDB DEFAULT CHARSET=utf8mb4 COLLATE=utf8mb4_unicode_ci;

--
-- Dumping data for table `tickets`
--


--
-- Table structure for table `transaction_frequencies`
--

CREATE TABLE `transaction_frequencies` (
  `id` bigint unsigned NOT NULL AUTO_INCREMENT,
  `name` varchar(191) COLLATE utf8mb4_unicode_ci NOT NULL,
  `number_of_days` int NOT NULL,
  `created_at` timestamp NULL DEFAULT NULL,
  `updated_at` timestamp NULL DEFAULT NULL,
  `deleted_at` timestamp NULL DEFAULT NULL,
  PRIMARY KEY (`id`)
) ENGINE=InnoDB AUTO_INCREMENT=6 DEFAULT CHARSET=utf8mb4 COLLATE=utf8mb4_unicode_ci;

--
-- Dumping data for table `transaction_frequencies`
--

INSERT INTO `transaction_frequencies` VALUES (1,'Instantly',0,'2025-08-03 19:10:02','2025-08-03 19:10:02',NULL),(2,'Daily',1,'2025-08-03 19:10:02','2025-08-03 19:10:02',NULL),(3,'Three Days',3,'2025-08-03 19:10:02','2025-08-03 19:10:02',NULL),(4,'Weekly',7,'2025-08-03 19:10:02','2025-08-03 19:10:02',NULL),(5,'Monthly',30,'2025-08-03 19:10:02','2025-08-03 19:10:02',NULL);

--
-- Table structure for table `user_verification_codes`
--

CREATE TABLE `user_verification_codes` (
  `id` bigint unsigned NOT NULL AUTO_INCREMENT,
  `user_id` bigint unsigned DEFAULT NULL,
  `phone_code` varchar(191) COLLATE utf8mb4_unicode_ci NOT NULL,
  `email_code` varchar(191) COLLATE utf8mb4_unicode_ci NOT NULL,
  `created_at` timestamp NULL DEFAULT NULL,
  `updated_at` timestamp NULL DEFAULT NULL,
  `deleted_at` timestamp NULL DEFAULT NULL,
  PRIMARY KEY (`id`),
  KEY `user_verification_codes_user_id_foreign` (`user_id`),
  CONSTRAINT `user_verification_codes_user_id_foreign` FOREIGN KEY (`user_id`) REFERENCES `users` (`id`) ON DELETE CASCADE
) ENGINE=InnoDB DEFAULT CHARSET=utf8mb4 COLLATE=utf8mb4_unicode_ci;

--
-- Dumping data for table `user_verification_codes`
--


--
-- Table structure for table `users`
--

CREATE TABLE `users` (
  `id` bigint unsigned NOT NULL AUTO_INCREMENT,
  `ref_no` varchar(191) COLLATE utf8mb4_unicode_ci NOT NULL,
  `username` varchar(191) COLLATE utf8mb4_unicode_ci NOT NULL,
  `phone` varchar(191) COLLATE utf8mb4_unicode_ci NOT NULL,
  `referrer_phone` varchar(191) COLLATE utf8mb4_unicode_ci DEFAULT NULL,
  `email` varchar(191) COLLATE utf8mb4_unicode_ci DEFAULT NULL,
  `email_verified_at` timestamp NULL DEFAULT NULL,
  `phone_verified_at` timestamp NULL DEFAULT NULL,
  `password` varchar(191) COLLATE utf8mb4_unicode_ci NOT NULL,
  `status` int NOT NULL DEFAULT '1' COMMENT '0=inactive, 1=active',
  `remember_token` varchar(100) COLLATE utf8mb4_unicode_ci DEFAULT NULL,
  `created_at` timestamp NULL DEFAULT NULL,
  `updated_at` timestamp NULL DEFAULT NULL,
  `deleted_at` timestamp NULL DEFAULT NULL,
  PRIMARY KEY (`id`),
  UNIQUE KEY `users_phone_unique` (`phone`),
  UNIQUE KEY `users_email_unique` (`email`)
) ENGINE=InnoDB AUTO_INCREMENT=47 DEFAULT CHARSET=utf8mb4 COLLATE=utf8mb4_unicode_ci;

--
-- Dumping data for table `users`
--

INSERT INTO `users` VALUES (1,'HF4Y6D','Super Admin','0712345678',NULL,'superadmin@gmail.com','2025-07-30 21:26:20','2025-07-30 21:26:20','$2y$12$sL9rLDiCAscrNQ.NY2RztOzzU0.cSCW6B5rNjnvO4i8ICYnXXnIbG',1,NULL,'2025-07-30 21:26:20','2025-08-13 09:20:47',NULL),(14,'H0ERF2','Ben','0745678',NULL,NULL,'2025-08-05 15:16:00','2025-08-05 15:16:00','$2y$12$mgPvt.LZISWEj4nKuYXv6urRN3LvIt1dML13T/snulGiRoOuGWkUq',1,NULL,'2025-08-05 15:16:00','2025-08-05 15:16:00',NULL),(15,'9E8FYP','Erick','0763752350',NULL,'sirnjovu86@gmail.com','2025-08-05 16:56:56','2025-08-05 16:56:56','$2y$12$t28h8a0Wo1XrJk0XZHrmS.zJKIvU002din28wiRKlPKVeRdv.Z10e',1,NULL,'2025-08-05 16:56:56','2025-08-09 11:59:27',NULL),(16,'5NGAQV','Admin','0712345679',NULL,NULL,'2025-08-12 12:25:52','2025-08-12 12:25:52','$2y$12$kuyPB0V6yohwp/aAz4epeO5VQrnpwnW7jJk9KLPTpKxBIfis8CiR2',1,NULL,'2025-08-12 12:25:52','2025-08-12 12:25:52',NULL),(17,'SGC5QD','Te','0694214936',NULL,'test@hmail.com','2025-08-13 07:21:07','2025-08-13 07:21:07','$2y$12$oIxyMmt3CSWOD/v2CEIzH..mKvXm0N61/x7IIMZ0x9Godd0pkXMYK',0,NULL,'2025-08-13 07:21:07','2025-08-13 20:48:18',NULL),(18,'W19D5P','Test','0693058471',NULL,'test@gmail.com','2025-08-13 07:21:55','2025-08-13 07:21:55','$2y$12$LE8vKzwYDwZHpw.hRN7oyuY4XhagL0O4oPpffvuNDZC70Vmt3lkkC',0,NULL,'2025-08-13 07:21:55','2025-08-13 20:48:00',NULL),(19,'2SZ35Y','Admin','07871099880',NULL,NULL,'2025-08-13 19:46:16','2025-08-13 19:46:16','$2y$12$tyfHnsegYuJzDVVrUGjj.eseTN4v2R2TCUmHZ/B09O6XeMd8Vc3bO',0,NULL,'2025-08-13 19:46:16','2025-08-13 20:47:46','2025-08-13 20:47:46'),(20,'Q3B8YT','Mwamba Cosmetics','0786000803',NULL,'export@fotini.com','2025-08-26 13:06:13','2025-08-26 13:06:13','$2y$12$h0Nfh6j2Mx0foH/6aLc6jOQE2C8Bzurd2Mf3XN5/miuSlz/HpYvNm',1,NULL,'2025-08-26 13:06:13','2025-09-01 11:07:14',NULL),(22,'UTR7BK','Kazungu','0754578434',NULL,'karnsonkazy@gmail.com','2025-08-29 19:10:58','2025-08-29 19:10:58','$2y$12$lzHpyUqns/kIE35ylRwzX.FFrmfGM9WYMOLdYnwbod8jzYYJmCjDS',1,NULL,'2025-08-29 19:10:58','2025-08-31 10:13:34',NULL),(23,'89B4PI','Alex','0696849400',NULL,NULL,'2025-08-30 06:58:45','2025-08-30 06:58:45','$2y$12$MI56zu0nxXUNc7ruSGvtcOPsls1OcGmkDBBylFHmKEGS80o5zjJHG',1,NULL,'2025-08-30 06:58:45','2025-08-30 06:58:45',NULL),(24,'VF1AK0','jack','0714504348',NULL,NULL,'2025-08-31 22:17:44','2025-08-31 22:17:44','$2y$12$.t49VYTvG2.HsbEoS1Wxiuva1ap.Tg3SRLWa7ebHdc8UR44Moy.5K',1,NULL,'2025-08-31 22:17:44','2025-08-31 22:17:44',NULL),(25,'V4PJR7','Emmanuel','0747777710',NULL,'maluliemmanuel.me@gmail.com','2025-09-06 06:09:37','2025-09-06 06:09:37','$2y$12$wUBGv2AUQ1C6K3EgJDXX1u6FUa0rRZ7AYYazUM/fRsXgELWwv0mvy',1,NULL,'2025-09-06 06:09:37','2025-09-06 13:02:38',NULL),(26,'5DLG6S','maluli','0714797942',NULL,'dextercryptog@gmail.com','2025-09-06 13:01:40','2025-09-06 13:01:40','$2y$12$rZ58zpkXV5p8qA5hjPZj7.lmsLYFdMWtCYAv1e59gJY81qRQgaKd6',1,NULL,'2025-09-06 13:01:40','2025-09-06 13:02:24',NULL),(27,'GM7EX8','Emmanuel Mgedela','0780601042',NULL,'mgendelaemmanuel20@gmail.com','2025-09-09 09:33:08','2025-09-09 09:33:08','$2y$12$FFlCGbXE3Pe2mdFXSefpe.icJSFLyU1W8dhnIEInrb0.HiOnm9VkG',1,NULL,'2025-09-09 09:33:08','2025-09-09 11:01:08',NULL),(28,'7ZGQLA','Gilbert mushi','0769932392',NULL,'gilbertmoshi@gmail.com','2025-09-18 14:24:23','2025-09-18 14:24:23','$2y$12$4dukvvrPhYO4XShHNIBxt.e8koOL4roF2O/aVaJkHJU4Tw9/l1Jhm',1,NULL,'2025-09-18 14:24:23','2025-09-18 14:47:01',NULL),(29,'EA7IQ2','Emmanuel Mwazembe','07577006671',NULL,NULL,'2025-09-25 11:55:26','2025-09-25 11:55:26','$2y$12$GKAwdHDhxcQPSf80Iyj/H.z9s5gWA4At0O0J5HBuHjSb9jxwKPmQy',0,NULL,'2025-09-25 11:55:26','2025-10-03 06:43:13',NULL),(30,'PM1OJL','FiberNet HotSpot','0788443614',NULL,'fibernetmk@outlook.com','2025-09-26 08:35:02','2025-09-26 08:35:02','$2y$12$btXFhV.d4XvXwEoYokRK0OkoTKXnR7rBCIUSVGnblfY9OiMNk7DEK',1,NULL,'2025-09-26 08:35:02','2025-09-30 17:47:12',NULL),(31,'D1CE70','Ernest Cheyo','0765288577',NULL,NULL,'2025-09-28 14:43:39','2025-09-28 14:43:39','$2y$12$W9hjrIwk6SDBGAyaXsqfB.hT9oeC8k7RFRolmP/GaJF6EiIyofzkS',1,NULL,'2025-09-28 14:43:39','2025-10-03 21:34:02',NULL),(32,'YM6OTQ','Manyala Agalla','0679254949',NULL,NULL,'2025-09-29 10:07:30','2025-09-29 10:07:30','$2y$12$kZsFOis9XAw6sNd7DIssA.y68TOgbiCSDTs1sK1bOQNjmNMyfZ0DW',1,NULL,'2025-09-29 10:07:30','2025-09-29 12:10:52',NULL),(33,'CUK5QA','DENIS AMINI','0759499967',NULL,'sales@iteam.co.tz','2025-09-29 16:41:08','2025-09-29 16:41:08','$2y$12$Gpl51oPSfgrC5KuwLpyfq.A5kv33x1KJf9evrDqEQnz57Xnp30MMO',1,NULL,'2025-09-29 16:41:08','2025-10-01 04:34:27',NULL),(34,'LZ7BWJ','islam','0789431231',NULL,NULL,'2025-09-29 17:59:20','2025-09-29 17:59:20','$2y$12$qN2PumcXnMV/6.mq1MHu4O0/cEr4GU64tKbWSdjSw3ZrpX0ntBfJ6',1,NULL,'2025-09-29 17:59:20','2025-10-01 04:36:03',NULL),(35,'EQD91I','Innocent Mtui','0759920774',NULL,NULL,'2025-09-30 08:49:41','2025-09-30 08:49:41','$2y$12$yr7ctBZAduKZUMLFlrn0oe5gNaR02HGTUQ0jJFpaa4ph/wswOHyTy',1,NULL,'2025-09-30 08:49:41','2025-09-30 08:49:41',NULL),(36,'4M1KP6','Songa Musa','0783502405',NULL,'Vsongwyne@gmail.com','2025-09-30 09:13:04','2025-09-30 09:13:04','$2y$12$4Z2JpzfuATtB/ED4NAgtpexA8s1njdk/QBCD9WTufAvS44BohBFCS',1,NULL,'2025-09-30 09:13:04','2025-09-30 09:34:27',NULL),(37,'BPJLK0','Ivan Rauya','0688680386',NULL,'ivonirauya@gmail.com','2025-10-01 16:23:50','2025-10-01 16:23:50','$2y$12$XxI4UucIWsdb3B5Gg5Ptw.E/5tZDBMinVTmD9FBhqr70ANXK89zHa',1,NULL,'2025-10-01 16:23:50','2025-10-01 17:00:55',NULL),(38,'Z3WR8X','Garcia','0199985858',NULL,'info@twistechs.bj','2025-10-03 09:04:22','2025-10-03 09:04:22','$2y$12$8C2ZGJOFzYF6wueMBaq3B.355HtxRziUf2uYPtwujGPKz8pj3kwI6',1,NULL,'2025-10-03 09:04:22','2025-10-04 13:57:53',NULL),(39,'DH3V98','Kelvin Yolam','0744002165',NULL,'kelvinyoram57@gmail.com','2025-10-04 13:01:27','2025-10-04 13:01:27','$2y$12$E3BCKRWmY0uWdLiI8vNHnuoTUGYW/5QT2HC0Z5ZGw2azJ2Ox01Aba',1,NULL,'2025-10-04 13:01:27','2025-10-04 13:39:00',NULL),(40,'HV493U','Trekker','256787176354',NULL,'muhindosamuel0@gmail.com','2025-10-04 15:30:12','2025-10-04 15:30:12','$2y$12$eOXV5e/P4BB10EUr3sIjj.EbceUPwq7l7gFVWPZCOfASHNEnXtGbi',1,NULL,'2025-10-04 15:30:12','2025-10-04 16:21:21',NULL),(42,'94YGEH','Zurich','0787109988',NULL,'zurichgames2022@gmail.com','2025-10-07 18:10:55','2025-10-07 18:10:55','$2y$12$3QMUGgexC6BS7BaJkWFuZ.CV8lMV6L.yekB2v4fL8myqdRf.A0bga',1,NULL,'2025-10-07 18:10:55','2025-10-08 07:42:41',NULL),(43,'AXM82S','Juma Omar','07778198889',NULL,'finyotech@gmail.com','2025-10-08 07:47:36','2025-10-08 07:47:36','$2y$12$FM7q51.u2.sduz1LCUgxhuN/Ao5iCNOs/EwYRZdvkLBu3HYMC4TVy',1,NULL,'2025-10-08 07:47:36','2025-10-08 08:44:38',NULL),(44,'F4E2CT','Moses Mousa','0778180076',NULL,'olamoses47@yahoo.com','2025-10-11 11:22:25','2025-10-11 11:22:25','$2y$12$xoTi/eRcOoEF06vmbWoQI.HEadYVFhoXlp3QSfS0WaEXjByIALadS',1,NULL,'2025-10-11 11:22:25','2025-10-11 17:02:30',NULL),(45,'R6Z295','Trial','0712345',NULL,NULL,'2025-10-11 14:29:16','2025-10-11 14:29:16','$2y$12$V2lQrq55q5nuQeWLvTfMw.J.AMUOILZ0.zI3tUb.N1k5C/szCD5YW',1,NULL,'2025-10-11 14:29:16','2025-10-11 14:29:16',NULL),(46,'793NEZ','Jacob Irungu','0696011778',NULL,'jacobmuturiirungu@gmail.com','2025-10-16 06:14:37','2025-10-16 06:14:37','$2y$12$UG/tAggWlFVxH5b/AosKFegolRWyXYBKi1YysvlISrPoV5CirPAle',1,NULL,'2025-10-16 06:14:37','2025-10-16 06:14:37',NULL);


