(4096,'4DE8T9',23,16,83,'5512497',0,1,'2025-10-01 17:31:55','2025-10-01 17:31:55',NULL),(4097,'4DE8T9',23,16,83,'9928521',0,1,'2025-10-01 17:31:55','2025-10-01 17:31:55',NULL),(4098,'4DE8T9',23,16,83,'5948747',0,1,'2025-10-01 17:31:55','2025-10-01 17:31:55',NULL),(4099,'4DE8T9',23,16,83,'2647187',0,1,'2025-10-01 17:31:55','2025-10-01 17:31:55',NULL),(4100,'4DE8T9',23,16,83,'6882238',0,1,'2025-10-01 17:31:55','2025-10-01 17:31:55',NULL),(4101,'4DE8T9',23,16,83,'6442326',0,1,'2025-10-01 17:31:56','2025-10-01 17:31:56',NULL),(4102,'4DE8T9',23,16,83,'7596444',0,1,'2025-10-01 17:31:56','2025-10-01 17:31:56',NULL),(4103,'4DE8T9',23,16,83,'8238661',0,1,'2025-10-01 17:31:56','2025-10-01 17:31:56',NULL),(4104,'4DE8T9',23,16,83,'7517173',0,1,'2025-10-01 17:31:56','2025-10-01 17:31:56',NULL),(4105,'4DE8T9',23,16,83,'5127755',0,1,'2025-10-01 17:31:56','2025-10-01 17:31:56',NULL),(4106,'4DE8T9',23,16,83,'5188938',0,1,'2025-10-01 17:31:56','2025-10-01 17:31:56',NULL),(4107,'4DE8T9',23,16,83,'8218891',0,1,'2025-10-01 17:31:56','2025-10-01 17:31:56',NULL),(4108,'4DE8T9',23,16,83,'4789534',0,1,'2025-10-01 17:31:56','2025-10-01 17:31:56',NULL),(4109,'4DE8T9',23,16,83,'6453323',0,1,'2025-10-01 17:31:56','2025-10-01 17:31:56',NULL),(4110,'4DE8T9',23,16,83,'4474917',0,1,'2025-10-01 17:31:56','2025-10-01 17:31:56',NULL),(4111,'4DE8T9',23,16,83,'2217364',0,1,'2025-10-01 17:31:56','2025-10-01 17:31:56',NULL),(4112,'4DE8T9',23,16,83,'9278796',0,1,'2025-10-01 17:31:56','2025-10-01 17:31:56',NULL),(4113,'4DE8T9',23,16,83,'7554949',0,1,'2025-10-01 17:31:56','2025-10-01 17:31:56',NULL),(4114,'4DE8T9',23,16,83,'4388932',0,1,'2025-10-01 17:31:56','2025-10-01 17:31:56',NULL),(4115,'4DE8T9',23,16,83,'2245664',0,1,'2025-10-01 17:31:56','2025-10-01 17:31:56',NULL),(4116,'4DE8T9',23,16,83,'9388417',0,1,'2025-10-01 17:31:56','2025-10-01 17:31:56',NULL),(4117,'4DE8T9',23,16,83,'4936417',0,1,'2025-10-01 17:31:56','2025-10-01 17:31:56',NULL),(4118,'4DE8T9',23,16,83,'4928338',0,1,'2025-10-01 17:31:56','2025-10-01 17:31:56',NULL),(4119,'4DE8T9',23,16,83,'2898621',0,1,'2025-10-01 17:31:56','2025-10-01 17:31:56',NULL),(4120,'4DE8T9',23,16,83,'7959343',0,1,'2025-10-01 17:31:56','2025-10-01 17:31:56',NULL),(4121,'4DE8T9',23,16,83,'5547615',0,1,'2025-10-01 17:31:56','2025-10-01 17:31:56',NULL),(4122,'4DE8T9',23,16,83,'2127246',0,1,'2025-10-01 17:31:56','2025-10-01 17:31:56',NULL),(4123,'4DE8T9',23,16,83,'5333552',0,1,'2025-10-01 17:31:56','2025-10-01 17:31:56',NULL),(4124,'4DE8T9',23,16,83,'5574643',0,1,'2025-10-01 17:31:56','2025-10-01 17:31:56',NULL),(4125,'4DE8T9',23,16,83,'3549736',0,1,'2025-10-01 17:31:56','2025-10-01 17:31:56',NULL),(4126,'4DE8T9',23,16,83,'8219552',0,1,'2025-10-01 17:31:56','2025-10-01 17:31:56',NULL),(4127,'4DE8T9',23,16,83,'2792397',0,1,'2025-10-01 17:31:56','2025-10-01 17:31:56',NULL),(4128,'4DE8T9',23,16,83,'6665416',0,1,'2025-10-01 17:31:56','2025-10-01 17:31:56',NULL),(4129,'4DE8T9',23,16,83,'3236698',0,1,'2025-10-01 17:31:56','2025-10-01 17:31:56',NULL),(4130,'4DE8T9',23,16,83,'6538852',0,1,'2025-10-01 17:31:56','2025-10-01 17:31:56',NULL),(4131,'4DE8T9',23,16,83,'9681259',0,1,'2025-10-01 17:31:56','2025-10-01 17:31:56',NULL),(4132,'4DE8T9',23,16,83,'2716639',0,1,'2025-10-01 17:31:56','2025-10-01 17:31:56',NULL),(4133,'4DE8T9',23,16,83,'4543784',0,1,'2025-10-01 17:31:56','2025-10-01 17:31:56',NULL),(4134,'4DE8T9',23,16,83,'9512111',0,1,'2025-10-01 17:31:56','2025-10-01 17:31:56',NULL),(4135,'4DE8T9',23,16,83,'1834181',0,1,'2025-10-01 17:31:56','2025-10-01 17:31:56',NULL),(4136,'4DE8T9',23,16,83,'8399242',0,1,'2025-10-01 17:31:56','2025-10-01 17:31:56',NULL),(4137,'4DE8T9',23,16,83,'4957249',0,1,'2025-10-01 17:31:56','2025-10-01 17:31:56',NULL),(4138,'4DE8T9',23,16,83,'6475362',0,1,'2025-10-01 17:31:56','2025-10-01 17:31:56',NULL),(4139,'4DE8T9',23,16,83,'9364491',0,1,'2025-10-01 17:31:56','2025-10-01 17:31:56',NULL),(4140,'4DE8T9',23,16,83,'9511171',0,1,'2025-10-01 17:31:56','2025-10-01 17:31:56',NULL),(4141,'4DE8T9',23,16,83,'8132542',0,1,'2025-10-01 17:31:56','2025-10-01 17:31:56',NULL),(4142,'4DE8T9',23,16,83,'2188549',0,1,'2025-10-01 17:31:56','2025-10-01 17:31:56',NULL),(4143,'4DE8T9',23,16,83,'9911624',0,1,'2025-10-01 17:31:56','2025-10-01 17:31:56',NULL),(4144,'4DE8T9',23,16,83,'7328819',0,1,'2025-10-01 17:31:56','2025-10-01 17:31:56',NULL),(4145,'4DE8T9',23,16,83,'6969845',0,1,'2025-10-01 17:31:56','2025-10-01 17:31:56',NULL),(4146,'4DE8T9',23,16,83,'3573697',0,1,'2025-10-01 17:31:56','2025-10-01 17:31:56',NULL),(4147,'4DE8T9',23,16,83,'4555845',0,1,'2025-10-01 17:31:56','2025-10-01 17:31:56',NULL),(4148,'4DE8T9',23,16,83,'7143852',0,1,'2025-10-01 17:31:56','2025-10-01 17:31:56',NULL),(4149,'4DE8T9',23,16,83,'3649255',0,1,'2025-10-01 17:31:56','2025-10-01 17:31:56',NULL),(4150,'4DE8T9',23,16,83,'9231228',0,1,'2025-10-01 17:31:56','2025-10-01 17:31:56',NULL),(4151,'4DE8T9',23,16,83,'1792332',0,1,'2025-10-01 17:31:56','2025-10-01 17:31:56',NULL),(4152,'4DE8T9',23,16,83,'6469314',0,1,'2025-10-01 17:31:56','2025-10-01 17:31:56',NULL),(4153,'4DE8T9',23,16,83,'3294993',0,1,'2025-10-01 17:31:56','2025-10-01 17:31:56',NULL),(4154,'4DE8T9',23,16,83,'9752563',0,1,'2025-10-01 17:31:56','2025-10-01 17:31:56',NULL),(4155,'4DE8T9',23,16,83,'8225276',0,1,'2025-10-01 17:31:56','2025-10-01 17:31:56',NULL),(4156,'4DE8T9',23,16,83,'2551654',0,1,'2025-10-01 17:31:56','2025-10-01 17:31:56',NULL),(4157,'4DE8T9',23,16,83,'7942734',0,1,'2025-10-01 17:31:56','2025-10-01 17:31:56',NULL),(4158,'4DE8T9',23,16,83,'8589691',0,1,'2025-10-01 17:31:56','2025-10-01 17:31:56',NULL),(4159,'4DE8T9',23,16,83,'5642811',0,1,'2025-10-01 17:31:56','2025-10-01 17:31:56',NULL),(4160,'4DE8T9',23,16,83,'3656834',0,1,'2025-10-01 17:31:56','2025-10-01 17:31:56',NULL),(4161,'4DE8T9',23,16,83,'7565459',0,1,'2025-10-01 17:31:56','2025-10-01 17:31:56',NULL),(4162,'4DE8T9',23,16,83,'8175957',0,1,'2025-10-01 17:31:56','2025-10-01 17:31:56',NULL),(4163,'4DE8T9',23,16,83,'3637445',0,1,'2025-10-01 17:31:56','2025-10-01 17:31:56',NULL),(4164,'4DE8T9',23,16,83,'1241526',0,1,'2025-10-01 17:31:56','2025-10-01 17:31:56',NULL),(4165,'4DE8T9',23,16,83,'6393495',0,1,'2025-10-01 17:31:56','2025-10-01 17:31:56',NULL),(4166,'4DE8T9',23,16,83,'8823856',0,1,'2025-10-01 17:31:56','2025-10-01 17:31:56',NULL),(4167,'4DE8T9',23,16,83,'4838144',0,1,'2025-10-01 17:31:56','2025-10-01 17:31:56',NULL),(4168,'4DE8T9',23,16,83,'5242897',0,1,'2025-10-01 17:31:56','2025-10-01 17:31:56',NULL),(4169,'4DE8T9',23,16,83,'4128961',0,1,'2025-10-01 17:31:56','2025-10-01 17:31:56',NULL),(4170,'4DE8T9',23,16,83,'2349145',0,1,'2025-10-01 17:31:56','2025-10-01 17:31:56',NULL),(4171,'4DE8T9',23,16,83,'1414383',0,1,'2025-10-01 17:31:56','2025-10-01 17:31:56',NULL),(4172,'4DE8T9',23,16,83,'6119378',0,1,'2025-10-01 17:31:56','2025-10-01 17:31:56',NULL),(4173,'4DE8T9',23,16,83,'5347353',0,1,'2025-10-01 17:31:56','2025-10-01 17:31:56',NULL),(4174,'4DE8T9',23,16,83,'9314731',0,1,'2025-10-01 17:31:56','2025-10-01 17:31:56',NULL),(4175,'4DE8T9',23,16,83,'2473696',0,1,'2025-10-01 17:31:57','2025-10-01 17:31:57',NULL),(4176,'4DE8T9',23,16,83,'2342677',0,1,'2025-10-01 17:31:57','2025-10-01 17:31:57',NULL),(4177,'4DE8T9',23,16,83,'7427626',0,1,'2025-10-01 17:31:57','2025-10-01 17:31:57',NULL),(4178,'4DE8T9',23,16,83,'6923829',0,1,'2025-10-01 17:31:57','2025-10-01 17:31:57',NULL),(4179,'4DE8T9',23,16,83,'9545449',0,1,'2025-10-01 17:31:57','2025-10-01 17:31:57',NULL),(4180,'4DE8T9',23,16,83,'1478638',0,1,'2025-10-01 17:31:57','2025-10-01 17:31:57',NULL),(4181,'4DE8T9',23,16,83,'2333522',0,1,'2025-10-01 17:31:57','2025-10-01 17:31:57',NULL),(4182,'4DE8T9',23,16,83,'8399185',0,1,'2025-10-01 17:31:57','2025-10-01 17:31:57',NULL),(4183,'4DE8T9',23,16,83,'4626993',0,1,'2025-10-01 17:31:57','2025-10-01 17:31:57',NULL),(4184,'4DE8T9',23,16,83,'1137638',0,1,'2025-10-01 17:31:57','2025-10-01 17:31:57',NULL),(4185,'4DE8T9',23,16,83,'1675495',0,1,'2025-10-01 17:31:57','2025-10-01 17:31:57',NULL),(4186,'4DE8T9',23,16,83,'4142199',0,1,'2025-10-01 17:31:57','2025-10-01 17:31:57',NULL),(4187,'4DE8T9',23,16,83,'8249447',0,1,'2025-10-01 17:31:57','2025-10-01 17:31:57',NULL),(4188,'4DE8T9',23,16,83,'1257424',0,1,'2025-10-01 17:31:57','2025-10-01 17:31:57',NULL),(4189,'4DE8T9',23,16,83,'4996742',0,1,'2025-10-01 17:31:57','2025-10-01 17:31:57',NULL),(4190,'4DE8T9',23,16,83,'1533464',0,1,'2025-10-01 17:31:57','2025-10-01 17:31:57',NULL),(4191,'4DE8T9',23,16,83,'5234841',0,1,'2025-10-01 17:31:57','2025-10-01 17:31:57',NULL),(4192,'4DE8T9',23,16,83,'1658924',0,1,'2025-10-01 17:31:57','2025-10-01 17:31:57',NULL),(4193,'4DE8T9',23,16,83,'1838987',0,1,'2025-10-01 17:31:57','2025-10-01 17:31:57',NULL),(4194,'4DE8T9',23,16,83,'5815618',0,1,'2025-10-01 17:31:57','2025-10-01 17:31:57',NULL),(4195,'4DE8T9',23,16,83,'2365998',0,1,'2025-10-01 17:31:57','2025-10-01 17:31:57',NULL),(4196,'4DE8T9',23,16,83,'5494159',0,1,'2025-10-01 17:31:57','2025-10-01 17:31:57',NULL),(4197,'4DE8T9',23,16,83,'7714183',0,1,'2025-10-01 17:31:57','2025-10-01 17:31:57',NULL),(4198,'4DE8T9',23,16,83,'8762525',0,1,'2025-10-01 17:31:57','2025-10-01 17:31:57',NULL),(4199,'4DE8T9',23,16,83,'6975911',0,1,'2025-10-01 17:31:57','2025-10-01 17:31:57',NULL),(4200,'4DE8T9',23,16,83,'1369892',0,1,'2025-10-01 17:31:57','2025-10-01 17:31:57',NULL),(4201,'4DE8T9',23,16,83,'3978613',0,1,'2025-10-01 17:31:57','2025-10-01 17:31:57',NULL),(4202,'4DE8T9',23,16,83,'8494312',0,1,'2025-10-01 17:31:57','2025-10-01 17:31:57',NULL),(4203,'4DE8T9',23,16,83,'9852793',0,1,'2025-10-01 17:31:57','2025-10-01 17:31:57',NULL),(4204,'4DE8T9',23,16,83,'9788195',0,1,'2025-10-01 17:31:57','2025-10-01 17:31:57',NULL),(4205,'4DE8T9',23,16,83,'7546261',0,1,'2025-10-01 17:31:57','2025-10-01 17:31:57',NULL),(4206,'4DE8T9',23,16,83,'9349585',0,1,'2025-10-01 17:31:57','2025-10-01 17:31:57',NULL),(4207,'4DE8T9',23,16,83,'8446712',0,1,'2025-10-01 17:31:57','2025-10-01 17:31:57',NULL),(4208,'4DE8T9',23,16,83,'2794713',0,1,'2025-10-01 17:31:57','2025-10-01 17:31:57',NULL),(4209,'4DE8T9',23,16,83,'8156671',0,1,'2025-10-01 17:31:57','2025-10-01 17:31:57',NULL),(4210,'4DE8T9',23,16,83,'9826921',0,1,'2025-10-01 17:31:57','2025-10-01 17:31:57',NULL),(4211,'4DE8T9',23,16,83,'2267254',0,1,'2025-10-01 17:31:57','2025-10-01 17:31:57',NULL),(4212,'4DE8T9',23,16,83,'6421487',0,1,'2025-10-01 17:31:57','2025-10-01 17:31:57',NULL),(4213,'4DE8T9',23,16,83,'7153517',0,1,'2025-10-01 17:31:57','2025-10-01 17:31:57',NULL),(4214,'4DE8T9',23,16,83,'9352958',0,1,'2025-10-01 17:31:57','2025-10-01 17:31:57',NULL),(4215,'4DE8T9',23,16,83,'2761254',0,1,'2025-10-01 17:31:57','2025-10-01 17:31:57',NULL),(4216,'4DE8T9',23,16,83,'6784384',0,1,'2025-10-01 17:31:57','2025-10-01 17:31:57',NULL),(4217,'4DE8T9',23,16,83,'4935614',0,1,'2025-10-01 17:31:57','2025-10-01 17:31:57',NULL),(4218,'4DE8T9',23,16,83,'7127582',0,1,'2025-10-01 17:31:57','2025-10-01 17:31:57',NULL),(4219,'4DE8T9',23,16,83,'1496412',0,1,'2025-10-01 17:31:57','2025-10-01 17:31:57',NULL),(4220,'4DE8T9',23,16,83,'4682439',0,1,'2025-10-01 17:31:57','2025-10-01 17:31:57',NULL),(4221,'4DE8T9',23,16,83,'5372735',0,1,'2025-10-01 17:31:57','2025-10-01 17:31:57',NULL),(4222,'4DE8T9',23,16,83,'8479834',0,1,'2025-10-01 17:31:57','2025-10-01 17:31:57',NULL),(4223,'4DE8T9',23,16,83,'3399979',0,1,'2025-10-01 17:31:57','2025-10-01 17:31:57',NULL),(4224,'4DE8T9',23,16,83,'7374199',0,1,'2025-10-01 17:31:57','2025-10-01 17:31:57',NULL),(4225,'4DE8T9',23,16,83,'6714112',0,1,'2025-10-01 17:31:57','2025-10-01 17:31:57',NULL),(4226,'4DE8T9',23,16,83,'8641618',0,1,'2025-10-01 17:31:57','2025-10-01 17:31:57',NULL),(4227,'4DE8T9',23,16,83,'7753341',0,1,'2025-10-01 17:31:57','2025-10-01 17:31:57',NULL),(4228,'4DE8T9',23,16,83,'1799423',0,1,'2025-10-01 17:31:57','2025-10-01 17:31:57',NULL),(4229,'4DE8T9',23,16,83,'3331211',0,1,'2025-10-01 17:31:57','2025-10-01 17:31:57',NULL),(4230,'4DE8T9',23,16,83,'7744584',0,1,'2025-10-01 17:31:57','2025-10-01 17:31:57',NULL),(4231,'4DE8T9',23,16,83,'5113471',0,1,'2025-10-01 17:31:57','2025-10-01 17:31:57',NULL),(4232,'4DE8T9',23,16,83,'2648586',0,1,'2025-10-01 17:31:57','2025-10-01 17:31:57',NULL),(4233,'4DE8T9',23,16,83,'3876143',0,1,'2025-10-01 17:31:57','2025-10-01 17:31:57',NULL),(4234,'4DE8T9',23,16,83,'6831474',0,1,'2025-10-01 17:31:57','2025-10-01 17:31:57',NULL),(4235,'4DE8T9',23,16,83,'4268939',0,1,'2025-10-01 17:31:57','2025-10-01 17:31:57',NULL),(4236,'4DE8T9',23,16,83,'5293435',0,1,'2025-10-01 17:31:57','2025-10-01 17:31:57',NULL),(4237,'4DE8T9',23,16,83,'4386763',0,1,'2025-10-01 17:31:57','2025-10-01 17:31:57',NULL),(4238,'4DE8T9',23,16,83,'2718826',0,1,'2025-10-01 17:31:57','2025-10-01 17:31:57',NULL),(4239,'4DE8T9',23,16,83,'8324932',0,1,'2025-10-01 17:31:57','2025-10-01 17:31:57',NULL),(4240,'4DE8T9',23,16,83,'7335273',0,1,'2025-10-01 17:31:57','2025-10-01 17:31:57',NULL),(4241,'4DE8T9',23,16,83,'6294193',0,1,'2025-10-01 17:31:57','2025-10-01 17:31:57',NULL),(4242,'4DE8T9',23,16,83,'8947361',0,1,'2025-10-01 17:31:57','2025-10-01 17:31:57',NULL),(4243,'4DE8T9',23,16,83,'6937424',0,1,'2025-10-01 17:31:57','2025-10-01 17:31:57',NULL),(4244,'4DE8T9',23,16,83,'1737845',0,1,'2025-10-01 17:31:57','2025-10-01 17:31:57',NULL),(4245,'4DE8T9',23,16,83,'4615648',0,1,'2025-10-01 17:31:57','2025-10-01 17:31:57',NULL),(4246,'4DE8T9',23,16,83,'1266364',0,1,'2025-10-01 17:31:57','2025-10-01 17:31:57',NULL),(4247,'4DE8T9',23,16,83,'7511626',0,1,'2025-10-01 17:31:58','2025-10-01 17:31:58',NULL),(4248,'4DE8T9',23,16,83,'3615745',0,1,'2025-10-01 17:31:58','2025-10-01 17:31:58',NULL),(4249,'4DE8T9',23,16,83,'5148278',0,1,'2025-10-01 17:31:58','2025-10-01 17:31:58',NULL),(4250,'4DE8T9',23,16,83,'2576825',0,1,'2025-10-01 17:31:58','2025-10-01 17:31:58',NULL),(4251,'4DE8T9',23,16,83,'4592198',0,1,'2025-10-01 17:31:58','2025-10-01 17:31:58',NULL),(4252,'4DE8T9',23,16,83,'4634467',0,1,'2025-10-01 17:31:58','2025-10-01 17:31:58',NULL),(4253,'4DE8T9',23,16,83,'5621128',0,1,'2025-10-01 17:31:58','2025-10-01 17:31:58',NULL),(4254,'4DE8T9',23,16,83,'6196733',0,1,'2025-10-01 17:31:58','2025-10-01 17:31:58',NULL),(4255,'4DE8T9',23,16,83,'4961982',0,1,'2025-10-01 17:31:58','2025-10-01 17:31:58',NULL),(4256,'4DE8T9',23,16,83,'5761446',0,1,'2025-10-01 17:31:58','2025-10-01 17:31:58',NULL),(4257,'4DE8T9',23,16,83,'6737598',0,1,'2025-10-01 17:31:58','2025-10-01 17:31:58',NULL),(4258,'4DE8T9',23,16,83,'7272461',0,1,'2025-10-01 17:31:58','2025-10-01 17:31:58',NULL),(4259,'4DE8T9',23,16,83,'5363237',0,1,'2025-10-01 17:31:58','2025-10-01 17:31:58',NULL),(4260,'4DE8T9',23,16,83,'5967995',0,1,'2025-10-01 17:31:58','2025-10-01 17:31:58',NULL),(4261,'4DE8T9',23,16,83,'9175811',0,1,'2025-10-01 17:31:58','2025-10-01 17:31:58',NULL),(4262,'4DE8T9',23,16,83,'4456198',0,1,'2025-10-01 17:31:58','2025-10-01 17:31:58',NULL),(4263,'4DE8T9',23,16,83,'9337993',0,1,'2025-10-01 17:31:58','2025-10-01 17:31:58',NULL),(4264,'4DE8T9',23,16,83,'6754649',0,1,'2025-10-01 17:31:58','2025-10-01 17:31:58',NULL),(4265,'4DE8T9',23,16,83,'2253545',0,1,'2025-10-01 17:31:58','2025-10-01 17:31:58',NULL),(4266,'4DE8T9',23,16,83,'7331153',0,1,'2025-10-01 17:31:58','2025-10-01 17:31:58',NULL),(4267,'4DE8T9',23,16,83,'8131374',0,1,'2025-10-01 17:31:58','2025-10-01 17:31:58',NULL),(4268,'4DE8T9',23,16,83,'1576199',0,1,'2025-10-01 17:31:58','2025-10-01 17:31:58',NULL),(4269,'4DE8T9',23,16,83,'6488374',0,1,'2025-10-01 17:31:58','2025-10-01 17:31:58',NULL),(4270,'4DE8T9',23,16,83,'2772529',0,1,'2025-10-01 17:31:58','2025-10-01 17:31:58',NULL),(4271,'4DE8T9',23,16,83,'6815488',0,1,'2025-10-01 17:31:58','2025-10-01 17:31:58',NULL),(4272,'4DE8T9',23,16,83,'2789158',0,1,'2025-10-01 17:31:58','2025-10-01 17:31:58',NULL),(4273,'4DE8T9',23,16,83,'4359489',0,1,'2025-10-01 17:31:58','2025-10-01 17:31:58',NULL),(4274,'4DE8T9',23,16,83,'9514731',0,1,'2025-10-01 17:31:58','2025-10-01 17:31:58',NULL),(4275,'4DE8T9',23,16,83,'6958447',0,1,'2025-10-01 17:31:58','2025-10-01 17:31:58',NULL),(4276,'4DE8T9',23,16,83,'6159782',0,1,'2025-10-01 17:31:58','2025-10-01 17:31:58',NULL),(4277,'4DE8T9',23,16,83,'3811958',0,1,'2025-10-01 17:31:58','2025-10-01 17:31:58',NULL),(4278,'4DE8T9',23,16,83,'2177438',0,1,'2025-10-01 17:31:58','2025-10-01 17:31:58',NULL),(4279,'4DE8T9',23,16,83,'4512336',0,1,'2025-10-01 17:31:58','2025-10-01 17:31:58',NULL),(4280,'4DE8T9',23,16,83,'2145317',0,1,'2025-10-01 17:31:58','2025-10-01 17:31:58',NULL),(4281,'4DE8T9',23,16,83,'3828467',0,1,'2025-10-01 17:31:58','2025-10-01 17:31:58',NULL),(4282,'4DE8T9',23,16,83,'6843583',0,1,'2025-10-01 17:31:58','2025-10-01 17:31:58',NULL),(4283,'4DE8T9',23,16,83,'5176839',0,1,'2025-10-01 17:31:58','2025-10-01 17:31:58',NULL),(4284,'4DE8T9',23,16,83,'8414152',0,1,'2025-10-01 17:31:58','2025-10-01 17:31:58',NULL),(4285,'4DE8T9',23,16,83,'5894113',0,1,'2025-10-01 17:31:58','2025-10-01 17:31:58',NULL),(4286,'4DE8T9',23,16,83,'7188336',0,1,'2025-10-01 17:31:58','2025-10-01 17:31:58',NULL),(4287,'4DE8T9',23,16,83,'1287328',0,1,'2025-10-01 17:31:58','2025-10-01 17:31:58',NULL),(4288,'4DE8T9',23,16,83,'2687255',0,1,'2025-10-01 17:31:58','2025-10-01 17:31:58',NULL),(4289,'4DE8T9',23,16,83,'5277692',0,1,'2025-10-01 17:31:58','2025-10-01 17:31:58',NULL),(4290,'4DE8T9',23,16,83,'3576192',0,1,'2025-10-01 17:31:58','2025-10-01 17:31:58',NULL),(4291,'4DE8T9',23,16,83,'8895569',0,1,'2025-10-01 17:31:58','2025-10-01 17:31:58',NULL),(4292,'4DE8T9',23,16,83,'2885887',0,1,'2025-10-01 17:31:58','2025-10-01 17:31:58',NULL),(4293,'4DE8T9',23,16,83,'6992215',0,1,'2025-10-01 17:31:58','2025-10-01 17:31:58',NULL),(4294,'4DE8T9',23,16,83,'6565166',0,1,'2025-10-01 17:31:58','2025-10-01 17:31:58',NULL),(4295,'4DE8T9',23,16,83,'2637821',0,1,'2025-10-01 17:31:58','2025-10-01 17:31:58',NULL),(4296,'4DE8T9',23,16,83,'1133787',0,1,'2025-10-01 17:31:58','2025-10-01 17:31:58',NULL),(4297,'4DE8T9',23,16,83,'5422842',0,1,'2025-10-01 17:31:58','2025-10-01 17:31:58',NULL),(4298,'4DE8T9',23,16,83,'2485789',0,1,'2025-10-01 17:31:58','2025-10-01 17:31:58',NULL),(4299,'4DE8T9',23,16,83,'2362679',0,1,'2025-10-01 17:31:58','2025-10-01 17:31:58',NULL),(4300,'4DE8T9',23,16,83,'4283936',0,1,'2025-10-01 17:31:58','2025-10-01 17:31:58',NULL),(4301,'4DE8T9',23,16,83,'7775141',0,1,'2025-10-01 17:31:58','2025-10-01 17:31:58',NULL),(4302,'4DE8T9',23,16,83,'8849619',0,1,'2025-10-01 17:31:58','2025-10-01 17:31:58',NULL),(4303,'4DE8T9',23,16,83,'8265861',0,1,'2025-10-01 17:31:58','2025-10-01 17:31:58',NULL),(4304,'4DE8T9',23,16,83,'8642521',0,1,'2025-10-01 17:31:58','2025-10-01 17:31:58',NULL),(4305,'4DE8T9',23,16,83,'8754458',0,1,'2025-10-01 17:31:58','2025-10-01 17:31:58',NULL),(4306,'4DE8T9',23,16,83,'2684312',0,1,'2025-10-01 17:31:58','2025-10-01 17:31:58',NULL),(4307,'4DE8T9',23,16,83,'5289557',0,1,'2025-10-01 17:31:58','2025-10-01 17:31:58',NULL),(4308,'4DE8T9',23,16,83,'8276777',0,1,'2025-10-01 17:31:58','2025-10-01 17:31:58',NULL),(4309,'4DE8T9',23,16,83,'7569416',0,1,'2025-10-01 17:31:58','2025-10-01 17:31:58',NULL),(4310,'4DE8T9',23,16,83,'4497852',0,1,'2025-10-01 17:31:58','2025-10-01 17:31:58',NULL),(4311,'4DE8T9',23,16,83,'6153959',0,1,'2025-10-01 17:31:58','2025-10-01 17:31:58',NULL),(4312,'4DE8T9',23,16,83,'1573226',0,1,'2025-10-01 17:31:58','2025-10-01 17:31:58',NULL),(4313,'4DE8T9',23,16,83,'4584345',0,1,'2025-10-01 17:31:58','2025-10-01 17:31:58',NULL),(4314,'4DE8T9',23,16,83,'7845141',0,1,'2025-10-01 17:31:58','2025-10-01 17:31:58',NULL),(4315,'4DE8T9',23,16,83,'1481237',0,1,'2025-10-01 17:31:58','2025-10-01 17:31:58',NULL),(4316,'4DE8T9',23,16,83,'6456752',0,1,'2025-10-01 17:31:58','2025-10-01 17:31:58',NULL),(4317,'4DE8T9',23,16,83,'1235314',0,1,'2025-10-01 17:31:58','2025-10-01 17:31:58',NULL),(4318,'4DE8T9',23,16,83,'8412878',0,1,'2025-10-01 17:31:58','2025-10-01 17:31:58',NULL),(4319,'4DE8T9',23,16,83,'7183398',0,1,'2025-10-01 17:31:58','2025-10-01 17:31:58',NULL),(4320,'4DE8T9',23,16,83,'2997671',0,1,'2025-10-01 17:31:58','2025-10-01 17:31:58',NULL),(4321,'4DE8T9',23,16,83,'3728689',0,1,'2025-10-01 17:31:58','2025-10-01 17:31:58',NULL),(4322,'4DE8T9',23,16,83,'5423837',0,1,'2025-10-01 17:31:58','2025-10-01 17:31:58',NULL),(4323,'4DE8T9',23,16,83,'7253874',0,1,'2025-10-01 17:31:58','2025-10-01 17:31:58',NULL),(4324,'4DE8T9',23,16,83,'3889414',0,1,'2025-10-01 17:31:58','2025-10-01 17:31:58',NULL),(4325,'4DE8T9',23,16,83,'7114995',0,1,'2025-10-01 17:31:58','2025-10-01 17:31:58',NULL),(4326,'4DE8T9',23,16,83,'9589797',0,1,'2025-10-01 17:31:58','2025-10-01 17:31:58',NULL),(4327,'4DE8T9',23,16,83,'6847221',0,1,'2025-10-01 17:31:58','2025-10-01 17:31:58',NULL),(4328,'4DE8T9',23,16,83,'7368432',0,1,'2025-10-01 17:31:58','2025-10-01 17:31:58',NULL),(4329,'4DE8T9',23,16,83,'2231298',0,1,'2025-10-01 17:31:59','2025-10-01 17:31:59',NULL),(4330,'4DE8T9',23,16,83,'3732995',0,1,'2025-10-01 17:31:59','2025-10-01 17:31:59',NULL),(4331,'4DE8T9',23,16,83,'5269753',0,1,'2025-10-01 17:31:59','2025-10-01 17:31:59',NULL),(4332,'4DE8T9',23,16,83,'8961434',0,1,'2025-10-01 17:31:59','2025-10-01 17:31:59',NULL),(4333,'4DE8T9',23,16,83,'3859935',0,1,'2025-10-01 17:31:59','2025-10-01 17:31:59',NULL),(4334,'4DE8T9',23,16,83,'3657839',0,1,'2025-10-01 17:31:59','2025-10-01 17:31:59',NULL),(4335,'4DE8T9',23,16,83,'5623493',0,1,'2025-10-01 17:31:59','2025-10-01 17:31:59',NULL),(4336,'4DE8T9',23,16,83,'9452687',0,1,'2025-10-01 17:31:59','2025-10-01 17:31:59',NULL),(4337,'4DE8T9',23,16,83,'7389492',0,1,'2025-10-01 17:31:59','2025-10-01 17:31:59',NULL),(4338,'4DE8T9',23,16,83,'7476852',0,1,'2025-10-01 17:31:59','2025-10-01 17:31:59',NULL),(4339,'4DE8T9',23,16,83,'2417152',0,1,'2025-10-01 17:31:59','2025-10-01 17:31:59',NULL),(4340,'4DE8T9',23,16,83,'2323578',0,1,'2025-10-01 17:31:59','2025-10-01 17:31:59',NULL),(4341,'4DE8T9',23,16,83,'9624361',0,1,'2025-10-01 17:31:59','2025-10-01 17:31:59',NULL),(4342,'4DE8T9',23,16,83,'2118113',0,1,'2025-10-01 17:31:59','2025-10-01 17:31:59',NULL),(4343,'4DE8T9',23,16,83,'9223792',0,1,'2025-10-01 17:31:59','2025-10-01 17:31:59',NULL),(4344,'4DE8T9',23,16,83,'9699636',0,1,'2025-10-01 17:31:59','2025-10-01 17:31:59',NULL),(4345,'4DE8T9',23,16,83,'9318968',0,1,'2025-10-01 17:31:59','2025-10-01 17:31:59',NULL),(4346,'4DE8T9',23,16,83,'7375275',0,1,'2025-10-01 17:31:59','2025-10-01 17:31:59',NULL),(4347,'4DE8T9',23,16,83,'4662877',0,1,'2025-10-01 17:31:59','2025-10-01 17:31:59',NULL),(4348,'4DE8T9',23,16,83,'5438295',0,1,'2025-10-01 17:31:59','2025-10-01 17:31:59',NULL),(4349,'4DE8T9',23,16,83,'6478231',0,1,'2025-10-01 17:31:59','2025-10-01 17:31:59',NULL),(4350,'4DE8T9',23,16,83,'2588571',0,1,'2025-10-01 17:31:59','2025-10-01 17:31:59',NULL),(4351,'4DE8T9',23,16,83,'3595579',0,1,'2025-10-01 17:31:59','2025-10-01 17:31:59',NULL),(4352,'4DE8T9',23,16,83,'2296668',0,1,'2025-10-01 17:31:59','2025-10-01 17:31:59',NULL),(4353,'4DE8T9',23,16,83,'6783979',0,1,'2025-10-01 17:31:59','2025-10-01 17:31:59',NULL),(4354,'4DE8T9',23,16,83,'7583522',0,1,'2025-10-01 17:31:59','2025-10-01 17:31:59',NULL),(4355,'4DE8T9',23,16,83,'8145571',0,1,'2025-10-01 17:31:59','2025-10-01 17:31:59',NULL),(4356,'4DE8T9',23,16,83,'1258981',0,1,'2025-10-01 17:31:59','2025-10-01 17:31:59',NULL),(4357,'4DE8T9',23,16,83,'7676411',0,1,'2025-10-01 17:31:59','2025-10-01 17:31:59',NULL),(4358,'4DE8T9',23,16,83,'1978631',0,1,'2025-10-01 17:31:59','2025-10-01 17:31:59',NULL),(4359,'4DE8T9',23,16,83,'9318945',0,1,'2025-10-01 17:31:59','2025-10-01 17:31:59',NULL),(4360,'4DE8T9',23,16,83,'8761548',0,1,'2025-10-01 17:31:59','2025-10-01 17:31:59',NULL),(4361,'4DE8T9',23,16,83,'6548259',0,1,'2025-10-01 17:31:59','2025-10-01 17:31:59',NULL),(4362,'4DE8T9',23,16,83,'9963383',0,1,'2025-10-01 17:31:59','2025-10-01 17:31:59',NULL),(4363,'4DE8T9',23,16,83,'2728994',0,1,'2025-10-01 17:31:59','2025-10-01 17:31:59',NULL),(4364,'4DE8T9',23,16,83,'9979166',0,1,'2025-10-01 17:31:59','2025-10-01 17:31:59',NULL),(4365,'4DE8T9',23,16,83,'3298962',0,1,'2025-10-01 17:31:59','2025-10-01 17:31:59',NULL),(4366,'4DE8T9',23,16,83,'7218486',0,1,'2025-10-01 17:31:59','2025-10-01 17:31:59',NULL),(4367,'4DE8T9',23,16,83,'1261426',0,1,'2025-10-01 17:31:59','2025-10-01 17:31:59',NULL),(4368,'4DE8T9',23,16,83,'8557349',0,1,'2025-10-01 17:31:59','2025-10-01 17:31:59',NULL),(4369,'4DE8T9',23,16,83,'4795986',0,1,'2025-10-01 17:31:59','2025-10-01 17:31:59',NULL),(4370,'4DE8T9',23,16,83,'9692465',0,1,'2025-10-01 17:31:59','2025-10-01 17:31:59',NULL),(4371,'4DE8T9',23,16,83,'1214752',0,1,'2025-10-01 17:31:59','2025-10-01 17:31:59',NULL),(4372,'4DE8T9',23,16,83,'7865522',0,1,'2025-10-01 17:31:59','2025-10-01 17:31:59',NULL),(4373,'4DE8T9',23,16,83,'4525526',0,1,'2025-10-01 17:31:59','2025-10-01 17:31:59',NULL),(4374,'4DE8T9',23,16,83,'9553872',0,1,'2025-10-01 17:31:59','2025-10-01 17:31:59',NULL),(4375,'4DE8T9',23,16,83,'4624521',0,1,'2025-10-01 17:31:59','2025-10-01 17:31:59',NULL),(4376,'4DE8T9',23,16,83,'3451355',0,1,'2025-10-01 17:31:59','2025-10-01 17:31:59',NULL),(4377,'4DE8T9',23,16,83,'6336133',0,1,'2025-10-01 17:31:59','2025-10-01 17:31:59',NULL),(4378,'4DE8T9',23,16,83,'7568354',0,1,'2025-10-01 17:31:59','2025-10-01 17:31:59',NULL),(4379,'4DE8T9',23,16,83,'6581399',0,1,'2025-10-01 17:31:59','2025-10-01 17:31:59',NULL),(4380,'4DE8T9',23,16,83,'2917375',0,1,'2025-10-01 17:31:59','2025-10-01 17:31:59',NULL),(4381,'4DE8T9',23,16,83,'7513795',0,1,'2025-10-01 17:31:59','2025-10-01 17:31:59',NULL),(4382,'4DE8T9',23,16,83,'4989663',0,1,'2025-10-01 17:31:59','2025-10-01 17:31:59',NULL),(4383,'4DE8T9',23,16,83,'1785757',0,1,'2025-10-01 17:31:59','2025-10-01 17:31:59',NULL),(4384,'4DE8T9',23,16,83,'8725679',0,1,'2025-10-01 17:31:59','2025-10-01 17:31:59',NULL),(4385,'4DE8T9',23,16,83,'4961713',0,1,'2025-10-01 17:31:59','2025-10-01 17:31:59',NULL),(4386,'4DE8T9',23,16,83,'6568226',0,1,'2025-10-01 17:31:59','2025-10-01 17:31:59',NULL),(4387,'4DE8T9',23,16,83,'5721185',0,1,'2025-10-01 17:31:59','2025-10-01 17:31:59',NULL),(4388,'4DE8T9',23,16,83,'8148943',0,1,'2025-10-01 17:31:59','2025-10-01 17:31:59',NULL),(4389,'4DE8T9',23,16,83,'7593239',0,1,'2025-10-01 17:31:59','2025-10-01 17:31:59',NULL),(4390,'4DE8T9',23,16,83,'5649339',0,1,'2025-10-01 17:31:59','2025-10-01 17:31:59',NULL),(4391,'4DE8T9',23,16,83,'6738324',0,1,'2025-10-01 17:31:59','2025-10-01 17:31:59',NULL),(4392,'4DE8T9',23,16,83,'9213112',0,1,'2025-10-01 17:31:59','2025-10-01 17:31:59',NULL),(4393,'4DE8T9',23,16,83,'4821698',0,1,'2025-10-01 17:31:59','2025-10-01 17:31:59',NULL),(4394,'4DE8T9',23,16,83,'1187936',0,1,'2025-10-01 17:31:59','2025-10-01 17:31:59',NULL),(4395,'4DE8T9',23,16,83,'2153727',0,1,'2025-10-01 17:31:59','2025-10-01 17:31:59',NULL),(4396,'4DE8T9',23,16,83,'6365625',0,1,'2025-10-01 17:31:59','2025-10-01 17:31:59',NULL),(4397,'4DE8T9',23,16,83,'6996647',0,1,'2025-10-01 17:31:59','2025-10-01 17:31:59',NULL),(4398,'4DE8T9',23,16,83,'4439981',0,1,'2025-10-01 17:31:59','2025-10-01 17:31:59',NULL),(4399,'4DE8T9',23,16,83,'7872288',0,1,'2025-10-01 17:31:59','2025-10-01 17:31:59',NULL),(4400,'4DE8T9',23,16,83,'2252464',0,1,'2025-10-01 17:31:59','2025-10-01 17:31:59',NULL),(4401,'4DE8T9',23,16,83,'8834188',0,1,'2025-10-01 17:31:59','2025-10-01 17:31:59',NULL),(4402,'4DE8T9',23,16,83,'1134227',0,1,'2025-10-01 17:31:59','2025-10-01 17:31:59',NULL),(4403,'4DE8T9',23,16,83,'2116126',0,1,'2025-10-01 17:31:59','2025-10-01 17:31:59',NULL),(4404,'4DE8T9',23,16,83,'2321733',0,1,'2025-10-01 17:31:59','2025-10-01 17:31:59',NULL),(4405,'4DE8T9',23,16,83,'7634678',0,1,'2025-10-01 17:32:00','2025-10-01 17:32:00',NULL),(4406,'4DE8T9',23,16,83,'2349687',0,1,'2025-10-01 17:32:00','2025-10-01 17:32:00',NULL),(4407,'4DE8T9',23,16,83,'2263265',0,1,'2025-10-01 17:32:00','2025-10-01 17:32:00',NULL),(4408,'4DE8T9',23,16,83,'6454284',0,1,'2025-10-01 17:32:00','2025-10-01 17:32:00',NULL),(4409,'4DE8T9',23,16,83,'6626355',0,1,'2025-10-01 17:32:00','2025-10-01 17:32:00',NULL),(4410,'4DE8T9',23,16,83,'1562785',0,1,'2025-10-01 17:32:00','2025-10-01 17:32:00',NULL),(4411,'4DE8T9',23,16,83,'5327379',0,1,'2025-10-01 17:32:00','2025-10-01 17:32:00',NULL),(4412,'4DE8T9',23,16,83,'5153839',0,1,'2025-10-01 17:32:00','2025-10-01 17:32:00',NULL),(4413,'4DE8T9',23,16,83,'6666596',0,1,'2025-10-01 17:32:00','2025-10-01 17:32:00',NULL),(4414,'4DE8T9',23,16,83,'6774636',0,1,'2025-10-01 17:32:00','2025-10-01 17:32:00',NULL),(4415,'4DE8T9',23,16,83,'6414725',0,1,'2025-10-01 17:32:00','2025-10-01 17:32:00',NULL),(4416,'4DE8T9',23,16,83,'4139656',0,1,'2025-10-01 17:32:00','2025-10-01 17:32:00',NULL),(4417,'4DE8T9',23,16,83,'8756838',0,1,'2025-10-01 17:32:00','2025-10-01 17:32:00',NULL),(4418,'4DE8T9',23,16,83,'5211638',0,1,'2025-10-01 17:32:00','2025-10-01 17:32:00',NULL),(4419,'4DE8T9',23,16,83,'8761318',0,1,'2025-10-01 17:32:00','2025-10-01 17:32:00',NULL),(4420,'4DE8T9',23,16,83,'3365142',0,1,'2025-10-01 17:32:00','2025-10-01 17:32:00',NULL),(4421,'4DE8T9',23,16,83,'1412243',0,1,'2025-10-01 17:32:00','2025-10-01 17:32:00',NULL),(4422,'4DE8T9',23,16,83,'5833484',0,1,'2025-10-01 17:32:00','2025-10-01 17:32:00',NULL),(4423,'4DE8T9',23,16,83,'1479366',0,1,'2025-10-01 17:32:00','2025-10-01 17:32:00',NULL),(4424,'4DE8T9',23,16,83,'9238394',0,1,'2025-10-01 17:32:00','2025-10-01 17:32:00',NULL),(4425,'4DE8T9',23,16,83,'8322837',0,1,'2025-10-01 17:32:00','2025-10-01 17:32:00',NULL),(4426,'4DE8T9',23,16,83,'9178233',0,1,'2025-10-01 17:32:00','2025-10-01 17:32:00',NULL),(4427,'4DE8T9',23,16,83,'2699792',0,1,'2025-10-01 17:32:00','2025-10-01 17:32:00',NULL),(4428,'4DE8T9',23,16,83,'1324141',0,1,'2025-10-01 17:32:00','2025-10-01 17:32:00',NULL),(4429,'4DE8T9',23,16,83,'6242646',0,1,'2025-10-01 17:32:00','2025-10-01 17:32:00',NULL),(4430,'4DE8T9',23,16,83,'6665956',0,1,'2025-10-01 17:32:00','2025-10-01 17:32:00',NULL),(4431,'4DE8T9',23,16,83,'6166332',0,1,'2025-10-01 17:32:00','2025-10-01 17:32:00',NULL),(4432,'4DE8T9',23,16,83,'5852677',0,1,'2025-10-01 17:32:00','2025-10-01 17:32:00',NULL),(4433,'4DE8T9',23,16,83,'5886844',0,1,'2025-10-01 17:32:00','2025-10-01 17:32:00',NULL),(4434,'4DE8T9',23,16,83,'8897854',0,1,'2025-10-01 17:32:00','2025-10-01 17:32:00',NULL),(4435,'4DE8T9',23,16,83,'7752713',0,1,'2025-10-01 17:32:00','2025-10-01 17:32:00',NULL),(4436,'4DE8T9',23,16,83,'2364489',0,1,'2025-10-01 17:32:00','2025-10-01 17:32:00',NULL),(4437,'4DE8T9',23,16,83,'4835477',0,1,'2025-10-01 17:32:00','2025-10-01 17:32:00',NULL),(4438,'4DE8T9',23,16,83,'9119398',0,1,'2025-10-01 17:32:00','2025-10-01 17:32:00',NULL),(4439,'4DE8T9',23,16,83,'2414957',0,1,'2025-10-01 17:32:00','2025-10-01 17:32:00',NULL),(4440,'4DE8T9',23,16,83,'9788317',0,1,'2025-10-01 17:32:00','2025-10-01 17:32:00',NULL),(4441,'4DE8T9',23,16,83,'2851523',0,1,'2025-10-01 17:32:00','2025-10-01 17:32:00',NULL),(4442,'4DE8T9',23,16,83,'8427466',0,1,'2025-10-01 17:32:00','2025-10-01 17:32:00',NULL),(4443,'4DE8T9',23,16,83,'7578873',0,1,'2025-10-01 17:32:00','2025-10-01 17:32:00',NULL),(4444,'4DE8T9',23,16,83,'9314335',0,1,'2025-10-01 17:32:00','2025-10-01 17:32:00',NULL),(4445,'4DE8T9',23,16,83,'2744153',0,1,'2025-10-01 17:32:00','2025-10-01 17:32:00',NULL),(4446,'4DE8T9',23,16,83,'7126371',0,1,'2025-10-01 17:32:00','2025-10-01 17:32:00',NULL),(4447,'4DE8T9',23,16,83,'4239196',0,1,'2025-10-01 17:32:00','2025-10-01 17:32:00',NULL),(4448,'4DE8T9',23,16,83,'7435412',0,1,'2025-10-01 17:32:00','2025-10-01 17:32:00',NULL),(4449,'4DE8T9',23,16,83,'9861149',0,1,'2025-10-01 17:32:00','2025-10-01 17:32:00',NULL),(4450,'4DE8T9',23,16,83,'9167487',0,1,'2025-10-01 17:32:00','2025-10-01 17:32:00',NULL),(4451,'4DE8T9',23,16,83,'8232411',0,1,'2025-10-01 17:32:00','2025-10-01 17:32:00',NULL),(4452,'4DE8T9',23,16,83,'7251921',0,1,'2025-10-01 17:32:00','2025-10-01 17:32:00',NULL),(4453,'4DE8T9',23,16,83,'6145254',0,1,'2025-10-01 17:32:00','2025-10-01 17:32:00',NULL),(4454,'4DE8T9',23,16,83,'5178273',0,1,'2025-10-01 17:32:00','2025-10-01 17:32:00',NULL),(4455,'4DE8T9',23,16,83,'8755155',0,1,'2025-10-01 17:32:00','2025-10-01 17:32:00',NULL),(4456,'4DE8T9',23,16,83,'4882887',0,1,'2025-10-01 17:32:00','2025-10-01 17:32:00',NULL),(4457,'4DE8T9',23,16,83,'7159348',0,1,'2025-10-01 17:32:00','2025-10-01 17:32:00',NULL),(4458,'4DE8T9',23,16,83,'9487999',0,1,'2025-10-01 17:32:00','2025-10-01 17:32:00',NULL),(4459,'4DE8T9',23,16,83,'6746792',0,1,'2025-10-01 17:32:00','2025-10-01 17:32:00',NULL),(4460,'4DE8T9',23,16,83,'5239169',0,1,'2025-10-01 17:32:00','2025-10-01 17:32:00',NULL),(4461,'4DE8T9',23,16,83,'7832649',0,1,'2025-10-01 17:32:00','2025-10-01 17:32:00',NULL),(4462,'4DE8T9',23,16,83,'8156247',0,1,'2025-10-01 17:32:00','2025-10-01 17:32:00',NULL),(4463,'4DE8T9',23,16,83,'6374193',0,1,'2025-10-01 17:32:00','2025-10-01 17:32:00',NULL),(4464,'4DE8T9',23,16,83,'5276241',0,1,'2025-10-01 17:32:00','2025-10-01 17:32:00',NULL),(4465,'4DE8T9',23,16,83,'6124848',0,1,'2025-10-01 17:32:00','2025-10-01 17:32:00',NULL),(4466,'4DE8T9',23,16,83,'4182956',0,1,'2025-10-01 17:32:00','2025-10-01 17:32:00',NULL),(4467,'4DE8T9',23,16,83,'4732929',0,1,'2025-10-01 17:32:00','2025-10-01 17:32:00',NULL),(4468,'4DE8T9',23,16,83,'2944926',0,1,'2025-10-01 17:32:00','2025-10-01 17:32:00',NULL),(4469,'4DE8T9',23,16,83,'4929245',0,1,'2025-10-01 17:32:00','2025-10-01 17:32:00',NULL),(4470,'4DE8T9',23,16,83,'4348444',0,1,'2025-10-01 17:32:00','2025-10-01 17:32:00',NULL),(4471,'4DE8T9',23,16,83,'1968267',0,1,'2025-10-01 17:32:00','2025-10-01 17:32:00',NULL),(4472,'4DE8T9',23,16,83,'2668683',0,1,'2025-10-01 17:32:00','2025-10-01 17:32:00',NULL),(4473,'4DE8T9',23,16,83,'2656134',0,1,'2025-10-01 17:32:00','2025-10-01 17:32:00',NULL),(4474,'4DE8T9',23,16,83,'5391361',0,1,'2025-10-01 17:32:00','2025-10-01 17:32:00',NULL),(4475,'4DE8T9',23,16,83,'5719948',0,1,'2025-10-01 17:32:00','2025-10-01 17:32:00',NULL),(4476,'4DE8T9',23,16,83,'5455349',0,1,'2025-10-01 17:32:00','2025-10-01 17:32:00',NULL),(4477,'4DE8T9',23,16,83,'3243124',0,1,'2025-10-01 17:32:00','2025-10-01 17:32:00',NULL),(4478,'4DE8T9',23,16,83,'9345359',0,1,'2025-10-01 17:32:00','2025-10-01 17:32:00',NULL),(4479,'4DE8T9',23,16,83,'7679329',0,1,'2025-10-01 17:32:00','2025-10-01 17:32:00',NULL),(4480,'4DE8T9',23,16,83,'6376392',0,1,'2025-10-01 17:32:00','2025-10-01 17:32:00',NULL),(4481,'4DE8T9',23,16,83,'2797884',0,1,'2025-10-01 17:32:01','2025-10-01 17:32:01',NULL),(4482,'4DE8T9',23,16,83,'5939678',0,1,'2025-10-01 17:32:01','2025-10-01 17:32:01',NULL),(4483,'4DE8T9',23,16,83,'5694453',0,1,'2025-10-01 17:32:01','2025-10-01 17:32:01',NULL),(4484,'4DE8T9',23,16,83,'5257434',0,1,'2025-10-01 17:32:01','2025-10-01 17:32:01',NULL),(4485,'4DE8T9',23,16,83,'6221515',0,1,'2025-10-01 17:32:01','2025-10-01 17:32:01',NULL),(4486,'4DE8T9',23,16,83,'6243918',0,1,'2025-10-01 17:32:01','2025-10-01 17:32:01',NULL),(4487,'4DE8T9',23,16,83,'9563289',0,1,'2025-10-01 17:32:01','2025-10-01 17:32:01',NULL),(4488,'4DE8T9',23,16,83,'2297727',0,1,'2025-10-01 17:32:01','2025-10-01 17:32:01',NULL),(4489,'4DE8T9',23,16,83,'1967767',0,1,'2025-10-01 17:32:01','2025-10-01 17:32:01',NULL),(4490,'4DE8T9',23,16,83,'3151145',0,1,'2025-10-01 17:32:01','2025-10-01 17:32:01',NULL),(4491,'4DE8T9',23,16,83,'1735692',0,1,'2025-10-01 17:32:01','2025-10-01 17:32:01',NULL),(4492,'4DE8T9',23,16,83,'2387924',0,1,'2025-10-01 17:32:01','2025-10-01 17:32:01',NULL),(4493,'4DE8T9',23,16,83,'4411291',0,1,'2025-10-01 17:32:01','2025-10-01 17:32:01',NULL),(4494,'4DE8T9',23,16,83,'5813384',0,1,'2025-10-01 17:32:01','2025-10-01 17:32:01',NULL),(4495,'4DE8T9',23,16,83,'5385333',0,1,'2025-10-01 17:32:01','2025-10-01 17:32:01',NULL),(4496,'4DE8T9',23,16,83,'9314284',0,1,'2025-10-01 17:32:01','2025-10-01 17:32:01',NULL),(4497,'4DE8T9',23,16,83,'5611486',0,1,'2025-10-01 17:32:01','2025-10-01 17:32:01',NULL),(4498,'4DE8T9',23,16,83,'6634236',0,1,'2025-10-01 17:32:01','2025-10-01 17:32:01',NULL),(4499,'4DE8T9',23,16,83,'7227652',0,1,'2025-10-01 17:32:01','2025-10-01 17:32:01',NULL),(4500,'4DE8T9',23,16,83,'7767625',0,1,'2025-10-01 17:32:01','2025-10-01 17:32:01',NULL),(4501,'4DE8T9',23,16,83,'6615686',0,1,'2025-10-01 17:32:01','2025-10-01 17:32:01',NULL),(4502,'4DE8T9',23,16,83,'5577971',0,1,'2025-10-01 17:32:01','2025-10-01 17:32:01',NULL),(4503,'4DE8T9',23,16,83,'8394744',0,1,'2025-10-01 17:32:01','2025-10-01 17:32:01',NULL),(4504,'4DE8T9',23,16,83,'9113722',0,1,'2025-10-01 17:32:01','2025-10-01 17:32:01',NULL),(4505,'4DE8T9',23,16,83,'8778381',0,1,'2025-10-01 17:32:01','2025-10-01 17:32:01',NULL),(4506,'4DE8T9',23,16,83,'4282379',0,1,'2025-10-01 17:32:01','2025-10-01 17:32:01',NULL),(4507,'4DE8T9',23,16,83,'9282339',0,1,'2025-10-01 17:32:01','2025-10-01 17:32:01',NULL),(4508,'4DE8T9',23,16,83,'9668923',0,1,'2025-10-01 17:32:01','2025-10-01 17:32:01',NULL),(4509,'4DE8T9',23,16,83,'8591318',0,1,'2025-10-01 17:32:01','2025-10-01 17:32:01',NULL),(4510,'4DE8T9',23,16,83,'4977259',0,1,'2025-10-01 17:32:01','2025-10-01 17:32:01',NULL),(4511,'4DE8T9',23,16,83,'2376869',0,1,'2025-10-01 17:32:01','2025-10-01 17:32:01',NULL),(4512,'4DE8T9',23,16,83,'8517537',0,1,'2025-10-01 17:32:01','2025-10-01 17:32:01',NULL),(4513,'4DE8T9',23,16,83,'6224913',0,1,'2025-10-01 17:32:01','2025-10-01 17:32:01',NULL),(4514,'4DE8T9',23,16,83,'8478542',0,1,'2025-10-01 17:32:01','2025-10-01 17:32:01',NULL),(4515,'4DE8T9',23,16,83,'7889988',0,1,'2025-10-01 17:32:01','2025-10-01 17:32:01',NULL),(4516,'4DE8T9',23,16,83,'3619622',0,1,'2025-10-01 17:32:01','2025-10-01 17:32:01',NULL),(4517,'4DE8T9',23,16,83,'3116995',0,1,'2025-10-01 17:32:01','2025-10-01 17:32:01',NULL),(4518,'4DE8T9',23,16,83,'2656394',0,1,'2025-10-01 17:32:01','2025-10-01 17:32:01',NULL),(4519,'4DE8T9',23,16,83,'9696973',0,1,'2025-10-01 17:32:01','2025-10-01 17:32:01',NULL),(4520,'4DE8T9',23,16,83,'3246349',0,1,'2025-10-01 17:32:01','2025-10-01 17:32:01',NULL),(4521,'4DE8T9',23,16,83,'2385728',0,1,'2025-10-01 17:32:01','2025-10-01 17:32:01',NULL),(4522,'4DE8T9',23,16,83,'1562825',0,1,'2025-10-01 17:32:01','2025-10-01 17:32:01',NULL),(4523,'4DE8T9',23,16,83,'2362298',0,1,'2025-10-01 17:32:01','2025-10-01 17:32:01',NULL),(4524,'4DE8T9',23,16,83,'3593877',0,1,'2025-10-01 17:32:01','2025-10-01 17:32:01',NULL),(4525,'4DE8T9',23,16,83,'1625461',0,1,'2025-10-01 17:32:01','2025-10-01 17:32:01',NULL),(4526,'4DE8T9',23,16,83,'2484389',0,1,'2025-10-01 17:32:01','2025-10-01 17:32:01',NULL),(4527,'4DE8T9',23,16,83,'1954559',0,1,'2025-10-01 17:32:01','2025-10-01 17:32:01',NULL),(4528,'4DE8T9',23,16,83,'6642196',0,1,'2025-10-01 17:32:01','2025-10-01 17:32:01',NULL),(4529,'4DE8T9',23,16,83,'1878197',0,1,'2025-10-01 17:32:01','2025-10-01 17:32:01',NULL),(4530,'4DE8T9',23,16,83,'1762868',0,1,'2025-10-01 17:32:01','2025-10-01 17:32:01',NULL),(4531,'4DE8T9',23,16,83,'6647216',0,1,'2025-10-01 17:32:01','2025-10-01 17:32:01',NULL),(4532,'4DE8T9',23,16,83,'7716497',0,1,'2025-10-01 17:32:01','2025-10-01 17:32:01',NULL),(4533,'4DE8T9',23,16,83,'3163118',0,1,'2025-10-01 17:32:01','2025-10-01 17:32:01',NULL),(4534,'4DE8T9',23,16,83,'8348957',0,1,'2025-10-01 17:32:02','2025-10-01 17:32:02',NULL),(4535,'4DE8T9',23,16,83,'2886457',0,1,'2025-10-01 17:32:02','2025-10-01 17:32:02',NULL),(4536,'4DE8T9',23,16,83,'9298896',0,1,'2025-10-01 17:32:02','2025-10-01 17:32:02',NULL),(4537,'4DE8T9',23,16,83,'4621469',0,1,'2025-10-01 17:32:02','2025-10-01 17:32:02',NULL),(4538,'4DE8T9',23,16,83,'5116456',0,1,'2025-10-01 17:32:02','2025-10-01 17:32:02',NULL),(4539,'4DE8T9',23,16,83,'4798266',0,1,'2025-10-01 17:32:02','2025-10-01 17:32:02',NULL),(4540,'4DE8T9',23,16,83,'5476945',0,1,'2025-10-01 17:32:02','2025-10-01 17:32:02',NULL),(4541,'4DE8T9',23,16,83,'3152353',0,1,'2025-10-01 17:32:02','2025-10-01 17:32:02',NULL),(4542,'4DE8T9',23,16,83,'4882314',0,1,'2025-10-01 17:32:02','2025-10-01 17:32:02',NULL),(4543,'4DE8T9',23,16,83,'7894318',0,1,'2025-10-01 17:32:02','2025-10-01 17:32:02',NULL),(4544,'4DE8T9',23,16,83,'5768337',0,1,'2025-10-01 17:32:02','2025-10-01 17:32:02',NULL),(4545,'4DE8T9',23,16,83,'1843799',0,1,'2025-10-01 17:32:02','2025-10-01 17:32:02',NULL),(4546,'4DE8T9',23,16,83,'6328782',0,1,'2025-10-01 17:32:02','2025-10-01 17:32:02',NULL),(4547,'4DE8T9',23,16,83,'1122917',0,1,'2025-10-01 17:32:02','2025-10-01 17:32:02',NULL),(4548,'4DE8T9',23,16,83,'6625861',0,1,'2025-10-01 17:32:02','2025-10-01 17:32:02',NULL),(4549,'4DE8T9',23,16,83,'8393927',0,1,'2025-10-01 17:32:02','2025-10-01 17:32:02',NULL),(4550,'4DE8T9',23,16,83,'4168514',0,1,'2025-10-01 17:32:02','2025-10-01 17:32:02',NULL),(4551,'4DE8T9',23,16,83,'1569184',0,1,'2025-10-01 17:32:02','2025-10-01 17:32:02',NULL),(4552,'4DE8T9',23,16,83,'7819239',0,1,'2025-10-01 17:32:02','2025-10-01 17:32:02',NULL),(4553,'4DE8T9',23,16,83,'9271371',0,1,'2025-10-01 17:32:02','2025-10-01 17:32:02',NULL),(4554,'4DE8T9',23,16,83,'4156376',0,1,'2025-10-01 17:32:02','2025-10-01 17:32:02',NULL),(4555,'4DE8T9',23,16,83,'8536467',0,1,'2025-10-01 17:32:02','2025-10-01 17:32:02',NULL),(4556,'4DE8T9',23,16,83,'6174683',0,1,'2025-10-01 17:32:02','2025-10-01 17:32:02',NULL),(4557,'4DE8T9',23,16,83,'6832458',0,1,'2025-10-01 17:32:02','2025-10-01 17:32:02',NULL),(4558,'4DE8T9',23,16,83,'2717514',0,1,'2025-10-01 17:32:02','2025-10-01 17:32:02',NULL),(4559,'4DE8T9',23,16,83,'6299343',0,1,'2025-10-01 17:32:02','2025-10-01 17:32:02',NULL),(4560,'4DE8T9',23,16,83,'1679651',0,1,'2025-10-01 17:32:02','2025-10-01 17:32:02',NULL),(4561,'4DE8T9',23,16,83,'9237549',0,1,'2025-10-01 17:32:02','2025-10-01 17:32:02',NULL),(4562,'4DE8T9',23,16,83,'8981994',0,1,'2025-10-01 17:32:02','2025-10-01 17:32:02',NULL),(4563,'4DE8T9',23,16,83,'9852827',0,1,'2025-10-01 17:32:02','2025-10-01 17:32:02',NULL),(4564,'4DE8T9',23,16,83,'3592897',0,1,'2025-10-01 17:32:02','2025-10-01 17:32:02',NULL),(4565,'4DE8T9',23,16,83,'9219227',0,1,'2025-10-01 17:32:02','2025-10-01 17:32:02',NULL),(4566,'4DE8T9',23,16,83,'6335484',0,1,'2025-10-01 17:32:02','2025-10-01 17:32:02',NULL),(4567,'4DE8T9',23,16,83,'5327842',0,1,'2025-10-01 17:32:02','2025-10-01 17:32:02',NULL),(4568,'4DE8T9',23,16,83,'8276185',0,1,'2025-10-01 17:32:02','2025-10-01 17:32:02',NULL),(4569,'4DE8T9',23,16,83,'8724392',0,1,'2025-10-01 17:32:02','2025-10-01 17:32:02',NULL),(4570,'4DE8T9',23,16,83,'8285675',0,1,'2025-10-01 17:32:02','2025-10-01 17:32:02',NULL),(4571,'4DE8T9',23,16,83,'3434481',0,1,'2025-10-01 17:32:02','2025-10-01 17:32:02',NULL),(4572,'4DE8T9',23,16,83,'7577711',0,1,'2025-10-01 17:32:02','2025-10-01 17:32:02',NULL),(4573,'4DE8T9',23,16,83,'9556983',0,1,'2025-10-01 17:32:02','2025-10-01 17:32:02',NULL),(4574,'4DE8T9',23,16,83,'2215387',0,1,'2025-10-01 17:32:02','2025-10-01 17:32:02',NULL),(4575,'4DE8T9',23,16,83,'9741364',0,1,'2025-10-01 17:32:02','2025-10-01 17:32:02',NULL),(4576,'4DE8T9',23,16,83,'7528139',0,1,'2025-10-01 17:32:02','2025-10-01 17:32:02',NULL),(4577,'4DE8T9',23,16,83,'8743958',0,1,'2025-10-01 17:32:02','2025-10-01 17:32:02',NULL),(4578,'4DE8T9',23,16,83,'6633787',0,1,'2025-10-01 17:32:02','2025-10-01 17:32:02',NULL),(4579,'4DE8T9',23,16,83,'7343978',0,1,'2025-10-01 17:32:02','2025-10-01 17:32:02',NULL),(4580,'4DE8T9',23,16,83,'9958738',0,1,'2025-10-01 17:32:02','2025-10-01 17:32:02',NULL),(4581,'4DE8T9',23,16,83,'2558437',0,1,'2025-10-01 17:32:02','2025-10-01 17:32:02',NULL),(4582,'4DE8T9',23,16,83,'3798762',0,1,'2025-10-01 17:32:02','2025-10-01 17:32:02',NULL),(4583,'4DE8T9',23,16,83,'7324737',0,1,'2025-10-01 17:32:03','2025-10-01 17:32:03',NULL),(4584,'4DE8T9',23,16,83,'9345633',0,1,'2025-10-01 17:32:03','2025-10-01 17:32:03',NULL),(4585,'4DE8T9',23,16,83,'2934235',0,1,'2025-10-01 17:32:03','2025-10-01 17:32:03',NULL),(4586,'4DE8T9',23,16,83,'5537253',0,1,'2025-10-01 17:32:03','2025-10-01 17:32:03',NULL),(4587,'4DE8T9',23,16,83,'4442377',0,1,'2025-10-01 17:32:03','2025-10-01 17:32:03',NULL),(4588,'4DE8T9',23,16,83,'7647292',0,1,'2025-10-01 17:32:03','2025-10-01 17:32:03',NULL),(4589,'4DE8T9',23,16,83,'7463691',0,1,'2025-10-01 17:32:03','2025-10-01 17:32:03',NULL),(4590,'4DE8T9',23,16,83,'9859211',0,1,'2025-10-01 17:32:03','2025-10-01 17:32:03',NULL),(4591,'4DE8T9',23,16,83,'4852197',0,1,'2025-10-01 17:32:03','2025-10-01 17:32:03',NULL),(4592,'4DE8T9',23,16,83,'3793688',0,1,'2025-10-01 17:32:03','2025-10-01 17:32:03',NULL),(4593,'4DE8T9',23,16,83,'8984735',0,1,'2025-10-01 17:32:03','2025-10-01 17:32:03',NULL),(4594,'4DE8T9',23,16,83,'5219451',0,1,'2025-10-01 17:32:03','2025-10-01 17:32:03',NULL),(4595,'4DE8T9',23,16,83,'2492638',0,1,'2025-10-01 17:32:03','2025-10-01 17:32:03',NULL),(4596,'4DE8T9',23,16,83,'5457183',0,1,'2025-10-01 17:32:03','2025-10-01 17:32:03',NULL),(4597,'4DE8T9',23,16,83,'6418875',0,1,'2025-10-01 17:32:03','2025-10-01 17:32:03',NULL),(4598,'4DE8T9',23,16,83,'2859899',0,1,'2025-10-01 17:32:03','2025-10-01 17:32:03',NULL),(4599,'4DE8T9',23,16,83,'5165945',0,1,'2025-10-01 17:32:03','2025-10-01 17:32:03',NULL),(4600,'4DE8T9',23,16,83,'5424368',0,1,'2025-10-01 17:32:03','2025-10-01 17:32:03',NULL),(4601,'4DE8T9',23,16,83,'9316718',0,1,'2025-10-01 17:32:03','2025-10-01 17:32:03',NULL),(4602,'4DE8T9',23,16,83,'3955579',0,1,'2025-10-01 17:32:03','2025-10-01 17:32:03',NULL),(4603,'EUNW4T',23,16,85,'9668771',0,1,'2025-10-01 17:33:29','2025-10-01 17:33:29',NULL),(4604,'EUNW4T',23,16,85,'4428425',0,1,'2025-10-01 17:33:29','2025-10-01 17:33:29',NULL),(4605,'EUNW4T',23,16,85,'4829732',0,1,'2025-10-01 17:33:29','2025-10-01 17:33:29',NULL),(4606,'EUNW4T',23,16,85,'4812167',0,1,'2025-10-01 17:33:29','2025-10-01 17:33:29',NULL),(4607,'EUNW4T',23,16,85,'8582245',0,1,'2025-10-01 17:33:29','2025-10-01 17:33:29',NULL),(4608,'EUNW4T',23,16,85,'8981939',0,1,'2025-10-01 17:33:29','2025-10-01 17:33:29',NULL),(4609,'EUNW4T',23,16,85,'1832593',0,1,'2025-10-01 17:33:29','2025-10-01 17:33:29',NULL),(4610,'EUNW4T',23,16,85,'8936566',0,1,'2025-10-01 17:33:29','2025-10-01 17:33:29',NULL),(4611,'EUNW4T',23,16,85,'7715555',0,1,'2025-10-01 17:33:29','2025-10-01 17:33:29',NULL),(4612,'EUNW4T',23,16,85,'4335673',0,1,'2025-10-01 17:33:29','2025-10-01 17:33:29',NULL),(4613,'EUNW4T',23,16,85,'4558154',0,1,'2025-10-01 17:33:29','2025-10-01 17:33:29',NULL),(4614,'EUNW4T',23,16,85,'7847948',0,1,'2025-10-01 17:33:29','2025-10-01 17:33:29',NULL),(4615,'EUNW4T',23,16,85,'5411838',0,1,'2025-10-01 17:33:29','2025-10-01 17:33:29',NULL),(4616,'EUNW4T',23,16,85,'9632754',0,1,'2025-10-01 17:33:29','2025-10-01 17:33:29',NULL),(4617,'EUNW4T',23,16,85,'6395215',0,1,'2025-10-01 17:33:29','2025-10-01 17:33:29',NULL),(4618,'EUNW4T',23,16,85,'4598991',0,1,'2025-10-01 17:33:29','2025-10-01 17:33:29',NULL),(4619,'EUNW4T',23,16,85,'7482837',0,1,'2025-10-01 17:33:29','2025-10-01 17:33:29',NULL),(4620,'EUNW4T',23,16,85,'3578458',0,1,'2025-10-01 17:33:29','2025-10-01 17:33:29',NULL),(4621,'EUNW4T',23,16,85,'8422329',0,1,'2025-10-01 17:33:29','2025-10-01 17:33:29',NULL),(4622,'EUNW4T',23,16,85,'5298292',0,1,'2025-10-01 17:33:29','2025-10-01 17:33:29',NULL),(4623,'EUNW4T',23,16,85,'8624263',0,1,'2025-10-01 17:33:29','2025-10-01 17:33:29',NULL),(4624,'EUNW4T',23,16,85,'8129612',0,1,'2025-10-01 17:33:29','2025-10-01 17:33:29',NULL),(4625,'EUNW4T',23,16,85,'1544221',0,1,'2025-10-01 17:33:29','2025-10-01 17:33:29',NULL),(4626,'EUNW4T',23,16,85,'3765834',0,1,'2025-10-01 17:33:29','2025-10-01 17:33:29',NULL),(4627,'EUNW4T',23,16,85,'8936487',0,1,'2025-10-01 17:33:29','2025-10-01 17:33:29',NULL),(4628,'EUNW4T',23,16,85,'4827229',0,1,'2025-10-01 17:33:29','2025-10-01 17:33:29',NULL),(4629,'EUNW4T',23,16,85,'3527974',0,1,'2025-10-01 17:33:29','2025-10-01 17:33:29',NULL),(4630,'EUNW4T',23,16,85,'2217668',0,1,'2025-10-01 17:33:29','2025-10-01 17:33:29',NULL),(4631,'EUNW4T',23,16,85,'8841673',0,1,'2025-10-01 17:33:29','2025-10-01 17:33:29',NULL),(4632,'EUNW4T',23,16,85,'4689862',0,1,'2025-10-01 17:33:29','2025-10-01 17:33:29',NULL),(4633,'EUNW4T',23,16,85,'6476622',0,1,'2025-10-01 17:33:29','2025-10-01 17:33:29',NULL),(4634,'EUNW4T',23,16,85,'8531581',0,1,'2025-10-01 17:33:29','2025-10-01 17:33:29',NULL),(4635,'EUNW4T',23,16,85,'7358985',0,1,'2025-10-01 17:33:29','2025-10-01 17:33:29',NULL),(4636,'EUNW4T',23,16,85,'1773686',0,1,'2025-10-01 17:33:29','2025-10-01 17:33:29',NULL),(4637,'EUNW4T',23,16,85,'6163897',0,1,'2025-10-01 17:33:29','2025-10-01 17:33:29',NULL),(4638,'EUNW4T',23,16,85,'8972699',0,1,'2025-10-01 17:33:29','2025-10-01 17:33:29',NULL),(4639,'EUNW4T',23,16,85,'8749969',0,1,'2025-10-01 17:33:29','2025-10-01 17:33:29',NULL),(4640,'EUNW4T',23,16,85,'9946899',0,1,'2025-10-01 17:33:29','2025-10-01 17:33:29',NULL),(4641,'EUNW4T',23,16,85,'9354365',0,1,'2025-10-01 17:33:29','2025-10-01 17:33:29',NULL),(4642,'EUNW4T',23,16,85,'1673695',0,1,'2025-10-01 17:33:30','2025-10-01 17:33:30',NULL),(4643,'EUNW4T',23,16,85,'8476116',0,1,'2025-10-01 17:33:30','2025-10-01 17:33:30',NULL),(4644,'EUNW4T',23,16,85,'8818676',0,1,'2025-10-01 17:33:30','2025-10-01 17:33:30',NULL),(4645,'EUNW4T',23,16,85,'9971187',0,1,'2025-10-01 17:33:30','2025-10-01 17:33:30',NULL),(4646,'EUNW4T',23,16,85,'8323926',0,1,'2025-10-01 17:33:30','2025-10-01 17:33:30',NULL),(4647,'EUNW4T',23,16,85,'2437892',0,1,'2025-10-01 17:33:30','2025-10-01 17:33:30',NULL),(4648,'EUNW4T',23,16,85,'6841883',0,1,'2025-10-01 17:33:30','2025-10-01 17:33:30',NULL),(4649,'EUNW4T',23,16,85,'7878383',0,1,'2025-10-01 17:33:30','2025-10-01 17:33:30',NULL),(4650,'EUNW4T',23,16,85,'3467755',0,1,'2025-10-01 17:33:30','2025-10-01 17:33:30',NULL),(4651,'EUNW4T',23,16,85,'6663234',0,1,'2025-10-01 17:33:30','2025-10-01 17:33:30',NULL),(4652,'EUNW4T',23,16,85,'4585776',0,1,'2025-10-01 17:33:30','2025-10-01 17:33:30',NULL),(4653,'EUNW4T',23,16,85,'8622378',0,1,'2025-10-01 17:33:30','2025-10-01 17:33:30',NULL),(4654,'EUNW4T',23,16,85,'2796838',0,1,'2025-10-01 17:33:30','2025-10-01 17:33:30',NULL),(4655,'EUNW4T',23,16,85,'8519999',0,1,'2025-10-01 17:33:30','2025-10-01 17:33:30',NULL),(4656,'EUNW4T',23,16,85,'5723657',0,1,'2025-10-01 17:33:30','2025-10-01 17:33:30',NULL),(4657,'EUNW4T',23,16,85,'5241928',0,1,'2025-10-01 17:33:30','2025-10-01 17:33:30',NULL),(4658,'EUNW4T',23,16,85,'8668641',0,1,'2025-10-01 17:33:30','2025-10-01 17:33:30',NULL),(4659,'EUNW4T',23,16,85,'4291588',0,1,'2025-10-01 17:33:30','2025-10-01 17:33:30',NULL),(4660,'EUNW4T',23,16,85,'6234692',0,1,'2025-10-01 17:33:30','2025-10-01 17:33:30',NULL),(4661,'EUNW4T',23,16,85,'7585162',0,1,'2025-10-01 17:33:30','2025-10-01 17:33:30',NULL),(4662,'EUNW4T',23,16,85,'8242734',0,1,'2025-10-01 17:33:30','2025-10-01 17:33:30',NULL),(4663,'EUNW4T',23,16,85,'1649657',0,1,'2025-10-01 17:33:30','2025-10-01 17:33:30',NULL),(4664,'EUNW4T',23,16,85,'2831996',0,1,'2025-10-01 17:33:30','2025-10-01 17:33:30',NULL),(4665,'EUNW4T',23,16,85,'4938273',0,1,'2025-10-01 17:33:30','2025-10-01 17:33:30',NULL),(4666,'EUNW4T',23,16,85,'6316755',0,1,'2025-10-01 17:33:30','2025-10-01 17:33:30',NULL),(4667,'EUNW4T',23,16,85,'2462641',0,1,'2025-10-01 17:33:30','2025-10-01 17:33:30',NULL),(4668,'EUNW4T',23,16,85,'5192949',0,1,'2025-10-01 17:33:30','2025-10-01 17:33:30',NULL),(4669,'EUNW4T',23,16,85,'7173778',0,1,'2025-10-01 17:33:30','2025-10-01 17:33:30',NULL),(4670,'EUNW4T',23,16,85,'9196231',0,1,'2025-10-01 17:33:30','2025-10-01 17:33:30',NULL),(4671,'EUNW4T',23,16,85,'1185782',0,1,'2025-10-01 17:33:30','2025-10-01 17:33:30',NULL),(4672,'EUNW4T',23,16,85,'7853523',0,1,'2025-10-01 17:33:30','2025-10-01 17:33:30',NULL),(4673,'EUNW4T',23,16,85,'8588911',0,1,'2025-10-01 17:33:30','2025-10-01 17:33:30',NULL),(4674,'EUNW4T',23,16,85,'9973968',0,1,'2025-10-01 17:33:30','2025-10-01 17:33:30',NULL),(4675,'EUNW4T',23,16,85,'9627316',0,1,'2025-10-01 17:33:30','2025-10-01 17:33:30',NULL),(4676,'EUNW4T',23,16,85,'8815973',0,1,'2025-10-01 17:33:30','2025-10-01 17:33:30',NULL),(4677,'EUNW4T',23,16,85,'7261883',0,1,'2025-10-01 17:33:30','2025-10-01 17:33:30',NULL),(4678,'EUNW4T',23,16,85,'4614347',0,1,'2025-10-01 17:33:30','2025-10-01 17:33:30',NULL),(4679,'EUNW4T',23,16,85,'3882363',0,1,'2025-10-01 17:33:30','2025-10-01 17:33:30',NULL),(4680,'EUNW4T',23,16,85,'4152649',0,1,'2025-10-01 17:33:30','2025-10-01 17:33:30',NULL),(4681,'EUNW4T',23,16,85,'5152175',0,1,'2025-10-01 17:33:30','2025-10-01 17:33:30',NULL),(4682,'EUNW4T',23,16,85,'9264369',0,1,'2025-10-01 17:33:30','2025-10-01 17:33:30',NULL),(4683,'EUNW4T',23,16,85,'7695354',0,1,'2025-10-01 17:33:30','2025-10-01 17:33:30',NULL),(4684,'EUNW4T',23,16,85,'3861637',0,1,'2025-10-01 17:33:30','2025-10-01 17:33:30',NULL),(4685,'EUNW4T',23,16,85,'8313917',0,1,'2025-10-01 17:33:30','2025-10-01 17:33:30',NULL),(4686,'EUNW4T',23,16,85,'9151723',0,1,'2025-10-01 17:33:30','2025-10-01 17:33:30',NULL),(4687,'EUNW4T',23,16,85,'5892815',0,1,'2025-10-01 17:33:30','2025-10-01 17:33:30',NULL),(4688,'EUNW4T',23,16,85,'4167236',0,1,'2025-10-01 17:33:30','2025-10-01 17:33:30',NULL),(4689,'EUNW4T',23,16,85,'2556512',0,1,'2025-10-01 17:33:30','2025-10-01 17:33:30',NULL),(4690,'EUNW4T',23,16,85,'8544625',0,1,'2025-10-01 17:33:30','2025-10-01 17:33:30',NULL),(4691,'EUNW4T',23,16,85,'9438657',0,1,'2025-10-01 17:33:30','2025-10-01 17:33:30',NULL),(4692,'EUNW4T',23,16,85,'3818729',0,1,'2025-10-01 17:33:30','2025-10-01 17:33:30',NULL),(4693,'EUNW4T',23,16,85,'3833296',0,1,'2025-10-01 17:33:30','2025-10-01 17:33:30',NULL),(4694,'EUNW4T',23,16,85,'3144733',0,1,'2025-10-01 17:33:30','2025-10-01 17:33:30',NULL),(4695,'EUNW4T',23,16,85,'6223852',0,1,'2025-10-01 17:33:30','2025-10-01 17:33:30',NULL),(4696,'EUNW4T',23,16,85,'5224347',0,1,'2025-10-01 17:33:30','2025-10-01 17:33:30',NULL),(4697,'EUNW4T',23,16,85,'8831594',0,1,'2025-10-01 17:33:30','2025-10-01 17:33:30',NULL),(4698,'EUNW4T',23,16,85,'7381119',0,1,'2025-10-01 17:33:30','2025-10-01 17:33:30',NULL),(4699,'EUNW4T',23,16,85,'5926643',0,1,'2025-10-01 17:33:30','2025-10-01 17:33:30',NULL),(4700,'EUNW4T',23,16,85,'7885338',0,1,'2025-10-01 17:33:30','2025-10-01 17:33:30',NULL),(4701,'EUNW4T',23,16,85,'7972731',0,1,'2025-10-01 17:33:30','2025-10-01 17:33:30',NULL),(4702,'EUNW4T',23,16,85,'3648638',0,1,'2025-10-01 17:33:30','2025-10-01 17:33:30',NULL),(4703,'EUNW4T',23,16,85,'8394511',0,1,'2025-10-01 17:33:30','2025-10-01 17:33:30',NULL),(4704,'EUNW4T',23,16,85,'9589915',0,1,'2025-10-01 17:33:30','2025-10-01 17:33:30',NULL),(4705,'EUNW4T',23,16,85,'1552892',0,1,'2025-10-01 17:33:30','2025-10-01 17:33:30',NULL),(4706,'EUNW4T',23,16,85,'7946877',0,1,'2025-10-01 17:33:30','2025-10-01 17:33:30',NULL),(4707,'EUNW4T',23,16,85,'3676128',0,1,'2025-10-01 17:33:30','2025-10-01 17:33:30',NULL),(4708,'EUNW4T',23,16,85,'7377686',0,1,'2025-10-01 17:33:30','2025-10-01 17:33:30',NULL),(4709,'EUNW4T',23,16,85,'5958425',0,1,'2025-10-01 17:33:30','2025-10-01 17:33:30',NULL),(4710,'EUNW4T',23,16,85,'1876811',0,1,'2025-10-01 17:33:30','2025-10-01 17:33:30',NULL),(4711,'EUNW4T',23,16,85,'2647732',0,1,'2025-10-01 17:33:30','2025-10-01 17:33:30',NULL),(4712,'EUNW4T',23,16,85,'6824489',0,1,'2025-10-01 17:33:30','2025-10-01 17:33:30',NULL),(4713,'EUNW4T',23,16,85,'3658498',0,1,'2025-10-01 17:33:30','2025-10-01 17:33:30',NULL),(4714,'EUNW4T',23,16,85,'1347331',0,1,'2025-10-01 17:33:30','2025-10-01 17:33:30',NULL),(4715,'EUNW4T',23,16,85,'5147179',0,1,'2025-10-01 17:33:30','2025-10-01 17:33:30',NULL),(4716,'EUNW4T',23,16,85,'7484817',0,1,'2025-10-01 17:33:30','2025-10-01 17:33:30',NULL),(4717,'EUNW4T',23,16,85,'4426822',0,1,'2025-10-01 17:33:30','2025-10-01 17:33:30',NULL),(4718,'EUNW4T',23,16,85,'1799662',0,1,'2025-10-01 17:33:30','2025-10-01 17:33:30',NULL),(4719,'EUNW4T',23,16,85,'8931152',0,1,'2025-10-01 17:33:30','2025-10-01 17:33:30',NULL),(4720,'EUNW4T',23,16,85,'3613922',0,1,'2025-10-01 17:33:31','2025-10-01 17:33:31',NULL),(4721,'EUNW4T',23,16,85,'9355145',0,1,'2025-10-01 17:33:31','2025-10-01 17:33:31',NULL),(4722,'EUNW4T',23,16,85,'8458515',0,1,'2025-10-01 17:33:31','2025-10-01 17:33:31',NULL),(4723,'EUNW4T',23,16,85,'1724147',0,1,'2025-10-01 17:33:31','2025-10-01 17:33:31',NULL),(4724,'EUNW4T',23,16,85,'6712231',0,1,'2025-10-01 17:33:31','2025-10-01 17:33:31',NULL),(4725,'EUNW4T',23,16,85,'1862846',0,1,'2025-10-01 17:33:31','2025-10-01 17:33:31',NULL),(4726,'EUNW4T',23,16,85,'2316546',0,1,'2025-10-01 17:33:31','2025-10-01 17:33:31',NULL),(4727,'EUNW4T',23,16,85,'3255857',0,1,'2025-10-01 17:33:31','2025-10-01 17:33:31',NULL),(4728,'EUNW4T',23,16,85,'7249896',0,1,'2025-10-01 17:33:31','2025-10-01 17:33:31',NULL),(4729,'EUNW4T',23,16,85,'8875368',0,1,'2025-10-01 17:33:31','2025-10-01 17:33:31',NULL),(4730,'EUNW4T',23,16,85,'4429494',0,1,'2025-10-01 17:33:31','2025-10-01 17:33:31',NULL),(4731,'EUNW4T',23,16,85,'6196631',0,1,'2025-10-01 17:33:31','2025-10-01 17:33:31',NULL),(4732,'EUNW4T',23,16,85,'3929962',0,1,'2025-10-01 17:33:31','2025-10-01 17:33:31',NULL),(4733,'EUNW4T',23,16,85,'8621758',0,1,'2025-10-01 17:33:31','2025-10-01 17:33:31',NULL),(4734,'EUNW4T',23,16,85,'2459146',0,1,'2025-10-01 17:33:31','2025-10-01 17:33:31',NULL),(4735,'EUNW4T',23,16,85,'8759269',0,1,'2025-10-01 17:33:31','2025-10-01 17:33:31',NULL),(4736,'EUNW4T',23,16,85,'3285248',0,1,'2025-10-01 17:33:31','2025-10-01 17:33:31',NULL),(4737,'EUNW4T',23,16,85,'4263374',0,1,'2025-10-01 17:33:31','2025-10-01 17:33:31',NULL),(4738,'EUNW4T',23,16,85,'6368726',0,1,'2025-10-01 17:33:31','2025-10-01 17:33:31',NULL),(4739,'EUNW4T',23,16,85,'4478826',0,1,'2025-10-01 17:33:31','2025-10-01 17:33:31',NULL),(4740,'EUNW4T',23,16,85,'2637728',0,1,'2025-10-01 17:33:31','2025-10-01 17:33:31',NULL),(4741,'EUNW4T',23,16,85,'2431293',0,1,'2025-10-01 17:33:31','2025-10-01 17:33:31',NULL),(4742,'EUNW4T',23,16,85,'6544472',0,1,'2025-10-01 17:33:31','2025-10-01 17:33:31',NULL),(4743,'EUNW4T',23,16,85,'9954943',0,1,'2025-10-01 17:33:31','2025-10-01 17:33:31',NULL),(4744,'EUNW4T',23,16,85,'2832285',0,1,'2025-10-01 17:33:31','2025-10-01 17:33:31',NULL),(4745,'EUNW4T',23,16,85,'6329558',0,1,'2025-10-01 17:33:31','2025-10-01 17:33:31',NULL),(4746,'EUNW4T',23,16,85,'7715162',0,1,'2025-10-01 17:33:31','2025-10-01 17:33:31',NULL),(4747,'EUNW4T',23,16,85,'7571695',0,1,'2025-10-01 17:33:31','2025-10-01 17:33:31',NULL),(4748,'EUNW4T',23,16,85,'8622538',0,1,'2025-10-01 17:33:31','2025-10-01 17:33:31',NULL),(4749,'EUNW4T',23,16,85,'2331939',0,1,'2025-10-01 17:33:31','2025-10-01 17:33:31',NULL),(4750,'EUNW4T',23,16,85,'6829164',0,1,'2025-10-01 17:33:31','2025-10-01 17:33:31',NULL),(4751,'EUNW4T',23,16,85,'2267236',0,1,'2025-10-01 17:33:31','2025-10-01 17:33:31',NULL),(4752,'EUNW4T',23,16,85,'1111546',0,1,'2025-10-01 17:33:31','2025-10-01 17:33:31',NULL),(4753,'EUNW4T',23,16,85,'1174947',0,1,'2025-10-01 17:33:31','2025-10-01 17:33:31',NULL),(4754,'EUNW4T',23,16,85,'3972844',0,1,'2025-10-01 17:33:31','2025-10-01 17:33:31',NULL),(4755,'EUNW4T',23,16,85,'3834614',0,1,'2025-10-01 17:33:31','2025-10-01 17:33:31',NULL),(4756,'EUNW4T',23,16,85,'3347529',0,1,'2025-10-01 17:33:31','2025-10-01 17:33:31',NULL),(4757,'EUNW4T',23,16,85,'9611794',0,1,'2025-10-01 17:33:31','2025-10-01 17:33:31',NULL),(4758,'EUNW4T',23,16,85,'9377379',0,1,'2025-10-01 17:33:31','2025-10-01 17:33:31',NULL),(4759,'EUNW4T',23,16,85,'6721978',0,1,'2025-10-01 17:33:31','2025-10-01 17:33:31',NULL),(4760,'EUNW4T',23,16,85,'9443165',0,1,'2025-10-01 17:33:31','2025-10-01 17:33:31',NULL),(4761,'EUNW4T',23,16,85,'3974446',0,1,'2025-10-01 17:33:31','2025-10-01 17:33:31',NULL),(4762,'EUNW4T',23,16,85,'7872167',0,1,'2025-10-01 17:33:31','2025-10-01 17:33:31',NULL),(4763,'EUNW4T',23,16,85,'1537914',0,1,'2025-10-01 17:33:31','2025-10-01 17:33:31',NULL),(4764,'EUNW4T',23,16,85,'3493615',0,1,'2025-10-01 17:33:31','2025-10-01 17:33:31',NULL),(4765,'EUNW4T',23,16,85,'9132739',0,1,'2025-10-01 17:33:31','2025-10-01 17:33:31',NULL),(4766,'EUNW4T',23,16,85,'4441825',0,1,'2025-10-01 17:33:31','2025-10-01 17:33:31',NULL),(4767,'EUNW4T',23,16,85,'1418953',0,1,'2025-10-01 17:33:31','2025-10-01 17:33:31',NULL),(4768,'EUNW4T',23,16,85,'9326894',0,1,'2025-10-01 17:33:31','2025-10-01 17:33:31',NULL),(4769,'EUNW4T',23,16,85,'1787339',0,1,'2025-10-01 17:33:31','2025-10-01 17:33:31',NULL),(4770,'EUNW4T',23,16,85,'3975763',0,1,'2025-10-01 17:33:31','2025-10-01 17:33:31',NULL),(4771,'EUNW4T',23,16,85,'2835369',0,1,'2025-10-01 17:33:31','2025-10-01 17:33:31',NULL),(4772,'EUNW4T',23,16,85,'8759816',0,1,'2025-10-01 17:33:31','2025-10-01 17:33:31',NULL),(4773,'EUNW4T',23,16,85,'8937296',0,1,'2025-10-01 17:33:31','2025-10-01 17:33:31',NULL),(4774,'EUNW4T',23,16,85,'4766574',0,1,'2025-10-01 17:33:31','2025-10-01 17:33:31',NULL),(4775,'EUNW4T',23,16,85,'6987482',0,1,'2025-10-01 17:33:31','2025-10-01 17:33:31',NULL),(4776,'EUNW4T',23,16,85,'5651815',0,1,'2025-10-01 17:33:31','2025-10-01 17:33:31',NULL),(4777,'EUNW4T',23,16,85,'4593274',0,1,'2025-10-01 17:33:31','2025-10-01 17:33:31',NULL),(4778,'EUNW4T',23,16,85,'2111826',0,1,'2025-10-01 17:33:31','2025-10-01 17:33:31',NULL),(4779,'EUNW4T',23,16,85,'1353674',0,1,'2025-10-01 17:33:31','2025-10-01 17:33:31',NULL),(4780,'EUNW4T',23,16,85,'3166774',0,1,'2025-10-01 17:33:31','2025-10-01 17:33:31',NULL),(4781,'EUNW4T',23,16,85,'3738682',0,1,'2025-10-01 17:33:31','2025-10-01 17:33:31',NULL),(4782,'EUNW4T',23,16,85,'4759513',0,1,'2025-10-01 17:33:31','2025-10-01 17:33:31',NULL),(4783,'EUNW4T',23,16,85,'8939118',0,1,'2025-10-01 17:33:31','2025-10-01 17:33:31',NULL),(4784,'EUNW4T',23,16,85,'7271377',0,1,'2025-10-01 17:33:31','2025-10-01 17:33:31',NULL),(4785,'EUNW4T',23,16,85,'6718783',0,1,'2025-10-01 17:33:31','2025-10-01 17:33:31',NULL),(4786,'EUNW4T',23,16,85,'2331599',0,1,'2025-10-01 17:33:31','2025-10-01 17:33:31',NULL),(4787,'EUNW4T',23,16,85,'4942357',0,1,'2025-10-01 17:33:31','2025-10-01 17:33:31',NULL),(4788,'EUNW4T',23,16,85,'8962553',0,1,'2025-10-01 17:33:31','2025-10-01 17:33:31',NULL),(4789,'EUNW4T',23,16,85,'4872485',0,1,'2025-10-01 17:33:31','2025-10-01 17:33:31',NULL),(4790,'EUNW4T',23,16,85,'2565887',0,1,'2025-10-01 17:33:31','2025-10-01 17:33:31',NULL),(4791,'EUNW4T',23,16,85,'5595847',0,1,'2025-10-01 17:33:31','2025-10-01 17:33:31',NULL),(4792,'EUNW4T',23,16,85,'3961799',0,1,'2025-10-01 17:33:31','2025-10-01 17:33:31',NULL),(4793,'EUNW4T',23,16,85,'8949788',0,1,'2025-10-01 17:33:31','2025-10-01 17:33:31',NULL),(4794,'EUNW4T',23,16,85,'7526687',0,1,'2025-10-01 17:33:31','2025-10-01 17:33:31',NULL),(4795,'EUNW4T',23,16,85,'2356918',0,1,'2025-10-01 17:33:31','2025-10-01 17:33:31',NULL),(4796,'EUNW4T',23,16,85,'3389797',0,1,'2025-10-01 17:33:31','2025-10-01 17:33:31',NULL),(4797,'EUNW4T',23,16,85,'3352225',0,1,'2025-10-01 17:33:31','2025-10-01 17:33:31',NULL),(4798,'EUNW4T',23,16,85,'5516413',0,1,'2025-10-01 17:33:32','2025-10-01 17:33:32',NULL),(4799,'EUNW4T',23,16,85,'5524474',0,1,'2025-10-01 17:33:32','2025-10-01 17:33:32',NULL),(4800,'EUNW4T',23,16,85,'7811263',0,1,'2025-10-01 17:33:32','2025-10-01 17:33:32',NULL),(4801,'EUNW4T',23,16,85,'7954289',0,1,'2025-10-01 17:33:32','2025-10-01 17:33:32',NULL),(4802,'EUNW4T',23,16,85,'8728291',0,1,'2025-10-01 17:33:32','2025-10-01 17:33:32',NULL),(4803,'EUNW4T',23,16,85,'7641989',0,1,'2025-10-01 17:33:32','2025-10-01 17:33:32',NULL),(4804,'EUNW4T',23,16,85,'5285942',0,1,'2025-10-01 17:33:32','2025-10-01 17:33:32',NULL),(4805,'EUNW4T',23,16,85,'1622929',0,1,'2025-10-01 17:33:32','2025-10-01 17:33:32',NULL),(4806,'EUNW4T',23,16,85,'1655975',0,1,'2025-10-01 17:33:32','2025-10-01 17:33:32',NULL),(4807,'EUNW4T',23,16,85,'5847748',0,1,'2025-10-01 17:33:32','2025-10-01 17:33:32',NULL),(4808,'EUNW4T',23,16,85,'2374151',0,1,'2025-10-01 17:33:32','2025-10-01 17:33:32',NULL),(4809,'EUNW4T',23,16,85,'3831549',0,1,'2025-10-01 17:33:32','2025-10-01 17:33:32',NULL),(4810,'EUNW4T',23,16,85,'3927862',0,1,'2025-10-01 17:33:32','2025-10-01 17:33:32',NULL),(4811,'EUNW4T',23,16,85,'3559534',0,1,'2025-10-01 17:33:32','2025-10-01 17:33:32',NULL),(4812,'EUNW4T',23,16,85,'1497995',0,1,'2025-10-01 17:33:32','2025-10-01 17:33:32',NULL),(4813,'EUNW4T',23,16,85,'4516492',0,1,'2025-10-01 17:33:32','2025-10-01 17:33:32',NULL),(4814,'EUNW4T',23,16,85,'1519761',0,1,'2025-10-01 17:33:32','2025-10-01 17:33:32',NULL),(4815,'EUNW4T',23,16,85,'3888542',0,1,'2025-10-01 17:33:32','2025-10-01 17:33:32',NULL),(4816,'EUNW4T',23,16,85,'8664827',0,1,'2025-10-01 17:33:32','2025-10-01 17:33:32',NULL),(4817,'EUNW4T',23,16,85,'3414252',0,1,'2025-10-01 17:33:32','2025-10-01 17:33:32',NULL),(4818,'EUNW4T',23,16,85,'9592769',0,1,'2025-10-01 17:33:32','2025-10-01 17:33:32',NULL),(4819,'EUNW4T',23,16,85,'7297513',0,1,'2025-10-01 17:33:32','2025-10-01 17:33:32',NULL),(4820,'EUNW4T',23,16,85,'9158471',0,1,'2025-10-01 17:33:32','2025-10-01 17:33:32',NULL),(4821,'EUNW4T',23,16,85,'4996277',0,1,'2025-10-01 17:33:32','2025-10-01 17:33:32',NULL),(4822,'EUNW4T',23,16,85,'4614332',0,1,'2025-10-01 17:33:32','2025-10-01 17:33:32',NULL),(4823,'EUNW4T',23,16,85,'1581686',0,1,'2025-10-01 17:33:32','2025-10-01 17:33:32',NULL),(4824,'EUNW4T',23,16,85,'8397936',0,1,'2025-10-01 17:33:32','2025-10-01 17:33:32',NULL),(4825,'EUNW4T',23,16,85,'6224829',0,1,'2025-10-01 17:33:32','2025-10-01 17:33:32',NULL),(4826,'EUNW4T',23,16,85,'9976842',0,1,'2025-10-01 17:33:32','2025-10-01 17:33:32',NULL),(4827,'EUNW4T',23,16,85,'6546719',0,1,'2025-10-01 17:33:32','2025-10-01 17:33:32',NULL),(4828,'EUNW4T',23,16,85,'7645793',0,1,'2025-10-01 17:33:32','2025-10-01 17:33:32',NULL),(4829,'EUNW4T',23,16,85,'9578355',0,1,'2025-10-01 17:33:32','2025-10-01 17:33:32',NULL),(4830,'EUNW4T',23,16,85,'1559171',0,1,'2025-10-01 17:33:32','2025-10-01 17:33:32',NULL),(4831,'EUNW4T',23,16,85,'4591638',0,1,'2025-10-01 17:33:32','2025-10-01 17:33:32',NULL),(4832,'EUNW4T',23,16,85,'3295263',0,1,'2025-10-01 17:33:32','2025-10-01 17:33:32',NULL),(4833,'EUNW4T',23,16,85,'2512318',0,1,'2025-10-01 17:33:32','2025-10-01 17:33:32',NULL),(4834,'EUNW4T',23,16,85,'8689418',0,1,'2025-10-01 17:33:32','2025-10-01 17:33:32',NULL),(4835,'EUNW4T',23,16,85,'4425491',0,1,'2025-10-01 17:33:32','2025-10-01 17:33:32',NULL),(4836,'EUNW4T',23,16,85,'6157754',0,1,'2025-10-01 17:33:32','2025-10-01 17:33:32',NULL),(4837,'EUNW4T',23,16,85,'4712114',0,1,'2025-10-01 17:33:32','2025-10-01 17:33:32',NULL),(4838,'EUNW4T',23,16,85,'8998845',0,1,'2025-10-01 17:33:32','2025-10-01 17:33:32',NULL),(4839,'EUNW4T',23,16,85,'8237299',0,1,'2025-10-01 17:33:32','2025-10-01 17:33:32',NULL),(4840,'EUNW4T',23,16,85,'9428183',0,1,'2025-10-01 17:33:32','2025-10-01 17:33:32',NULL),(4841,'EUNW4T',23,16,85,'5451386',0,1,'2025-10-01 17:33:32','2025-10-01 17:33:32',NULL),(4842,'EUNW4T',23,16,85,'6887896',0,1,'2025-10-01 17:33:32','2025-10-01 17:33:32',NULL),(4843,'EUNW4T',23,16,85,'6328888',0,1,'2025-10-01 17:33:32','2025-10-01 17:33:32',NULL),(4844,'EUNW4T',23,16,85,'6558344',0,1,'2025-10-01 17:33:32','2025-10-01 17:33:32',NULL),(4845,'EUNW4T',23,16,85,'8667593',0,1,'2025-10-01 17:33:32','2025-10-01 17:33:32',NULL),(4846,'EUNW4T',23,16,85,'9529993',0,1,'2025-10-01 17:33:32','2025-10-01 17:33:32',NULL),(4847,'EUNW4T',23,16,85,'3718128',0,1,'2025-10-01 17:33:32','2025-10-01 17:33:32',NULL),(4848,'EUNW4T',23,16,85,'6589299',0,1,'2025-10-01 17:33:32','2025-10-01 17:33:32',NULL),(4849,'EUNW4T',23,16,85,'8986521',0,1,'2025-10-01 17:33:32','2025-10-01 17:33:32',NULL),(4850,'EUNW4T',23,16,85,'1273818',0,1,'2025-10-01 17:33:32','2025-10-01 17:33:32',NULL),(4851,'EUNW4T',23,16,85,'6332641',0,1,'2025-10-01 17:33:32','2025-10-01 17:33:32',NULL),(4852,'EUNW4T',23,16,85,'5745921',0,1,'2025-10-01 17:33:32','2025-10-01 17:33:32',NULL),(4853,'EUNW4T',23,16,85,'9167947',0,1,'2025-10-01 17:33:32','2025-10-01 17:33:32',NULL),(4854,'EUNW4T',23,16,85,'9527972',0,1,'2025-10-01 17:33:32','2025-10-01 17:33:32',NULL),(4855,'EUNW4T',23,16,85,'8249221',0,1,'2025-10-01 17:33:32','2025-10-01 17:33:32',NULL),(4856,'EUNW4T',23,16,85,'2986345',0,1,'2025-10-01 17:33:32','2025-10-01 17:33:32',NULL),(4857,'EUNW4T',23,16,85,'5829317',0,1,'2025-10-01 17:33:32','2025-10-01 17:33:32',NULL),(4858,'EUNW4T',23,16,85,'5948347',0,1,'2025-10-01 17:33:32','2025-10-01 17:33:32',NULL),(4859,'EUNW4T',23,16,85,'8181567',0,1,'2025-10-01 17:33:32','2025-10-01 17:33:32',NULL),(4860,'EUNW4T',23,16,85,'7665675',0,1,'2025-10-01 17:33:32','2025-10-01 17:33:32',NULL),(4861,'EUNW4T',23,16,85,'9215926',0,1,'2025-10-01 17:33:32','2025-10-01 17:33:32',NULL),(4862,'EUNW4T',23,16,85,'8689477',0,1,'2025-10-01 17:33:32','2025-10-01 17:33:32',NULL),(4863,'EUNW4T',23,16,85,'1869821',0,1,'2025-10-01 17:33:32','2025-10-01 17:33:32',NULL),(4864,'EUNW4T',23,16,85,'3314437',0,1,'2025-10-01 17:33:32','2025-10-01 17:33:32',NULL),(4865,'EUNW4T',23,16,85,'5411292',0,1,'2025-10-01 17:33:32','2025-10-01 17:33:32',NULL),(4866,'EUNW4T',23,16,85,'5643778',0,1,'2025-10-01 17:33:33','2025-10-01 17:33:33',NULL),(4867,'EUNW4T',23,16,85,'7435716',0,1,'2025-10-01 17:33:33','2025-10-01 17:33:33',NULL),(4868,'EUNW4T',23,16,85,'3946473',0,1,'2025-10-01 17:33:33','2025-10-01 17:33:33',NULL),(4869,'EUNW4T',23,16,85,'7244885',0,1,'2025-10-01 17:33:33','2025-10-01 17:33:33',NULL),(4870,'EUNW4T',23,16,85,'8117786',0,1,'2025-10-01 17:33:33','2025-10-01 17:33:33',NULL),(4871,'EUNW4T',23,16,85,'8846941',0,1,'2025-10-01 17:33:33','2025-10-01 17:33:33',NULL),(4872,'EUNW4T',23,16,85,'8249778',0,1,'2025-10-01 17:33:33','2025-10-01 17:33:33',NULL),(4873,'EUNW4T',23,16,85,'5942783',0,1,'2025-10-01 17:33:33','2025-10-01 17:33:33',NULL),(4874,'EUNW4T',23,16,85,'5463118',0,1,'2025-10-01 17:33:33','2025-10-01 17:33:33',NULL),(4875,'EUNW4T',23,16,85,'1488184',0,1,'2025-10-01 17:33:33','2025-10-01 17:33:33',NULL),(4876,'EUNW4T',23,16,85,'1661712',0,1,'2025-10-01 17:33:33','2025-10-01 17:33:33',NULL),(4877,'EUNW4T',23,16,85,'4817456',0,1,'2025-10-01 17:33:33','2025-10-01 17:33:33',NULL),(4878,'EUNW4T',23,16,85,'7565312',0,1,'2025-10-01 17:33:33','2025-10-01 17:33:33',NULL),(4879,'EUNW4T',23,16,85,'5257135',0,1,'2025-10-01 17:33:33','2025-10-01 17:33:33',NULL),(4880,'EUNW4T',23,16,85,'7717756',0,1,'2025-10-01 17:33:33','2025-10-01 17:33:33',NULL),(4881,'EUNW4T',23,16,85,'3899162',0,1,'2025-10-01 17:33:33','2025-10-01 17:33:33',NULL),(4882,'EUNW4T',23,16,85,'5797439',0,1,'2025-10-01 17:33:33','2025-10-01 17:33:33',NULL),(4883,'EUNW4T',23,16,85,'3175857',0,1,'2025-10-01 17:33:33','2025-10-01 17:33:33',NULL),(4884,'EUNW4T',23,16,85,'4957331',0,1,'2025-10-01 17:33:33','2025-10-01 17:33:33',NULL),(4885,'EUNW4T',23,16,85,'2245819',0,1,'2025-10-01 17:33:33','2025-10-01 17:33:33',NULL),(4886,'EUNW4T',23,16,85,'3217125',0,1,'2025-10-01 17:33:33','2025-10-01 17:33:33',NULL),(4887,'EUNW4T',23,16,85,'3881671',0,1,'2025-10-01 17:33:33','2025-10-01 17:33:33',NULL),(4888,'EUNW4T',23,16,85,'9122787',0,1,'2025-10-01 17:33:33','2025-10-01 17:33:33',NULL),(4889,'EUNW4T',23,16,85,'3261844',0,1,'2025-10-01 17:33:33','2025-10-01 17:33:33',NULL),(4890,'EUNW4T',23,16,85,'6865198',0,1,'2025-10-01 17:33:33','2025-10-01 17:33:33',NULL),(4891,'EUNW4T',23,16,85,'7371678',0,1,'2025-10-01 17:33:33','2025-10-01 17:33:33',NULL),(4892,'EUNW4T',23,16,85,'8116284',0,1,'2025-10-01 17:33:33','2025-10-01 17:33:33',NULL),(4893,'EUNW4T',23,16,85,'4585979',0,1,'2025-10-01 17:33:33','2025-10-01 17:33:33',NULL),(4894,'EUNW4T',23,16,85,'7715614',0,1,'2025-10-01 17:33:33','2025-10-01 17:33:33',NULL),(4895,'EUNW4T',23,16,85,'9288817',0,1,'2025-10-01 17:33:33','2025-10-01 17:33:33',NULL),(4896,'EUNW4T',23,16,85,'7954315',0,1,'2025-10-01 17:33:33','2025-10-01 17:33:33',NULL),(4897,'EUNW4T',23,16,85,'4952535',0,1,'2025-10-01 17:33:33','2025-10-01 17:33:33',NULL),(4898,'EUNW4T',23,16,85,'6455431',0,1,'2025-10-01 17:33:33','2025-10-01 17:33:33',NULL),(4899,'EUNW4T',23,16,85,'1815344',0,1,'2025-10-01 17:33:33','2025-10-01 17:33:33',NULL),(4900,'EUNW4T',23,16,85,'1917691',0,1,'2025-10-01 17:33:33','2025-10-01 17:33:33',NULL),(4901,'EUNW4T',23,16,85,'3978849',0,1,'2025-10-01 17:33:33','2025-10-01 17:33:33',NULL),(4902,'EUNW4T',23,16,85,'3956856',0,1,'2025-10-01 17:33:33','2025-10-01 17:33:33',NULL),(4903,'U9QB6G',23,16,101,'1137514',0,1,'2025-10-01 17:34:27','2025-10-01 17:34:27',NULL),(4904,'U9QB6G',23,16,101,'5543429',0,1,'2025-10-01 17:34:27','2025-10-01 17:34:27',NULL),(4905,'U9QB6G',23,16,101,'1434672',0,1,'2025-10-01 17:34:27','2025-10-01 17:34:27',NULL),(4906,'U9QB6G',23,16,101,'2797535',0,1,'2025-10-01 17:34:27','2025-10-01 17:34:27',NULL),(4907,'U9QB6G',23,16,101,'6783121',0,1,'2025-10-01 17:34:27','2025-10-01 17:34:27',NULL),(4908,'U9QB6G',23,16,101,'5328114',0,1,'2025-10-01 17:34:27','2025-10-01 17:34:27',NULL),(4909,'U9QB6G',23,16,101,'1169139',0,1,'2025-10-01 17:34:27','2025-10-01 17:34:27',NULL),(4910,'U9QB6G',23,16,101,'7987678',0,1,'2025-10-01 17:34:27','2025-10-01 17:34:27',NULL),(4911,'U9QB6G',23,16,101,'5878287',0,1,'2025-10-01 17:34:27','2025-10-01 17:34:27',NULL),(4912,'U9QB6G',23,16,101,'9428987',0,1,'2025-10-01 17:34:27','2025-10-01 17:34:27',NULL),(4913,'U9QB6G',23,16,101,'6689517',0,1,'2025-10-01 17:34:27','2025-10-01 17:34:27',NULL),(4914,'U9QB6G',23,16,101,'8971654',0,1,'2025-10-01 17:34:27','2025-10-01 17:34:27',NULL),(4915,'U9QB6G',23,16,101,'2482857',0,1,'2025-10-01 17:34:27','2025-10-01 17:34:27',NULL),(4916,'U9QB6G',23,16,101,'2171237',0,1,'2025-10-01 17:34:27','2025-10-01 17:34:27',NULL),(4917,'U9QB6G',23,16,101,'2968726',0,1,'2025-10-01 17:34:27','2025-10-01 17:34:27',NULL),(4918,'U9QB6G',23,16,101,'6795632',0,1,'2025-10-01 17:34:27','2025-10-01 17:34:27',NULL),(4919,'U9QB6G',23,16,101,'7391245',0,1,'2025-10-01 17:34:27','2025-10-01 17:34:27',NULL),(4920,'U9QB6G',23,16,101,'5833485',0,1,'2025-10-01 17:34:27','2025-10-01 17:34:27',NULL),(4921,'U9QB6G',23,16,101,'6316888',0,1,'2025-10-01 17:34:27','2025-10-01 17:34:27',NULL),(4922,'U9QB6G',23,16,101,'9152958',0,1,'2025-10-01 17:34:27','2025-10-01 17:34:27',NULL),(4923,'U9QB6G',23,16,101,'4774986',0,1,'2025-10-01 17:34:27','2025-10-01 17:34:27',NULL),(4924,'U9QB6G',23,16,101,'3466821',0,1,'2025-10-01 17:34:27','2025-10-01 17:34:27',NULL),(4925,'U9QB6G',23,16,101,'8359911',0,1,'2025-10-01 17:34:27','2025-10-01 17:34:27',NULL),(4926,'U9QB6G',23,16,101,'8612329',0,1,'2025-10-01 17:34:27','2025-10-01 17:34:27',NULL),(4927,'U9QB6G',23,16,101,'7779665',0,1,'2025-10-01 17:34:27','2025-10-01 17:34:27',NULL),(4928,'U9QB6G',23,16,101,'9158357',0,1,'2025-10-01 17:34:27','2025-10-01 17:34:27',NULL),(4929,'U9QB6G',23,16,101,'3764618',0,1,'2025-10-01 17:34:27','2025-10-01 17:34:27',NULL),(4930,'U9QB6G',23,16,101,'4591144',0,1,'2025-10-01 17:34:27','2025-10-01 17:34:27',NULL),(4931,'U9QB6G',23,16,101,'5428425',0,1,'2025-10-01 17:34:27','2025-10-01 17:34:27',NULL),(4932,'U9QB6G',23,16,101,'5314494',0,1,'2025-10-01 17:34:27','2025-10-01 17:34:27',NULL),(4933,'U9QB6G',23,16,101,'7372758',0,1,'2025-10-01 17:34:27','2025-10-01 17:34:27',NULL),(4934,'U9QB6G',23,16,101,'7645129',0,1,'2025-10-01 17:34:27','2025-10-01 17:34:27',NULL),(4935,'U9QB6G',23,16,101,'4358259',0,1,'2025-10-01 17:34:27','2025-10-01 17:34:27',NULL),(4936,'U9QB6G',23,16,101,'5767934',0,1,'2025-10-01 17:34:27','2025-10-01 17:34:27',NULL),(4937,'U9QB6G',23,16,101,'8824556',0,1,'2025-10-01 17:34:27','2025-10-01 17:34:27',NULL),(4938,'U9QB6G',23,16,101,'9562547',0,1,'2025-10-01 17:34:27','2025-10-01 17:34:27',NULL),(4939,'U9QB6G',23,16,101,'5757681',0,1,'2025-10-01 17:34:27','2025-10-01 17:34:27',NULL),(4940,'U9QB6G',23,16,101,'7166859',0,1,'2025-10-01 17:34:27','2025-10-01 17:34:27',NULL),(4941,'U9QB6G',23,16,101,'1982464',0,1,'2025-10-01 17:34:27','2025-10-01 17:34:27',NULL),(4942,'U9QB6G',23,16,101,'5891515',0,1,'2025-10-01 17:34:27','2025-10-01 17:34:27',NULL),(4943,'U9QB6G',23,16,101,'6471889',0,1,'2025-10-01 17:34:27','2025-10-01 17:34:27',NULL),(4944,'U9QB6G',23,16,101,'2447187',0,1,'2025-10-01 17:34:27','2025-10-01 17:34:27',NULL),(4945,'U9QB6G',23,16,101,'1924443',0,1,'2025-10-01 17:34:27','2025-10-01 17:34:27',NULL),(4946,'U9QB6G',23,16,101,'4341246',0,1,'2025-10-01 17:34:27','2025-10-01 17:34:27',NULL),(4947,'U9QB6G',23,16,101,'4945429',0,1,'2025-10-01 17:34:27','2025-10-01 17:34:27',NULL),(4948,'U9QB6G',23,16,101,'6248367',0,1,'2025-10-01 17:34:27','2025-10-01 17:34:27',NULL),(4949,'U9QB6G',23,16,101,'3758311',0,1,'2025-10-01 17:34:27','2025-10-01 17:34:27',NULL),(4950,'U9QB6G',23,16,101,'5478715',0,1,'2025-10-01 17:34:27','2025-10-01 17:34:27',NULL),(4951,'U9QB6G',23,16,101,'7795661',0,1,'2025-10-01 17:34:27','2025-10-01 17:34:27',NULL),(4952,'U9QB6G',23,16,101,'1298747',0,1,'2025-10-01 17:34:27','2025-10-01 17:34:27',NULL),(4953,'DCYXT8',26,19,97,'155959',1,1,'2025-10-01 17:45:09','2025-10-01 17:58:53','2025-10-01 17:58:53'),(4954,'DCYXT8',26,19,97,'589426',0,1,'2025-10-01 17:45:09','2025-10-01 17:58:53','2025-10-01 17:58:53'),(4955,'DCYXT8',26,19,97,'749592',0,1,'2025-10-01 17:45:09','2025-10-01 17:58:53','2025-10-01 17:58:53'),(4956,'DCYXT8',26,19,97,'815758',0,1,'2025-10-01 17:45:09','2025-10-01 17:58:53','2025-10-01 17:58:53'),(4957,'DCYXT8',26,19,97,'183495',0,1,'2025-10-01 17:45:09','2025-10-01 17:58:53','2025-10-01 17:58:53'),(4958,'PK43MJ',26,19,103,'198675',0,1,'2025-10-01 17:49:23','2025-10-01 17:58:24','2025-10-01 17:58:24'),(4959,'PK43MJ',26,19,103,'874139',0,1,'2025-10-01 17:49:23','2025-10-01 17:58:24','2025-10-01 17:58:24'),(4960,'PK43MJ',26,19,103,'423279',0,1,'2025-10-01 17:49:23','2025-10-01 17:58:24','2025-10-01 17:58:24'),(4961,'PK43MJ',26,19,103,'711662',0,1,'2025-10-01 17:49:23','2025-10-01 17:58:24','2025-10-01 17:58:24'),(4962,'WYXEZ9',23,16,101,'546899',1,1,'2025-10-01 17:53:08','2025-10-01 18:02:49',NULL),(4963,'VGRNC7',26,19,97,'18749',1,1,'2025-10-01 17:59:21','2025-10-01 18:07:17','2025-10-01 18:07:17'),(4964,'VGRNC7',26,19,97,'54941',0,1,'2025-10-01 17:59:21','2025-10-01 18:07:17','2025-10-01 18:07:17'),(4965,'VGRNC7',26,19,97,'21472',0,1,'2025-10-01 17:59:21','2025-10-01 18:07:17','2025-10-01 18:07:17'),(4966,'VGRNC7',26,19,97,'72849',0,1,'2025-10-01 17:59:21','2025-10-01 18:07:17','2025-10-01 18:07:17'),(4967,'VGRNC7',26,19,97,'15843',0,1,'2025-10-01 17:59:21','2025-10-01 18:07:17','2025-10-01 18:07:17'),(4968,'KN963C',18,11,64,'763781',0,1,'2025-10-01 19:54:41','2025-10-01 19:54:41',NULL),(4969,'KN963C',18,11,64,'148973',0,1,'2025-10-01 19:54:41','2025-10-01 19:54:41',NULL),(4970,'KN963C',18,11,64,'298546',0,1,'2025-10-01 19:54:41','2025-10-01 19:54:41',NULL),(4971,'V3NML4',23,16,85,'7844454',1,1,'2025-10-02 05:59:47','2025-10-02 06:04:02',NULL);

--
-- Table structure for table `company_referral_payments`
--

CREATE TABLE `company_referral_payments` (
  `id` bigint unsigned NOT NULL AUTO_INCREMENT,
  `company_referral_id` bigint unsigned NOT NULL,
  `company_router_invoice_payment_id` int NOT NULL,
  `user_id` int DEFAULT NULL,
  `payment_mode_id` bigint unsigned NOT NULL,
  `transaction_code` varchar(191) COLLATE utf8mb4_unicode_ci DEFAULT NULL,
  `amount` decimal(8,2) NOT NULL DEFAULT '0.00',
  `created_at` timestamp NULL DEFAULT NULL,
  `updated_at` timestamp NULL DEFAULT NULL,
  `deleted_at` timestamp NULL DEFAULT NULL,
  PRIMARY KEY (`id`),
  KEY `company_referral_payments_company_referral_id_foreign` (`company_referral_id`),
  KEY `company_referral_payments_payment_mode_id_foreign` (`payment_mode_id`),
  CONSTRAINT `company_referral_payments_company_referral_id_foreign` FOREIGN KEY (`company_referral_id`) REFERENCES `company_referrals` (`id`) ON DELETE CASCADE,
  CONSTRAINT `company_referral_payments_payment_mode_id_foreign` FOREIGN KEY (`payment_mode_id`) REFERENCES `payment_modes` (`id`) ON DELETE CASCADE
) ENGINE=InnoDB DEFAULT CHARSET=utf8mb4 COLLATE=utf8mb4_unicode_ci;

--
-- Dumping data for table `company_referral_payments`
--


--
-- Table structure for table `company_referrals`
--

CREATE TABLE `company_referrals` (
  `id` bigint unsigned NOT NULL AUTO_INCREMENT,
  `company_id` bigint unsigned NOT NULL,
  `referrer_id` int NOT NULL,
  `percentage_commission` decimal(8,2) NOT NULL DEFAULT '0.00',
  `created_at` timestamp NULL DEFAULT NULL,
  `updated_at` timestamp NULL DEFAULT NULL,
  `deleted_at` timestamp NULL DEFAULT NULL,
  PRIMARY KEY (`id`),
  KEY `company_referrals_company_id_foreign` (`company_id`),
  CONSTRAINT `company_referrals_company_id_foreign` FOREIGN KEY (`company_id`) REFERENCES `companies` (`id`) ON DELETE CASCADE
) ENGINE=InnoDB DEFAULT CHARSET=utf8mb4 COLLATE=utf8mb4_unicode_ci;

--
-- Dumping data for table `company_referrals`
--


--
-- Table structure for table `company_router_customers`
--

CREATE TABLE `company_router_customers` (
  `id` bigint unsigned NOT NULL AUTO_INCREMENT,
  `company_router_id` bigint unsigned NOT NULL,
  `name` varchar(191) COLLATE utf8mb4_unicode_ci DEFAULT NULL,
  `phone` varchar(191) COLLATE utf8mb4_unicode_ci NOT NULL,
  `created_at` timestamp NULL DEFAULT NULL,
  `updated_at` timestamp NULL DEFAULT NULL,
  `deleted_at` timestamp NULL DEFAULT NULL,
  PRIMARY KEY (`id`),
  KEY `company_router_customers_company_router_id_foreign` (`company_router_id`),
  CONSTRAINT `company_router_customers_company_router_id_foreign` FOREIGN KEY (`company_router_id`) REFERENCES `company_routers` (`id`) ON DELETE CASCADE
) ENGINE=InnoDB AUTO_INCREMENT=191 DEFAULT CHARSET=utf8mb4 COLLATE=utf8mb4_unicode_ci;

--
-- Dumping data for table `company_router_customers`
--

INSERT INTO `company_router_customers` VALUES (1,2,'7E:A5:C8:0E:3C:6A','255763752350','2025-08-05 18:59:16','2025-08-20 05:38:54',NULL),(2,2,'5A:DD:D5:00:65:24','255693311437','2025-08-05 19:03:34','2025-08-14 20:20:44',NULL),(3,2,'26:FD:5C:BC:F1:CF','255672040034','2025-08-07 18:53:51','2025-10-01 14:02:18',NULL),(4,2,'22:6A:1A:31:4A:46','255617595193','2025-08-08 15:56:01','2025-09-12 15:01:45',NULL),(5,2,'D4:67:D3:E3:17:BD','255656056606','2025-08-09 11:05:16','2025-08-09 11:05:16',NULL),(6,2,'B2:17:11:1E:76:42','255618250327','2025-08-11 19:33:35','2025-09-30 20:28:32',NULL),(7,2,'Silas','0796230626','2025-08-17 08:18:10','2025-08-17 08:18:10',NULL),(8,2,'Wankrew','0792222222','2025-08-17 13:16:10','2025-08-17 13:16:10',NULL),(9,2,'Admin','0723232334','2025-08-17 14:00:15','2025-08-17 14:00:15',NULL),(10,2,'Admin','0723232323','2025-08-17 14:05:10','2025-08-17 14:05:10',NULL),(11,2,'njovu','0763752350','2025-08-17 14:08:43','2025-08-17 14:08:43',NULL),(12,2,'EA:58:A4:7A:3F:40','255746278281','2025-08-17 15:44:23','2025-08-17 15:44:23',NULL),(13,2,'20:2B:20:82:46:81','255758728802','2025-08-19 09:09:34','2025-09-16 04:46:52',NULL),(14,2,'62:06:D0:8C:47:36','255673093138','2025-08-19 17:48:08','2025-08-19 17:48:08',NULL),(15,2,'E6:12:A3:41:F4:AD','255746184273','2025-08-19 20:41:06','2025-08-19 20:41:06',NULL),(16,2,'14:9F:3C:6B:96:77','255783709549','2025-08-20 10:01:10','2025-08-20 10:01:10',NULL),(17,2,'12:1A:2A:5F:0B:10','255747101974','2025-08-20 13:10:29','2025-09-23 09:41:58',NULL),(18,2,'Faith','0712050835','2025-08-20 14:09:02','2025-08-20 14:09:02',NULL),(19,2,'5A:22:D6:25:36:E9','255616535743','2025-08-20 18:26:13','2025-08-20 18:26:13',NULL),(20,2,'3E:A5:2D:34:21:C5','255617223653','2025-08-20 20:00:36','2025-08-24 08:24:28',NULL),(21,2,'BE:FD:23:A1:58:ED','255654966625','2025-08-21 06:30:08','2025-08-21 06:30:08',NULL),(22,2,'1A:4E:95:05:E9:3F','255625284273','2025-08-21 19:38:06','2025-09-20 01:05:35',NULL),(23,2,'0A:00:F5:20:D1:35','255769211401','2025-08-21 20:22:20','2025-08-21 20:22:20',NULL),(24,2,'FE:96:EF:57:F0:70','255714840147','2025-08-22 17:26:43','2025-08-22 17:26:43',NULL),(25,2,'F2:65:ED:BF:19:CD','255785162610','2025-08-22 20:56:29','2025-09-10 16:53:47',NULL),(26,2,'0A:00:F5:20:D1:35','255629671401','2025-08-22 22:46:53','2025-08-22 22:46:53',NULL),(27,2,'4E:ED:DD:40:F3:A1','255792736886','2025-08-23 09:26:25','2025-08-23 09:26:25',NULL),(28,2,'A6:85:AC:A3:94:CF','255742925839','2025-08-24 09:30:08','2025-08-24 09:30:08',NULL),(29,2,'FC:AA:B6:3B:A0:48','255769039595','2025-08-24 21:25:55','2025-09-08 19:02:40',NULL),(30,2,'66:BB:53:AB:22:4E','255715060369','2025-08-25 17:22:24','2025-09-03 18:00:08',NULL),(31,2,'42:B6:CB:A6:FE:13','255774422687','2025-08-25 17:32:30','2025-08-25 17:32:30',NULL),(32,2,'CA:AB:0C:3B:E0:FC','255775514233','2025-08-25 19:15:59','2025-09-16 20:39:11',NULL),(33,2,'5A:22:D6:25:36:E9','255767631761','2025-08-26 14:51:15','2025-08-26 14:51:15',NULL),(34,6,'Mwamba','123456','2025-08-26 17:28:39','2025-08-26 17:28:39',NULL),(35,2,'02:C0:AF:A7:33:40','255761933535','2025-08-26 20:37:23','2025-08-28 21:38:06',NULL),(36,2,'F2:94:94:28:61:0A','255685827717','2025-08-26 21:17:04','2025-08-26 21:17:04',NULL),(37,5,'maleko','0713277244','2025-08-26 21:46:05','2025-08-26 21:46:05',NULL),(38,5,'magwila','0785949091','2025-08-26 21:53:10','2025-08-26 21:53:10',NULL),(39,5,'luta','0789880287','2025-08-26 21:58:54','2025-08-26 21:58:54',NULL),(40,5,'gilbert','0715807200','2025-08-26 22:02:34','2025-08-26 22:02:34',NULL),(41,6,'A2:ED:93:63:1B:07','255781995838','2025-08-27 10:46:41','2025-08-27 10:46:41',NULL),(42,6,'C2:14:39:F6:BE:64','255767506018','2025-08-27 10:48:07','2025-08-27 10:48:07',NULL),(43,2,'2E:1A:C2:11:77:57','255786509766','2025-08-28 13:09:31','2025-08-28 13:09:31',NULL),(44,2,'4E:AC:71:9B:AA:D8','255687691491','2025-08-28 15:53:52','2025-09-06 22:30:03',NULL),(45,2,'daniel','0657745566','2025-08-29 05:36:04','2025-08-29 05:36:04',NULL),(46,2,'munisi','0784354707','2025-08-29 05:38:44','2025-08-29 05:38:44',NULL),(47,2,'ndunguru','0763462201','2025-08-29 05:41:06','2025-08-29 05:41:06',NULL),(48,2,'2E:02:FF:6E:4D:83','255622713224','2025-08-29 12:02:21','2025-08-29 12:02:21',NULL),(49,2,'FC:AA:B6:3B:A0:48','255625387323','2025-08-29 12:46:55','2025-10-01 11:25:59',NULL),(50,2,'52:79:1D:E2:BB:02','255768091773','2025-08-29 13:16:58','2025-08-30 07:18:53',NULL),(51,7,'8E:E0:2B:0F:11:26','255754578434','2025-08-29 20:53:37','2025-08-29 20:53:37',NULL),(52,2,'7E:5E:FC:92:8D:6E','255656397070','2025-08-30 08:01:52','2025-08-30 08:01:52',NULL),(53,2,'26:FF:4F:81:B9:CD','255794449030','2025-08-30 09:12:33','2025-08-30 09:12:33',NULL),(54,2,'62:98:4F:47:C4:C9','255656537308','2025-08-30 11:39:29','2025-08-30 11:39:29',NULL),(55,2,'E2:CA:F4:73:20:C8','255747433974','2025-08-30 16:26:16','2025-09-27 20:01:34',NULL),(56,2,'CA:72:22:4C:C5:32','255794474606','2025-08-31 10:25:51','2025-09-08 11:24:33',NULL),(57,6,'7A:39:BF:E7:E7:A8','255784130128','2025-08-31 11:28:50','2025-08-31 11:28:50',NULL),(58,6,'C2:FB:8E:57:E1:CE','255712513119','2025-08-31 11:39:01','2025-08-31 11:39:01',NULL),(59,6,'C8:B2:9B:7C:5F:29','255758219626','2025-08-31 13:13:17','2025-08-31 13:13:17',NULL),(60,2,'BE:D8:5E:B0:49:F7','255752565788','2025-08-31 15:02:58','2025-09-20 10:51:08',NULL),(61,2,'10:3F:44:60:C7:32','255783339170','2025-08-31 19:08:51','2025-08-31 19:08:51',NULL),(62,2,'5A:F8:D7:0F:BF:9E','255749709448','2025-08-31 20:49:57','2025-09-30 07:16:39',NULL),(63,2,'0A:57:0C:DB:64:8E','255786334359','2025-08-31 21:27:22','2025-09-29 22:11:50',NULL),(64,2,'96:D4:9F:81:4D:92','255764788454','2025-09-01 05:50:29','2025-09-25 20:05:10',NULL),(65,7,'C6:F2:E7:AB:DB:E5','255745071246','2025-09-01 08:25:02','2025-09-01 08:25:02',NULL),(66,6,'BA:C8:C0:76:B0:F5','255679180150','2025-09-01 09:41:32','2025-09-01 09:41:32',NULL),(67,2,'16:90:94:94:7D:93','255616692225','2025-09-01 10:11:33','2025-09-12 19:36:39',NULL),(68,7,'CE:0A:06:DF:1F:AA','255742455774','2025-09-01 10:21:41','2025-09-01 10:21:41',NULL),(69,7,'DE:FE:99:B9:7F:F5','255785581266','2025-09-01 10:47:55','2025-09-01 10:47:55',NULL),(70,2,'4C:63:71:96:C0:61','255760565257','2025-09-01 11:22:40','2025-09-01 11:22:40',NULL),(71,7,'EA:56:D4:D3:43:77','255766383956','2025-09-01 12:38:35','2025-09-02 07:22:06',NULL),(72,7,'F2:8D:73:23:0E:53','255794877187','2025-09-01 13:08:34','2025-09-01 13:08:34',NULL),(73,2,'6E:86:6A:C0:08:FA','255625593547','2025-09-01 14:36:31','2025-09-13 12:25:40',NULL),(74,2,'A6:FE:2D:DE:CA:43','255756686605','2025-09-01 15:25:14','2025-09-01 15:25:14',NULL),(75,7,'DA:A8:28:9C:36:F4','255684128557','2025-09-01 16:03:03','2025-09-01 16:03:03',NULL),(76,7,'5E:93:95:94:AB:32','255760634846','2025-09-01 16:31:16','2025-09-01 16:31:16',NULL),(77,7,'C6:1B:31:E0:18:15','255792840418','2025-09-01 17:21:13','2025-09-01 17:21:13',NULL),(78,7,'56:3C:66:83:95:BB','255745504484','2025-09-01 21:17:35','2025-09-01 21:17:35',NULL),(79,7,'A6:F5:4F:AB:DF:19','255695220884','2025-09-01 21:25:11','2025-09-01 21:25:11',NULL),(80,2,'8E:84:80:D7:56:E5','255784147778','2025-09-01 21:39:52','2025-09-24 05:48:08',NULL),(81,2,'4E:63:7D:67:95:A8','255611299495','2025-09-01 22:34:54','2025-09-08 11:15:10',NULL),(82,7,'9A:1F:40:7C:81:B4','255783748565','2025-09-02 09:24:52','2025-09-02 09:24:52',NULL),(83,2,'62:18:B0:28:93:23','255756172712','2025-09-02 09:36:11','2025-09-11 21:02:51',NULL),(84,2,'4A:87:2C:39:9D:A6','255699798976','2025-09-02 14:51:27','2025-09-02 14:51:27',NULL),(85,2,'7A:84:79:EC:32:66','255754410997','2025-09-02 16:45:57','2025-09-02 16:45:57',NULL),(86,2,'C6:82:84:09:10:28','255761028792','2025-09-02 19:19:24','2025-09-24 14:02:25',NULL),(87,2,'82:75:18:2D:C9:ED','255674057530','2025-09-02 19:35:14','2025-09-02 19:35:14',NULL),(88,2,'86:87:D5:B9:81:15','255654759552','2025-09-03 06:31:13','2025-09-27 16:25:25',NULL),(89,2,'CE:42:78:C4:E6:C9','255627130488','2025-09-03 07:53:49','2025-09-03 07:53:49',NULL),(90,2,'A0:CC:2B:B3:51:BB','255624253578','2025-09-03 08:46:53','2025-09-03 08:46:53',NULL),(91,2,'92:85:32:EB:61:BE','255627921037','2025-09-03 12:40:14','2025-09-14 17:50:02',NULL),(92,2,'FE:06:92:FA:87:6B','255753338233','2025-09-03 16:52:38','2025-09-03 16:52:38',NULL),(93,2,'F6:1D:E3:77:F2:61','255781692464','2025-09-03 18:20:25','2025-10-01 18:43:07',NULL),(94,2,'3A:13:89:8C:B7:66','255747422865','2025-09-03 19:43:24','2025-09-06 18:32:52',NULL),(95,2,'C2:75:91:4A:D0:2B','255749757880','2025-09-03 19:56:14','2025-09-04 05:00:37',NULL),(96,2,'B2:C2:DD:A2:16:D9','255786116106','2025-09-03 20:55:49','2025-09-03 20:55:49',NULL),(97,2,'46:A4:18:50:39:B8','255765432361','2025-09-04 13:53:19','2025-09-04 13:53:19',NULL),(98,2,'24:DA:33:08:FD:6A','255622490139','2025-09-04 15:02:22','2025-09-04 15:02:22',NULL),(99,2,'AA:D6:9F:AD:AF:80','255740914542','2025-09-04 15:31:49','2025-09-04 15:31:49',NULL),(100,2,'0A:15:74:AF:16:87','255742085274','2025-09-04 16:11:04','2025-09-04 16:11:04',NULL),(101,2,'74:C1:7D:15:5A:9A','255795143391','2025-09-04 16:45:16','2025-09-04 16:45:16',NULL),(102,2,'FE:06:92:FA:87:6B','255714222204','2025-09-04 17:49:57','2025-09-04 17:49:57',NULL),(103,2,'12:9B:F6:38:BA:E8','255761722492','2025-09-04 19:41:52','2025-09-04 19:41:52',NULL),(104,2,'22:46:15:C3:28:9B','255687982751','2025-09-05 11:58:37','2025-09-05 11:58:37',NULL),(105,2,'F6:D1:00:86:57:E6','255760087423','2025-09-05 18:57:36','2025-09-06 12:51:54',NULL),(106,2,'0A:00:F5:20:D1:35','255710137513','2025-09-05 22:08:38','2025-09-05 22:08:38',NULL),(107,9,'Admin','07123455650','2025-09-06 06:56:00','2025-09-06 06:56:00',NULL),(108,9,'80:AF:CA:23:CF:5C','255693519319','2025-09-06 10:40:09','2025-10-01 16:59:24',NULL),(109,2,'F2:CD:BA:DB:73:EF','255717139791','2025-09-06 10:58:58','2025-09-06 10:58:58',NULL),(110,2,'32:FE:B8:B0:34:56','255752578492','2025-09-06 19:03:13','2025-09-07 07:04:04',NULL),(111,2,'D2:AF:D0:06:95:D8','255781312402','2025-09-06 22:02:57','2025-09-06 22:02:57',NULL),(112,2,'C6:DA:37:27:8C:70','255619252915','2025-09-07 05:41:35','2025-09-07 05:41:35',NULL),(113,2,'86:B6:B4:B9:05:BA','255611073440','2025-09-07 09:29:15','2025-09-07 09:29:15',NULL),(114,2,'FE:AC:67:50:DD:CC','255755097003','2025-09-07 11:12:11','2025-09-07 11:12:11',NULL),(115,2,'10:3F:44:60:C7:32','255793339170','2025-09-07 15:12:41','2025-09-07 15:12:41',NULL),(116,2,'E8:50:8B:67:80:CC','255740579665','2025-09-07 19:44:32','2025-10-01 21:26:02',NULL),(117,2,'8A:24:9C:08:15:98','255784682699','2025-09-08 16:36:39','2025-09-08 16:36:39',NULL),(118,2,'A8:13:06:C0:4E:B3','255745890713','2025-09-08 17:12:55','2025-09-28 18:38:35',NULL),(119,2,'60:70:72:60:6A:C2','255712876627','2025-09-09 00:15:23','2025-09-09 00:15:23',NULL),(120,10,'Admin','0753432321','2025-09-09 11:06:17','2025-09-09 11:06:17',NULL),(121,10,'FA:16:BC:FD:54:06','255681905115','2025-09-09 13:28:05','2025-09-09 13:28:05',NULL),(122,2,'BE:B3:CB:9E:09:DC','255776288209','2025-09-09 13:56:44','2025-09-09 13:56:44',NULL),(123,2,'EE:F7:43:4A:79:AC','255785686231','2025-09-09 18:49:50','2025-10-01 22:12:26',NULL),(124,2,'temu','+255657745566','2025-09-10 19:02:48','2025-09-10 19:02:48',NULL),(125,2,'FE:06:92:FA:87:6B','255783338233','2025-09-11 19:22:53','2025-09-11 19:22:53',NULL),(126,2,'3A:13:89:8C:B7:66','255624046228','2025-09-11 20:00:22','2025-09-15 19:57:48',NULL),(127,2,'52:23:86:29:18:8C','255610203016','2025-09-13 17:26:56','2025-09-13 17:26:56',NULL),(128,2,'B2:08:B4:45:AA:47','255650077452','2025-09-13 17:54:45','2025-09-13 17:54:45',NULL),(129,2,'60:F1:89:64:28:26','255689986637','2025-09-13 21:33:40','2025-09-13 21:33:40',NULL),(130,2,'16:90:94:94:7D:93','255749747697','2025-09-14 05:54:25','2025-09-14 05:54:25',NULL),(131,2,'20:26:81:EC:2E:02','255628577119','2025-09-14 10:11:23','2025-09-14 10:11:23',NULL),(132,2,'veda','0754959295','2025-09-14 15:32:29','2025-09-14 15:32:29',NULL),(133,2,'AE:56:C4:2C:DB:22','255768654552','2025-09-14 16:46:57','2025-09-25 18:37:23',NULL),(134,2,'52:C3:10:22:FB:F4','255624465679','2025-09-15 13:03:04','2025-09-15 13:03:04',NULL),(135,2,'njovu','0716583413','2025-09-16 19:08:40','2025-09-16 19:08:40',NULL),(136,2,'AA:82:34:B6:ED:67','255659559103','2025-09-17 17:49:42','2025-09-17 17:49:42',NULL),(137,2,'06:9D:01:F5:0E:47','255753617602','2025-09-18 07:33:09','2025-09-18 07:33:09',NULL),(138,2,'A2:32:59:BA:56:02','255789191644','2025-09-18 13:46:19','2025-09-18 13:46:19',NULL),(139,2,'72:27:6C:EA:34:29','255785225957','2025-09-18 15:39:55','2025-09-18 15:39:55',NULL),(140,2,'56:F8:E5:75:D9:C1','255750909628','2025-09-18 17:59:47','2025-09-24 08:23:21',NULL),(141,2,'F2:68:FE:84:94:69','255612357142','2025-09-18 18:22:39','2025-09-18 18:22:39',NULL),(142,2,'96:44:14:52:B0:A6','255778966928','2025-09-19 11:18:09','2025-09-19 11:18:09',NULL),(143,2,'C2:75:91:4A:D0:2B','255627056783','2025-09-19 12:44:31','2025-09-22 20:59:52',NULL),(144,5,'92:51:2E:7A:C8:B4','255683193097','2025-09-19 14:39:39','2025-09-19 14:39:39',NULL),(145,2,'8A:B7:46:D2:A4:15','255621220599','2025-09-19 18:48:27','2025-09-19 18:48:27',NULL),(146,2,'9E:0D:04:94:2B:3A','255773417388','2025-09-20 07:38:06','2025-09-20 07:38:06',NULL),(147,2,'24:2E:02:2C:C6:79','255792984334','2025-09-20 19:40:14','2025-09-20 19:40:14',NULL),(148,2,'78:3A:6C:7F:20:71','255613030131','2025-09-20 21:31:52','2025-09-20 21:31:52',NULL),(149,2,'42:CC:90:DA:81:CB','255718522465','2025-09-22 20:46:09','2025-09-22 20:46:09',NULL),(150,2,'36:5A:F6:67:35:9C','255658129093','2025-09-23 00:03:37','2025-09-23 00:03:37',NULL),(151,2,'AA:C1:1A:D2:79:24','255713566041','2025-09-23 09:39:35','2025-09-23 09:39:35',NULL),(152,2,'16:EE:4C:44:25:89','255767120113','2025-09-23 19:40:34','2025-09-23 19:40:34',NULL),(153,2,'16:4C:1D:CB:4B:13','255784538988','2025-09-24 18:54:15','2025-09-24 18:54:15',NULL),(154,2,'E6:9C:C5:2C:07:A5','255698242697','2025-09-26 09:35:11','2025-10-01 12:27:32',NULL),(155,13,'C6:1F:F0:E6:26:3A','255714453893','2025-09-26 14:41:34','2025-09-26 14:41:34',NULL),(156,13,'D2:90:58:0D:1F:61','255788443614','2025-09-26 22:24:14','2025-09-30 12:12:18',NULL),(157,13,'F8:2E:3F:C2:26:47','255744460432','2025-09-27 10:03:05','2025-09-27 10:03:05',NULL),(158,2,'0A:96:C0:81:31:8F','255766643884','2025-09-28 09:05:27','2025-09-28 09:05:27',NULL),(159,2,'1A:89:CC:42:69:58','255616729350','2025-09-28 16:32:58','2025-09-28 16:32:58',NULL),(160,14,'0E:B2:79:3B:14:64','255765288577','2025-09-28 16:35:30','2025-09-28 16:35:30',NULL),(161,14,'86:41:1C:60:68:46','255785970744','2025-09-28 18:56:14','2025-09-28 18:56:14',NULL),(162,14,'32:67:7E:83:97:B1','255786547458','2025-09-29 05:15:50','2025-10-01 08:15:13',NULL),(163,14,'56:94:9E:DC:17:30','255617755355','2025-09-29 05:47:46','2025-10-01 11:32:27',NULL),(164,14,'6A:0E:42:B6:7B:C7','255781139508','2025-09-29 08:22:14','2025-09-29 08:22:14',NULL),(165,14,'86:C2:30:71:5F:D3','255718481568','2025-09-29 08:28:11','2025-09-29 08:28:11',NULL),(166,14,'C2:3A:51:3B:5C:2E','255742058428','2025-09-29 11:17:41','2025-09-29 11:17:41',NULL),(167,2,'60:70:72:60:6A:C2','255615262892','2025-09-29 12:23:50','2025-09-29 12:23:50',NULL),(168,14,'96:E8:68:23:C5:E3','255741596868','2025-09-29 12:47:12','2025-09-29 12:47:12',NULL),(169,2,'B6:28:6A:AF:47:B3','255683113941','2025-09-29 12:58:22','2025-09-29 12:58:22',NULL),(170,15,'D2:7C:2D:A8:C1:B3','255745470536','2025-09-29 13:28:07','2025-09-29 13:28:07',NULL),(171,14,'1E:52:49:73:60:0C','255761600012','2025-09-29 17:39:05','2025-09-29 17:39:05',NULL),(172,2,'F2:C6:C1:71:E4:92','255792151153','2025-09-29 18:52:57','2025-09-30 21:02:56',NULL),(173,2,'76:41:E9:B1:C9:13','255625493684','2025-09-29 21:29:04','2025-09-29 21:29:04',NULL),(174,14,'46:C4:E3:6B:23:2D','255717762600','2025-09-30 08:26:10','2025-09-30 08:26:10',NULL),(175,14,'0A:95:E3:8B:6C:3D','255611545747','2025-09-30 09:05:03','2025-09-30 09:05:03',NULL),(176,14,'86:41:1C:60:68:46','255793838348','2025-09-30 09:10:22','2025-09-30 09:10:22',NULL),(177,14,'9E:EF:47:4A:D0:F0','255682523590','2025-09-30 10:15:49','2025-09-30 10:15:49',NULL),(178,14,'22:20:0A:03:AC:61','255693975087','2025-09-30 14:11:04','2025-09-30 14:11:04',NULL),(179,14,'A8:87:B3:23:4F:BF','255616518439','2025-09-30 16:14:46','2025-09-30 16:14:46',NULL),(180,2,'4A:16:D9:48:F9:0B','255762986292','2025-09-30 19:00:35','2025-10-01 18:22:02',NULL),(181,13,'F8:2E:3F:C2:26:47','255788227701','2025-09-30 19:32:19','2025-09-30 19:32:19',NULL),(182,14,'F2:1F:42:EB:44:71','255616594966','2025-10-01 08:19:02','2025-10-01 08:19:02',NULL),(183,14,'F6:64:11:4D:F5:90','255687596450','2025-10-01 09:25:29','2025-10-01 09:25:29',NULL),(184,14,'AE:7F:25:63:4C:93','255686103315','2025-10-01 10:45:05','2025-10-01 10:45:05',NULL),(185,14,'DA:1A:0F:E4:D0:2B','255712876399','2025-10-01 11:01:24','2025-10-01 11:01:24',NULL),(186,15,'1E:62:6E:B6:04:B3','255767967942','2025-10-01 15:42:32','2025-10-01 15:42:32',NULL),(187,14,'AC:29:29:4A:C3:C3','255785980372','2025-10-01 18:52:46','2025-10-01 18:52:46',NULL),(188,9,'5A:2D:A2:9E:96:EF','255692147994','2025-10-01 19:10:12','2025-10-01 19:10:12',NULL),(189,19,'52:A2:65:65:1A:B8','255688680386','2025-10-01 22:19:52','2025-10-01 22:19:52',NULL),(190,14,'CE:AE:E9:2D:35:C4','255679819855','2025-10-01 23:01:40','2025-10-01 23:01:40',NULL);

--
-- Table structure for table `company_router_interfaces`
--

CREATE TABLE `company_router_interfaces` (
  `id` bigint unsigned NOT NULL AUTO_INCREMENT,
  `company_router_id` bigint unsigned NOT NULL,
  `name` varchar(191) COLLATE utf8mb4_unicode_ci NOT NULL,
  `status` int NOT NULL DEFAULT '1' COMMENT '0=inactive, 1=active',
  `created_at` timestamp NULL DEFAULT NULL,
  `updated_at` timestamp NULL DEFAULT NULL,
  `deleted_at` timestamp NULL DEFAULT NULL,
  PRIMARY KEY (`id`),
  KEY `company_router_interfaces_company_router_id_foreign` (`company_router_id`),
  CONSTRAINT `company_router_interfaces_company_router_id_foreign` FOREIGN KEY (`company_router_id`) REFERENCES `company_routers` (`id`) ON DELETE CASCADE
) ENGINE=InnoDB AUTO_INCREMENT=102 DEFAULT CHARSET=utf8mb4 COLLATE=utf8mb4_unicode_ci;

--
-- Dumping data for table `company_router_interfaces`
--

INSERT INTO `company_router_interfaces` VALUES (9,2,'ether1',1,'2025-08-05 17:44:20','2025-08-05 17:44:20',NULL),(10,2,'ether3',1,'2025-08-05 17:44:20','2025-08-05 17:44:20',NULL),(11,2,'ether4',1,'2025-08-05 17:44:20','2025-08-05 17:44:20',NULL),(12,2,'ether5',1,'2025-08-05 17:44:20','2025-08-05 17:44:20',NULL),(13,2,'bridge',1,'2025-08-05 17:44:20','2025-08-05 17:44:20',NULL),(14,2,'lo',1,'2025-08-05 17:44:20','2025-08-05 17:44:20',NULL),(15,2,'ovpn-out1',1,'2025-08-05 17:44:20','2025-08-05 17:44:20',NULL),(25,5,'ether1',1,'2025-08-26 18:11:46','2025-08-26 18:11:46',NULL),(26,5,'ether3',1,'2025-08-26 18:11:46','2025-08-26 18:11:46',NULL),(27,5,'ether4',1,'2025-08-26 18:11:46','2025-08-26 18:11:46',NULL),(28,5,'ether5',1,'2025-08-26 18:11:46','2025-08-26 18:11:46',NULL),(29,5,'bridge',1,'2025-08-26 18:11:46','2025-08-26 18:11:46',NULL),(30,5,'ovpn-out1',1,'2025-08-26 18:11:46','2025-08-26 18:11:46',NULL),(31,7,'ether1',1,'2025-08-29 20:13:38','2025-08-29 20:13:38',NULL),(32,7,'ether2',1,'2025-08-29 20:13:38','2025-08-29 20:13:38',NULL),(33,7,'ether3',1,'2025-08-29 20:13:38','2025-08-29 20:13:38',NULL),(34,7,'ether5',1,'2025-08-29 20:13:38','2025-08-29 20:13:38',NULL),(35,7,'ether6',1,'2025-08-29 20:13:38','2025-08-29 20:13:38',NULL),(36,7,'ether7',1,'2025-08-29 20:13:38','2025-08-29 20:13:38',NULL),(37,7,'ether8',1,'2025-08-29 20:13:38','2025-08-29 20:13:38',NULL),(38,7,'sfp1',1,'2025-08-29 20:13:38','2025-08-29 20:13:38',NULL),(39,7,'bridge',1,'2025-08-29 20:13:38','2025-08-29 20:13:38',NULL),(40,7,'lo',1,'2025-08-29 20:13:38','2025-08-29 20:13:38',NULL),(41,7,'ovpn-out1',1,'2025-08-29 20:13:38','2025-08-29 20:13:38',NULL),(42,7,'wifi1',1,'2025-08-29 20:13:38','2025-08-29 20:13:38',NULL),(43,10,'ether1',1,'2025-09-09 10:51:17','2025-09-09 10:51:17',NULL),(44,10,'ether2',1,'2025-09-09 10:51:17','2025-09-09 10:51:17',NULL),(45,10,'ether3',1,'2025-09-09 10:51:17','2025-09-09 10:51:17',NULL),(46,10,'RS',1,'2025-09-09 10:51:17','2025-09-09 10:51:17',NULL),(47,10,'R',1,'2025-09-09 10:51:17','2025-09-09 10:51:17',NULL),(48,10,'ovpn-out1',1,'2025-09-09 10:51:17','2025-09-09 10:51:17',NULL),(49,13,'ether1',1,'2025-09-26 13:47:49','2025-09-26 13:47:49',NULL),(50,13,'ether2',1,'2025-09-26 13:47:49','2025-09-26 13:47:49',NULL),(51,13,'ether3',1,'2025-09-26 13:47:49','2025-09-26 13:47:49',NULL),(52,13,'RS',1,'2025-09-26 13:47:49','2025-09-26 13:47:49',NULL),(53,13,'ether5',1,'2025-09-26 13:47:49','2025-09-26 13:47:49',NULL),(54,13,'ether6',1,'2025-09-26 13:47:49','2025-09-26 13:47:49',NULL),(55,13,'ether7',1,'2025-09-26 13:47:49','2025-09-26 13:47:49',NULL),(56,13,'ether8',1,'2025-09-26 13:47:49','2025-09-26 13:47:49',NULL),(57,13,'ether10',1,'2025-09-26 13:47:49','2025-09-26 13:47:49',NULL),(58,13,'sfp1',1,'2025-09-26 13:47:49','2025-09-26 13:47:49',NULL),(59,13,'wlan1',1,'2025-09-26 13:47:49','2025-09-26 13:47:49',NULL),(60,13,'R',1,'2025-09-26 13:47:49','2025-09-26 13:47:49',NULL),(61,13,'ovpn-out1',1,'2025-09-26 13:47:49','2025-09-26 13:47:49',NULL),(62,14,'ether1',1,'2025-09-28 15:46:40','2025-09-28 15:46:40',NULL),(63,14,'ether2',1,'2025-09-28 15:46:40','2025-09-28 15:46:40',NULL),(64,14,'RS',1,'2025-09-28 15:46:40','2025-09-28 15:46:40',NULL),(65,14,'ether4',1,'2025-09-28 15:46:40','2025-09-28 15:46:40',NULL),(66,14,'ether5',1,'2025-09-28 15:46:40','2025-09-28 15:46:40',NULL),(67,14,'wlan1',1,'2025-09-28 15:46:40','2025-09-28 15:46:40',NULL),(68,14,'R',1,'2025-09-28 15:46:40','2025-09-28 15:46:40',NULL),(69,14,'ovpn-out1',1,'2025-09-28 15:46:40','2025-09-28 15:46:40',NULL),(70,15,'ether1',1,'2025-09-29 12:03:50','2025-09-29 12:03:50',NULL),(71,15,'ether3',1,'2025-09-29 12:03:50','2025-09-29 12:03:50',NULL),(72,15,'ether4',1,'2025-09-29 12:03:50','2025-09-29 12:03:50',NULL),(73,15,'ether5',1,'2025-09-29 12:03:50','2025-09-29 12:03:50',NULL),(74,15,'ether6',1,'2025-09-29 12:03:50','2025-09-29 12:03:50',NULL),(75,15,'ether7',1,'2025-09-29 12:03:50','2025-09-29 12:03:50',NULL),(76,15,'ether8',1,'2025-09-29 12:03:50','2025-09-29 12:03:50',NULL),(77,15,'sfp1',1,'2025-09-29 12:03:50','2025-09-29 12:03:50',NULL),(78,15,'bridge',1,'2025-09-29 12:03:50','2025-09-29 12:03:50',NULL),(79,15,'lo',1,'2025-09-29 12:03:50','2025-09-29 12:03:50',NULL),(80,15,'ovpn-out1',1,'2025-09-29 12:03:50','2025-09-29 12:03:50',NULL),(81,15,'wifi1',1,'2025-09-29 12:03:50','2025-09-29 12:03:50',NULL),(82,16,'ether1',1,'2025-09-29 17:06:37','2025-09-29 17:06:37',NULL),(83,16,'ether3',1,'2025-09-29 17:06:37','2025-09-29 17:06:37',NULL),(84,16,'ether4',1,'2025-09-29 17:06:37','2025-09-29 17:06:37',NULL),(85,16,'ether5',1,'2025-09-29 17:06:37','2025-09-29 17:06:37',NULL),(86,16,'ether6',1,'2025-09-29 17:06:37','2025-09-29 17:06:37',NULL),(87,16,'ether7',1,'2025-09-29 17:06:37','2025-09-29 17:06:37',NULL),(88,16,'ether8',1,'2025-09-29 17:06:37','2025-09-29 17:06:37',NULL),(89,16,'ether9',1,'2025-09-29 17:06:37','2025-09-29 17:06:37',NULL),(90,16,'ether10',1,'2025-09-29 17:06:37','2025-09-29 17:06:37',NULL),(91,16,'sfp1',1,'2025-09-29 17:06:37','2025-09-29 17:06:37',NULL),(92,16,'bridge',1,'2025-09-29 17:06:37','2025-09-29 17:06:37',NULL),(93,16,'ovpn-out1',1,'2025-09-29 17:06:37','2025-09-29 17:06:37',NULL),(94,19,'ether1',1,'2025-10-01 16:33:53','2025-10-01 16:33:53',NULL),(95,19,'RS',1,'2025-10-01 16:33:54','2025-10-01 16:33:54',NULL),(96,19,'ether3',1,'2025-10-01 16:33:54','2025-10-01 16:33:54',NULL),(97,19,'ether4',1,'2025-10-01 16:33:54','2025-10-01 16:33:54',NULL),(98,19,'ether5',1,'2025-10-01 16:33:54','2025-10-01 16:33:54',NULL),(99,19,'wlan1',1,'2025-10-01 16:33:54','2025-10-01 16:33:54',NULL),(100,19,'R',1,'2025-10-01 16:33:54','2025-10-01 16:33:54',NULL),(101,19,'ovpn-out1',1,'2025-10-01 16:33:54','2025-10-01 16:33:54',NULL);

--
-- Table structure for table `company_router_invoice_payments`
--

CREATE TABLE `company_router_invoice_payments` (
  `id` bigint unsigned NOT NULL AUTO_INCREMENT,
  `router_invoice_id` int NOT NULL,
  `grouped_transaction_id` bigint unsigned NOT NULL,
  `amount` decimal(8,2) NOT NULL DEFAULT '0.00',
  `commission_amount` decimal(8,2) NOT NULL DEFAULT '0.00',
  `created_at` timestamp NULL DEFAULT NULL,
  `updated_at` timestamp NULL DEFAULT NULL,
  `deleted_at` timestamp NULL DEFAULT NULL,
  PRIMARY KEY (`id`),
  KEY `company_router_invoice_payments_grouped_transaction_id_foreign` (`grouped_transaction_id`),
  CONSTRAINT `company_router_invoice_payments_grouped_transaction_id_foreign` FOREIGN KEY (`grouped_transaction_id`) REFERENCES `grouped_transactions` (`id`) ON DELETE CASCADE
) ENGINE=InnoDB AUTO_INCREMENT=7 DEFAULT CHARSET=utf8mb4 COLLATE=utf8mb4_unicode_ci;

--
-- Dumping data for table `company_router_invoice_payments`
--

INSERT INTO `company_router_invoice_payments` VALUES (1,6,1,21000.00,0.00,'2025-08-28 06:42:22','2025-08-28 06:42:22',NULL),(2,10,2,21000.00,0.00,'2025-09-10 17:38:47','2025-09-10 17:38:47',NULL),(3,11,3,21000.00,0.00,'2025-09-18 14:40:49','2025-09-18 14:40:49',NULL),(4,13,4,21000.00,0.00,'2025-09-27 15:04:44','2025-09-27 15:04:44',NULL),(5,16,5,21000.00,0.00,'2025-10-01 12:28:16','2025-10-01 12:28:16',NULL),(6,17,6,21000.00,0.00,'2025-10-02 06:41:55','2025-10-02 06:41:55',NULL);

--
-- Table structure for table `company_router_invoices`
--

CREATE TABLE `company_router_invoices` (
  `id` bigint unsigned NOT NULL AUTO_INCREMENT,
  `ref_no` varchar(191) COLLATE utf8mb4_unicode_ci NOT NULL,
  `company_router_id` bigint unsigned NOT NULL,
  `from_date` timestamp NOT NULL,
  `to_date` timestamp NOT NULL,
  `amount` decimal(8,2) NOT NULL DEFAULT '0.00',
  `status` int NOT NULL DEFAULT '0' COMMENT '0=pending, 1=paid',
  `created_at` timestamp NULL DEFAULT NULL,
  `updated_at` timestamp NULL DEFAULT NULL,
  `deleted_at` timestamp NULL DEFAULT NULL,
  PRIMARY KEY (`id`),
  KEY `company_router_invoices_company_router_id_foreign` (`company_router_id`),
  CONSTRAINT `company_router_invoices_company_router_id_foreign` FOREIGN KEY (`company_router_id`) REFERENCES `company_routers` (`id`) ON DELETE CASCADE
) ENGINE=InnoDB AUTO_INCREMENT=21 DEFAULT CHARSET=utf8mb4 COLLATE=utf8mb4_unicode_ci;

--
-- Dumping data for table `company_router_invoices`
--

INSERT INTO `company_router_invoices` VALUES (2,'1052P9',2,'2025-08-04 22:00:00','2025-09-04 22:00:00',1000.00,0,'2025-08-05 16:56:56','2025-08-28 13:27:33','2025-08-28 13:27:33'),(5,'L3POA9',5,'2025-08-17 22:00:00','2025-09-17 22:00:00',21000.00,0,'2025-08-18 17:15:11','2025-08-28 06:45:33',NULL),(6,'UMORD7',6,'2025-08-25 22:00:00','2025-09-25 22:00:00',21000.00,1,'2025-08-26 13:06:13','2025-08-28 06:42:22',NULL),(7,'LIM5SR',7,'2025-08-28 22:00:00','2025-09-28 22:00:00',21000.00,0,'2025-08-29 19:10:58','2025-08-29 19:10:58',NULL),(8,'UA4N6X',8,'2025-08-29 22:00:00','2025-09-29 22:00:00',21000.00,0,'2025-08-30 06:58:45','2025-08-30 06:58:45',NULL),(9,'XKAGB1',9,'2025-09-05 22:00:00','2025-10-05 22:00:00',21000.00,0,'2025-09-06 06:09:37','2025-09-25 06:34:59',NULL),(10,'IFBS2J',10,'2025-09-08 22:00:00','2025-10-08 22:00:00',21000.00,1,'2025-09-09 09:33:08','2025-09-10 17:38:47',NULL),(11,'O2YFSQ',11,'2025-09-17 22:00:00','2025-10-17 22:00:00',21000.00,1,'2025-09-18 14:24:23','2025-09-18 14:40:49',NULL),(12,'YXDQ1H',12,'2025-09-24 22:00:00','2025-10-24 22:00:00',21000.00,0,'2025-09-25 11:55:26','2025-09-25 11:55:26',NULL),(13,'2IS8WQ',13,'2025-09-25 22:00:00','2025-10-25 22:00:00',21000.00,1,'2025-09-26 08:35:02','2025-09-27 15:04:44',NULL),(14,'R3WP1U',6,'2025-09-27 22:00:00','2025-10-27 23:00:00',21000.00,0,'2025-09-28 06:00:33','2025-09-28 06:00:33',NULL),(15,'YGTP9N',14,'2025-09-27 22:00:00','2025-10-27 23:00:00',21000.00,0,'2025-09-28 14:43:39','2025-09-28 14:43:39',NULL),(16,'BEO5CU',15,'2025-09-28 22:00:00','2025-10-28 23:00:00',21000.00,1,'2025-09-29 10:07:30','2025-10-01 12:28:16',NULL),(17,'LG0OC1',16,'2025-09-28 22:00:00','2025-10-28 23:00:00',21000.00,1,'2025-09-29 16:41:08','2025-10-02 06:41:55',NULL),(18,'T3BUIG',17,'2025-09-29 22:00:00','2025-10-29 23:00:00',21000.00,0,'2025-09-30 08:49:41','2025-09-30 08:49:41',NULL),(19,'V5CJ14',18,'2025-09-29 22:00:00','2025-10-29 23:00:00',21000.00,0,'2025-09-30 09:13:04','2025-09-30 09:13:04',NULL),(20,'D5PAZM',19,'2025-09-30 22:00:00','2025-10-31 23:00:00',21000.00,0,'2025-10-01 16:23:50','2025-10-01 16:23:50',NULL);

--
-- Table structure for table `company_routers`
--

CREATE TABLE `company_routers` (
  `id` bigint unsigned NOT NULL AUTO_INCREMENT,
  `ref_no` varchar(191) COLLATE utf8mb4_unicode_ci NOT NULL,
  `company_id` bigint unsigned NOT NULL,
  `name` varchar(191) COLLATE utf8mb4_unicode_ci NOT NULL,
  `ip_address` varchar(191) COLLATE utf8mb4_unicode_ci NOT NULL,
  `public_ip` varchar(191) COLLATE utf8mb4_unicode_ci DEFAULT NULL,
  `username` varchar(191) COLLATE utf8mb4_unicode_ci NOT NULL,
  `api_port` int NOT NULL DEFAULT '8728',
  `password` varchar(191) COLLATE utf8mb4_unicode_ci NOT NULL,
  `subscription_amount` decimal(8,2) NOT NULL DEFAULT '0.00',
  `expiry_date` varchar(191) COLLATE utf8mb4_unicode_ci NOT NULL,
  `customer_care_phone` varchar(191) COLLATE utf8mb4_unicode_ci DEFAULT NULL,
  `online_status` int NOT NULL DEFAULT '1' COMMENT '0=offline, 1=online',
  `online_status_counter` int NOT NULL DEFAULT '0',
  `file_location` varchar(191) COLLATE utf8mb4_unicode_ci DEFAULT NULL,
  `transaction_frequency_id` bigint unsigned DEFAULT NULL,
  `next_transaction_date` varchar(191) COLLATE utf8mb4_unicode_ci DEFAULT NULL,
  `hotspot_anti_sharing_enabled` int NOT NULL DEFAULT '0' COMMENT '0=no, 1=yes',
  `status` int NOT NULL DEFAULT '1' COMMENT '0=inactive, 1=active, 2=expired',
  `created_at` timestamp NULL DEFAULT NULL,
  `updated_at` timestamp NULL DEFAULT NULL,
  `deleted_at` timestamp NULL DEFAULT NULL,
  PRIMARY KEY (`id`),
  UNIQUE KEY `company_routers_ip_address_unique` (`ip_address`),
  UNIQUE KEY `company_routers_public_ip_unique` (`public_ip`),
  KEY `company_routers_company_id_foreign` (`company_id`),
  KEY `company_routers_transaction_frequency_id_foreign` (`transaction_frequency_id`),
  CONSTRAINT `company_routers_company_id_foreign` FOREIGN KEY (`company_id`) REFERENCES `companies` (`id`) ON DELETE CASCADE,
  CONSTRAINT `company_routers_transaction_frequency_id_foreign` FOREIGN KEY (`transaction_frequency_id`) REFERENCES `transaction_frequencies` (`id`) ON DELETE CASCADE
) ENGINE=InnoDB AUTO_INCREMENT=20 DEFAULT CHARSET=utf8mb4 COLLATE=utf8mb4_unicode_ci;

--
-- Dumping data for table `company_routers`
--

INSERT INTO `company_routers` VALUES (2,'GI6BYT',8,'Ngoni Net 1','50.50.50.2','161.97.174.20:16758','ngoni',8728,'48DWVF',0.00,'2025-09-30','0716583413',1,0,NULL,1,'2025-08-05',1,1,'2025-08-05 16:56:56','2025-10-01 22:13:28',NULL),(5,'YE6B2O',8,'Machinga Complex','50.50.50.5','161.97.174.20:11566','heritage',8728,'0HAWV2',21000.00,'2025-08-26','0763752350',1,0,NULL,NULL,NULL,1,1,'2025-08-18 17:15:11','2025-10-02 04:46:24',NULL),(6,'83WYM2',11,'Mwamba','50.50.50.6','161.97.174.20:18680','heritage',8728,'5ZISPW',21000.00,'2025-09-28','0786000803',0,0,'flash',NULL,NULL,1,0,'2025-08-26 13:06:13','2025-10-02 06:50:09',NULL),(7,'O37YGC',13,'La Zungu','50.50.50.7','161.97.174.20:18875','heritage',8728,'6ZNHLJ',21000.00,'2025-08-29','0754578434',1,2,NULL,NULL,NULL,1,2,'2025-08-29 19:10:58','2025-10-01 13:03:26',NULL),(8,'9N2EL1',14,'MwendoKasi','50.50.50.8',NULL,'heritage',8728,'heritage@2025',21000.00,'2025-08-30','0696849400',0,3,NULL,NULL,NULL,0,2,'2025-08-30 06:58:45','2025-08-30 08:39:34',NULL),(9,'D2WHM9',16,'Street Mesh','50.50.50.9','161.97.174.20:10194','heritage',8728,'X71WBR',21000.00,'2025-10-25','0747777710',0,3,'flash',NULL,NULL,1,2,'2025-09-06 06:09:37','2025-10-01 22:49:31',NULL),(10,'31DRYJ',17,'Mr Bando Internet Services','50.50.50.10','161.97.174.20:18997','heritage',8728,'L7BDGY',21000.00,'2025-10-10','0780601042',0,0,'flash',NULL,NULL,1,0,'2025-09-09 09:33:08','2025-09-11 06:52:45',NULL),(11,'43ORCJ',18,'G NJARO','50.50.50.11','161.97.174.20:10200','heritage',8728,'3R02DL',21000.00,'2025-10-18','0769932392',1,0,'flash',NULL,NULL,1,1,'2025-09-18 14:24:23','2025-10-01 20:37:35',NULL),(12,'9TGQOX',19,'Router12','50.50.50.12',NULL,'heritage',8728,'heritage@2025',21000.00,'2025-10-28','07577006671',0,3,NULL,NULL,NULL,0,2,'2025-09-25 11:55:26','2025-09-28 08:16:03',NULL),(13,'XH6WF3',20,'Mkiwa','50.50.50.13','161.97.174.20:19708','heritage',8728,'8ZJS3N',21000.00,'2025-10-30','0788443614',1,2,NULL,NULL,NULL,0,1,'2025-09-26 08:35:02','2025-10-02 04:00:36',NULL),(14,'BJX2SV',21,'Kitonga','50.50.50.14','161.97.174.20:19796','heritage',8728,'N8MAJS',21000.00,'2025-10-30','0765288577',1,1,NULL,NULL,NULL,0,2,'2025-09-28 14:43:39','2025-10-02 06:43:37',NULL),(15,'F1TDMC',22,'Mshua Net','50.50.50.15','161.97.174.20:19673','heritage',8728,'9721RV',21000.00,'2025-10-31','0679254949',0,3,NULL,NULL,NULL,0,1,'2025-09-29 10:07:30','2025-10-01 19:38:34',NULL),(16,'PJV6KX',23,'ITeam','50.50.50.16','161.97.174.20:13166','heritage',8728,'JEXLR3',21000.00,'2025-10-31','0789431231',1,1,NULL,NULL,NULL,1,1,'2025-09-29 16:41:08','2025-10-02 06:42:40',NULL),(17,'HPW02V',24,'Router17','50.50.50.17',NULL,'heritage',8728,'heritage@2025',21000.00,'2025-09-30','0759920774',0,3,NULL,NULL,NULL,0,2,'2025-09-30 08:49:41','2025-09-30 08:52:32',NULL),(18,'Z03B4N',25,'Ktown','50.50.50.18','161.97.174.20:12008','heritage',8728,'D96KI4',21000.00,'2025-09-30','0783502405',0,3,NULL,NULL,NULL,1,2,'2025-09-30 09:13:04','2025-10-01 10:14:36',NULL),(19,'QEPFU3',26,'WiFi Net','50.50.50.19','161.97.174.20:11861','heritage',8728,'56CTB8',21000.00,'2025-10-01','0688680386',1,2,NULL,NULL,NULL,0,2,'2025-10-01 16:23:50','2025-10-02 06:02:44',NULL);

--
-- Table structure for table `company_service_plans`
--

CREATE TABLE `company_service_plans` (
  `id` bigint unsigned NOT NULL AUTO_INCREMENT,
  `ref_no` varchar(191) COLLATE utf8mb4_unicode_ci NOT NULL,
  `company_id` bigint unsigned NOT NULL,
  `service_plan_id` bigint unsigned NOT NULL,
  `company_router_id` bigint unsigned DEFAULT NULL,
  `company_ip_pool_id` int DEFAULT NULL,
  `name` varchar(191) COLLATE utf8mb4_unicode_ci NOT NULL,
  `download_limit` varchar(191) COLLATE utf8mb4_unicode_ci DEFAULT NULL,
  `download_scale` varchar(191) COLLATE utf8mb4_unicode_ci DEFAULT NULL,
  `upload_limit` varchar(191) COLLATE utf8mb4_unicode_ci DEFAULT NULL,
  `upload_scale` varchar(191) COLLATE utf8mb4_unicode_ci DEFAULT NULL,
  `burst_download_limit` varchar(191) COLLATE utf8mb4_unicode_ci DEFAULT NULL,
  `burst_download_scale` varchar(191) COLLATE utf8mb4_unicode_ci DEFAULT NULL,
  `burst_time` varchar(191) COLLATE utf8mb4_unicode_ci DEFAULT NULL,
  `shared_users` varchar(191) COLLATE utf8mb4_unicode_ci NOT NULL DEFAULT '1',
  `valid_for` decimal(8,2) NOT NULL DEFAULT '1.00',
  `plan_validity_type_id` int DEFAULT NULL,
  `cost` decimal(8,2) NOT NULL DEFAULT '0.00',
  `status` int NOT NULL DEFAULT '1' COMMENT '0=inactive, 1=active',
  `created_at` timestamp NULL DEFAULT NULL,
  `updated_at` timestamp NULL DEFAULT NULL,
  `deleted_at` timestamp NULL DEFAULT NULL,
  PRIMARY KEY (`id`),
  KEY `company_service_plans_company_id_foreign` (`company_id`),
  KEY `company_service_plans_service_plan_id_foreign` (`service_plan_id`),
  KEY `company_service_plans_company_router_id_foreign` (`company_router_id`),
  CONSTRAINT `company_service_plans_company_id_foreign` FOREIGN KEY (`company_id`) REFERENCES `companies` (`id`) ON DELETE CASCADE,
  CONSTRAINT `company_service_plans_company_router_id_foreign` FOREIGN KEY (`company_router_id`) REFERENCES `company_routers` (`id`) ON DELETE CASCADE,
  CONSTRAINT `company_service_plans_service_plan_id_foreign` FOREIGN KEY (`service_plan_id`) REFERENCES `service_plans` (`id`) ON DELETE CASCADE
) ENGINE=InnoDB AUTO_INCREMENT=108 DEFAULT CHARSET=utf8mb4 COLLATE=utf8mb4_unicode_ci;

--
-- Dumping data for table `company_service_plans`
--

INSERT INTO `company_service_plans` VALUES (6,'F3L651',8,1,2,3,'1 Hour','5','M','5','M',NULL,NULL,NULL,'1',1.00,2,210.00,1,'2025-08-05 17:49:04','2025-08-15 23:19:41',NULL),(7,'YPH8AG',8,1,2,3,'3 Hours','3','M','2','M',NULL,NULL,NULL,'1',3.00,2,300.00,1,'2025-08-05 17:49:42','2025-08-31 19:13:23',NULL),(8,'RN5IOU',8,1,2,3,'12 Hours','3','M','3','M',NULL,NULL,NULL,'1',12.00,2,500.00,1,'2025-08-05 17:50:05','2025-08-28 22:28:21',NULL),(9,'SHZN7L',8,1,2,3,'24 Hours','3','M','3','M',NULL,NULL,NULL,'1',24.00,2,1000.00,1,'2025-08-05 17:50:21','2025-08-28 22:30:53',NULL),(10,'ICA7K6',8,1,2,3,'7 Day','3','M','3','M',NULL,NULL,NULL,'1',7.00,3,5000.00,1,'2025-08-08 19:52:48','2025-08-18 21:00:20',NULL),(22,'X8D2C0',8,2,2,4,'Kiboko','10','M','10','M',NULL,NULL,NULL,'1',30.00,3,40000.00,1,'2025-08-11 10:11:00','2025-08-11 10:11:00',NULL),(23,'Q3R0VS',8,1,2,3,'Mwezi','3','M','3','M',NULL,NULL,NULL,'1',30.00,3,15000.00,1,'2025-08-14 20:43:56','2025-08-15 18:44:13',NULL),(24,'48IY1U',8,1,2,3,'3 days','03','M','03','M',NULL,NULL,NULL,'1',3.00,3,2500.00,1,'2025-08-14 20:45:13','2025-08-14 20:45:13',NULL),(25,'OP0VN1',8,3,2,NULL,'6mbps/6mbps','3','M','3','M',NULL,NULL,NULL,'1',1.00,3,2000.00,1,'2025-08-19 20:17:59','2025-08-19 20:17:59',NULL),(26,'S3H0WT',8,1,2,3,'2 week','03','M','03','M',NULL,NULL,NULL,'1',14.00,3,7000.00,1,'2025-08-20 11:02:58','2025-08-20 11:02:58',NULL),(27,'0X5KNQ',11,1,6,6,'Ndovu','3','M','3','M',NULL,NULL,NULL,'50',30.00,1,500.00,1,'2025-08-26 17:07:49','2025-08-26 18:55:14','2025-08-26 18:55:14'),(28,'6KXBQV',11,1,6,6,'Chui','5','M','5','M',NULL,NULL,NULL,'1',24.00,2,10000.00,1,'2025-08-26 17:14:36','2025-08-26 18:55:46','2025-08-26 18:55:46'),(29,'X1OSK4',11,1,6,6,'Chui','5','M','5','M',NULL,NULL,NULL,'1',24.00,2,10000.00,1,'2025-08-26 17:14:44','2025-08-26 17:15:12','2025-08-26 17:15:12'),(30,'LTR62D',11,2,6,7,'5 Mbps','5','M','5','M',NULL,NULL,NULL,'1',30.00,3,10000.00,1,'2025-08-26 17:24:27','2025-08-26 21:41:08','2025-08-26 21:41:08'),(31,'R6Z9YE',8,1,5,8,'saa 1','3','M','3','M',NULL,NULL,NULL,'1',1.00,2,210.00,1,'2025-08-26 18:34:22','2025-08-26 18:35:41',NULL),(32,'LHSBZ6',8,1,5,8,'12h','3','M','3','M',NULL,NULL,NULL,'1',12.00,2,500.00,1,'2025-08-26 18:35:06','2025-08-26 18:35:06',NULL),(33,'Z1QWMR',8,1,5,8,'3 days','3','M','3','M',NULL,NULL,NULL,'1',3.00,3,2500.00,1,'2025-08-26 18:36:38','2025-08-26 18:36:38',NULL),(34,'PDSZU1',8,1,5,8,'24hs','3','M','3','M',NULL,NULL,NULL,'1',24.00,2,1000.00,1,'2025-08-26 18:37:51','2025-08-26 18:37:51',NULL),(35,'Y2XKDT',8,1,5,8,'7days','03','M','05','M',NULL,NULL,NULL,'1',7.00,3,5000.00,1,'2025-08-26 18:38:54','2025-08-26 18:38:54',NULL),(36,'LOYQE0',8,1,5,8,'2 weeks','3','M','3','M',NULL,NULL,NULL,'1',14.00,3,8000.00,1,'2025-08-26 18:40:14','2025-08-26 18:40:14',NULL),(37,'04YOGN',8,1,5,8,'30 days','3','M','5','M',NULL,NULL,NULL,'1',30.00,3,20000.00,1,'2025-08-26 18:41:01','2025-08-26 18:41:01',NULL),(38,'YEW603',11,1,6,6,'Masaa 6','100','M','100','M',NULL,NULL,NULL,'1',6.00,2,500.00,1,'2025-08-26 18:56:38','2025-08-28 12:57:08',NULL),(39,'F21X6R',11,1,6,6,'Masaa 24','150','M','150','M',NULL,NULL,NULL,'1',24.00,2,1000.00,1,'2025-08-26 18:58:52','2025-08-28 12:57:25',NULL),(40,'2PGTOV',11,1,6,6,'Siku 7','100','M','100','M',NULL,NULL,NULL,'1',7.00,3,5000.00,1,'2025-08-26 19:00:05','2025-08-28 12:57:46',NULL),(41,'BT1SFP',8,2,5,9,'flash','10','M','10','M',NULL,NULL,NULL,'1',30.00,3,40000.00,1,'2025-08-26 19:37:31','2025-08-26 19:37:31',NULL),(42,'C7SJTZ',8,2,5,9,'swala','5','M','5','M',NULL,NULL,NULL,'1',30.00,3,20000.00,1,'2025-08-26 19:38:42','2025-08-26 19:38:42',NULL),(43,'R4CLS6',13,1,7,10,'Pipi','2','M','5','M',NULL,NULL,NULL,'1',30.00,1,200.00,1,'2025-08-29 20:46:28','2025-08-31 07:25:31','2025-08-31 07:25:31'),(44,'4KDB2L',13,1,7,10,'30 | Nusu saa |','5','M','5','M',NULL,NULL,NULL,'1',30.00,1,200.00,1,'2025-08-31 07:28:52','2025-08-31 07:28:52',NULL),(45,'9ZH6DY',13,1,7,10,'1 Hour','5','M','5','M',NULL,NULL,NULL,'1',1.00,2,300.00,1,'2025-08-31 07:30:35','2025-08-31 07:30:35',NULL),(46,'5IR041',13,1,7,10,'2 Hours','5','M','5','M',NULL,NULL,NULL,'1',2.00,2,400.00,1,'2025-08-31 07:31:43','2025-08-31 07:31:43',NULL),(47,'8SOLGK',13,1,7,10,'4 Hours','8','M','8','M',NULL,NULL,NULL,'1',4.00,2,500.00,1,'2025-08-31 07:33:48','2025-08-31 07:33:48',NULL),(48,'8T6PNO',13,1,7,10,'7 Hours','8','M','8','M',NULL,NULL,NULL,'1',7.00,2,600.00,1,'2025-08-31 07:36:47','2025-08-31 07:36:47',NULL),(49,'25GC3H',13,1,7,10,'8 Hours','8','M','8','M',NULL,NULL,NULL,'1',8.00,2,700.00,1,'2025-08-31 07:38:26','2025-08-31 07:38:26',NULL),(50,'QPVI49',13,1,7,10,'9 Hours','8','M','8','M',NULL,NULL,NULL,'1',9.00,2,800.00,1,'2025-08-31 07:39:40','2025-08-31 07:39:40',NULL),(51,'CM5IHB',13,1,7,10,'12 Hours','8','M','8','M',NULL,NULL,NULL,'1',12.00,2,900.00,1,'2025-08-31 07:44:12','2025-08-31 07:44:12',NULL),(52,'3JX0O4',13,1,7,10,'1 Day','10','M','10','M',NULL,NULL,NULL,'1',1.00,3,1000.00,1,'2025-08-31 07:52:54','2025-08-31 07:52:54',NULL),(53,'3PV8ZA',13,1,7,10,'SIKU MOJA NA NUSU','10','M','10','M',NULL,NULL,NULL,'1',30.00,2,1500.00,1,'2025-08-31 08:13:23','2025-08-31 08:13:23',NULL),(54,'Z7RLWI',13,1,7,10,'3 Days','10','M','10','M',NULL,NULL,NULL,'1',3.00,3,2000.00,1,'2025-08-31 08:14:54','2025-08-31 08:14:54',NULL),(55,'M5FICZ',13,1,7,10,'1 Week','15','M','15','M',NULL,NULL,NULL,'1',7.00,3,4000.00,1,'2025-08-31 08:16:26','2025-08-31 08:16:26',NULL),(56,'VZ2NXP',13,1,7,10,'2 Weeks','15','M','15','M',NULL,NULL,NULL,'1',14.00,3,7500.00,1,'2025-08-31 08:19:55','2025-08-31 08:19:55',NULL),(57,'RMXA0W',13,1,7,10,'3 Weeks','15','M','15','M',NULL,NULL,NULL,'1',21.00,3,12000.00,1,'2025-08-31 08:32:43','2025-08-31 08:32:43',NULL),(58,'BE0OKR',13,1,7,10,'1 Month | Mwezi |','18','M','18','M',NULL,NULL,NULL,'1',28.00,3,15000.00,1,'2025-08-31 08:38:11','2025-08-31 08:38:11',NULL),(59,'CQHY58',16,1,9,12,'Unlimited 12hrs','3','M','3','M',NULL,NULL,NULL,'1',12.00,2,1000.00,1,'2025-09-06 06:53:48','2025-09-29 18:06:05',NULL),(60,'8ZXKH7',16,2,9,13,'Mwezi','10','M','10','M',NULL,NULL,NULL,'1',30.00,3,15000.00,1,'2025-09-06 06:55:07','2025-09-06 06:55:07',NULL),(61,'85EDC4',16,1,9,12,'Mselekeko Spenko','10','M','10','M',NULL,NULL,NULL,'3',30.00,3,30000.00,1,'2025-09-06 18:36:04','2025-09-29 18:04:18','2025-09-29 18:04:18'),(62,'3HA74Q',17,1,10,14,'SIKU','10','M','10','M',NULL,NULL,NULL,'1',24.00,2,1000.00,1,'2025-09-09 11:03:43','2025-09-09 11:03:43',NULL),(63,'TQM92W',17,2,10,15,'MWEZI','10','M','10','M',NULL,NULL,NULL,'1',30.00,3,25000.00,1,'2025-09-09 11:05:23','2025-09-09 11:05:23',NULL),(64,'CH17FV',18,1,11,16,'SIKU','10','M','10','M',NULL,NULL,NULL,'1',1.00,3,1000.00,1,'2025-09-18 14:59:05','2025-09-18 14:59:05',NULL),(65,'7JZES1',18,1,11,16,'VOCHA ZA MASAA 500/=','3','M','3','M',NULL,NULL,NULL,'1',5.00,2,500.00,1,'2025-09-18 15:37:39','2025-09-18 15:37:39',NULL),(66,'8V5GCZ',18,1,11,16,'MWEZI','10','M','10','M',NULL,NULL,NULL,'1',30.00,3,26000.00,1,'2025-09-18 18:29:05','2025-09-18 18:29:05',NULL),(67,'B2N8DJ',18,1,11,16,'WIKI','5','M','5','M',NULL,NULL,NULL,'1',7.00,3,6000.00,1,'2025-09-18 18:30:47','2025-09-18 18:30:47',NULL),(68,'BPG4NY',16,1,9,12,'Unlimited 24Hrs','3','M','3','M',NULL,NULL,NULL,'1',24.00,2,1500.00,1,'2025-09-22 21:35:08','2025-09-29 18:06:55',NULL),(69,'W0F76Z',16,1,9,12,'Unlimited 2Days','3','M','3','M',NULL,NULL,NULL,'1',2.00,3,3000.00,1,'2025-09-23 16:23:46','2025-09-29 18:08:06',NULL),(70,'RVJX80',20,1,13,18,'12 Hours 1 Device','3','M','3','M',NULL,NULL,NULL,'1',12.00,2,1000.00,1,'2025-09-26 13:52:52','2025-09-27 10:20:26',NULL),(71,'FUJ5C1',20,1,13,18,'1 Day 1 Device','3','M','3','M',NULL,NULL,NULL,'1',1.00,3,1750.00,1,'2025-09-26 14:49:07','2025-09-30 10:13:21',NULL),(72,'L51RS7',20,1,13,18,'7 Days 1 Device','3','M','3','M',NULL,NULL,NULL,'1',7.00,3,5500.00,1,'2025-09-26 15:01:08','2025-09-27 10:18:17',NULL),(73,'SQU2YH',20,1,13,18,'3 Day  1 Device','3','M','3','M',NULL,NULL,NULL,'1',3.00,3,3500.00,1,'2025-09-26 15:11:27','2025-09-30 10:12:59',NULL),(74,'DC413I',20,1,13,18,'30 Days 1 Device','3','M','3','M',NULL,NULL,NULL,'1',30.00,3,22000.00,1,'2025-09-27 10:03:18','2025-09-27 10:16:20',NULL),(75,'ER1T6A',20,1,13,18,'30 Days 3 Device','5','M','5','M',NULL,NULL,NULL,'3',30.00,3,35000.00,1,'2025-09-27 10:05:18','2025-09-27 10:15:39',NULL),(76,'2G79IP',20,1,13,18,'7 Days 2 Device','3','M','3','M',NULL,NULL,NULL,'2',3.00,1,10000.00,1,'2025-09-27 10:38:17','2025-09-27 10:38:17',NULL),(77,'G624X3',21,1,14,20,'Masaa 15','5','M','5','M',NULL,NULL,NULL,'1',15.00,2,700.00,1,'2025-09-28 15:52:06','2025-09-28 16:04:19',NULL),(78,'AQM4U8',21,1,14,20,'Masaa 24','5','M','5','M',NULL,NULL,NULL,'1',24.00,2,1000.00,1,'2025-09-28 15:53:09','2025-09-28 16:04:45',NULL),(79,'6GXFQ7',21,1,14,20,'Wiki','5','M','5','M',NULL,NULL,NULL,'1',7.00,3,5000.00,1,'2025-09-28 16:05:07','2025-09-28 16:05:07',NULL),(80,'NUD2OG',21,1,14,20,'Mwezi','5','M','5','M',NULL,NULL,NULL,'1',30.00,3,20000.00,1,'2025-09-28 16:05:31','2025-09-28 16:05:31',NULL),(81,'P4HLM9',22,1,15,22,'2 Hour (BILA KIKOMO)','10','M','10','M',NULL,NULL,NULL,'1',2.00,2,600.00,1,'2025-09-29 12:05:49','2025-10-01 13:58:19',NULL),(82,'WV0O73',22,1,15,22,'3 Hours (BILA KIKOMO)','10','M','10','M',NULL,NULL,NULL,'1',3.00,2,800.00,1,'2025-09-29 12:06:21','2025-10-01 13:59:30',NULL),(83,'J63HKS',23,1,16,24,'JERO 6HRS','5','M','5','M',NULL,NULL,NULL,'1',6.00,2,500.00,1,'2025-09-29 17:08:08','2025-10-01 17:30:07',NULL),(84,'2XJPZY',23,1,16,24,'6 Hours','5','M','5','M',NULL,NULL,NULL,'1',6.00,2,100.00,1,'2025-09-29 17:08:34','2025-09-29 17:10:15','2025-09-29 17:10:15'),(85,'K96LPM',23,1,16,24,'BUKU -24HRS','5','M','5','M',NULL,NULL,NULL,'1',24.00,2,1000.00,1,'2025-09-29 17:11:10','2025-10-01 17:30:43',NULL),(86,'0AIUGL',16,1,9,12,'Unlimited 7Days','3','M','3','M',NULL,NULL,NULL,'1',7.00,3,5000.00,1,'2025-09-29 18:09:17','2025-09-29 18:09:17',NULL),(87,'E14VAJ',16,1,9,12,'Unlimited 14Days','3','M','3','M',NULL,NULL,NULL,'1',14.00,3,10000.00,1,'2025-09-29 18:10:55','2025-09-29 18:10:55',NULL),(88,'L3R9BX',16,1,9,12,'Unlimited 30Days','3','M','3','M',NULL,NULL,NULL,'1',30.00,3,15000.00,1,'2025-09-29 18:12:07','2025-09-29 18:12:07',NULL),(89,'ZXRV6W',23,2,16,24,'islam','10','M','10','M',NULL,NULL,NULL,'1',120.00,3,1.00,1,'2025-09-29 19:20:03','2025-09-29 19:20:03',NULL),(90,'XZ0EAI',25,1,18,26,'24hrs','20','M','20','M',NULL,NULL,NULL,'1',24.00,2,1000.00,1,'2025-09-30 09:52:56','2025-09-30 10:05:29',NULL),(91,'0KS3Z2',25,2,18,27,'10000','5','M','5','M',NULL,NULL,NULL,'1',30.00,3,10000.00,1,'2025-09-30 09:55:54','2025-09-30 09:55:54',NULL),(92,'RJGF20',20,1,13,18,'Free','1','M','1','M',NULL,NULL,NULL,'1',2.00,1,0.00,1,'2025-09-30 16:22:41','2025-10-01 14:12:42','2025-10-01 14:12:42'),(93,'EMX8NH',23,1,16,24,'wakala','5','M','5','M',NULL,NULL,NULL,'1',90.00,3,200.00,1,'2025-09-30 20:30:40','2025-10-01 17:25:09','2025-10-01 17:25:09'),(94,'QSL2RM',23,3,16,NULL,'mshua Download-8Mbps/Upload-8Mbps','5','M','5','M',NULL,NULL,NULL,'1',30.00,3,90.00,1,'2025-09-30 20:33:18','2025-09-30 20:33:18',NULL),(95,'7ZX0R6',22,1,15,22,'4 Hours (BILA KIKOMO)','10','M','10','M',NULL,NULL,NULL,'1',4.30,2,1000.00,1,'2025-10-01 12:07:07','2025-10-01 13:59:50',NULL),(96,'ZDP2OV',22,1,15,22,'1 DAYS (BILA KIKOMO)','10','M','10','M',NULL,NULL,NULL,'1',1.00,3,1500.00,1,'2025-10-01 12:12:37','2025-10-01 12:12:37',NULL),(97,'6B9L7R',26,1,19,28,'Unlimited 1Hour','10','M','10','M',NULL,NULL,NULL,'1',1.00,2,500.00,1,'2025-10-01 17:05:42','2025-10-01 17:53:33',NULL),(98,'D7S9T2',26,1,19,28,'Unlimited 24Hours','10','M','10','M',NULL,NULL,NULL,'1',24.00,2,1000.00,1,'2025-10-01 17:15:39','2025-10-01 17:54:06',NULL),(99,'TJM3WX',26,1,19,28,'Unlimited 7Days','10','M','10','M',NULL,NULL,NULL,'1',7.00,3,5000.00,1,'2025-10-01 17:22:49','2025-10-01 17:54:36',NULL),(100,'KX93Q2',26,1,19,28,'Unlimited 30Days','10','M','10','M',NULL,NULL,NULL,'1',30.00,3,15000.00,1,'2025-10-01 17:25:09','2025-10-01 17:55:03',NULL),(101,'79PSJM',23,1,16,24,'BUKU 2','5','M','5','M',NULL,NULL,NULL,'1',72.00,3,2000.00,1,'2025-10-01 17:27:54','2025-10-01 17:27:54',NULL),(102,'JHZRV7',26,1,19,28,'Ulimited24h Super','20','M','20','M',NULL,NULL,NULL,'1',24.00,1,2000.00,1,'2025-10-01 17:30:28','2025-10-01 17:41:39',NULL),(103,'LC3ZEP',26,1,19,28,'Unlimited 7D Super','20','M','20','M',NULL,NULL,NULL,'1',7.00,3,8500.00,1,'2025-10-01 17:33:18','2025-10-01 17:33:18',NULL),(104,'2KQ5XB',26,1,19,28,'Unlimited 7D Super','20','M','20','M',NULL,NULL,NULL,'1',7.00,3,8500.00,1,'2025-10-01 17:33:42','2025-10-01 17:39:27','2025-10-01 17:39:27'),(105,'BLY69T',26,1,19,28,'Unlimited 7D Super','20','M','20','M',NULL,NULL,NULL,'1',7.00,3,8000.00,1,'2025-10-01 17:34:00','2025-10-01 17:38:51','2025-10-01 17:38:51'),(106,'LCH32G',26,1,19,28,'Unlimited 7D Super','20','M','20','M',NULL,NULL,NULL,'1',7.00,3,8000.00,1,'2025-10-01 17:35:37','2025-10-01 17:38:30','2025-10-01 17:38:30'),(107,'8JPTFL',26,1,19,28,'Unlimited 7D Super','20','M','20','M',NULL,NULL,NULL,'1',7.00,3,8000.00,1,'2025-10-01 17:37:20','2025-10-01 17:38:11','2025-10-01 17:38:11');

--
-- Table structure for table `company_sms`
--

CREATE TABLE `company_sms` (
  `id` bigint unsigned NOT NULL AUTO_INCREMENT,
  `company_id` bigint unsigned NOT NULL,
  `sms_units` int NOT NULL,
  `created_at` timestamp NULL DEFAULT NULL,
  `updated_at` timestamp NULL DEFAULT NULL,
  `deleted_at` timestamp NULL DEFAULT NULL,
  PRIMARY KEY (`id`),
  KEY `company_sms_company_id_foreign` (`company_id`),
  CONSTRAINT `company_sms_company_id_foreign` FOREIGN KEY (`company_id`) REFERENCES `companies` (`id`) ON DELETE CASCADE
) ENGINE=InnoDB DEFAULT CHARSET=utf8mb4 COLLATE=utf8mb4_unicode_ci;

--
-- Dumping data for table `company_sms`
--


--
-- Table structure for table `company_sms_provider_entities`
--

CREATE TABLE `company_sms_provider_entities` (
  `id` bigint unsigned NOT NULL AUTO_INCREMENT,
  `company_sms_provider_id` bigint unsigned NOT NULL,
  `requirement_id` int NOT NULL,
  `name` varchar(191) COLLATE utf8mb4_unicode_ci NOT NULL,
  `created_at` timestamp NULL DEFAULT NULL,
  `updated_at` timestamp NULL DEFAULT NULL,
  `deleted_at` timestamp NULL DEFAULT NULL,
  PRIMARY KEY (`id`),
  KEY `company_sms_provider_entities_company_sms_provider_id_foreign` (`company_sms_provider_id`),
  CONSTRAINT `company_sms_provider_entities_company_sms_provider_id_foreign` FOREIGN KEY (`company_sms_provider_id`) REFERENCES `company_sms_providers` (`id`) ON DELETE CASCADE
) ENGINE=InnoDB AUTO_INCREMENT=7 DEFAULT CHARSET=utf8mb4 COLLATE=utf8mb4_unicode_ci;

--
-- Dumping data for table `company_sms_provider_entities`
--

INSERT INTO `company_sms_provider_entities` VALUES (1,1,7,'La Zungu','2025-09-01 06:07:22','2025-09-01 06:07:22',NULL),(2,1,8,'1152|z0RRuHr8EQLxtqTMo5WPUNrXJIYYbl5Q2BJpWKiN43a0aece','2025-09-01 06:07:22','2025-09-01 06:07:22',NULL),(3,2,7,'La Zungu','2025-09-01 06:15:21','2025-09-01 06:15:21',NULL),(4,2,8,'1152|z0RRuHr8EQLxtqTMo5WPUNrXJIYYbl5Q2BJpWKiN43a0aece','2025-09-01 06:15:21','2025-09-01 06:15:21',NULL),(5,3,7,'La Zungu','2025-09-01 06:16:04','2025-09-01 06:16:04',NULL),(6,3,8,'1152|z0RRuHr8EQLxtqTMo5WPUNrXJIYYbl5Q2BJpWKiN43a0aece','2025-09-01 06:16:04','2025-09-01 06:16:04',NULL);

--
-- Table structure for table `company_sms_providers`
--

CREATE TABLE `company_sms_providers` (
  `id` bigint unsigned NOT NULL AUTO_INCREMENT,
  `company_id` bigint unsigned NOT NULL,
  `sms_provider_id` bigint unsigned NOT NULL,
  `status` int NOT NULL DEFAULT '1' COMMENT '0=inactive, 1=active',
  `created_at` timestamp NULL DEFAULT NULL,
  `updated_at` timestamp NULL DEFAULT NULL,
  `deleted_at` timestamp NULL DEFAULT NULL,
  PRIMARY KEY (`id`),
  KEY `company_sms_providers_company_id_foreign` (`company_id`),
  KEY `company_sms_providers_sms_provider_id_foreign` (`sms_provider_id`),
  CONSTRAINT `company_sms_providers_company_id_foreign` FOREIGN KEY (`company_id`) REFERENCES `companies` (`id`) ON DELETE CASCADE,
  CONSTRAINT `company_sms_providers_sms_provider_id_foreign` FOREIGN KEY (`sms_provider_id`) REFERENCES `sms_providers` (`id`) ON DELETE CASCADE
) ENGINE=InnoDB AUTO_INCREMENT=4 DEFAULT CHARSET=utf8mb4 COLLATE=utf8mb4_unicode_ci;

--
-- Dumping data for table `company_sms_providers`
--

INSERT INTO `company_sms_providers` VALUES (1,13,4,1,'2025-09-01 06:06:35','2025-09-01 06:14:22','2025-09-01 06:14:22'),(2,13,4,1,'2025-09-01 06:15:21','2025-09-01 06:15:34','2025-09-01 06:15:34'),(3,13,4,1,'2025-09-01 06:16:04','2025-09-01 06:16:04',NULL);

--
-- Table structure for table `company_sms_templates`
--

CREATE TABLE `company_sms_templates` (
  `id` bigint unsigned NOT NULL AUTO_INCREMENT,
  `company_id` int DEFAULT NULL,
  `sms_template_type_id` bigint unsigned NOT NULL,
  `content` longtext COLLATE utf8mb4_unicode_ci NOT NULL,
  `status` int NOT NULL DEFAULT '0' COMMENT '0=inactive, 1=active',
  `created_at` timestamp NULL DEFAULT NULL,
  `updated_at` timestamp NULL DEFAULT NULL,
  `deleted_at` timestamp NULL DEFAULT NULL,
  PRIMARY KEY (`id`),
  KEY `company_sms_templates_sms_template_type_id_foreign` (`sms_template_type_id`),
  CONSTRAINT `company_sms_templates_sms_template_type_id_foreign` FOREIGN KEY (`sms_template_type_id`) REFERENCES `sms_template_types` (`id`) ON DELETE CASCADE
) ENGINE=InnoDB AUTO_INCREMENT=30 DEFAULT CHARSET=utf8mb4 COLLATE=utf8mb4_unicode_ci;

--
-- Dumping data for table `company_sms_templates`
--

INSERT INTO `company_sms_templates` VALUES (1,0,1,'Dear [name], your internet plan is expiring in [expiry_days] day(s). Kindly make the payment at your earliest convenience to avoid service interruptions. Pay via paybill - [paybill] and account number [account_number]',1,'2025-08-03 19:10:09','2025-08-03 19:10:09',NULL),(2,0,2,'Dear [name], your invoice for [month] amounting to Ksh [balance] has been generated. Please pay via paybill - [paybill] and account number [account_number]',1,'2025-08-03 19:10:09','2025-08-03 19:10:09',NULL),(3,0,3,'Hello [name], this is to confirm that we have received your payment of Ksh [amount] for [month]. Your current balance as of now is Ksh [balance]',1,'2025-08-03 19:10:09','2025-08-03 19:10:09',NULL),(4,0,4,'Dear [name], this is a reminder that your payment of Tsh [balance] for [month] is due. Kindly make the payment at your earliest convenience to avoid service interruptions. Pay via paybill - [paybill] and account number [account_number]',1,'2025-08-03 19:10:09','2025-09-23 09:01:32',NULL),(5,0,5,'Dear [name], your payment of Ksh [balance] for [month] is overdue. Please settle the outstanding amount immediately to avoid service disruption. Pay via paybill - [paybill] and account number [account_number]',1,'2025-08-03 19:10:09','2025-08-03 19:10:09',NULL),(6,0,6,'Hello [name], due to an overdue balance of [balance], your service has been disconnected. To restore the services, please pay Ksh [balance] to paybill - [paybill] using account number [account_number]',1,'2025-08-03 19:10:09','2025-08-03 19:10:09',NULL),(7,0,7,'Hello [name], we are excited to have you on board! Your subscription to [internet_plan] is now active. If you have any questions, feel free to contact us. Thank you',1,'2025-08-03 19:10:09','2025-08-03 19:10:09',NULL),(8,0,8,'Hello [name], we are excited to have you on board! Your subscription to [internet_plan] is now active. If you have any questions, feel free to contact us.',1,'2025-08-03 19:10:09','2025-08-03 19:10:09',NULL),(9,0,9,'Dear [name], your request to change your plan to [internet_plan] has been processed successfully. Your new plan is now active. Contact us if you need assistance.',1,'2025-08-03 19:10:09','2025-08-03 19:10:09',NULL),(10,0,10,'Dear [name], we will be performing maintenance on 1st Jan 2025 from 09:30am to 11:30am. Service may be temporarily affected. Thank you for your patience.',1,'2025-08-03 19:10:09','2025-08-03 19:10:09',NULL),(11,0,11,'Dear [name], we are aware of an ongoing service disruption in your area. Our team is investigating and will restore service as soon as possible.',1,'2025-08-03 19:10:09','2025-08-03 19:10:09',NULL),(12,0,12,'Greetings, thank you for purchasing [plan] plan worthy [amount]. Please use [username] as the username and [password] as your password to reconnect yourself. Your subscription expires at [expiry_date].',1,'2025-08-03 19:10:09','2025-08-03 19:10:09',NULL),(13,8,11,'Dear [name], we are aware of an ongoing service disruption in your area. Our team is investigating and will restore service as soon as possible.',1,'2025-08-22 21:17:08','2025-08-22 21:17:08',NULL),(14,8,12,'Greetings, thank you for purchasing [plan] plan worthy [amount]. Please use [username] as the username and [password] as your password to reconnect yourself. Your subscription expires at [expiry_date].',1,'2025-08-22 21:20:09','2025-08-22 21:20:09',NULL),(15,11,1,'Dear [name], your internet plan is expiring in [expiry_days] day(s). Kindly make the payment at your earliest convenience to avoid service interruptions. Pay via paybill - [paybill] and account number [account_number]',1,'2025-08-26 17:26:06','2025-08-26 17:26:06',NULL),(16,13,12,'Greetings, thank you for purchasing [plan] plan worthy [amount]. Please use [username] as the username and [password] as your password to reconnect yourself. Your subscription expires at [expiry_date].',1,'2025-08-29 22:04:52','2025-08-29 22:04:52',NULL),(17,13,11,'Dear [name], we are aware of an ongoing service disruption in your area. Our team is investigating and will restore service as soon as possible.',1,'2025-08-29 22:05:13','2025-08-29 22:05:13',NULL),(18,13,10,'Dear [name], we will be performing maintenance on 1st Jan 2025 from 09:30am to 11:30am. Service may be temporarily affected. Thank you for your patience.',1,'2025-08-29 22:05:34','2025-08-29 22:05:34',NULL),(19,13,9,'Dear [name], your request to change your plan to [internet_plan] has been processed successfully. Your new plan is now active. Contact us if you need assistance.',1,'2025-08-29 22:06:16','2025-08-29 22:06:16',NULL),(20,13,8,'Hello [name], we are excited to have you on board! Your subscription to [internet_plan] is now active. If you have any questions, feel free to contact us.',1,'2025-08-29 22:06:24','2025-08-29 22:06:24',NULL),(21,13,7,'Hello [name], we are excited to have you on board! Your subscription to [internet_plan] is now active. If you have any questions, feel free to contact us. Thank you',1,'2025-08-29 22:06:29','2025-08-29 22:06:29',NULL),(22,13,6,'Hello [name], due to an overdue balance of [balance], your service has been disconnected. To restore the services, please pay Ksh [balance] to paybill - [paybill] using account number [account_number]',1,'2025-08-29 22:06:35','2025-08-29 22:06:35',NULL),(23,13,5,'Dear [name], your payment of Ksh [balance] for [month] is overdue. Please settle the outstanding amount immediately to avoid service disruption. Pay via paybill - [paybill] and account number [account_number]',1,'2025-08-29 22:06:40','2025-08-29 22:06:40',NULL),(24,13,4,'Dear [name], this is a reminder that your payment of Ksh [balance] for [month] is due. Kindly make the payment at your earliest convenience to avoid service interruptions. Pay via paybill - [paybill] and account number [account_number]',1,'2025-08-29 22:06:46','2025-08-29 22:06:46',NULL),(25,13,3,'Hello [name], this is to confirm that we have received your payment of Ksh [amount] for [month]. Your current balance as of now is Ksh [balance]',1,'2025-08-29 22:06:51','2025-08-29 22:06:51',NULL),(26,13,2,'Dear [name], your invoice for [month] amounting to Ksh [balance] has been generated. Please pay via paybill - [paybill] and account number [account_number]',1,'2025-08-29 22:07:00','2025-08-29 22:07:00',NULL),(27,13,1,'Dear [name], your internet plan is expiring in [expiry_days] day(s). Kindly make the payment at your earliest convenience to avoid service interruptions. Pay via paybill - [paybill] and account number [account_number]',1,'2025-08-29 22:07:07','2025-08-29 22:07:07',NULL),(28,16,9,'Dear [name], your request to change your plan to [internet_plan] has been processed successfully. Your new plan is now active. Contact us if you need assistance.',0,'2025-09-06 06:57:59','2025-09-06 06:58:07',NULL),(29,20,8,'Hello [name], we are excited to have you on board! Your subscription to [internet_plan] is now active. If you have any questions, feel free to contact us.',1,'2025-09-26 14:33:20','2025-09-26 14:33:20',NULL);

--
-- Table structure for table `company_sms_usages`
--

CREATE TABLE `company_sms_usages` (
  `id` bigint unsigned NOT NULL AUTO_INCREMENT,
  `company_id` bigint unsigned NOT NULL,
  `sms_units` int NOT NULL,
  `created_at` timestamp NULL DEFAULT NULL,
  `updated_at` timestamp NULL DEFAULT NULL,
  `deleted_at` timestamp NULL DEFAULT NULL,
  PRIMARY KEY (`id`),
  KEY `company_sms_usages_company_id_foreign` (`company_id`),
  CONSTRAINT `company_sms_usages_company_id_foreign` FOREIGN KEY (`company_id`) REFERENCES `companies` (`id`) ON DELETE CASCADE
) ENGINE=InnoDB DEFAULT CHARSET=utf8mb4 COLLATE=utf8mb4_unicode_ci;

--
-- Dumping data for table `company_sms_usages`
--


--
-- Table structure for table `company_static_pages`
--

CREATE TABLE `company_static_pages` (
  `id` bigint unsigned NOT NULL AUTO_INCREMENT,
  `created_at` timestamp NULL DEFAULT NULL,
  `updated_at` timestamp NULL DEFAULT NULL,
  PRIMARY KEY (`id`)
) ENGINE=InnoDB DEFAULT CHARSET=utf8mb4 COLLATE=utf8mb4_unicode_ci;

--
-- Dumping data for table `company_static_pages`
--


--
-- Table structure for table `company_users`
--

CREATE TABLE `company_users` (
  `id` bigint unsigned NOT NULL AUTO_INCREMENT,
  `company_id` bigint unsigned NOT NULL,
  `user_id` bigint unsigned NOT NULL,
  `status` int NOT NULL DEFAULT '1' COMMENT '0=inactive, 1=active',
  `created_at` timestamp NULL DEFAULT NULL,
  `updated_at` timestamp NULL DEFAULT NULL,
  `deleted_at` timestamp NULL DEFAULT NULL,
  PRIMARY KEY (`id`),
  KEY `company_users_company_id_foreign` (`company_id`),
  KEY `company_users_user_id_foreign` (`user_id`),
  CONSTRAINT `company_users_company_id_foreign` FOREIGN KEY (`company_id`) REFERENCES `companies` (`id`) ON DELETE CASCADE,
  CONSTRAINT `company_users_user_id_foreign` FOREIGN KEY (`user_id`) REFERENCES `users` (`id`) ON DELETE CASCADE
) ENGINE=InnoDB AUTO_INCREMENT=31 DEFAULT CHARSET=utf8mb4 COLLATE=utf8mb4_unicode_ci;

--
-- Dumping data for table `company_users`
--

INSERT INTO `company_users` VALUES (8,8,15,1,'2025-08-05 16:56:56','2025-08-05 16:56:56',NULL),(11,11,20,1,'2025-08-26 13:06:13','2025-08-26 13:06:13',NULL),(14,13,22,1,'2025-08-29 19:10:58','2025-08-29 19:10:58',NULL),(15,14,23,1,'2025-08-30 06:58:45','2025-08-30 06:58:45',NULL),(16,8,24,1,'2025-08-31 22:17:44','2025-08-31 22:17:44',NULL),(17,15,15,1,'2025-09-03 20:05:20','2025-09-03 20:05:20',NULL),(18,16,25,1,'2025-09-06 06:09:37','2025-09-06 06:09:37',NULL),(19,16,26,1,'2025-09-06 13:01:40','2025-09-06 13:01:40',NULL),(20,17,27,0,'2025-09-09 09:33:08','2025-09-11 06:52:45',NULL),(21,18,28,1,'2025-09-18 14:24:23','2025-09-18 14:24:23',NULL),(22,19,29,1,'2025-09-25 11:55:26','2025-09-25 11:55:26',NULL),(23,20,30,1,'2025-09-26 08:35:02','2025-09-26 08:35:02',NULL),(24,21,31,1,'2025-09-28 14:43:39','2025-09-28 14:43:39',NULL),(25,22,32,1,'2025-09-29 10:07:30','2025-09-29 10:07:30',NULL),(26,23,33,1,'2025-09-29 16:41:08','2025-09-29 16:41:08',NULL),(27,23,34,1,'2025-09-29 17:59:20','2025-09-29 17:59:20',NULL),(28,24,35,1,'2025-09-30 08:49:41','2025-09-30 08:49:41',NULL),(29,25,36,1,'2025-09-30 09:13:04','2025-09-30 09:13:04',NULL),(30,26,37,1,'2025-10-01 16:23:50','2025-10-01 16:23:50',NULL);

--
-- Table structure for table `company_whatsapp_scans`
--

CREATE TABLE `company_whatsapp_scans` (
  `id` bigint unsigned NOT NULL AUTO_INCREMENT,
  `company_id` int DEFAULT NULL,
  `phone` varchar(191) COLLATE utf8mb4_unicode_ci NOT NULL,
  `created_at` timestamp NULL DEFAULT NULL,
  `updated_at` timestamp NULL DEFAULT NULL,
  `deleted_at` timestamp NULL DEFAULT NULL,
  PRIMARY KEY (`id`)
) ENGINE=InnoDB AUTO_INCREMENT=5 DEFAULT CHARSET=utf8mb4 COLLATE=utf8mb4_unicode_ci;

--
-- Dumping data for table `company_whatsapp_scans`
--

INSERT INTO `company_whatsapp_scans` VALUES (1,0,'+254716100572','2025-09-10 08:04:10','2025-09-10 08:04:10',NULL),(2,0,'254716100572','2025-09-10 08:04:22','2025-09-10 08:04:22',NULL),(3,13,'+255754578434','2025-09-10 13:00:13','2025-09-10 13:00:13',NULL),(4,0,'+254796230626','2025-09-23 08:59:43','2025-09-23 08:59:43',NULL);

--
-- Table structure for table `customers`
--

CREATE TABLE `customers` (
  `id` bigint unsigned NOT NULL AUTO_INCREMENT,
  `phone` varchar(191) COLLATE utf8mb4_unicode_ci DEFAULT NULL,
  `first_name` varchar(191) COLLATE utf8mb4_unicode_ci DEFAULT NULL,
  `last_name` varchar(191) COLLATE utf8mb4_unicode_ci DEFAULT NULL,
  `email` varchar(191) COLLATE utf8mb4_unicode_ci DEFAULT NULL,
  `status` int NOT NULL DEFAULT '0' COMMENT '0=pending, 1=sent',
  `created_at` timestamp NULL DEFAULT NULL,
  `updated_at` timestamp NULL DEFAULT NULL,
  `deleted_at` timestamp NULL DEFAULT NULL,
  PRIMARY KEY (`id`)
) ENGINE=InnoDB AUTO_INCREMENT=3 DEFAULT CHARSET=utf8mb4 COLLATE=utf8mb4_unicode_ci;

--
-- Dumping data for table `customers`
--

INSERT INTO `customers` VALUES (1,'+2547222222222',NULL,NULL,NULL,0,'2025-08-11 23:41:45','2025-08-11 23:41:59','2025-08-11 23:41:59'),(2,NULL,NULL,NULL,NULL,0,'2025-08-11 23:43:58','2025-08-26 13:45:45',NULL);

--
-- Table structure for table `director_share_incomes`
--

CREATE TABLE `director_share_incomes` (
  `id` bigint unsigned NOT NULL AUTO_INCREMENT,
  `director_share_id` bigint unsigned NOT NULL,
  `grouped_transaction_id` bigint unsigned NOT NULL,
  `percentage_amount` decimal(8,2) NOT NULL DEFAULT '0.00',
  `amount` decimal(8,2) NOT NULL DEFAULT '0.00',
  `settled_status` int NOT NULL DEFAULT '0' COMMENT '0=pending, 1=sent',
  `created_at` timestamp NULL DEFAULT NULL,
  `updated_at` timestamp NULL DEFAULT NULL,
  `deleted_at` timestamp NULL DEFAULT NULL,
  PRIMARY KEY (`id`),
  KEY `director_share_incomes_director_share_id_foreign` (`director_share_id`),
  KEY `director_share_incomes_grouped_transaction_id_foreign` (`grouped_transaction_id`),
  CONSTRAINT `director_share_incomes_director_share_id_foreign` FOREIGN KEY (`director_share_id`) REFERENCES `director_shares` (`id`) ON DELETE CASCADE,
  CONSTRAINT `director_share_incomes_grouped_transaction_id_foreign` FOREIGN KEY (`grouped_transaction_id`) REFERENCES `grouped_transactions` (`id`) ON DELETE CASCADE
) ENGINE=InnoDB AUTO_INCREMENT=7 DEFAULT CHARSET=utf8mb4 COLLATE=utf8mb4_unicode_ci;

--
-- Dumping data for table `director_share_incomes`
--

INSERT INTO `director_share_incomes` VALUES (1,1,1,50.00,10500.00,0,'2025-08-28 06:42:22','2025-08-28 06:42:22',NULL),(2,1,2,50.00,10500.00,0,'2025-09-10 17:38:47','2025-09-10 17:38:47',NULL),(3,1,3,50.00,10500.00,0,'2025-09-18 14:40:49','2025-09-18 14:40:49',NULL),(4,1,4,50.00,10500.00,0,'2025-09-27 15:04:44','2025-09-27 15:04:44',NULL),(5,1,5,50.00,10500.00,0,'2025-10-01 12:28:16','2025-10-01 12:28:16',NULL),(6,1,6,50.00,10500.00,0,'2025-10-02 06:41:55','2025-10-02 06:41:55',NULL);

--
-- Table structure for table `director_share_payment_accounts`
--

CREATE TABLE `director_share_payment_accounts` (
  `id` bigint unsigned NOT NULL AUTO_INCREMENT,
  `ref_no` varchar(191) COLLATE utf8mb4_unicode_ci NOT NULL,
  `director_share_id` bigint unsigned NOT NULL,
  `payment_method_id` bigint unsigned NOT NULL,
  `bank_id` bigint unsigned DEFAULT NULL,
  `phone_account_number` varchar(191) COLLATE utf8mb4_unicode_ci DEFAULT NULL,
  `status` int NOT NULL DEFAULT '1' COMMENT '0=inactive, 1=active',
  `created_at` timestamp NULL DEFAULT NULL,
  `updated_at` timestamp NULL DEFAULT NULL,
  `deleted_at` timestamp NULL DEFAULT NULL,
  PRIMARY KEY (`id`),
  KEY `director_share_payment_accounts_director_share_id_foreign` (`director_share_id`),
  KEY `director_share_payment_accounts_payment_method_id_foreign` (`payment_method_id`),
  KEY `director_share_payment_accounts_bank_id_foreign` (`bank_id`),
  CONSTRAINT `director_share_payment_accounts_bank_id_foreign` FOREIGN KEY (`bank_id`) REFERENCES `banks` (`id`) ON DELETE CASCADE,
  CONSTRAINT `director_share_payment_accounts_director_share_id_foreign` FOREIGN KEY (`director_share_id`) REFERENCES `director_shares` (`id`) ON DELETE CASCADE,
  CONSTRAINT `director_share_payment_accounts_payment_method_id_foreign` FOREIGN KEY (`payment_method_id`) REFERENCES `payment_methods` (`id`) ON DELETE CASCADE
) ENGINE=InnoDB DEFAULT CHARSET=utf8mb4 COLLATE=utf8mb4_unicode_ci;

--
-- Dumping data for table `director_share_payment_accounts`
--


--
-- Table structure for table `director_shares`
--

CREATE TABLE `director_shares` (
  `id` bigint unsigned NOT NULL AUTO_INCREMENT,
  `ref_no` varchar(191) COLLATE utf8mb4_unicode_ci NOT NULL,
  `names` varchar(191) COLLATE utf8mb4_unicode_ci NOT NULL,
  `phone` varchar(191) COLLATE utf8mb4_unicode_ci DEFAULT NULL,
  `email` varchar(191) COLLATE utf8mb4_unicode_ci DEFAULT NULL,
  `percentage_amount` decimal(8,2) NOT NULL DEFAULT '0.00',
  `status` int NOT NULL DEFAULT '1',
  `created_at` timestamp NULL DEFAULT NULL,
  `updated_at` timestamp NULL DEFAULT NULL,
  `deleted_at` timestamp NULL DEFAULT NULL,
  PRIMARY KEY (`id`)
) ENGINE=InnoDB AUTO_INCREMENT=4 DEFAULT CHARSET=utf8mb4 COLLATE=utf8mb4_unicode_ci;

--
-- Dumping data for table `director_shares`
--

INSERT INTO `director_shares` VALUES (1,'DS001','Jared Maera','+254716100572','maerajared12@gmail.com',50.00,1,'2025-08-03 19:10:08','2025-08-03 19:10:08',NULL),(2,'DS002','Dennis Bogonko','+254720579706','bogonkomokaya92@gmail.com',30.00,1,'2025-08-03 19:10:08','2025-08-03 19:10:08',NULL),(3,'DS003','Jaem Net','0716327828','info@jaemnet.com',20.00,1,'2025-08-03 19:10:08','2025-08-03 19:10:08',NULL);

--
-- Table structure for table `escrow_transactions`
--

CREATE TABLE `escrow_transactions` (
  `id` bigint unsigned NOT NULL AUTO_INCREMENT,
  `ref_no` varchar(191) COLLATE utf8mb4_unicode_ci NOT NULL,
  `company_id` int DEFAULT NULL,
  `company_router_id` int DEFAULT NULL,
  `payment_mode_id` bigint unsigned NOT NULL,
  `phone_used` varchar(191) COLLATE utf8mb4_unicode_ci DEFAULT NULL,
  `transaction_code` varchar(191) COLLATE utf8mb4_unicode_ci DEFAULT NULL,
  `amount` decimal(8,2) NOT NULL DEFAULT '0.00',
  `checkout_id` varchar(191) COLLATE utf8mb4_unicode_ci DEFAULT NULL,
  `account_number` varchar(191) COLLATE utf8mb4_unicode_ci DEFAULT NULL,
  `created_at` timestamp NULL DEFAULT NULL,
  `updated_at` timestamp NULL DEFAULT NULL,
  `deleted_at` timestamp NULL DEFAULT NULL,
  PRIMARY KEY (`id`),
  KEY `escrow_transactions_payment_mode_id_foreign` (`payment_mode_id`),
  CONSTRAINT `escrow_transactions_payment_mode_id_foreign` FOREIGN KEY (`payment_mode_id`) REFERENCES `payment_modes` (`id`) ON DELETE CASCADE
) ENGINE=InnoDB DEFAULT CHARSET=utf8mb4 COLLATE=utf8mb4_unicode_ci;

--
-- Dumping data for table `escrow_transactions`
--


--
-- Table structure for table `expenses`
--

CREATE TABLE `expenses` (
  `id` bigint unsigned NOT NULL AUTO_INCREMENT,
  `ref_no` varchar(191) COLLATE utf8mb4_unicode_ci NOT NULL,
  `description` longtext COLLATE utf8mb4_unicode_ci NOT NULL,
  `amount` decimal(8,2) NOT NULL DEFAULT '0.00',
  `created_at` timestamp NULL DEFAULT NULL,
  `updated_at` timestamp NULL DEFAULT NULL,
  `deleted_at` timestamp NULL DEFAULT NULL,
  PRIMARY KEY (`id`)
) ENGINE=InnoDB DEFAULT CHARSET=utf8mb4 COLLATE=utf8mb4_unicode_ci;

--
-- Dumping data for table `expenses`
--


--
-- Table structure for table `failed_jobs`
--

CREATE TABLE `failed_jobs` (
  `id` bigint unsigned NOT NULL AUTO_INCREMENT,
  `uuid` varchar(191) COLLATE utf8mb4_unicode_ci NOT NULL,
  `connection` text COLLATE utf8mb4_unicode_ci NOT NULL,
  `queue` text COLLATE utf8mb4_unicode_ci NOT NULL,
  `payload` longtext COLLATE utf8mb4_unicode_ci NOT NULL,
  `exception` longtext COLLATE utf8mb4_unicode_ci NOT NULL,
  `failed_at` timestamp NOT NULL DEFAULT CURRENT_TIMESTAMP,
  PRIMARY KEY (`id`),
  UNIQUE KEY `failed_jobs_uuid_unique` (`uuid`)
) ENGINE=InnoDB DEFAULT CHARSET=utf8mb4 COLLATE=utf8mb4_unicode_ci;

--
-- Dumping data for table `failed_jobs`
--


--
-- Table structure for table `failed_transactions`
--

CREATE TABLE `failed_transactions` (
  `id` bigint unsigned NOT NULL AUTO_INCREMENT,
  `payment_mode_id` bigint unsigned NOT NULL,
  `checkout_id` varchar(191) COLLATE utf8mb4_unicode_ci NOT NULL,
  `description` longtext COLLATE utf8mb4_unicode_ci NOT NULL,
  `created_at` timestamp NULL DEFAULT NULL,
  `updated_at` timestamp NULL DEFAULT NULL,
  PRIMARY KEY (`id`),
  KEY `failed_transactions_payment_mode_id_foreign` (`payment_mode_id`),
  CONSTRAINT `failed_transactions_payment_mode_id_foreign` FOREIGN KEY (`payment_mode_id`) REFERENCES `payment_modes` (`id`) ON DELETE CASCADE
) ENGINE=InnoDB DEFAULT CHARSET=utf8mb4 COLLATE=utf8mb4_unicode_ci;

--
-- Dumping data for table `failed_transactions`
--


--
-- Table structure for table `grouped_transactions`
--

CREATE TABLE `grouped_transactions` (
  `id` bigint unsigned NOT NULL AUTO_INCREMENT,
  `ref_no` varchar(191) COLLATE utf8mb4_unicode_ci NOT NULL,
  `transaction_type` int NOT NULL DEFAULT '1' COMMENT '1=invoice, 2=sms',
  `unit_sms_price` decimal(8,2) NOT NULL DEFAULT '0.00',
  `provider_sms_price` decimal(8,2) NOT NULL DEFAULT '0.00',
  `company_id` bigint unsigned NOT NULL,
  `company_router_id` int DEFAULT NULL,
  `user_id` int DEFAULT NULL,
  `payment_mode_id` bigint unsigned NOT NULL,
  `phone_used` varchar(191) COLLATE utf8mb4_unicode_ci DEFAULT NULL,
  `transaction_code` varchar(191) COLLATE utf8mb4_unicode_ci DEFAULT NULL,
  `amount` decimal(8,2) NOT NULL DEFAULT '0.00',
  `checkout_id` varchar(191) COLLATE utf8mb4_unicode_ci DEFAULT NULL,
  `account_number` varchar(191) COLLATE utf8mb4_unicode_ci DEFAULT NULL,
  `created_at` timestamp NULL DEFAULT NULL,
  `updated_at` timestamp NULL DEFAULT NULL,
  `deleted_at` timestamp NULL DEFAULT NULL,
  PRIMARY KEY (`id`),
  KEY `grouped_transactions_company_id_foreign` (`company_id`),
  KEY `grouped_transactions_payment_mode_id_foreign` (`payment_mode_id`),
  CONSTRAINT `grouped_transactions_company_id_foreign` FOREIGN KEY (`company_id`) REFERENCES `companies` (`id`) ON DELETE CASCADE,
  CONSTRAINT `grouped_transactions_payment_mode_id_foreign` FOREIGN KEY (`payment_mode_id`) REFERENCES `payment_modes` (`id`) ON DELETE CASCADE
) ENGINE=InnoDB AUTO_INCREMENT=7 DEFAULT CHARSET=utf8mb4 COLLATE=utf8mb4_unicode_ci;

--
-- Dumping data for table `grouped_transactions`
--

INSERT INTO `grouped_transactions` VALUES (1,'8I42E6',1,0.00,0.00,11,6,1,2,NULL,'THR178AWB',21000.00,NULL,NULL,'2025-08-28 06:42:22','2025-08-28 06:42:22',NULL),(2,'8RSZVT',1,0.00,0.00,17,10,1,2,NULL,'TI62NA5R2A',21000.00,NULL,NULL,'2025-09-10 17:38:47','2025-09-10 17:38:47',NULL),(3,'8BHOI7',1,0.00,0.00,18,11,1,2,NULL,'',21000.00,NULL,NULL,'2025-09-18 14:40:49','2025-09-18 14:40:49',NULL),(4,'KANE2C',1,0.00,0.00,20,13,1,2,NULL,'TIRKH5U8DQ',21000.00,NULL,NULL,'2025-09-27 15:04:44','2025-09-27 15:04:44',NULL),(5,'4MBU7G',1,0.00,0.00,22,15,1,2,NULL,'',21000.00,NULL,NULL,'2025-10-01 12:28:16','2025-10-01 12:28:16',NULL),(6,'CW7PYX',1,0.00,0.00,23,16,1,2,NULL,'TJ1KH69JKS',21000.00,NULL,NULL,'2025-10-02 06:41:55','2025-10-02 06:41:55',NULL);

--
-- Table structure for table `ip_prefix_lengths`
--

CREATE TABLE `ip_prefix_lengths` (
  `id` bigint unsigned NOT NULL AUTO_INCREMENT,
  `name` varchar(191) COLLATE utf8mb4_unicode_ci NOT NULL,
  `prefix` varchar(191) COLLATE utf8mb4_unicode_ci NOT NULL,
  `created_at` timestamp NULL DEFAULT NULL,
  `updated_at` timestamp NULL DEFAULT NULL,
  `deleted_at` timestamp NULL DEFAULT NULL,
  PRIMARY KEY (`id`)
) ENGINE=InnoDB AUTO_INCREMENT=9 DEFAULT CHARSET=utf8mb4 COLLATE=utf8mb4_unicode_ci;

--
-- Dumping data for table `ip_prefix_lengths`
--

INSERT INTO `ip_prefix_lengths` VALUES (1,'8 (16,777,214 IPs)','8','2025-08-03 19:10:09','2025-08-03 19:10:09',NULL),(2,'12 (1,048,574 IPs)','12','2025-08-03 19:10:09','2025-08-03 19:10:09',NULL),(3,'16 (65,534 IPs)','16','2025-08-03 19:10:09','2025-08-03 19:10:09',NULL),(4,'20 (4,094 IPs)','20','2025-08-03 19:10:09','2025-08-03 19:10:09',NULL),(5,'24 (254 IPs)','24','2025-08-03 19:10:09','2025-08-03 19:10:09',NULL),(6,'28 (14 IPs)','28','2025-08-03 19:10:09','2025-08-03 19:10:09',NULL),(7,'30 (2 IPs)','30','2025-08-03 19:10:09','2025-08-03 19:10:09',NULL),(8,'32 (1 IP)','32','2025-08-03 19:10:09','2025-08-03 19:10:09',NULL);

--
-- Table structure for table `job_batches`
--

CREATE TABLE `job_batches` (
  `id` varchar(191) COLLATE utf8mb4_unicode_ci NOT NULL,
  `name` varchar(191) COLLATE utf8mb4_unicode_ci NOT NULL,
  `total_jobs` int NOT NULL,
  `pending_jobs` int NOT NULL,
  `failed_jobs` int NOT NULL,
  `failed_job_ids` longtext COLLATE utf8mb4_unicode_ci NOT NULL,
  `options` mediumtext COLLATE utf8mb4_unicode_ci,
  `cancelled_at` int DEFAULT NULL,
  `created_at` int NOT NULL,
  `finished_at` int DEFAULT NULL,
  PRIMARY KEY (`id`)
) ENGINE=InnoDB DEFAULT CHARSET=utf8mb4 COLLATE=utf8mb4_unicode_ci;

--
-- Dumping data for table `job_batches`
--


--
-- Table structure for table `jobs`
--

CREATE TABLE `jobs` (
  `id` bigint unsigned NOT NULL AUTO_INCREMENT,
  `queue` varchar(191) COLLATE utf8mb4_unicode_ci NOT NULL,
  `payload` longtext COLLATE utf8mb4_unicode_ci NOT NULL,
  `attempts` tinyint unsigned NOT NULL,
  `reserved_at` int unsigned DEFAULT NULL,
  `available_at` int unsigned NOT NULL,
  `created_at` int unsigned NOT NULL,
  PRIMARY KEY (`id`),
  KEY `jobs_queue_index` (`queue`)
) ENGINE=InnoDB AUTO_INCREMENT=21 DEFAULT CHARSET=utf8mb4 COLLATE=utf8mb4_unicode_ci;

--
-- Dumping data for table `jobs`
--


--
-- Table structure for table `message_modes`
--

CREATE TABLE `message_modes` (
  `id` bigint unsigned NOT NULL AUTO_INCREMENT,
  `name` varchar(191) COLLATE utf8mb4_unicode_ci NOT NULL,
  `status` int NOT NULL DEFAULT '1' COMMENT '0=inactive, 1=active',
  `created_at` timestamp NULL DEFAULT NULL,
  `updated_at` timestamp NULL DEFAULT NULL,
  `deleted_at` timestamp NULL DEFAULT NULL,
  PRIMARY KEY (`id`)
) ENGINE=InnoDB AUTO_INCREMENT=4 DEFAULT CHARSET=utf8mb4 COLLATE=utf8mb4_unicode_ci;

--
-- Dumping data for table `message_modes`
--

INSERT INTO `message_modes` VALUES (1,'SMS',1,'2025-08-03 19:10:04','2025-08-03 19:10:04',NULL),(2,'Email',1,'2025-08-03 19:10:04','2025-08-03 19:10:04',NULL),(3,'WhatsApp',1,'2025-08-03 19:10:04','2025-08-03 19:10:04',NULL);

--
-- Table structure for table `migrations`
--

CREATE TABLE `migrations` (
  `id` int unsigned NOT NULL AUTO_INCREMENT,
  `migration` varchar(191) COLLATE utf8mb4_unicode_ci NOT NULL,
  `batch` int NOT NULL,
  PRIMARY KEY (`id`)
) ENGINE=InnoDB AUTO_INCREMENT=79 DEFAULT CHARSET=utf8mb4 COLLATE=utf8mb4_unicode_ci;

--
-- Dumping data for table `migrations`
--

INSERT INTO `migrations` VALUES (1,'0001_01_01_000000_create_users_table',1),(2,'0001_01_01_000001_create_cache_table',1),(3,'0001_01_01_000002_create_jobs_table',1),(4,'2024_12_31_100452_create_permission_tables',1),(5,'2024_12_31_100952_create_companies_table',1),(6,'2024_12_31_100953_create_payment_types_table',1),(7,'2024_12_31_100954_create_transaction_frequencies_table',1),(8,'2024_12_31_101150_create_company_users_table',1),(9,'2024_12_31_101616_create_service_plans_table',1),(10,'2024_12_31_101618_create_plan_validity_types_table',1),(11,'2024_12_31_101619_create_company_routers_table',1),(12,'2024_12_31_101857_create_company_ip_pools_table',1),(13,'2024_12_31_101858_create_company_service_plans_table',1),(14,'2024_12_31_174557_create_user_verification_codes_table',1),(15,'2024_12_31_181637_create_notifications_table',1),(16,'2024_12_31_213650_create_message_modes_table',1),(17,'2024_12_31_221743_create_sms_providers_table',1),(18,'2024_12_31_221919_create_sms_requirements_table',1),(19,'2024_12_31_221940_create_sms_provider_requirements_table',1),(20,'2024_12_31_221957_create_company_sms_providers_table',1),(21,'2024_12_31_222005_create_company_sms_provider_entities_table',1),(22,'2025_01_01_122817_create_company_email_configurations_table',1),(23,'2025_01_01_173315_create_company_customers_table',1),(24,'2025_01_02_125417_create_company_prepaid_vouchers_table',1),(25,'2025_01_03_162401_create_company_prepaid_users_table',1),(26,'2025_01_03_162402_create_payment_modes_table',1),(27,'2025_01_03_163433_create_company_grouped_transactions_table',1),(28,'2025_01_08_121255_create_company_bulk_messages_table',1),(29,'2025_01_08_213530_create_banks_table',1),(30,'2025_01_08_213531_create_payment_methods_table',1),(32,'2025_01_21_025009_create_company_static_pages_table',1),(33,'2025_01_22_020910_create_personal_access_tokens_table',1),(34,'2025_01_22_021305_create_failed_transactions_table',1),(35,'2025_01_22_022710_create_company_customer_service_plans_table',1),(36,'2025_01_22_151114_create_company_customer_invoices_table',1),(37,'2025_01_22_151543_create_company_customer_invoice_payments_table',1),(38,'2025_01_22_230339_create_grouped_transactions_table',1),(39,'2025_01_22_233047_create_company_router_invoices_table',1),(40,'2025_01_22_233054_create_company_router_invoice_payments_table',1),(41,'2025_01_24_174649_create_company_customer_service_plan_previous_debt_payments_table',1),(42,'2025_01_27_232712_create_company_referrals_table',1),(43,'2025_01_28_001754_create_company_referral_payments_table',1),(44,'2025_02_04_180817_create_company_escrow_transactions_table',1),(45,'2025_02_12_105715_create_paid_users_table',1),(46,'2025_02_16_144236_create_company_sms_table',1),(47,'2025_02_16_144254_create_company_sms_usages_table',1),(48,'2025_02_16_144918_create_expenses_table',1),(49,'2025_02_23_220746_create_customers_table',1),(50,'2025_02_24_231040_create_out_messages_table',1),(51,'2025_03_04_160220_create_company_router_interfaces_table',1),(52,'2025_03_08_213801_create_escrow_transactions_table',1),(53,'2025_03_08_213802_create_director_shares_table',1),(54,'2025_03_11_190100_create_outgoing_transactions_table',1),(55,'2025_03_13_115203_create_sms_template_types_table',1),(56,'2025_03_13_115729_create_company_sms_templates_table',1),(57,'2025_03_18_003524_create_company_customer_invoice_notify_rates_table',1),(58,'2025_03_20_010357_create_company_inventories_table',1),(59,'2025_03_20_124540_create_company_whatsapp_scans_table',1),(60,'2025_03_30_212850_create_potential_customers_table',1),(61,'2025_04_02_002642_create_paybill_transactions_table',1),(62,'2025_04_04_041618_create_director_share_incomes_table',1),(63,'2025_05_04_131513_create_b2b_outgoing_transaction_charges_table',1),(64,'2025_05_04_210449_create_outgoing_transaction_entities_table',1),(65,'2025_05_05_120828_create_temporary_grouped_transactions_table',1),(66,'2025_05_06_214708_create_b2c_outgoing_transaction_charges_table',1),(67,'2025_05_22_121943_create_tickets_table',1),(68,'2025_05_23_090344_create_ip_prefix_lengths_table',1),(69,'2025_05_25_122209_add_group_to_permissions_table',1),(70,'2025_06_02_232726_create_director_share_payment_accounts_table',1),(71,'2025_06_08_143800_create_company_router_customers_table',1),(72,'2025_07_04_013141_create_company_customer_service_plan_installation_items_table',1),(73,'2025_07_04_013148_create_company_customer_service_plan_installation_item_payments_table',1),(74,'2025_07_09_032524_create_client_to_be_disconnecteds_table',1),(77,'2025_08_01_223540_create_temporary_transaction_checks_table',2),(78,'2025_01_08_213816_create_company_payment_accounts_table',3);

--
-- Table structure for table `model_has_permissions`
--

CREATE TABLE `model_has_permissions` (
  `permission_id` bigint unsigned NOT NULL,
  `model_type` varchar(191) COLLATE utf8mb4_unicode_ci NOT NULL,
  `model_id` bigint unsigned NOT NULL,
  PRIMARY KEY (`permission_id`,`model_id`,`model_type`),
  KEY `model_has_permissions_model_id_model_type_index` (`model_id`,`model_type`),
  CONSTRAINT `model_has_permissions_permission_id_foreign` FOREIGN KEY (`permission_id`) REFERENCES `permissions` (`id`) ON DELETE CASCADE
) ENGINE=InnoDB DEFAULT CHARSET=utf8mb4 COLLATE=utf8mb4_unicode_ci;

--
-- Dumping data for table `model_has_permissions`
--

INSERT INTO `model_has_permissions` VALUES (1,'App\\Models\\User',2),(1,'App\\Models\\User',3),(1,'App\\Models\\User',4),(1,'App\\Models\\User',5),(1,'App\\Models\\User',6),(1,'App\\Models\\User',7),(1,'App\\Models\\User',8),(1,'App\\Models\\User',9),(1,'App\\Models\\User',10),(1,'App\\Models\\User',11),(1,'App\\Models\\User',12),(1,'App\\Models\\User',13),(1,'App\\Models\\User',14),(1,'App\\Models\\User',15),(1,'App\\Models\\User',16),(1,'App\\Models\\User',17),(1,'App\\Models\\User',18),(1,'App\\Models\\User',19),(1,'App\\Models\\User',20),(1,'App\\Models\\User',21),(1,'App\\Models\\User',22),(1,'App\\Models\\User',23),(1,'App\\Models\\User',24),(1,'App\\Models\\User',25),(1,'App\\Models\\User',26),(1,'App\\Models\\User',27),(1,'App\\Models\\User',28),(1,'App\\Models\\User',29),(1,'App\\Models\\User',30),(1,'App\\Models\\User',31),(1,'App\\Models\\User',32),(1,'App\\Models\\User',33),(2,'App\\Models\\User',34),(1,'App\\Models\\User',35),(1,'App\\Models\\User',36),(1,'App\\Models\\User',37);

--
-- Table structure for table `model_has_roles`
--

CREATE TABLE `model_has_roles` (
  `role_id` bigint unsigned NOT NULL,
  `model_type` varchar(191) COLLATE utf8mb4_unicode_ci NOT NULL,
  `model_id` bigint unsigned NOT NULL,
  PRIMARY KEY (`role_id`,`model_id`,`model_type`),
  KEY `model_has_roles_model_id_model_type_index` (`model_id`,`model_type`),
  CONSTRAINT `model_has_roles_role_id_foreign` FOREIGN KEY (`role_id`) REFERENCES `roles` (`id`) ON DELETE CASCADE
) ENGINE=InnoDB DEFAULT CHARSET=utf8mb4 COLLATE=utf8mb4_unicode_ci;

--
-- Dumping data for table `model_has_roles`
--

INSERT INTO `model_has_roles` VALUES (1,'App\\Models\\User',1),(2,'App\\Models\\User',2),(2,'App\\Models\\User',3),(2,'App\\Models\\User',4),(2,'App\\Models\\User',5),(2,'App\\Models\\User',6),(2,'App\\Models\\User',7),(2,'App\\Models\\User',8),(2,'App\\Models\\User',9),(2,'App\\Models\\User',10),(2,'App\\Models\\User',11),(2,'App\\Models\\User',12),(2,'App\\Models\\User',13),(2,'App\\Models\\User',14),(2,'App\\Models\\User',15),(2,'App\\Models\\User',16),(1,'App\\Models\\User',17),(1,'App\\Models\\User',18),(1,'App\\Models\\User',19),(2,'App\\Models\\User',20),(2,'App\\Models\\User',21),(2,'App\\Models\\User',22),(2,'App\\Models\\User',23),(2,'App\\Models\\User',24),(2,'App\\Models\\User',25),(2,'App\\Models\\User',26),(2,'App\\Models\\User',27),(2,'App\\Models\\User',28),(2,'App\\Models\\User',29),(2,'App\\Models\\User',30),(2,'App\\Models\\User',31),(2,'App\\Models\\User',32),(2,'App\\Models\\User',33),(2,'App\\Models\\User',34),(2,'App\\Models\\User',35),(2,'App\\Models\\User',36),(2,'App\\Models\\User',37);

--
-- Table structure for table `notifications`
--

CREATE TABLE `notifications` (
  `id` bigint unsigned NOT NULL AUTO_INCREMENT,
  `company_id` int DEFAULT NULL,
  `user_id` int DEFAULT NULL,
  `title` varchar(191) COLLATE utf8mb4_unicode_ci NOT NULL,
  `content` longtext COLLATE utf8mb4_unicode_ci NOT NULL,
  `status` int NOT NULL DEFAULT '0' COMMENT '0=pending, 1=read',
  `created_at` timestamp NULL DEFAULT NULL,
  `updated_at` timestamp NULL DEFAULT NULL,
  PRIMARY KEY (`id`)
) ENGINE=InnoDB AUTO_INCREMENT=14596 DEFAULT CHARSET=utf8mb4 COLLATE=utf8mb4_unicode_ci;

--
-- Dumping data for table `notifications`
--

INSERT INTO `notifications` VALUES (14443,20,NULL,'Mikrotik Router Up','✅ Hi Idd Mussa Salum, your mikrotik router - Mkiwa is back online.',0,'2025-09-29 22:03:28','2025-09-29 22:03:28'),(14444,22,NULL,'Mikrotik Router Up','✅ Hi Manyala Agalla, your mikrotik router - Mshua Net is back online.',1,'2025-09-29 22:12:29','2025-10-01 15:13:47'),(14445,22,NULL,'Mikrotik Router Down','⚠️ Hi Manyala Agalla, your mikrotik router - Mshua Net is offline. Please check it out.',1,'2025-09-29 22:17:32','2025-10-01 11:58:51'),(14446,22,NULL,'Mikrotik Router Up','✅ Hi Manyala Agalla, your mikrotik router - Mshua Net is back online.',0,'2025-09-29 22:21:29','2025-09-29 22:21:29'),(14447,8,NULL,'Mikrotik Router Down','⚠️ Hi Erick, your mikrotik router - Machinga Complex is offline. Please check it out.',1,'2025-09-30 00:50:24','2025-09-30 06:41:17'),(14448,8,NULL,'Mikrotik Router Up','✅ Hi Erick, your mikrotik router - Machinga Complex is back online.',1,'2025-09-30 00:53:30','2025-09-30 06:41:17'),(14449,20,NULL,'Mikrotik Router Down','⚠️ Hi Idd Mussa Salum, your mikrotik router - Mkiwa is offline. Please check it out.',0,'2025-09-30 01:59:30','2025-09-30 01:59:30'),(14450,20,NULL,'Mikrotik Router Up','✅ Hi Idd Mussa Salum, your mikrotik router - Mkiwa is back online.',0,'2025-09-30 02:03:28','2025-09-30 02:03:28'),(14451,20,NULL,'Mikrotik Router Down','⚠️ Hi Idd Mussa Salum, your mikrotik router - Mkiwa is offline. Please check it out.',0,'2025-09-30 04:03:31','2025-09-30 04:03:31'),(14452,20,NULL,'Mikrotik Router Up','✅ Hi Idd Mussa Salum, your mikrotik router - Mkiwa is back online.',0,'2025-09-30 04:07:29','2025-09-30 04:07:29'),(14453,18,NULL,'Mikrotik Router Down','⚠️ Hi Gilbert mushi, your mikrotik router - G NJARO is offline. Please check it out.',1,'2025-09-30 04:51:29','2025-09-30 05:03:18'),(14454,18,NULL,'Mikrotik Router Up','✅ Hi Gilbert mushi, your mikrotik router - G NJARO is back online.',0,'2025-09-30 05:04:26','2025-09-30 05:04:26'),(14455,23,NULL,'Mikrotik Router Down','⚠️ Hi DENIS AMINI, your mikrotik router - ITeam is offline. Please check it out.',1,'2025-09-30 05:27:32','2025-09-30 10:13:03'),(14456,23,NULL,'Mikrotik Router Up','✅ Hi DENIS AMINI, your mikrotik router - ITeam is back online.',0,'2025-09-30 05:30:29','2025-09-30 05:30:29'),(14457,21,NULL,'Mikrotik Router Down','⚠️ Hi Ernest Cheyo, your mikrotik router - Kitonga is offline. Please check it out.',1,'2025-09-30 06:49:31','2025-10-01 10:49:11'),(14458,21,NULL,'Mikrotik Router Up','✅ Hi Ernest Cheyo, your mikrotik router - Kitonga is back online.',1,'2025-09-30 06:52:28','2025-10-01 10:53:04'),(14459,16,NULL,'Mikrotik Router Down','⚠️ Hi Emmanuel, your mikrotik router - Street Mesh is offline. Please check it out.',0,'2025-09-30 08:14:28','2025-09-30 08:14:28'),(14460,16,NULL,'Mikrotik Router Up','✅ Hi Emmanuel, your mikrotik router - Street Mesh is back online.',0,'2025-09-30 08:18:27','2025-09-30 08:18:27'),(14461,24,NULL,'Mikrotik Router Down','⚠️ Hi Innocent Mtui, your mikrotik router - Router17 is offline. Please check it out.',0,'2025-09-30 08:52:31','2025-09-30 08:52:31'),(14462,25,NULL,'Mikrotik Router Down','⚠️ Hi Songa Musa, your mikrotik router - Router18 is offline. Please check it out.',0,'2025-09-30 09:15:34','2025-09-30 09:15:34'),(14463,25,NULL,'Mikrotik Router Up','✅ Hi Songa Musa, your mikrotik router - Router18 is back online.',0,'2025-09-30 09:32:32','2025-09-30 09:32:32'),(14464,20,NULL,'Mikrotik Router Down','⚠️ Hi Idd Mussa Salum, your mikrotik router - Mkiwa is offline. Please check it out.',0,'2025-09-30 09:59:31','2025-09-30 09:59:31'),(14465,20,NULL,'Mikrotik Router Up','✅ Hi Idd Mussa Salum, your mikrotik router - Mkiwa is back online.',0,'2025-09-30 10:03:29','2025-09-30 10:03:29'),(14466,21,NULL,'Mikrotik Router Down','⚠️ Hi Ernest Cheyo, your mikrotik router - Kitonga is offline. Please check it out.',1,'2025-09-30 10:20:31','2025-10-01 10:53:08'),(14467,13,NULL,'Mikrotik Router Down','⚠️ Hi Kazungu, your mikrotik router - La Zungu is offline. Please check it out.',0,'2025-09-30 10:24:25','2025-09-30 10:24:25'),(14468,13,NULL,'Mikrotik Router Up','✅ Hi Kazungu, your mikrotik router - La Zungu is back online.',0,'2025-09-30 10:27:24','2025-09-30 10:27:24'),(14469,21,NULL,'Mikrotik Router Up','✅ Hi Ernest Cheyo, your mikrotik router - Kitonga is back online.',1,'2025-09-30 10:29:29','2025-10-01 10:53:11'),(14470,8,NULL,'Mikrotik Router Down','⚠️ Hi Erick, your mikrotik router - Ngoni Net 1 is offline. Please check it out.',0,'2025-09-30 11:02:25','2025-09-30 11:02:25'),(14471,8,NULL,'Mikrotik Router Up','✅ Hi Erick, your mikrotik router - Ngoni Net 1 is back online.',0,'2025-09-30 11:05:22','2025-09-30 11:05:22'),(14472,8,NULL,'Mikrotik Router Down','⚠️ Hi Erick, your mikrotik router - Machinga Complex is offline. Please check it out.',0,'2025-09-30 11:13:24','2025-09-30 11:13:24'),(14473,8,NULL,'Mikrotik Router Up','✅ Hi Erick, your mikrotik router - Machinga Complex is back online.',0,'2025-09-30 11:16:21','2025-09-30 11:16:21'),(14474,25,NULL,'Mikrotik Router Down','⚠️ Hi Songa Musa, your mikrotik router - Ktown is offline. Please check it out.',0,'2025-09-30 12:25:34','2025-09-30 12:25:34'),(14475,18,NULL,'Mikrotik Router Down','⚠️ Hi Gilbert mushi, your mikrotik router - G NJARO is offline. Please check it out.',0,'2025-09-30 12:46:28','2025-09-30 12:46:28'),(14476,18,NULL,'Mikrotik Router Up','✅ Hi Gilbert mushi, your mikrotik router - G NJARO is back online.',0,'2025-09-30 12:49:27','2025-09-30 12:49:27'),(14477,8,NULL,'Mikrotik Router Down','⚠️ Hi Erick, your mikrotik router - Ngoni Net 1 is offline. Please check it out.',0,'2025-09-30 13:02:25','2025-09-30 13:02:25'),(14478,20,NULL,'Mikrotik Router Down','⚠️ Hi Idd Mussa Salum, your mikrotik router - Mkiwa is offline. Please check it out.',0,'2025-09-30 13:59:34','2025-09-30 13:59:34'),(14479,20,NULL,'Mikrotik Router Up','✅ Hi Idd Mussa Salum, your mikrotik router - Mkiwa is back online.',0,'2025-09-30 14:03:33','2025-09-30 14:03:33'),(14480,23,NULL,'Mikrotik Router Down','⚠️ Hi DENIS AMINI, your mikrotik router - ITeam is offline. Please check it out.',0,'2025-09-30 14:14:35','2025-09-30 14:14:35'),(14481,23,NULL,'Mikrotik Router Up','✅ Hi DENIS AMINI, your mikrotik router - ITeam is back online.',0,'2025-09-30 14:17:35','2025-09-30 14:17:35'),(14482,21,NULL,'Mikrotik Router Down','⚠️ Hi Ernest Cheyo, your mikrotik router - Kitonga is offline. Please check it out.',1,'2025-09-30 16:10:39','2025-10-01 10:53:18'),(14483,21,NULL,'Mikrotik Router Up','✅ Hi Ernest Cheyo, your mikrotik router - Kitonga is back online.',1,'2025-09-30 16:13:36','2025-10-01 10:53:39'),(14484,8,NULL,'Mikrotik Router Up','✅ Hi Erick, your mikrotik router - Ngoni Net 1 is back online.',0,'2025-09-30 16:51:21','2025-09-30 16:51:21'),(14485,8,NULL,'Mikrotik Router Down','⚠️ Hi Erick, your mikrotik router - Ngoni Net 1 is offline. Please check it out.',0,'2025-09-30 16:59:27','2025-09-30 16:59:27'),(14486,8,NULL,'Mikrotik Router Up','✅ Hi Erick, your mikrotik router - Ngoni Net 1 is back online.',0,'2025-09-30 17:13:22','2025-09-30 17:13:22'),(14487,20,NULL,'Mikrotik Router Down','⚠️ Hi FiberNet HotSpot, your mikrotik router - Mkiwa is offline. Please check it out.',0,'2025-09-30 17:59:30','2025-09-30 17:59:30'),(14488,25,NULL,'Mikrotik Router Up','✅ Hi Songa Musa, your mikrotik router - Ktown is back online.',0,'2025-09-30 18:01:35','2025-09-30 18:01:35'),(14489,20,NULL,'Mikrotik Router Up','✅ Hi FiberNet HotSpot, your mikrotik router - Mkiwa is back online.',0,'2025-09-30 18:03:32','2025-09-30 18:03:32'),(14490,25,NULL,'Mikrotik Router Down','⚠️ Hi Songa Musa, your mikrotik router - Ktown is offline. Please check it out.',0,'2025-09-30 18:13:34','2025-09-30 18:13:34'),(14491,25,NULL,'Mikrotik Router Up','✅ Hi Songa Musa, your mikrotik router - Ktown is back online.',0,'2025-09-30 18:18:32','2025-09-30 18:18:32'),(14492,18,NULL,'Mikrotik Router Down','⚠️ Hi Gilbert mushi, your mikrotik router - G NJARO is offline. Please check it out.',0,'2025-09-30 18:33:28','2025-09-30 18:33:28'),(14493,18,NULL,'Mikrotik Router Up','✅ Hi Gilbert mushi, your mikrotik router - G NJARO is back online.',0,'2025-09-30 18:36:27','2025-09-30 18:36:27'),(14494,8,NULL,'Mikrotik Router Down','⚠️ Hi Erick, your mikrotik router - Machinga Complex is offline. Please check it out.',0,'2025-09-30 18:51:24','2025-09-30 18:51:24'),(14495,25,NULL,'Mikrotik Router Down','⚠️ Hi Songa Musa, your mikrotik router - Ktown is offline. Please check it out.',0,'2025-09-30 19:16:35','2025-09-30 19:16:35'),(14496,25,NULL,'Mikrotik Router Up','✅ Hi Songa Musa, your mikrotik router - Ktown is back online.',0,'2025-09-30 19:45:33','2025-09-30 19:45:33'),(14497,8,NULL,'Mikrotik Router Up','✅ Hi Erick, your mikrotik router - Machinga Complex is back online.',0,'2025-09-30 19:48:22','2025-09-30 19:48:22'),(14498,25,NULL,'Mikrotik Router Down','⚠️ Hi Songa Musa, your mikrotik router - Ktown is offline. Please check it out.',0,'2025-09-30 19:48:35','2025-09-30 19:48:35'),(14499,25,NULL,'Mikrotik Router Up','✅ Hi Songa Musa, your mikrotik router - Ktown is back online.',0,'2025-09-30 19:52:34','2025-09-30 19:52:34'),(14500,18,NULL,'Mikrotik Router Down','⚠️ Hi Gilbert mushi, your mikrotik router - G NJARO is offline. Please check it out.',0,'2025-09-30 19:53:28','2025-09-30 19:53:28'),(14501,18,NULL,'Mikrotik Router Up','✅ Hi Gilbert mushi, your mikrotik router - G NJARO is back online.',0,'2025-09-30 19:56:28','2025-09-30 19:56:28'),(14502,22,NULL,'Mikrotik Router Down','⚠️ Hi Manyala Agalla, your mikrotik router - Mshua Net is offline. Please check it out.',1,'2025-09-30 19:57:31','2025-10-01 14:16:28'),(14503,18,NULL,'Mikrotik Router Down','⚠️ Hi Gilbert mushi, your mikrotik router - G NJARO is offline. Please check it out.',0,'2025-09-30 20:22:28','2025-09-30 20:22:28'),(14504,18,NULL,'Mikrotik Router Up','✅ Hi Gilbert mushi, your mikrotik router - G NJARO is back online.',0,'2025-09-30 20:25:27','2025-09-30 20:25:27'),(14505,16,NULL,'Mikrotik Router Down','⚠️ Hi Emmanuel, your mikrotik router - Street Mesh is offline. Please check it out.',0,'2025-09-30 20:36:28','2025-09-30 20:36:28'),(14506,16,NULL,'Mikrotik Router Up','✅ Hi Emmanuel, your mikrotik router - Street Mesh is back online.',0,'2025-09-30 20:39:26','2025-09-30 20:39:26'),(14507,20,NULL,'Mikrotik Router Down','⚠️ Hi FiberNet HotSpot, your mikrotik router - Mkiwa is offline. Please check it out.',0,'2025-09-30 21:10:34','2025-09-30 21:10:34'),(14508,20,NULL,'Mikrotik Router Up','✅ Hi FiberNet HotSpot, your mikrotik router - Mkiwa is back online.',0,'2025-09-30 21:13:29','2025-09-30 21:13:29'),(14509,8,NULL,'Mikrotik Router Down','⚠️ Hi Erick, your mikrotik router - Machinga Complex is offline. Please check it out.',0,'2025-09-30 23:43:24','2025-09-30 23:43:24'),(14510,8,NULL,'Mikrotik Router Up','✅ Hi Erick, your mikrotik router - Machinga Complex is back online.',0,'2025-09-30 23:46:21','2025-09-30 23:46:21'),(14511,20,NULL,'Mikrotik Router Down','⚠️ Hi FiberNet HotSpot, your mikrotik router - Mkiwa is offline. Please check it out.',0,'2025-10-01 00:00:31','2025-10-01 00:00:31'),(14512,20,NULL,'Mikrotik Router Up','✅ Hi FiberNet HotSpot, your mikrotik router - Mkiwa is back online.',0,'2025-10-01 00:03:31','2025-10-01 00:03:31'),(14513,20,NULL,'Mikrotik Router Down','⚠️ Hi FiberNet HotSpot, your mikrotik router - Mkiwa is offline. Please check it out.',0,'2025-10-01 03:59:31','2025-10-01 03:59:31'),(14514,20,NULL,'Mikrotik Router Up','✅ Hi FiberNet HotSpot, your mikrotik router - Mkiwa is back online.',0,'2025-10-01 04:07:28','2025-10-01 04:07:28'),(14515,25,NULL,'Mikrotik Router Down','⚠️ Hi Songa Musa, your mikrotik router - Ktown is offline. Please check it out.',0,'2025-10-01 04:10:35','2025-10-01 04:10:35'),(14516,25,NULL,'Mikrotik Router Up','✅ Hi Songa Musa, your mikrotik router - Ktown is back online.',0,'2025-10-01 04:13:33','2025-10-01 04:13:33'),(14517,21,NULL,'Mikrotik Router Down','⚠️ Hi Ernest Cheyo, your mikrotik router - Kitonga is offline. Please check it out.',1,'2025-10-01 04:36:31','2025-10-01 10:53:39'),(14518,20,NULL,'Mikrotik Router Down','⚠️ Hi FiberNet HotSpot, your mikrotik router - Mkiwa is offline. Please check it out.',0,'2025-10-01 04:52:35','2025-10-01 04:52:35'),(14519,20,NULL,'Mikrotik Router Up','✅ Hi FiberNet HotSpot, your mikrotik router - Mkiwa is back online.',0,'2025-10-01 04:56:33','2025-10-01 04:56:33'),(14520,8,NULL,'Mikrotik Router Down','⚠️ Hi Erick, your mikrotik router - Machinga Complex is offline. Please check it out.',0,'2025-10-01 06:34:31','2025-10-01 06:34:31'),(14521,20,NULL,'Mikrotik Router Down','⚠️ Hi FiberNet HotSpot, your mikrotik router - Mkiwa is offline. Please check it out.',0,'2025-10-01 07:03:42','2025-10-01 07:03:42'),(14522,20,NULL,'Mikrotik Router Up','✅ Hi FiberNet HotSpot, your mikrotik router - Mkiwa is back online.',0,'2025-10-01 07:09:39','2025-10-01 07:09:39'),(14523,25,NULL,'Mikrotik Router Down','⚠️ Hi Songa Musa, your mikrotik router - Ktown is offline. Please check it out.',0,'2025-10-01 07:37:49','2025-10-01 07:37:49'),(14524,21,NULL,'Mikrotik Router Up','✅ Hi Ernest Cheyo, your mikrotik router - Kitonga is back online.',1,'2025-10-01 08:16:31','2025-10-01 10:53:39'),(14525,21,NULL,'Mikrotik Router Down','⚠️ Hi Ernest Cheyo, your mikrotik router - Kitonga is offline. Please check it out.',1,'2025-10-01 08:29:36','2025-10-01 10:53:39'),(14526,18,NULL,'Mikrotik Router Down','⚠️ Hi Gilbert mushi, your mikrotik router - G NJARO is offline. Please check it out.',0,'2025-10-01 08:44:33','2025-10-01 08:44:33'),(14527,18,NULL,'Mikrotik Router Up','✅ Hi Gilbert mushi, your mikrotik router - G NJARO is back online.',0,'2025-10-01 08:50:31','2025-10-01 08:50:31'),(14528,21,NULL,'Mikrotik Router Up','✅ Hi Ernest Cheyo, your mikrotik router - Kitonga is back online.',1,'2025-10-01 08:55:31','2025-10-01 10:53:39'),(14529,22,NULL,'Mikrotik Router Up','✅ Hi Manyala Agalla, your mikrotik router - Mshua Net is back online.',1,'2025-10-01 08:56:31','2025-10-01 14:16:41'),(14530,8,NULL,'Mikrotik Router Up','✅ Hi Erick, your mikrotik router - Machinga Complex is back online.',0,'2025-10-01 09:12:22','2025-10-01 09:12:22'),(14531,25,NULL,'Mikrotik Router Up','✅ Hi Songa Musa, your mikrotik router - Ktown is back online.',0,'2025-10-01 09:50:32','2025-10-01 09:50:32'),(14532,20,NULL,'Mikrotik Router Down','⚠️ Hi FiberNet HotSpot, your mikrotik router - Mkiwa is offline. Please check it out.',0,'2025-10-01 10:01:30','2025-10-01 10:01:30'),(14533,25,NULL,'Mikrotik Router Down','⚠️ Hi Songa Musa, your mikrotik router - Ktown is offline. Please check it out.',0,'2025-10-01 10:14:35','2025-10-01 10:14:35'),(14534,20,NULL,'Mikrotik Router Up','✅ Hi FiberNet HotSpot, your mikrotik router - Mkiwa is back online.',0,'2025-10-01 10:37:29','2025-10-01 10:37:29'),(14535,8,NULL,'Mikrotik Router Down','⚠️ Hi Erick, your mikrotik router - Ngoni Net 1 is offline. Please check it out.',0,'2025-10-01 11:00:26','2025-10-01 11:00:26'),(14536,8,NULL,'Mikrotik Router Up','✅ Hi Erick, your mikrotik router - Ngoni Net 1 is back online.',0,'2025-10-01 11:05:22','2025-10-01 11:05:22'),(14537,18,NULL,'Mikrotik Router Down','⚠️ Hi Gilbert mushi, your mikrotik router - G NJARO is offline. Please check it out.',0,'2025-10-01 11:10:29','2025-10-01 11:10:29'),(14538,18,NULL,'Mikrotik Router Up','✅ Hi Gilbert mushi, your mikrotik router - G NJARO is back online.',0,'2025-10-01 11:22:27','2025-10-01 11:22:27'),(14539,13,NULL,'Mikrotik Router Down','⚠️ Hi Kazungu, your mikrotik router - La Zungu is offline. Please check it out.',0,'2025-10-01 11:42:27','2025-10-01 11:42:27'),(14540,13,NULL,'Mikrotik Router Up','✅ Hi Kazungu, your mikrotik router - La Zungu is back online.',0,'2025-10-01 12:11:24','2025-10-01 12:11:24'),(14541,13,NULL,'Mikrotik Router Down','⚠️ Hi Kazungu, your mikrotik router - La Zungu is offline. Please check it out.',0,'2025-10-01 12:41:26','2025-10-01 12:41:26'),(14542,13,NULL,'Mikrotik Router Up','✅ Hi Kazungu, your mikrotik router - La Zungu is back online.',0,'2025-10-01 12:46:24','2025-10-01 12:46:24'),(14543,20,NULL,'Mikrotik Router Down','⚠️ Hi FiberNet HotSpot, your mikrotik router - Mkiwa is offline. Please check it out.',0,'2025-10-01 13:33:30','2025-10-01 13:33:30'),(14544,20,NULL,'Mikrotik Router Up','✅ Hi FiberNet HotSpot, your mikrotik router - Mkiwa is back online.',0,'2025-10-01 13:36:29','2025-10-01 13:36:29'),(14545,21,NULL,'Mikrotik Router Down','⚠️ Hi Ernest Cheyo, your mikrotik router - Kitonga is offline. Please check it out.',1,'2025-10-01 13:43:40','2025-10-01 20:51:14'),(14546,21,NULL,'Mikrotik Router Up','✅ Hi Ernest Cheyo, your mikrotik router - Kitonga is back online.',1,'2025-10-01 13:46:29','2025-10-02 04:31:51'),(14547,16,NULL,'Mikrotik Router Down','⚠️ Hi Emmanuel, your mikrotik router - Street Mesh is offline. Please check it out.',0,'2025-10-01 13:53:28','2025-10-01 13:53:28'),(14548,16,NULL,'Mikrotik Router Up','✅ Hi Emmanuel, your mikrotik router - Street Mesh is back online.',0,'2025-10-01 13:56:27','2025-10-01 13:56:27'),(14549,20,NULL,'Mikrotik Router Down','⚠️ Hi FiberNet HotSpot, your mikrotik router - Mkiwa is offline. Please check it out.',0,'2025-10-01 14:00:32','2025-10-01 14:00:32'),(14550,20,NULL,'Mikrotik Router Up','✅ Hi FiberNet HotSpot, your mikrotik router - Mkiwa is back online.',0,'2025-10-01 14:03:29','2025-10-01 14:03:29'),(14551,21,NULL,'Mikrotik Router Down','⚠️ Hi Ernest Cheyo, your mikrotik router - Kitonga is offline. Please check it out.',1,'2025-10-01 16:15:32','2025-10-02 04:32:39'),(14552,21,NULL,'Mikrotik Router Up','✅ Hi Ernest Cheyo, your mikrotik router - Kitonga is back online.',1,'2025-10-01 16:20:29','2025-10-02 04:32:39'),(14553,26,NULL,'Mikrotik Router Down','⚠️ Hi Ivan Rauya, your mikrotik router - Router19 is offline. Please check it out.',1,'2025-10-01 16:26:36','2025-10-01 18:29:43'),(14554,26,NULL,'Mikrotik Router Up','✅ Hi Ivan Rauya, your mikrotik router - Router19 is back online.',1,'2025-10-01 16:32:35','2025-10-01 18:29:52'),(14555,20,NULL,'Mikrotik Router Down','⚠️ Hi FiberNet HotSpot, your mikrotik router - Mkiwa is offline. Please check it out.',0,'2025-10-01 16:52:31','2025-10-01 16:52:31'),(14556,8,NULL,'Mikrotik Router Down','⚠️ Hi Erick, your mikrotik router - Machinga Complex is offline. Please check it out.',0,'2025-10-01 17:08:24','2025-10-01 17:08:24'),(14557,8,NULL,'Mikrotik Router Up','✅ Hi Erick, your mikrotik router - Machinga Complex is back online.',0,'2025-10-01 17:11:23','2025-10-01 17:11:23'),(14558,26,NULL,'Mikrotik Router Down','⚠️ Hi Ivan Rauya, your mikrotik router - WiFi Net is offline. Please check it out.',0,'2025-10-01 17:35:37','2025-10-01 17:35:37'),(14559,26,NULL,'Mikrotik Router Up','✅ Hi Ivan Rauya, your mikrotik router - WiFi Net is back online.',0,'2025-10-01 17:39:34','2025-10-01 17:39:34'),(14560,16,NULL,'Mikrotik Router Down','⚠️ Hi Emmanuel, your mikrotik router - Street Mesh is offline. Please check it out.',0,'2025-10-01 17:45:30','2025-10-01 17:45:30'),(14561,16,NULL,'Mikrotik Router Up','✅ Hi Emmanuel, your mikrotik router - Street Mesh is back online.',0,'2025-10-01 17:50:27','2025-10-01 17:50:27'),(14562,8,NULL,'Mikrotik Router Down','⚠️ Hi Erick, your mikrotik router - Ngoni Net 1 is offline. Please check it out.',0,'2025-10-01 17:54:29','2025-10-01 17:54:29'),(14563,8,NULL,'Mikrotik Router Up','✅ Hi Erick, your mikrotik router - Ngoni Net 1 is back online.',0,'2025-10-01 17:57:22','2025-10-01 17:57:22'),(14564,26,NULL,'Mikrotik Router Down','⚠️ Hi Ivan Rauya, your mikrotik router - WiFi Net is offline. Please check it out.',0,'2025-10-01 18:47:36','2025-10-01 18:47:36'),(14565,18,NULL,'Mikrotik Router Down','⚠️ Hi Gilbert mushi, your mikrotik router - G NJARO is offline. Please check it out.',0,'2025-10-01 19:05:31','2025-10-01 19:05:31'),(14566,18,NULL,'Mikrotik Router Up','✅ Hi Gilbert mushi, your mikrotik router - G NJARO is back online.',0,'2025-10-01 19:08:33','2025-10-01 19:08:33'),(14567,20,NULL,'Mikrotik Router Down','⚠️ Hi FiberNet HotSpot, your mikrotik router - Mkiwa is offline. Please check it out.',0,'2025-10-01 19:12:33','2025-10-01 19:12:33'),(14568,20,NULL,'Mikrotik Router Up','✅ Hi FiberNet HotSpot, your mikrotik router - Mkiwa is back online.',0,'2025-10-01 19:15:34','2025-10-01 19:15:34'),(14569,18,NULL,'Mikrotik Router Down','⚠️ Hi Gilbert mushi, your mikrotik router - G NJARO is offline. Please check it out.',0,'2025-10-01 19:17:38','2025-10-01 19:17:38'),(14570,18,NULL,'Mikrotik Router Up','✅ Hi Gilbert mushi, your mikrotik router - G NJARO is back online.',0,'2025-10-01 19:21:29','2025-10-01 19:21:29'),(14571,22,NULL,'Mikrotik Router Down','⚠️ Hi Manyala Agalla, your mikrotik router - Mshua Net is offline. Please check it out.',0,'2025-10-01 19:38:34','2025-10-01 19:38:34'),(14572,18,NULL,'Mikrotik Router Down','⚠️ Hi Gilbert mushi, your mikrotik router - G NJARO is offline. Please check it out.',0,'2025-10-01 19:43:35','2025-10-01 19:43:35'),(14573,16,NULL,'Mikrotik Router Down','⚠️ Hi Emmanuel, your mikrotik router - Street Mesh is offline. Please check it out.',0,'2025-10-01 19:44:32','2025-10-01 19:44:32'),(14574,18,NULL,'Mikrotik Router Up','✅ Hi Gilbert mushi, your mikrotik router - G NJARO is back online.',0,'2025-10-01 19:46:33','2025-10-01 19:46:33'),(14575,16,NULL,'Mikrotik Router Up','✅ Hi Emmanuel, your mikrotik router - Street Mesh is back online.',0,'2025-10-01 19:56:31','2025-10-01 19:56:31'),(14576,18,NULL,'Mikrotik Router Down','⚠️ Hi Gilbert mushi, your mikrotik router - G NJARO is offline. Please check it out.',0,'2025-10-01 20:03:37','2025-10-01 20:03:37'),(14577,8,NULL,'Mikrotik Router Down','⚠️ Hi Erick, your mikrotik router - Ngoni Net 1 is offline. Please check it out.',0,'2025-10-01 20:26:36','2025-10-01 20:26:36'),(14578,8,NULL,'Mikrotik Router Up','✅ Hi Erick, your mikrotik router - Ngoni Net 1 is back online.',0,'2025-10-01 20:29:26','2025-10-01 20:29:26'),(14579,18,NULL,'Mikrotik Router Up','✅ Hi Gilbert mushi, your mikrotik router - G NJARO is back online.',0,'2025-10-01 20:37:35','2025-10-01 20:37:35'),(14580,8,NULL,'Mikrotik Router Down','⚠️ Hi Erick, your mikrotik router - Ngoni Net 1 is offline. Please check it out.',0,'2025-10-01 21:34:30','2025-10-01 21:34:30'),(14581,26,NULL,'Mikrotik Router Up','✅ Hi Ivan Rauya, your mikrotik router - WiFi Net is back online.',0,'2025-10-01 21:58:44','2025-10-01 21:58:44'),(14582,20,NULL,'Mikrotik Router Down','⚠️ Hi FiberNet HotSpot, your mikrotik router - Mkiwa is offline. Please check it out.',0,'2025-10-01 21:59:38','2025-10-01 21:59:38'),(14583,20,NULL,'Mikrotik Router Up','✅ Hi FiberNet HotSpot, your mikrotik router - Mkiwa is back online.',0,'2025-10-01 22:02:37','2025-10-01 22:02:37'),(14584,8,NULL,'Mikrotik Router Up','✅ Hi Erick, your mikrotik router - Ngoni Net 1 is back online.',0,'2025-10-01 22:13:27','2025-10-01 22:13:27'),(14585,26,NULL,'Mikrotik Router Down','⚠️ Hi Ivan Rauya, your mikrotik router - WiFi Net is offline. Please check it out.',0,'2025-10-01 22:35:40','2025-10-01 22:35:40'),(14586,26,NULL,'Mikrotik Router Up','✅ Hi Ivan Rauya, your mikrotik router - WiFi Net is back online.',0,'2025-10-01 22:44:41','2025-10-01 22:44:41'),(14587,16,NULL,'Mikrotik Router Down','⚠️ Hi Emmanuel, your mikrotik router - Street Mesh is offline. Please check it out.',0,'2025-10-01 22:49:31','2025-10-01 22:49:31'),(14588,23,NULL,'Mikrotik Router Down','⚠️ Hi DENIS AMINI, your mikrotik router - ITeam is offline. Please check it out.',0,'2025-10-02 01:13:37','2025-10-02 01:13:37'),(14589,23,NULL,'Mikrotik Router Up','✅ Hi DENIS AMINI, your mikrotik router - ITeam is back online.',0,'2025-10-02 01:16:35','2025-10-02 01:16:35'),(14590,20,NULL,'Mikrotik Router Down','⚠️ Hi FiberNet HotSpot, your mikrotik router - Mkiwa is offline. Please check it out.',0,'2025-10-02 01:59:34','2025-10-02 01:59:34'),(14591,20,NULL,'Mikrotik Router Up','✅ Hi FiberNet HotSpot, your mikrotik router - Mkiwa is back online.',0,'2025-10-02 02:02:33','2025-10-02 02:02:33'),(14592,26,NULL,'Mikrotik Router Down','⚠️ Hi Ivan Rauya, your mikrotik router - WiFi Net is offline. Please check it out.',0,'2025-10-02 03:11:42','2025-10-02 03:11:42'),(14593,8,NULL,'Mikrotik Router Down','⚠️ Hi Erick, your mikrotik router - Machinga Complex is offline. Please check it out.',0,'2025-10-02 04:41:26','2025-10-02 04:41:26'),(14594,8,NULL,'Mikrotik Router Up','✅ Hi Erick, your mikrotik router - Machinga Complex is back online.',0,'2025-10-02 04:46:24','2025-10-02 04:46:24'),(14595,26,NULL,'Mikrotik Router Up','✅ Hi Ivan Rauya, your mikrotik router - WiFi Net is back online.',0,'2025-10-02 05:10:41','2025-10-02 05:10:41');

--
-- Table structure for table `out_messages`
--

CREATE TABLE `out_messages` (
  `id` bigint unsigned NOT NULL AUTO_INCREMENT,
  `message_mode_id` bigint unsigned NOT NULL,
  `phone` varchar(191) COLLATE utf8mb4_unicode_ci DEFAULT NULL,
  `email` varchar(191) COLLATE utf8mb4_unicode_ci DEFAULT NULL,
  `title` varchar(191) COLLATE utf8mb4_unicode_ci DEFAULT NULL,
  `content` longtext COLLATE utf8mb4_unicode_ci NOT NULL,
  `filename` varchar(191) COLLATE utf8mb4_unicode_ci DEFAULT NULL,
  `created_at` timestamp NULL DEFAULT NULL,
  `updated_at` timestamp NULL DEFAULT NULL,
  PRIMARY KEY (`id`),
  KEY `out_messages_message_mode_id_foreign` (`message_mode_id`),
  CONSTRAINT `out_messages_message_mode_id_foreign` FOREIGN KEY (`message_mode_id`) REFERENCES `message_modes` (`id`) ON DELETE CASCADE
) ENGINE=InnoDB AUTO_INCREMENT=18 DEFAULT CHARSET=utf8mb4 COLLATE=utf8mb4_unicode_ci;

--
-- Dumping data for table `out_messages`
--


--
-- Table structure for table `outgoing_transaction_entities`
--

CREATE TABLE `outgoing_transaction_entities` (
  `id` bigint unsigned NOT NULL AUTO_INCREMENT,
  `outgoing_transaction_id` int NOT NULL,
  `company_grouped_transaction_id` int NOT NULL,
  `amount` decimal(8,2) NOT NULL DEFAULT '0.00',
  `created_at` timestamp NULL DEFAULT NULL,
  `updated_at` timestamp NULL DEFAULT NULL,
  `deleted_at` timestamp NULL DEFAULT NULL,
  PRIMARY KEY (`id`)
) ENGINE=InnoDB AUTO_INCREMENT=13 DEFAULT CHARSET=utf8mb4 COLLATE=utf8mb4_unicode_ci;

--
-- Dumping data for table `outgoing_transaction_entities`
--

INSERT INTO `outgoing_transaction_entities` VALUES (1,1,3,210.00,'2025-08-05 19:03:36','2025-08-05 19:03:36',NULL),(2,2,4,210.00,'2025-08-06 20:02:48','2025-08-06 20:02:48',NULL),(3,3,5,1000.00,'2025-08-07 18:53:54','2025-08-07 18:53:54',NULL),(4,4,6,500.00,'2025-08-08 15:56:03','2025-08-08 15:56:03',NULL),(5,5,7,1000.00,'2025-08-09 11:05:18','2025-08-09 11:05:18',NULL),(6,6,8,500.00,'2025-08-09 13:37:14','2025-08-09 13:37:14',NULL),(7,7,9,1000.00,'2025-08-09 15:21:56','2025-08-09 15:21:56',NULL),(8,8,10,1000.00,'2025-08-10 19:09:47','2025-08-10 19:09:47',NULL),(9,9,11,1000.00,'2025-08-11 18:56:22','2025-08-11 18:56:22',NULL),(10,10,12,1000.00,'2025-08-11 19:33:37','2025-08-11 19:33:37',NULL),(11,11,13,210.00,'2025-08-14 20:20:46','2025-08-14 20:20:46',NULL),(12,12,14,1000.00,'2025-08-16 06:35:15','2025-08-16 06:35:15',NULL);

--
-- Table structure for table `outgoing_transactions`
--

CREATE TABLE `outgoing_transactions` (
  `id` bigint unsigned NOT NULL AUTO_INCREMENT,
  `ref_no` varchar(191) COLLATE utf8mb4_unicode_ci NOT NULL,
  `company_router_id` int DEFAULT NULL,
  `director_share_id` int DEFAULT NULL,
  `company_customer_invocie_id` int DEFAULT NULL,
  `user_id` int DEFAULT NULL,
  `transaction_code` varchar(191) COLLATE utf8mb4_unicode_ci NOT NULL,
  `amount` decimal(8,2) NOT NULL DEFAULT '0.00',
  `recipient` varchar(191) COLLATE utf8mb4_unicode_ci NOT NULL,
  `description` longtext COLLATE utf8mb4_unicode_ci,
  `checkout_id` varchar(191) COLLATE utf8mb4_unicode_ci DEFAULT NULL,
  `created_at` timestamp NULL DEFAULT NULL,
  `updated_at` timestamp NULL DEFAULT NULL,
  `deleted_at` timestamp NULL DEFAULT NULL,
  PRIMARY KEY (`id`)
) ENGINE=InnoDB AUTO_INCREMENT=13 DEFAULT CHARSET=utf8mb4 COLLATE=utf8mb4_unicode_ci;

--
-- Dumping data for table `outgoing_transactions`
--

INSERT INTO `outgoing_transactions` VALUES (1,'GA8S5U',2,NULL,NULL,NULL,'0964383972',210.00,'123456','Money sent to 123456 on account number 123456 ','514066','2025-08-05 19:03:36','2025-08-05 19:03:36',NULL),(2,'7YL9KT',2,NULL,NULL,NULL,'0964774233',210.00,'123456','Money sent to 123456 on account number 123456 ','151783','2025-08-06 20:02:48','2025-08-06 20:02:48',NULL),(3,'K9BH8E',2,NULL,NULL,NULL,'1307377571',1000.00,'123456','Money sent to 123456 on account number 123456 ','788624','2025-08-07 18:53:54','2025-08-07 18:53:54',NULL),(4,'8EPQ27',2,NULL,NULL,NULL,'1308639764',500.00,'123456','Money sent to 123456 on account number 123456 ','762516','2025-08-08 15:56:03','2025-08-08 15:56:03',NULL),(5,'OZP260',2,NULL,NULL,NULL,'1309788641',1000.00,'123456','Money sent to 123456 on account number 123456 ','465166','2025-08-09 11:05:18','2025-08-09 11:05:18',NULL),(6,'0ME2JD',2,NULL,NULL,NULL,'1309940132',500.00,'123456','Money sent to 123456 on account number 123456 ','320618','2025-08-09 13:37:14','2025-08-09 13:37:14',NULL),(7,'JU3FQ6',2,NULL,NULL,NULL,'1310045490',1000.00,'123456','Money sent to 123456 on account number 123456 ','184295','2025-08-09 15:21:56','2025-08-09 15:21:56',NULL),(8,'R0PHAV',2,NULL,NULL,NULL,'1311713416',1000.00,'123456','Money sent to 123456 on account number 123456 ','792168','2025-08-10 19:09:47','2025-08-10 19:09:47',NULL),(9,'Y4CP6J',2,NULL,NULL,NULL,'1313139026',1000.00,'123456','Money sent to 123456 on account number 123456 ','431003','2025-08-11 18:56:22','2025-08-11 18:56:22',NULL),(10,'58RHPU',2,NULL,NULL,NULL,'1313175196',1000.00,'123456','Money sent to 123456 on account number 123456 ','021868','2025-08-11 19:33:37','2025-08-11 19:33:37',NULL),(11,'E4FVO2',2,NULL,NULL,NULL,'0967592079',210.00,'123456','Money sent to 123456 on account number 123456 ','118106','2025-08-14 20:20:46','2025-08-14 20:20:46',NULL),(12,'1CKLJO',2,NULL,NULL,NULL,'1319598138',1000.00,'123456','Money sent to 123456 on account number 123456 ','580259','2025-08-16 06:35:15','2025-08-16 06:35:15',NULL);

--
-- Table structure for table `paid_users`
--

CREATE TABLE `paid_users` (
  `id` bigint unsigned NOT NULL AUTO_INCREMENT,
  `company_router_id` bigint unsigned DEFAULT NULL,
  `company_grouped_transaction_id` int DEFAULT NULL,
  `mac_address` varchar(191) COLLATE utf8mb4_unicode_ci NOT NULL,
  `username` varchar(191) COLLATE utf8mb4_unicode_ci NOT NULL,
  `password` varchar(191) COLLATE utf8mb4_unicode_ci NOT NULL,
  `phone` varchar(191) COLLATE utf8mb4_unicode_ci DEFAULT NULL,
  `message` longtext COLLATE utf8mb4_unicode_ci,
  `created_at` timestamp NULL DEFAULT NULL,
  `updated_at` timestamp NULL DEFAULT NULL,
  PRIMARY KEY (`id`),
  KEY `paid_users_company_router_id_foreign` (`company_router_id`),
  CONSTRAINT `paid_users_company_router_id_foreign` FOREIGN KEY (`company_router_id`) REFERENCES `company_routers` (`id`) ON DELETE CASCADE
) ENGINE=InnoDB AUTO_INCREMENT=898 DEFAULT CHARSET=utf8mb4 COLLATE=utf8mb4_unicode_ci;

--
-- Dumping data for table `paid_users`
--

INSERT INTO `paid_users` VALUES (129,7,140,'DE:FE:99:B9:7F:F5','749353','4130','255785581266','Greetings, thank you for purchasing [plan] plan worthy 200.00. Please use [username] as the username and 4130 as your password to reconnect yourself. Your subscription expires at [expiry_date].','2025-09-01 10:47:58','2025-09-01 10:47:58'),(174,2,185,'FE:02:BF:6C:60:89','702460','7336','255611299495','Greetings, thank you for purchasing [plan] plan worthy 210.00. Please use [username] as the username and 7336 as your password to reconnect yourself. Your subscription expires at [expiry_date].','2025-09-02 23:31:28','2025-09-02 23:31:28'),(773,2,789,'02:C0:AF:A7:33:40','423957','3052','255761933535','Greetings, thank you for purchasing [plan] plan worthy 500.00. Please use [username] as the username and 3052 as your password to reconnect yourself. Your subscription expires at [expiry_date].','2025-09-28 21:03:05','2025-09-28 21:03:05');

--
-- Table structure for table `password_reset_tokens`
--

CREATE TABLE `password_reset_tokens` (
  `email` varchar(191) COLLATE utf8mb4_unicode_ci NOT NULL,
  `token` varchar(191) COLLATE utf8mb4_unicode_ci NOT NULL,
  `created_at` timestamp NULL DEFAULT NULL,
  PRIMARY KEY (`email`)
) ENGINE=InnoDB DEFAULT CHARSET=utf8mb4 COLLATE=utf8mb4_unicode_ci;

--
-- Dumping data for table `password_reset_tokens`
--

INSERT INTO `password_reset_tokens` VALUES ('ivonirauya@gmail.com','$2y$12$gG7lXzsC9QzP2Oa569DyZeLwOWDm9zjuHdu3C01G67emcJ8XckFIq','2025-10-01 22:12:55'),('sales@iteam.co.tz','$2y$12$95fJp6sBR9iT/ns4Vx6dlOePkzrQu.v9gW/Yp14MOcnjiYSdEbfLy','2025-09-30 08:09:30');

--
-- Table structure for table `paybill_transactions`
--

CREATE TABLE `paybill_transactions` (
  `id` bigint unsigned NOT NULL AUTO_INCREMENT,
  `ref_no` varchar(191) COLLATE utf8mb4_unicode_ci NOT NULL,
  `payment_mode_id` bigint unsigned NOT NULL,
  `phone_used` varchar(191) COLLATE utf8mb4_unicode_ci DEFAULT NULL,
  `transaction_code` varchar(191) COLLATE utf8mb4_unicode_ci DEFAULT NULL,
  `amount` decimal(8,2) NOT NULL DEFAULT '0.00',
  `checkout_id` varchar(191) COLLATE utf8mb4_unicode_ci DEFAULT NULL,
  `account_number` varchar(191) COLLATE utf8mb4_unicode_ci DEFAULT NULL,
  `created_at` timestamp NULL DEFAULT NULL,
  `updated_at` timestamp NULL DEFAULT NULL,
  `deleted_at` timestamp NULL DEFAULT NULL,
  PRIMARY KEY (`id`),
  KEY `paybill_transactions_payment_mode_id_foreign` (`payment_mode_id`),
  CONSTRAINT `paybill_transactions_payment_mode_id_foreign` FOREIGN KEY (`payment_mode_id`) REFERENCES `payment_modes` (`id`) ON DELETE CASCADE
) ENGINE=InnoDB DEFAULT CHARSET=utf8mb4 COLLATE=utf8mb4_unicode_ci;

--
-- Dumping data for table `paybill_transactions`
--


--
-- Table structure for table `payment_methods`
--

CREATE TABLE `payment_methods` (
  `id` bigint unsigned NOT NULL AUTO_INCREMENT,
  `ref_no` varchar(191) COLLATE utf8mb4_unicode_ci NOT NULL,
  `name` varchar(191) COLLATE utf8mb4_unicode_ci NOT NULL,
  `status` int NOT NULL DEFAULT '1' COMMENT '0=inactive, 1=active',
  `created_at` timestamp NULL DEFAULT NULL,
  `updated_at` timestamp NULL DEFAULT NULL,
  `deleted_at` timestamp NULL DEFAULT NULL,
  PRIMARY KEY (`id`)
) ENGINE=InnoDB AUTO_INCREMENT=3 DEFAULT CHARSET=utf8mb4 COLLATE=utf8mb4_unicode_ci;

--
-- Dumping data for table `payment_methods`
--

INSERT INTO `payment_methods` VALUES (1,'0001','Selcom',1,'2025-08-03 19:10:06','2025-08-03 19:10:06',NULL);

--
-- Table structure for table `payment_modes`
--

CREATE TABLE `payment_modes` (
  `id` bigint unsigned NOT NULL AUTO_INCREMENT,
  `ref_no` varchar(191) COLLATE utf8mb4_unicode_ci NOT NULL,
  `name` varchar(191) COLLATE utf8mb4_unicode_ci NOT NULL,
  `status` int NOT NULL DEFAULT '1' COMMENT '0=inactive, 1=active',
  `created_at` timestamp NULL DEFAULT NULL,
  `updated_at` timestamp NULL DEFAULT NULL,
  `deleted_at` timestamp NULL DEFAULT NULL,
  PRIMARY KEY (`id`)
) ENGINE=InnoDB AUTO_INCREMENT=4 DEFAULT CHARSET=utf8mb4 COLLATE=utf8mb4_unicode_ci;

--
-- Dumping data for table `payment_modes`
--

INSERT INTO `payment_modes` VALUES (1,'0001','M-PESA',1,'2025-08-03 19:10:05','2025-08-03 19:10:05',NULL),(2,'0002','M-PESA (Manually)',1,'2025-08-03 19:10:05','2025-08-03 19:10:05',NULL),(3,'0003','Cash',1,'2025-08-03 19:10:05','2025-08-03 19:10:05',NULL);

--
-- Table structure for table `payment_types`
--

CREATE TABLE `payment_types` (
  `id` bigint unsigned NOT NULL AUTO_INCREMENT,
  `name` varchar(191) COLLATE utf8mb4_unicode_ci NOT NULL,
  `created_at` timestamp NULL DEFAULT NULL,
  `updated_at` timestamp NULL DEFAULT NULL,
  `deleted_at` timestamp NULL DEFAULT NULL,
  PRIMARY KEY (`id`)
) ENGINE=InnoDB AUTO_INCREMENT=3 DEFAULT CHARSET=utf8mb4 COLLATE=utf8mb4_unicode_ci;

--
-- Dumping data for table `payment_types`
--

INSERT INTO `payment_types` VALUES (1,'Fixed Amount','2025-08-03 19:10:01','2025-08-03 19:10:01',NULL),(2,'Commission Based','2025-08-03 19:10:01','2025-08-03 19:10:01',NULL);

--
-- Table structure for table `permissions`
--

CREATE TABLE `permissions` (
  `id` bigint unsigned NOT NULL AUTO_INCREMENT,
  `name` varchar(191) COLLATE utf8mb4_unicode_ci NOT NULL,
  `group` varchar(191) COLLATE utf8mb4_unicode_ci DEFAULT NULL,
  `guard_name` varchar(191) COLLATE utf8mb4_unicode_ci NOT NULL,
  `created_at` timestamp NULL DEFAULT NULL,
  `updated_at` timestamp NULL DEFAULT NULL,
  PRIMARY KEY (`id`),
  UNIQUE KEY `permissions_name_guard_name_unique` (`name`,`guard_name`)
) ENGINE=InnoDB AUTO_INCREMENT=3 DEFAULT CHARSET=utf8mb4 COLLATE=utf8mb4_unicode_ci;

--
-- Dumping data for table `permissions`
--

INSERT INTO `permissions` VALUES (1,'Administer Company',NULL,'web','2025-08-03 19:10:01','2025-08-03 19:10:01'),(2,'Staff',NULL,'web','2025-08-03 19:10:01','2025-08-03 19:10:01');

--
-- Table structure for table `personal_access_tokens`
--

CREATE TABLE `personal_access_tokens` (
  `id` bigint unsigned NOT NULL AUTO_INCREMENT,
  `tokenable_type` varchar(191) COLLATE utf8mb4_unicode_ci NOT NULL,
  `tokenable_id` bigint unsigned NOT NULL,
  `name` varchar(191) COLLATE utf8mb4_unicode_ci NOT NULL,
  `token` varchar(64) COLLATE utf8mb4_unicode_ci NOT NULL,
  `abilities` text COLLATE utf8mb4_unicode_ci,
  `last_used_at` timestamp NULL DEFAULT NULL,
  `expires_at` timestamp NULL DEFAULT NULL,
  `created_at` timestamp NULL DEFAULT NULL,
  `updated_at` timestamp NULL DEFAULT NULL,
  PRIMARY KEY (`id`),
  UNIQUE KEY `personal_access_tokens_token_unique` (`token`),
  KEY `personal_access_tokens_tokenable_type_tokenable_id_index` (`tokenable_type`,`tokenable_id`)
) ENGINE=InnoDB DEFAULT CHARSET=utf8mb4 COLLATE=utf8mb4_unicode_ci;

--
-- Dumping data for table `personal_access_tokens`
--


--
-- Table structure for table `plan_validity_types`
--

CREATE TABLE `plan_validity_types` (
  `id` bigint unsigned NOT NULL AUTO_INCREMENT,
  `ref_no` varchar(191) COLLATE utf8mb4_unicode_ci NOT NULL,
  `name` varchar(191) COLLATE utf8mb4_unicode_ci NOT NULL,
  `entity` varchar(191) COLLATE utf8mb4_unicode_ci NOT NULL,
  `created_at` timestamp NULL DEFAULT NULL,
  `updated_at` timestamp NULL DEFAULT NULL,
  `deleted_at` timestamp NULL DEFAULT NULL,
  PRIMARY KEY (`id`)
) ENGINE=InnoDB AUTO_INCREMENT=4 DEFAULT CHARSET=utf8mb4 COLLATE=utf8mb4_unicode_ci;

--
-- Dumping data for table `plan_validity_types`
--

INSERT INTO `plan_validity_types` VALUES (1,'0001','Minutes','m','2025-08-03 19:10:02','2025-08-03 19:10:02',NULL),(2,'0002','Hours','h','2025-08-03 19:10:02','2025-08-03 19:10:02',NULL),(3,'0003','Days','d','2025-08-03 19:10:02','2025-08-03 19:10:02',NULL);

--
-- Table structure for table `potential_customers`
--

CREATE TABLE `potential_customers` (
  `id` bigint unsigned NOT NULL AUTO_INCREMENT,
  `company_id` int DEFAULT NULL,
  `names` varchar(191) COLLATE utf8mb4_unicode_ci DEFAULT NULL,
  `phone` varchar(191) COLLATE utf8mb4_unicode_ci NOT NULL,
  `description` longtext COLLATE utf8mb4_unicode_ci,
  `created_at` timestamp NULL DEFAULT NULL,
  `updated_at` timestamp NULL DEFAULT NULL,
  PRIMARY KEY (`id`)
) ENGINE=InnoDB DEFAULT CHARSET=utf8mb4 COLLATE=utf8mb4_unicode_ci;

--
-- Dumping data for table `potential_customers`
--


--
-- Table structure for table `role_has_permissions`
--

CREATE TABLE `role_has_permissions` (
  `permission_id` bigint unsigned NOT NULL,
  `role_id` bigint unsigned NOT NULL,
  PRIMARY KEY (`permission_id`,`role_id`),
  KEY `role_has_permissions_role_id_foreign` (`role_id`),
  CONSTRAINT `role_has_permissions_permission_id_foreign` FOREIGN KEY (`permission_id`) REFERENCES `permissions` (`id`) ON DELETE CASCADE,
  CONSTRAINT `role_has_permissions_role_id_foreign` FOREIGN KEY (`role_id`) REFERENCES `roles` (`id`) ON DELETE CASCADE
) ENGINE=InnoDB DEFAULT CHARSET=utf8mb4 COLLATE=utf8mb4_unicode_ci;

--
-- Dumping data for table `role_has_permissions`
--


--
-- Table structure for table `roles`
--

CREATE TABLE `roles` (
  `id` bigint unsigned NOT NULL AUTO_INCREMENT,
  `name` varchar(191) COLLATE utf8mb4_unicode_ci NOT NULL,
  `guard_name` varchar(191) COLLATE utf8mb4_unicode_ci NOT NULL,
  `created_at` timestamp NULL DEFAULT NULL,
  `updated_at` timestamp NULL DEFAULT NULL,
  PRIMARY KEY (`id`),
  UNIQUE KEY `roles_name_guard_name_unique` (`name`,`guard_name`)
) ENGINE=InnoDB AUTO_INCREMENT=4 DEFAULT CHARSET=utf8mb4 COLLATE=utf8mb4_unicode_ci;

--
-- Dumping data for table `roles`
--

INSERT INTO `roles` VALUES (1,'Administrator','web','2025-08-03 19:10:01','2025-08-03 19:10:01'),(2,'Client','web','2025-08-03 19:10:01','2025-08-03 19:10:01'),(3,'Referrer','web','2025-08-03 19:10:01','2025-08-03 19:10:01');

--
-- Table structure for table `service_plans`
--

CREATE TABLE `service_plans` (
  `id` bigint unsigned NOT NULL AUTO_INCREMENT,
  `ref_no` varchar(191) COLLATE utf8mb4_unicode_ci NOT NULL,
  `name` varchar(191) COLLATE utf8mb4_unicode_ci NOT NULL,
  `status` int NOT NULL DEFAULT '1' COMMENT '0=inactive, 1=active',
  `created_at` timestamp NULL DEFAULT NULL,
  `updated_at` timestamp NULL DEFAULT NULL,
  `deleted_at` timestamp NULL DEFAULT NULL,
  PRIMARY KEY (`id`)
) ENGINE=InnoDB AUTO_INCREMENT=4 DEFAULT CHARSET=utf8mb4 COLLATE=utf8mb4_unicode_ci;

--
-- Dumping data for table `service_plans`
--

INSERT INTO `service_plans` VALUES (1,'0001','Hotspot Plans',1,'2025-08-03 19:10:02','2025-08-03 19:10:02',NULL),(2,'0002','PPPoE Plans',1,'2025-08-03 19:10:02','2025-08-03 19:10:02',NULL),(3,'0003','Static Plans',1,'2025-08-03 19:10:02','2025-08-03 19:10:02',NULL);

--
-- Table structure for table `sessions`
--

CREATE TABLE `sessions` (
  `id` varchar(191) COLLATE utf8mb4_unicode_ci NOT NULL,
  `user_id` bigint unsigned DEFAULT NULL,
  `ip_address` varchar(45) COLLATE utf8mb4_unicode_ci DEFAULT NULL,
  `user_agent` text COLLATE utf8mb4_unicode_ci,
  `payload` longtext COLLATE utf8mb4_unicode_ci NOT NULL,
  `last_activity` int NOT NULL,
  PRIMARY KEY (`id`),
  KEY `sessions_user_id_index` (`user_id`),
  KEY `sessions_last_activity_index` (`last_activity`)
) ENGINE=InnoDB DEFAULT CHARSET=utf8mb4 COLLATE=utf8mb4_unicode_ci;

--
-- Dumping data for table `sessions`
--

INSERT INTO `sessions` VALUES ('1AC5kfrfaiqNJ6IfJ7wM6PtBZVpg0lYAzpBZCSQg',31,'41.59.100.38','Mozilla/5.0 (Windows NT 10.0; Win64; x64) AppleWebKit/537.36 (KHTML, like Gecko) Chrome/140.0.0.0 Safari/537.36','[encoded data, 49596 characters]',1759382741),('3qUAkGxeoLkD8VdvDrWdTPPIgNJuoQMY9Nje4HGy',1,'102.213.48.6','Mozilla/5.0 (X11; Linux x86_64) AppleWebKit/537.36 (KHTML, like Gecko) Chrome/140.0.0.0 Safari/537.36','[encoded data, 11644 characters]',1759383468),('4xb5muHlMHKAXYIryFZwfwBmkNnzxXaVUR0iLvJC',37,'41.222.58.108','Mozilla/5.0 (iPhone; CPU iPhone OS 18_0_0 like Mac OS X) AppleWebKit/605.1.15 (KHTML, like Gecko) CriOS/140.0.7339.122 Mobile/15E148 Safari/604.1','[encoded data, 15292 characters]',1759383284),('AXPAX36bCmf74GblKj6V9TaxyrXfmFvuCagdfA0r',NULL,'197.186.59.153','Mozilla/5.0 (iPhone; CPU iPhone OS 18_0_0 like Mac OS X) AppleWebKit/605.1.15 (KHTML, like Gecko) CriOS/140.0.7339.122 Mobile/15E148 Safari/604.1','YTozOntzOjY6Il90b2tlbiI7czo0MDoiVUlJR3E5R2tabDB4VmRGUGljZ0ZvN2FCQTc2c3Z3WDJ2VUZZNHdiVyI7czo5OiJfcHJldmlvdXMiO2E6MTp7czozOiJ1cmwiO3M6NTM6Imh0dHBzOi8vaGVyaXRhZ2Vncm91cC5jby5rZS9jb21wYW55LXNtcy11bml0cy1iYWxhbmNlIjt9czo2OiJfZmxhc2giO2E6Mjp7czozOiJvbGQiO2E6MDp7fXM6MzoibmV3IjthOjA6e319fQ==',1759379158),('dgThdYbpFff16XIef6TQN9ZExWmpxpfZZIV5AAU2',NULL,'122.51.104.231','Mozilla/5.0 (iPhone; CPU iPhone OS 13_2_3 like Mac OS X) AppleWebKit/605.1.15 (KHTML, like Gecko) Version/13.0.3 Mobile/15E148 Safari/604.1','YTozOntzOjY6Il90b2tlbiI7czo0MDoiOXMzdTR5ZDh2MVJBMnI5Y1RTZkZ4MTgxaUt6UThPcE9vMEpyQUlSQiI7czo5OiJfcHJldmlvdXMiO2E6MTp7czozOiJ1cmwiO3M6MjY6Imh0dHA6Ly9oZXJpdGFnZWdyb3VwLmNvLmtlIjt9czo2OiJfZmxhc2giO2E6Mjp7czozOiJvbGQiO2E6MDp7fXM6MzoibmV3IjthOjA6e319fQ==',1759377932),('IodYOSwR1BhOpfjCsygfdZI5N0UlQ9Ypg7dlDfaH',NULL,'197.186.59.153','Mozilla/5.0 (iPhone; CPU iPhone OS 18_0_0 like Mac OS X) AppleWebKit/605.1.15 (KHTML, like Gecko) CriOS/140.0.7339.122 Mobile/15E148 Safari/604.1','YTozOntzOjY6Il90b2tlbiI7czo0MDoiaW9jRkw0Q2Nxa1ZYaDBidkQ1c0NIOVhJVEkzcFpPejlPbmZGSjVhbyI7czo5OiJfcHJldmlvdXMiO2E6MTp7czozOiJ1cmwiO3M6NjE6Imh0dHBzOi8vaGVyaXRhZ2Vncm91cC5jby5rZS9jb21wYW55LXNlcnZpY2UtcGxhbi1kZXRhaWxzLzEvMTkiO31zOjY6Il9mbGFzaCI7YToyOntzOjM6Im9sZCI7YTowOnt9czozOiJuZXciO2E6MDp7fX19',1759379146),('j4scPQJWtxKDnSaDwOyAKgvfnAbFXcVAuKG9g7af',33,'196.249.117.254','Mozilla/5.0 (Windows NT 10.0; Win64; x64) AppleWebKit/537.36 (KHTML, like Gecko) Chrome/140.0.0.0 Safari/537.36','[encoded data, 7232 characters]',1759381193),('jwZraHe0reGGXqDsvtazVUHG2BjYE0tbpSVdgHrK',NULL,'41.222.58.108','Mozilla/5.0 (iPhone; CPU iPhone OS 18_0_0 like Mac OS X) AppleWebKit/605.1.15 (KHTML, like Gecko) CriOS/140.0.7339.122 Mobile/15E148 Safari/604.1','YTozOntzOjY6Il90b2tlbiI7czo0MDoiRXJLNklxR1lvMWxtbEVkT1pDSEhzYnUwdDJyYzhucmpqdTRmdzBKYSI7czo5OiJfcHJldmlvdXMiO2E6MTp7czozOiJ1cmwiO3M6NjE6Imh0dHBzOi8vaGVyaXRhZ2Vncm91cC5jby5rZS9jb21wYW55LXNlcnZpY2UtcGxhbi1kZXRhaWxzLzEvMTkiO31zOjY6Il9mbGFzaCI7YToyOntzOjM6Im9sZCI7YTowOnt9czozOiJuZXciO2E6MDp7fX19',1759383286),('k7V4b7Ak6JiRYWwgFtYDcFz2tOLFJdawX15Jk62F',15,'41.59.21.162','Mozilla/5.0 (Windows NT 10.0; Win64; x64; rv:143.0) Gecko/20100101 Firefox/143.0','[encoded data, 209120 characters]