[encoded data, 58434 characters]',1758825729),('fJcp93dNdAAKZDKpoFoB2Vb9spmOQpUEWdA93Mlb',NULL,'182.40.104.255','Mozilla/5.0 (iPhone; CPU iPhone OS 13_2_3 like Mac OS X) AppleWebKit/605.1.15 (KHTML, like Gecko) Version/13.0.3 Mobile/15E148 Safari/604.1','YTozOntzOjY6Il90b2tlbiI7czo0MDoiUDRVQWlNN213NkFsTUtkem5IQWZwY2Fuc0VqekdmMWdOZWNES25zNSI7czo5OiJfcHJldmlvdXMiO2E6MTp7czozOiJ1cmwiO3M6MjY6Imh0dHA6Ly9oZXJpdGFnZWdyb3VwLmNvLmtlIjt9czo2OiJfZmxhc2giO2E6Mjp7czozOiJvbGQiO2E6MDp7fXM6MzoibmV3IjthOjA6e319fQ==',1758826779),('M77g6bXl2b7BfsMzVHiBO84azE032omLFwr6s4vO',NULL,'66.249.69.131','Mozilla/5.0 (Linux; Android 6.0.1; Nexus 5X Build/MMB29P) AppleWebKit/537.36 (KHTML, like Gecko) Chrome/139.0.7258.127 Mobile Safari/537.36 (compatible; Googlebot/2.1; +http://www.google.com/bot.html)','YTozOntzOjY6Il90b2tlbiI7czo0MDoid3dkd3JDUU9iaTVNc1V3V005RUZZUHRyeEZydUlzNUVjRm5PMTNUWCI7czo5OiJfcHJldmlvdXMiO2E6MTp7czozOiJ1cmwiO3M6Mjc6Imh0dHBzOi8vaGVyaXRhZ2Vncm91cC5jby5rZSI7fXM6NjoiX2ZsYXNoIjthOjI6e3M6Mzoib2xkIjthOjA6e31zOjM6Im5ldyI7YTowOnt9fX0=',1758823772),('NpsNzYFETaDNRrWlO0tjDMiLkQrdgoVzgieTqF3E',NULL,'17.241.219.120','Mozilla/5.0 (Macintosh; Intel Mac OS X 10_15_7) AppleWebKit/605.1.15 (KHTML, like Gecko) Version/17.4 Safari/605.1.15 (Applebot/0.1; +http://www.apple.com/go/applebot)','YTozOntzOjY6Il90b2tlbiI7czo0MDoiUnhNVlNKWUZkRnJHSVhzNFRJSkllb3lncFdjbGx6U1hwSGI0dnhYWSI7czo5OiJfcHJldmlvdXMiO2E6MTp7czozOiJ1cmwiO3M6Mzc6Imh0dHA6Ly9oZXJpdGFnZWdyb3VwLmNvLmtlL2NvbnRhY3QtdXMiO31zOjY6Il9mbGFzaCI7YToyOntzOjM6Im9sZCI7YTowOnt9czozOiJuZXciO2E6MDp7fX19',1758824045),('Z31ad34lu5Z26AKMWw5yPF1ECEw1T7xylqndS3du',NULL,'66.249.69.140','GoogleOther','YTozOntzOjY6Il90b2tlbiI7czo0MDoidUZqaUk2VHpNbllyS2xSbTZvTTF4cHE0ODdpQm12Qm9ZNURrUEJEeCI7czo5OiJfcHJldmlvdXMiO2E6MTp7czozOiJ1cmwiO3M6MjY6Imh0dHA6Ly9oZXJpdGFnZWdyb3VwLmNvLmtlIjt9czo2OiJfZmxhc2giO2E6Mjp7czozOiJvbGQiO2E6MDp7fXM6MzoibmV3IjthOjA6e319fQ==',1758825313);

--
-- Table structure for table `sms_provider_requirements`
--

CREATE TABLE `sms_provider_requirements` (
  `id` bigint unsigned NOT NULL AUTO_INCREMENT,
  `sms_provider_id` bigint unsigned NOT NULL,
  `sms_requirement_id` bigint unsigned NOT NULL,
  `created_at` timestamp NULL DEFAULT NULL,
  `updated_at` timestamp NULL DEFAULT NULL,
  `deleted_at` timestamp NULL DEFAULT NULL,
  PRIMARY KEY (`id`),
  KEY `sms_provider_requirements_sms_provider_id_foreign` (`sms_provider_id`),
  KEY `sms_provider_requirements_sms_requirement_id_foreign` (`sms_requirement_id`),
  CONSTRAINT `sms_provider_requirements_sms_provider_id_foreign` FOREIGN KEY (`sms_provider_id`) REFERENCES `sms_providers` (`id`) ON DELETE CASCADE,
  CONSTRAINT `sms_provider_requirements_sms_requirement_id_foreign` FOREIGN KEY (`sms_requirement_id`) REFERENCES `sms_requirements` (`id`) ON DELETE CASCADE
) ENGINE=InnoDB AUTO_INCREMENT=9 DEFAULT CHARSET=utf8mb4 COLLATE=utf8mb4_unicode_ci;

--
-- Dumping data for table `sms_provider_requirements`
--

INSERT INTO `sms_provider_requirements` VALUES (1,1,1,'2025-08-03 19:10:04','2025-08-03 19:10:04',NULL),(2,1,3,'2025-08-03 19:10:04','2025-08-03 19:10:04',NULL),(3,1,4,'2025-08-03 19:10:04','2025-08-03 19:10:04',NULL),(4,2,1,'2025-08-03 19:10:04','2025-08-03 19:10:04',NULL),(5,2,5,'2025-08-03 19:10:04','2025-08-03 19:10:04',NULL),(6,2,2,'2025-08-03 19:10:04','2025-08-03 19:10:04',NULL),(7,4,1,'2025-08-03 19:10:04','2025-08-03 19:10:04',NULL),(8,4,2,'2025-08-03 19:10:04','2025-08-03 19:10:04',NULL);

--
-- Table structure for table `sms_providers`
--

CREATE TABLE `sms_providers` (
  `id` bigint unsigned NOT NULL AUTO_INCREMENT,
  `ref_no` varchar(191) COLLATE utf8mb4_unicode_ci NOT NULL,
  `name` varchar(191) COLLATE utf8mb4_unicode_ci NOT NULL,
  `status` int NOT NULL DEFAULT '1' COMMENT '0=inactive, 1=active',
  `created_at` timestamp NULL DEFAULT NULL,
  `updated_at` timestamp NULL DEFAULT NULL,
  `deleted_at` timestamp NULL DEFAULT NULL,
  PRIMARY KEY (`id`)
) ENGINE=InnoDB AUTO_INCREMENT=5 DEFAULT CHARSET=utf8mb4 COLLATE=utf8mb4_unicode_ci;

--
-- Dumping data for table `sms_providers`
--

INSERT INTO `sms_providers` VALUES (1,'1','Hostpinnacle',1,'2025-08-03 19:10:04','2025-08-03 19:10:04',NULL),(2,'2','Ujumbe SMS',1,'2025-08-03 19:10:04','2025-08-03 19:10:04',NULL),(3,'3','Africas Talking',1,'2025-08-03 19:10:04','2025-08-03 19:10:04',NULL),(4,'4','Talk Sasa',1,'2025-08-03 19:10:04','2025-08-03 19:10:04',NULL);

--
-- Table structure for table `sms_requirements`
--

CREATE TABLE `sms_requirements` (
  `id` bigint unsigned NOT NULL AUTO_INCREMENT,
  `name` varchar(191) COLLATE utf8mb4_unicode_ci NOT NULL,
  `input_field_name` varchar(191) COLLATE utf8mb4_unicode_ci NOT NULL,
  `created_at` timestamp NULL DEFAULT NULL,
  `updated_at` timestamp NULL DEFAULT NULL,
  `deleted_at` timestamp NULL DEFAULT NULL,
  PRIMARY KEY (`id`)
) ENGINE=InnoDB AUTO_INCREMENT=6 DEFAULT CHARSET=utf8mb4 COLLATE=utf8mb4_unicode_ci;

--
-- Dumping data for table `sms_requirements`
--

INSERT INTO `sms_requirements` VALUES (1,'Sender ID','sender_id','2025-08-03 19:10:04','2025-08-03 19:10:04',NULL),(2,'API Key','api_key','2025-08-03 19:10:04','2025-08-03 19:10:04',NULL),(3,'Sms User ID','sms_user_id','2025-08-03 19:10:04','2025-08-03 19:10:04',NULL),(4,'Password','password','2025-08-03 19:10:04','2025-08-03 19:10:04',NULL),(5,'Email','email','2025-08-03 19:10:04','2025-08-03 19:10:04',NULL);

--
-- Table structure for table `sms_template_types`
--

CREATE TABLE `sms_template_types` (
  `id` bigint unsigned NOT NULL AUTO_INCREMENT,
  `name` varchar(191) COLLATE utf8mb4_unicode_ci NOT NULL,
  `created_at` timestamp NULL DEFAULT NULL,
  `updated_at` timestamp NULL DEFAULT NULL,
  `deleted_at` timestamp NULL DEFAULT NULL,
  PRIMARY KEY (`id`)
) ENGINE=InnoDB AUTO_INCREMENT=13 DEFAULT CHARSET=utf8mb4 COLLATE=utf8mb4_unicode_ci;

--
-- Dumping data for table `sms_template_types`
--

INSERT INTO `sms_template_types` VALUES (1,'Upcoming plan/package expiry','2025-08-03 19:10:08','2025-08-03 19:10:08',NULL),(2,'Invoice notification','2025-08-03 19:10:08','2025-08-03 19:10:08',NULL),(3,'Payment confirmation','2025-08-03 19:10:08','2025-08-03 19:10:08',NULL),(4,'Payment reminder','2025-08-03 19:10:08','2025-08-03 19:10:08',NULL),(5,'Overdue payment warning','2025-08-03 19:10:08','2025-08-03 19:10:08',NULL),(6,'Service disconnection notice','2025-08-03 19:10:08','2025-08-03 19:10:08',NULL),(7,'Service restoration notification','2025-08-03 19:10:08','2025-08-03 19:10:08',NULL),(8,'New subscription confirmation','2025-08-03 19:10:08','2025-08-03 19:10:08',NULL),(9,'Plan upgrade or downgrade confirmation','2025-08-03 19:10:08','2025-08-03 19:10:08',NULL),(10,'Service maintenance notification','2025-08-03 19:10:08','2025-08-03 19:10:08',NULL),(11,'Service outage alert','2025-08-03 19:10:08','2025-08-03 19:10:08',NULL),(12,'Hotspot Plan Purchase','2025-08-03 19:10:08','2025-08-03 19:10:08',NULL);

--
-- Table structure for table `temporary_grouped_transactions`
--

CREATE TABLE `temporary_grouped_transactions` (
  `id` bigint unsigned NOT NULL AUTO_INCREMENT,
  `originator_conversation_id` varchar(191) COLLATE utf8mb4_unicode_ci NOT NULL,
  `grouped_transaction_id` int NOT NULL,
  `created_at` timestamp NULL DEFAULT NULL,
  `updated_at` timestamp NULL DEFAULT NULL,
  PRIMARY KEY (`id`)
) ENGINE=InnoDB DEFAULT CHARSET=utf8mb4 COLLATE=utf8mb4_unicode_ci;

--
-- Dumping data for table `temporary_grouped_transactions`
--


--
-- Table structure for table `temporary_transaction_checks`
--

CREATE TABLE `temporary_transaction_checks` (
  `id` bigint unsigned NOT NULL AUTO_INCREMENT,
  `company_service_plan_id` int DEFAULT NULL,
  `company_id` int DEFAULT NULL,
  `company_router_id` int DEFAULT NULL,
  `company_router_invoice_id` int DEFAULT NULL,
  `company_customer_id` int DEFAULT NULL,
  `mac_address` varchar(191) COLLATE utf8mb4_unicode_ci DEFAULT NULL,
  `checkout_id` varchar(191) COLLATE utf8mb4_unicode_ci NOT NULL,
  `amount` decimal(8,2) NOT NULL DEFAULT '0.00',
  `created_at` timestamp NULL DEFAULT NULL,
  `updated_at` timestamp NULL DEFAULT NULL,
  PRIMARY KEY (`id`)
) ENGINE=InnoDB AUTO_INCREMENT=1536 DEFAULT CHARSET=utf8mb4 COLLATE=utf8mb4_unicode_ci;

--
-- Dumping data for table `temporary_transaction_checks`
--

INSERT INTO `temporary_transaction_checks` VALUES (1,6,NULL,NULL,NULL,NULL,'F6:2F:D5:3F:00:CE','046507',210.00,'2025-08-06 04:40:29','2025-08-06 04:40:29'),(2,6,NULL,NULL,NULL,NULL,'E8:B1:FC:9B:E3:7B','998553',210.00,'2025-08-06 18:32:33','2025-08-06 18:32:33'),(3,6,NULL,NULL,NULL,NULL,'16:54:CC:BC:13:7C','070146',210.00,'2025-08-06 19:59:25','2025-08-06 19:59:25'),(5,8,NULL,NULL,NULL,NULL,'C2:BC:EF:F6:65:29','918352',500.00,'2025-08-07 14:29:21','2025-08-07 14:29:21'),(6,9,NULL,NULL,NULL,NULL,'D4:67:D3:E3:17:BD','608888',1000.00,'2025-08-07 17:08:13','2025-08-07 17:08:13'),(7,9,NULL,NULL,NULL,NULL,'D4:67:D3:E3:17:BD','163593',1000.00,'2025-08-07 18:00:59','2025-08-07 18:00:59'),(9,8,NULL,NULL,NULL,NULL,'5E:32:CC:C1:11:35','995680',500.00,'2025-08-08 08:09:49','2025-08-08 08:09:49'),(11,9,NULL,NULL,NULL,NULL,'86:65:3C:6B:E1:84','586454',1000.00,'2025-08-08 21:53:41','2025-08-08 21:53:41'),(15,6,NULL,NULL,NULL,NULL,'72:4C:D3:24:6F:37','684402',210.00,'2025-08-10 11:52:17','2025-08-10 11:52:17'),(18,9,NULL,NULL,NULL,NULL,'86:65:3C:6B:E1:84','880636',1000.00,'2025-08-11 19:00:03','2025-08-11 19:00:03'),(20,9,NULL,NULL,NULL,NULL,'BE:9E:B9:04:25:17','410059',1000.00,'2025-08-13 19:39:06','2025-08-13 19:39:06'),(21,9,NULL,NULL,NULL,NULL,'BE:9E:B9:04:25:17','013420',1000.00,'2025-08-13 19:40:12','2025-08-13 19:40:12'),(23,7,NULL,NULL,NULL,NULL,'3A:C9:5E:87:3C:AA','964274',300.00,'2025-08-15 12:27:45','2025-08-15 12:27:45'),(25,8,NULL,NULL,NULL,NULL,'72:82:9F:D3:BA:72','228543',500.00,'2025-08-17 06:30:45','2025-08-17 06:30:45'),(26,9,NULL,NULL,NULL,NULL,'72:82:9F:D3:BA:72','040733',1000.00,'2025-08-17 06:32:48','2025-08-17 06:32:48'),(27,9,NULL,NULL,NULL,NULL,'72:82:9F:D3:BA:72','373924',1000.00,'2025-08-17 06:41:33','2025-08-17 06:41:33'),(28,9,NULL,NULL,NULL,NULL,'EA:58:A4:7A:3F:40','505401',1000.00,'2025-08-17 15:42:00','2025-08-17 15:42:00'),(29,6,NULL,NULL,NULL,NULL,'22:7F:8F:03:CE:EB','740885',210.00,'2025-08-17 15:42:42','2025-08-17 15:42:42'),(30,9,NULL,NULL,NULL,NULL,'EA:58:A4:7A:3F:40','713354',1000.00,'2025-08-17 15:43:07','2025-08-17 15:43:07'),(31,9,NULL,NULL,NULL,NULL,'86:65:3C:6B:E1:84','706706',1000.00,'2025-08-17 21:15:14','2025-08-17 21:15:14'),(32,9,NULL,NULL,NULL,NULL,'86:65:3C:6B:E1:84','933255',1000.00,'2025-08-17 21:16:49','2025-08-17 21:16:49'),(33,9,NULL,NULL,NULL,NULL,'BA:71:D2:D8:D2:D0','092509',1000.00,'2025-08-18 21:56:30','2025-08-18 21:56:30'),(34,8,NULL,NULL,NULL,NULL,'30:FC:EB:7A:0C:90','201884',500.00,'2025-08-19 09:08:32','2025-08-19 09:08:32'),(35,8,NULL,NULL,NULL,NULL,'20:2B:20:82:46:81','186315',500.00,'2025-08-19 09:33:30','2025-08-19 09:33:30'),(36,9,NULL,NULL,NULL,NULL,'EA:58:A4:7A:3F:40','416356',1000.00,'2025-08-19 12:57:38','2025-08-19 12:57:38'),(37,6,NULL,NULL,NULL,NULL,'CE:27:A9:53:A7:97','978587',210.00,'2025-08-19 15:40:10','2025-08-19 15:40:10'),(38,9,NULL,NULL,NULL,NULL,'72:82:9F:D3:BA:72','422101',1000.00,'2025-08-19 17:08:18','2025-08-19 17:08:18'),(39,24,NULL,NULL,NULL,NULL,'5A:90:84:47:BA:75','406449',2500.00,'2025-08-19 17:36:19','2025-08-19 17:36:19'),(40,24,NULL,NULL,NULL,NULL,'62:06:D0:8C:47:36','631740',2500.00,'2025-08-19 17:44:11','2025-08-19 17:44:11'),(41,24,NULL,NULL,NULL,NULL,'62:06:D0:8C:47:36','151565',2500.00,'2025-08-19 17:47:47','2025-08-19 17:47:47'),(42,7,NULL,NULL,NULL,NULL,'FE:96:EF:57:F0:70','545418',300.00,'2025-08-19 17:53:30','2025-08-19 17:53:30'),(43,6,NULL,NULL,NULL,NULL,'CE:74:22:E0:34:EE','641494',210.00,'2025-08-19 17:57:06','2025-08-19 17:57:06'),(44,9,NULL,NULL,NULL,NULL,'F6:15:EE:D6:C1:32','400618',1000.00,'2025-08-19 18:41:59','2025-08-19 18:41:59'),(45,7,NULL,NULL,NULL,NULL,'FE:96:EF:57:F0:70','571353',300.00,'2025-08-19 18:46:25','2025-08-19 18:46:25'),(46,23,NULL,NULL,NULL,NULL,'BE:1F:0E:C7:2C:2E','566876',15000.00,'2025-08-19 19:33:28','2025-08-19 19:33:28'),(47,23,NULL,NULL,NULL,NULL,'BE:1F:0E:C7:2C:2E','135696',15000.00,'2025-08-19 19:35:14','2025-08-19 19:35:14'),(48,23,NULL,NULL,NULL,NULL,'BE:1F:0E:C7:2C:2E','580077',15000.00,'2025-08-19 19:37:53','2025-08-19 19:37:53'),(49,9,NULL,NULL,NULL,NULL,'E6:12:A3:41:F4:AD','583196',1000.00,'2025-08-19 20:09:08','2025-08-19 20:09:08'),(50,9,NULL,NULL,NULL,NULL,'E6:12:A3:41:F4:AD','665552',1000.00,'2025-08-19 20:15:22','2025-08-19 20:15:22'),(51,6,NULL,NULL,NULL,NULL,'5A:18:AE:46:F0:9A','606383',210.00,'2025-08-19 20:31:12','2025-08-19 20:31:12'),(52,9,NULL,NULL,NULL,NULL,'E6:12:A3:41:F4:AD','951620',1000.00,'2025-08-19 20:40:37','2025-08-19 20:40:37'),(53,6,NULL,NULL,NULL,NULL,'7E:A5:C8:0E:3C:6A','666402',210.00,'2025-08-20 05:38:33','2025-08-20 05:38:33'),(54,8,NULL,NULL,NULL,NULL,'14:9F:3C:6B:96:77','798382',500.00,'2025-08-20 10:00:48','2025-08-20 10:00:48'),(55,9,NULL,NULL,NULL,NULL,'86:62:B2:00:7B:AC','340967',1000.00,'2025-08-20 12:57:26','2025-08-20 12:57:26'),(56,9,NULL,NULL,NULL,NULL,'86:62:B2:00:7B:AC','802864',1000.00,'2025-08-20 12:58:38','2025-08-20 12:58:38'),(57,8,NULL,NULL,NULL,NULL,'86:62:B2:00:7B:AC','092136',500.00,'2025-08-20 12:59:40','2025-08-20 12:59:40'),(58,9,NULL,NULL,NULL,NULL,'86:62:B2:00:7B:AC','000439',1000.00,'2025-08-20 13:00:47','2025-08-20 13:00:47'),(59,9,NULL,NULL,NULL,NULL,'86:62:B2:00:7B:AC','796661',1000.00,'2025-08-20 13:02:24','2025-08-20 13:02:24'),(60,8,NULL,NULL,NULL,NULL,'86:62:B2:00:7B:AC','817977',500.00,'2025-08-20 13:09:17','2025-08-20 13:09:17'),(61,8,NULL,NULL,NULL,NULL,'F2:50:95:0B:4B:27','172820',500.00,'2025-08-20 13:09:33','2025-08-20 13:09:33'),(62,8,NULL,NULL,NULL,NULL,'86:62:B2:00:7B:AC','346349',500.00,'2025-08-20 13:11:22','2025-08-20 13:11:22'),(63,8,NULL,NULL,NULL,NULL,'86:62:B2:00:7B:AC','174631',500.00,'2025-08-20 13:27:28','2025-08-20 13:27:28'),(64,9,NULL,NULL,NULL,NULL,'86:62:B2:00:7B:AC','758317',1000.00,'2025-08-20 13:30:07','2025-08-20 13:30:07'),(65,9,NULL,NULL,NULL,NULL,'0A:00:F5:20:D1:35','995988',1000.00,'2025-08-20 18:05:52','2025-08-20 18:05:52'),(66,9,NULL,NULL,NULL,NULL,'0A:00:F5:20:D1:35','658164',1000.00,'2025-08-20 18:10:03','2025-08-20 18:10:03'),(67,8,NULL,NULL,NULL,NULL,'5A:22:D6:25:36:E9','072790',500.00,'2025-08-20 18:25:35','2025-08-20 18:25:35'),(68,7,NULL,NULL,NULL,NULL,'CC:C0:79:8D:5E:35','198983',300.00,'2025-08-20 18:59:07','2025-08-20 18:59:07'),(69,9,NULL,NULL,NULL,NULL,'30:FC:EB:7A:0C:90','693194',1000.00,'2025-08-20 19:15:34','2025-08-20 19:15:34'),(70,9,NULL,NULL,NULL,NULL,'12:9B:F6:38:BA:E8','633183',1000.00,'2025-08-20 19:42:05','2025-08-20 19:42:05'),(71,9,NULL,NULL,NULL,NULL,'52:F8:FB:F8:E8:C6','478091',1000.00,'2025-08-20 19:46:17','2025-08-20 19:46:17'),(72,9,NULL,NULL,NULL,NULL,'12:9B:F6:38:BA:E8','801707',1000.00,'2025-08-20 19:51:26','2025-08-20 19:51:26'),(73,8,NULL,NULL,NULL,NULL,'CC:C0:79:8D:5E:35','516750',500.00,'2025-08-20 19:57:34','2025-08-20 19:57:34'),(74,7,NULL,NULL,NULL,NULL,'CC:C0:79:8D:5E:35','267320',300.00,'2025-08-20 20:00:12','2025-08-20 20:00:12'),(75,6,NULL,NULL,NULL,NULL,'1A:A9:97:24:0B:BF','994514',210.00,'2025-08-20 20:37:40','2025-08-20 20:37:40'),(76,6,NULL,NULL,NULL,NULL,'CA:CD:25:B3:8E:2B','069648',210.00,'2025-08-20 20:38:38','2025-08-20 20:38:38'),(77,9,NULL,NULL,NULL,NULL,'BE:FD:23:A1:58:ED','202311',1000.00,'2025-08-21 06:29:51','2025-08-21 06:29:51'),(78,8,NULL,NULL,NULL,NULL,'14:9F:3C:6B:96:77','030361',500.00,'2025-08-21 08:21:59','2025-08-21 08:21:59'),(79,8,NULL,NULL,NULL,NULL,'14:9F:3C:6B:96:77','243147',500.00,'2025-08-21 08:23:42','2025-08-21 08:23:42'),(80,8,NULL,NULL,NULL,NULL,'14:9F:3C:6B:96:77','163183',500.00,'2025-08-21 08:28:42','2025-08-21 08:28:42'),(81,7,NULL,NULL,NULL,NULL,'14:9F:3C:6B:96:77','932383',300.00,'2025-08-21 08:29:47','2025-08-21 08:29:47'),(82,8,NULL,NULL,NULL,NULL,'F2:14:5F:EE:3E:9B','472785',500.00,'2025-08-21 08:49:16','2025-08-21 08:49:16'),(83,8,NULL,NULL,NULL,NULL,'5A:22:D6:25:36:E9','098143',500.00,'2025-08-21 14:46:55','2025-08-21 14:46:55'),(84,8,NULL,NULL,NULL,NULL,'5A:22:D6:25:36:E9','551030',500.00,'2025-08-21 14:55:58','2025-08-21 14:55:58'),(85,8,NULL,NULL,NULL,NULL,'D4:67:D3:E3:17:BD','837890',500.00,'2025-08-21 16:13:23','2025-08-21 16:13:23'),(86,9,NULL,NULL,NULL,NULL,'D4:67:D3:E3:17:BD','866912',1000.00,'2025-08-21 16:16:11','2025-08-21 16:16:11'),(87,6,NULL,NULL,NULL,NULL,'7E:A5:C8:0E:3C:6A','219563',210.00,'2025-08-21 16:46:49','2025-08-21 16:46:49'),(88,8,NULL,NULL,NULL,NULL,'5A:22:D6:25:36:E9','758165',500.00,'2025-08-21 16:48:13','2025-08-21 16:48:13'),(89,8,NULL,NULL,NULL,NULL,'B2:24:D4:B2:3D:2D','359336',500.00,'2025-08-21 16:57:02','2025-08-21 16:57:02'),(90,8,NULL,NULL,NULL,NULL,'7E:A5:C8:0E:3C:6A','378712',500.00,'2025-08-21 16:58:13','2025-08-21 16:58:13'),(91,8,NULL,NULL,NULL,NULL,'7E:A5:C8:0E:3C:6A','410917',500.00,'2025-08-21 16:59:08','2025-08-21 16:59:08'),(92,8,NULL,NULL,NULL,NULL,'B2:24:D4:B2:3D:2D','187762',500.00,'2025-08-21 16:59:53','2025-08-21 16:59:53'),(93,26,NULL,NULL,NULL,NULL,'7E:A5:C8:0E:3C:6A','653469',7000.00,'2025-08-21 17:01:26','2025-08-21 17:01:26'),(94,8,NULL,NULL,NULL,NULL,'B2:24:D4:B2:3D:2D','982679',500.00,'2025-08-21 17:01:31','2025-08-21 17:01:31'),(95,8,NULL,NULL,NULL,NULL,'B2:24:D4:B2:3D:2D','513114',500.00,'2025-08-21 17:04:43','2025-08-21 17:04:43'),(96,8,NULL,NULL,NULL,NULL,'62:98:4F:47:C4:C9','015445',500.00,'2025-08-21 17:24:37','2025-08-21 17:24:37'),(97,8,NULL,NULL,NULL,NULL,'62:98:4F:47:C4:C9','434649',500.00,'2025-08-21 17:28:05','2025-08-21 17:28:05'),(98,8,NULL,NULL,NULL,NULL,'62:98:4F:47:C4:C9','465660',500.00,'2025-08-21 17:30:46','2025-08-21 17:30:46'),(99,8,NULL,NULL,NULL,NULL,'62:98:4F:47:C4:C9','429603',500.00,'2025-08-21 17:34:31','2025-08-21 17:34:31'),(100,8,NULL,NULL,NULL,NULL,'BE:B0:28:C2:D3:11','124047',500.00,'2025-08-21 17:40:48','2025-08-21 17:40:48'),(101,6,NULL,NULL,NULL,NULL,'06:9C:BA:9D:B1:E8','237769',210.00,'2025-08-21 18:03:42','2025-08-21 18:03:42'),(102,8,NULL,NULL,NULL,NULL,'CC:C0:79:8D:5E:35','949862',500.00,'2025-08-21 18:54:25','2025-08-21 18:54:25'),(103,26,NULL,NULL,NULL,NULL,'30:FC:EB:7A:0C:90','162886',7000.00,'2025-08-21 19:27:52','2025-08-21 19:27:52'),(104,8,NULL,NULL,NULL,NULL,'D6:12:9E:9D:91:0E','746427',500.00,'2025-08-21 19:37:38','2025-08-21 19:37:38'),(105,8,NULL,NULL,NULL,NULL,'14:9F:3C:6B:96:77','128942',500.00,'2025-08-21 19:49:23','2025-08-21 19:49:23'),(106,9,NULL,NULL,NULL,NULL,'0A:00:F5:20:D1:35','230315',1000.00,'2025-08-21 20:22:01','2025-08-21 20:22:01'),(107,8,NULL,NULL,NULL,NULL,'A2:E1:BA:8D:59:00','363486',500.00,'2025-08-22 06:45:38','2025-08-22 06:45:38'),(108,7,NULL,NULL,NULL,NULL,'5A:22:D6:25:36:E9','500624',300.00,'2025-08-22 07:24:39','2025-08-22 07:24:39'),(109,8,NULL,NULL,NULL,NULL,'14:9F:3C:6B:96:77','414063',500.00,'2025-08-22 10:13:26','2025-08-22 10:13:26'),(110,6,NULL,NULL,NULL,NULL,'7E:A5:C8:0E:3C:6A','973417',210.00,'2025-08-22 17:18:26','2025-08-22 17:18:26'),(111,9,NULL,NULL,NULL,NULL,'FE:96:EF:57:F0:70','564350',1000.00,'2025-08-22 17:26:11','2025-08-22 17:26:11'),(112,8,NULL,NULL,NULL,NULL,'5A:22:D6:25:36:E9','091414',500.00,'2025-08-22 18:59:54','2025-08-22 18:59:54'),(113,8,NULL,NULL,NULL,NULL,'F2:65:ED:BF:19:CD','246425',500.00,'2025-08-22 20:55:57','2025-08-22 20:55:57'),(114,8,NULL,NULL,NULL,NULL,'CC:C0:79:8D:5E:35','369937',500.00,'2025-08-22 21:30:02','2025-08-22 21:30:02'),(115,9,NULL,NULL,NULL,NULL,'0A:00:F5:20:D1:35','327234',1000.00,'2025-08-22 22:41:17','2025-08-22 22:41:17'),(116,7,NULL,NULL,NULL,NULL,'0A:00:F5:20:D1:35','836406',300.00,'2025-08-22 22:46:31','2025-08-22 22:46:31'),(117,6,NULL,NULL,NULL,NULL,'60:70:72:60:6A:C2','388319',210.00,'2025-08-22 23:20:13','2025-08-22 23:20:13'),(118,9,NULL,NULL,NULL,NULL,'4E:ED:DD:40:F3:A1','996468',1000.00,'2025-08-23 09:25:46','2025-08-23 09:25:46'),(119,24,NULL,NULL,NULL,NULL,'0A:00:F5:20:D1:35','540841',2500.00,'2025-08-23 12:30:39','2025-08-23 12:30:39'),(120,24,NULL,NULL,NULL,NULL,'0A:00:F5:20:D1:35','885814',2500.00,'2025-08-23 12:31:33','2025-08-23 12:31:33'),(121,24,NULL,NULL,NULL,NULL,'0A:00:F5:20:D1:35','282302',2500.00,'2025-08-23 12:31:36','2025-08-23 12:31:36'),(122,24,NULL,NULL,NULL,NULL,'0A:00:F5:20:D1:35','259503',2500.00,'2025-08-23 12:31:43','2025-08-23 12:31:43'),(123,24,NULL,NULL,NULL,NULL,'0A:00:F5:20:D1:35','522009',2500.00,'2025-08-23 12:32:26','2025-08-23 12:32:26'),(124,24,NULL,NULL,NULL,NULL,'0A:00:F5:20:D1:35','767316',2500.00,'2025-08-23 12:32:29','2025-08-23 12:32:29'),(125,24,NULL,NULL,NULL,NULL,'0A:00:F5:20:D1:35','556775',2500.00,'2025-08-23 12:32:33','2025-08-23 12:32:33'),(126,24,NULL,NULL,NULL,NULL,'0A:00:F5:20:D1:35','500414',2500.00,'2025-08-23 12:34:33','2025-08-23 12:34:33'),(127,24,NULL,NULL,NULL,NULL,'0A:00:F5:20:D1:35','109184',2500.00,'2025-08-23 12:34:36','2025-08-23 12:34:36'),(128,24,NULL,NULL,NULL,NULL,'0A:00:F5:20:D1:35','526822',2500.00,'2025-08-23 12:34:39','2025-08-23 12:34:39'),(129,9,NULL,NULL,NULL,NULL,'0A:00:F5:20:D1:35','842173',1000.00,'2025-08-23 12:35:16','2025-08-23 12:35:16'),(130,6,NULL,NULL,NULL,NULL,'D0:2A:AA:90:40:ED','280551',210.00,'2025-08-23 14:26:13','2025-08-23 14:26:13'),(131,6,NULL,NULL,NULL,NULL,'7E:A5:C8:0E:3C:6A','718557',210.00,'2025-08-23 16:39:08','2025-08-23 16:39:08'),(132,8,NULL,NULL,NULL,NULL,'F2:65:ED:BF:19:CD','924733',500.00,'2025-08-23 20:59:29','2025-08-23 20:59:29'),(133,7,NULL,NULL,NULL,NULL,'1E:1B:E0:50:5B:19','224566',300.00,'2025-08-24 04:03:34','2025-08-24 04:03:34'),(134,6,NULL,NULL,NULL,NULL,'1E:1B:E0:50:5B:19','594460',210.00,'2025-08-24 04:04:34','2025-08-24 04:04:34'),(135,6,NULL,NULL,NULL,NULL,'90:56:FC:DF:4A:E3','596434',210.00,'2025-08-24 07:15:26','2025-08-24 07:15:26'),(136,8,NULL,NULL,NULL,NULL,'5E:AB:0F:45:E5:21','577406',500.00,'2025-08-24 07:53:21','2025-08-24 07:53:21'),(137,8,NULL,NULL,NULL,NULL,'3E:A5:2D:34:21:C5','680604',500.00,'2025-08-24 08:24:03','2025-08-24 08:24:03'),(138,9,NULL,NULL,NULL,NULL,'16:E1:96:3C:2C:14','793156',1000.00,'2025-08-24 09:04:02','2025-08-24 09:04:02'),(139,7,NULL,NULL,NULL,NULL,'A6:85:AC:A3:94:CF','492517',300.00,'2025-08-24 09:27:55','2025-08-24 09:27:55'),(140,6,NULL,NULL,NULL,NULL,'A6:85:AC:A3:94:CF','402396',210.00,'2025-08-24 09:29:38','2025-08-24 09:29:38'),(141,9,NULL,NULL,NULL,NULL,'0E:C6:C3:E7:72:DB','156062',1000.00,'2025-08-24 13:11:18','2025-08-24 13:11:18'),(142,6,NULL,NULL,NULL,NULL,'2A:D7:59:12:C1:90','831234',210.00,'2025-08-24 15:34:15','2025-08-24 15:34:15'),(143,9,NULL,NULL,NULL,NULL,'5A:18:AE:46:F0:9A','580563',1000.00,'2025-08-24 17:57:20','2025-08-24 17:57:20'),(144,7,NULL,NULL,NULL,NULL,'F0:C7:45:88:DC:5D','691296',300.00,'2025-08-24 18:38:57','2025-08-24 18:38:57'),(145,7,NULL,NULL,NULL,NULL,'FC:AA:B6:3B:A0:48','301904',300.00,'2025-08-24 21:25:34','2025-08-24 21:25:34'),(146,7,NULL,NULL,NULL,NULL,'0A:00:F5:20:D1:35','274492',300.00,'2025-08-24 22:33:56','2025-08-24 22:33:56'),(147,8,NULL,NULL,NULL,NULL,'F2:65:ED:BF:19:CD','093513',500.00,'2025-08-24 22:36:13','2025-08-24 22:36:13'),(148,9,NULL,NULL,NULL,NULL,'66:BB:53:AB:22:4E','790430',1000.00,'2025-08-25 17:17:13','2025-08-25 17:17:13'),(149,8,NULL,NULL,NULL,NULL,'66:BB:53:AB:22:4E','639650',500.00,'2025-08-25 17:19:35','2025-08-25 17:19:35'),(150,8,NULL,NULL,NULL,NULL,'0E:06:50:49:08:C6','832104',500.00,'2025-08-25 17:19:43','2025-08-25 17:19:43'),(151,8,NULL,NULL,NULL,NULL,'0E:32:DD:A2:B3:84','629536',500.00,'2025-08-25 17:21:15','2025-08-25 17:21:15'),(152,9,NULL,NULL,NULL,NULL,'0E:32:DD:A2:B3:84','198458',1000.00,'2025-08-25 17:22:06','2025-08-25 17:22:06'),(153,9,NULL,NULL,NULL,NULL,'42:B6:CB:A6:FE:13','232501',1000.00,'2025-08-25 17:32:11','2025-08-25 17:32:11'),(154,8,NULL,NULL,NULL,NULL,'14:9F:3C:6B:96:77','364169',500.00,'2025-08-25 18:07:50','2025-08-25 18:07:50'),(155,8,NULL,NULL,NULL,NULL,'3E:A5:2D:34:21:C5','164429',500.00,'2025-08-25 18:27:58','2025-08-25 18:27:58'),(156,6,NULL,NULL,NULL,NULL,'0E:06:50:49:08:C6','337251',210.00,'2025-08-25 19:11:22','2025-08-25 19:11:22'),(157,9,NULL,NULL,NULL,NULL,'0E:06:50:49:08:C6','265677',1000.00,'2025-08-25 19:13:42','2025-08-25 19:13:42'),(158,6,NULL,NULL,NULL,NULL,'0E:06:50:49:08:C6','684657',210.00,'2025-08-25 19:14:42','2025-08-25 19:14:42'),(159,9,NULL,NULL,NULL,NULL,'0E:06:50:49:08:C6','950655',1000.00,'2025-08-25 19:15:38','2025-08-25 19:15:38'),(160,8,NULL,NULL,NULL,NULL,'FC:AA:B6:3B:A0:48','063636',500.00,'2025-08-25 20:53:38','2025-08-25 20:53:38'),(161,8,NULL,NULL,NULL,NULL,'F2:65:ED:BF:19:CD','678837',500.00,'2025-08-25 20:55:53','2025-08-25 20:55:53'),(162,8,NULL,NULL,NULL,NULL,'FC:AA:B6:3B:A0:48','485614',500.00,'2025-08-25 20:58:38','2025-08-25 20:58:38'),(163,8,NULL,NULL,NULL,NULL,'42:B6:CB:A6:FE:13','247889',500.00,'2025-08-26 12:03:24','2025-08-26 12:03:24'),(164,8,NULL,NULL,NULL,NULL,'5A:22:D6:25:36:E9','281061',500.00,'2025-08-26 14:50:55','2025-08-26 14:50:55'),(165,27,NULL,NULL,NULL,NULL,'82:B2:02:1D:E5:B8','212741',500.00,'2025-08-26 17:50:22','2025-08-26 17:50:22'),(166,27,NULL,NULL,NULL,NULL,'82:B2:02:1D:E5:B8','594517',500.00,'2025-08-26 17:51:22','2025-08-26 17:51:22'),(167,27,NULL,NULL,NULL,NULL,'82:B2:02:1D:E5:B8','943673',500.00,'2025-08-26 17:51:29','2025-08-26 17:51:29'),(168,27,NULL,NULL,NULL,NULL,'82:B2:02:1D:E5:B8','718710',500.00,'2025-08-26 17:51:34','2025-08-26 17:51:34'),(169,27,NULL,NULL,NULL,NULL,'82:B2:02:1D:E5:B8','717515',500.00,'2025-08-26 17:52:25','2025-08-26 17:52:25'),(170,36,NULL,NULL,NULL,NULL,'50:9A:4C:26:30:57','450158',8000.00,'2025-08-26 18:59:08','2025-08-26 18:59:08'),(171,8,NULL,NULL,NULL,NULL,'3E:A5:2D:34:21:C5','991841',500.00,'2025-08-26 19:10:11','2025-08-26 19:10:11'),(172,9,NULL,NULL,NULL,NULL,'42:BE:94:8E:99:FF','476738',1000.00,'2025-08-26 19:38:25','2025-08-26 19:38:25'),(173,38,NULL,NULL,NULL,NULL,'22:63:D2:CA:34:F3','398601',500.00,'2025-08-26 19:52:38','2025-08-26 19:52:38'),(174,39,NULL,NULL,NULL,NULL,'22:63:D2:CA:34:F3','630708',1000.00,'2025-08-26 19:54:02','2025-08-26 19:54:02'),(175,40,NULL,NULL,NULL,NULL,'22:63:D2:CA:34:F3','218373',5000.00,'2025-08-26 20:01:25','2025-08-26 20:01:25'),(176,38,NULL,NULL,NULL,NULL,'22:63:D2:CA:34:F3','396310',500.00,'2025-08-26 20:02:43','2025-08-26 20:02:43'),(177,38,NULL,NULL,NULL,NULL,'E2:23:F3:B5:17:BF','785888',500.00,'2025-08-26 20:04:39','2025-08-26 20:04:39'),(178,38,NULL,NULL,NULL,NULL,'82:B2:02:1D:E5:B8','790684',500.00,'2025-08-26 20:15:18','2025-08-26 20:15:18'),(179,40,NULL,NULL,NULL,NULL,'82:B2:02:1D:E5:B8','594457',5000.00,'2025-08-26 20:17:11','2025-08-26 20:17:11'),(180,8,NULL,NULL,NULL,NULL,'02:C0:AF:A7:33:40','191090',500.00,'2025-08-26 20:35:06','2025-08-26 20:35:06'),(181,8,NULL,NULL,NULL,NULL,'02:C0:AF:A7:33:40','484323',500.00,'2025-08-26 20:36:54','2025-08-26 20:36:54'),(182,8,NULL,NULL,NULL,NULL,'F2:65:ED:BF:19:CD','651226',500.00,'2025-08-26 20:44:17','2025-08-26 20:44:17'),(183,39,NULL,NULL,NULL,NULL,'82:B2:02:1D:E5:B8','983728',1000.00,'2025-08-26 20:49:45','2025-08-26 20:49:45'),(184,7,NULL,NULL,NULL,NULL,'F2:94:94:28:61:0A','537486',300.00,'2025-08-26 21:16:51','2025-08-26 21:16:51'),(185,6,NULL,NULL,NULL,NULL,'DE:C9:D5:36:F6:CE','044294',210.00,'2025-08-26 21:32:38','2025-08-26 21:32:38'),(186,26,NULL,NULL,NULL,NULL,'D6:23:01:B5:97:58','934000',7000.00,'2025-08-26 21:32:39','2025-08-26 21:32:39'),(187,8,NULL,NULL,NULL,NULL,'14:9F:3C:6B:96:77','967878',500.00,'2025-08-27 07:57:16','2025-08-27 07:57:16'),(188,8,NULL,NULL,NULL,NULL,'14:9F:3C:6B:96:77','258284',500.00,'2025-08-27 08:00:02','2025-08-27 08:00:02'),(189,7,NULL,NULL,NULL,NULL,'14:9F:3C:6B:96:77','996326',300.00,'2025-08-27 08:02:28','2025-08-27 08:02:28'),(190,38,NULL,NULL,NULL,NULL,'82:B2:02:1D:E5:B8','768142',500.00,'2025-08-27 08:55:25','2025-08-27 08:55:25'),(191,39,NULL,NULL,NULL,NULL,'22:63:D2:CA:34:F3','372001',1000.00,'2025-08-27 09:01:28','2025-08-27 09:01:28'),(192,40,NULL,NULL,NULL,NULL,'A2:84:7A:6A:65:C0','438871',5000.00,'2025-08-27 10:41:18','2025-08-27 10:41:18'),(193,39,NULL,NULL,NULL,NULL,'C2:14:39:F6:BE:64','051418',1000.00,'2025-08-27 10:41:41','2025-08-27 10:41:41'),(194,39,NULL,NULL,NULL,NULL,'A2:ED:93:63:1B:07','501012',1000.00,'2025-08-27 10:46:00','2025-08-27 10:46:00'),(195,39,NULL,NULL,NULL,NULL,'C2:14:39:F6:BE:64','068047',1000.00,'2025-08-27 10:47:31','2025-08-27 10:47:31'),(196,38,NULL,NULL,NULL,NULL,'C6:50:3F:D4:A6:76','252716',500.00,'2025-08-27 10:58:28','2025-08-27 10:58:28'),(197,39,NULL,NULL,NULL,NULL,'BA:FE:60:FB:62:6D','609856',1000.00,'2025-08-27 11:08:04','2025-08-27 11:08:04'),(198,38,NULL,NULL,NULL,NULL,'D4:38:9C:39:B2:30','726118',500.00,'2025-08-27 11:08:43','2025-08-27 11:08:43'),(199,38,NULL,NULL,NULL,NULL,'D4:38:9C:39:B2:30','788469',500.00,'2025-08-27 13:04:39','2025-08-27 13:04:39'),(200,38,NULL,NULL,NULL,NULL,'D4:38:9C:39:B2:30','097698',500.00,'2025-08-27 13:06:26','2025-08-27 13:06:26'),(201,38,NULL,NULL,NULL,NULL,'D4:38:9C:39:B2:30','552328',500.00,'2025-08-27 13:08:44','2025-08-27 13:08:44'),(202,38,NULL,NULL,NULL,NULL,'D4:38:9C:39:B2:30','971790',500.00,'2025-08-27 13:10:48','2025-08-27 13:10:48'),(203,38,NULL,NULL,NULL,NULL,'6E:1C:29:B1:62:47','957989',500.00,'2025-08-27 13:48:08','2025-08-27 13:48:08'),(204,6,NULL,NULL,NULL,NULL,'42:B6:CB:A6:FE:13','258068',210.00,'2025-08-27 14:39:12','2025-08-27 14:39:12'),(205,39,NULL,NULL,NULL,NULL,'A2:BA:54:80:E6:F0','523587',1000.00,'2025-08-27 17:07:33','2025-08-27 17:07:33'),(206,8,NULL,NULL,NULL,NULL,'5A:22:D6:25:36:E9','341224',500.00,'2025-08-27 17:34:36','2025-08-27 17:34:36'),(207,38,NULL,NULL,NULL,NULL,'D2:98:B5:52:54:DF','608258',500.00,'2025-08-27 17:46:05','2025-08-27 17:46:05'),(208,7,NULL,NULL,NULL,NULL,'22:6A:1A:31:4A:46','621893',300.00,'2025-08-27 17:53:42','2025-09-12 14:59:39'),(209,8,NULL,NULL,NULL,NULL,'CE:42:78:C4:E6:C9','802912',500.00,'2025-08-27 20:00:50','2025-08-27 20:00:50'),(210,8,NULL,NULL,NULL,NULL,'D6:12:9E:9D:91:0E','329466',500.00,'2025-08-27 20:03:22','2025-08-27 20:03:22'),(211,8,NULL,NULL,NULL,NULL,'D6:12:9E:9D:91:0E','050355',500.00,'2025-08-27 20:04:46','2025-08-27 20:04:46'),(212,8,NULL,NULL,NULL,NULL,'D6:12:9E:9D:91:0E','142624',500.00,'2025-08-27 20:08:09','2025-08-27 20:08:09'),(213,8,NULL,NULL,NULL,NULL,'02:C0:AF:A7:33:40','832478',500.00,'2025-08-27 20:32:32','2025-08-27 20:32:32'),(214,8,NULL,NULL,NULL,NULL,'3E:A5:2D:34:21:C5','988660',500.00,'2025-08-27 20:40:17','2025-08-27 20:40:17'),(215,9,NULL,NULL,NULL,NULL,'86:65:3C:6B:E1:84','800593',1000.00,'2025-08-27 23:25:10','2025-08-27 23:25:10'),(216,39,NULL,NULL,NULL,NULL,'A2:ED:93:63:1B:07','350839',1000.00,'2025-08-28 10:55:46','2025-08-28 10:55:46'),(217,8,NULL,NULL,NULL,NULL,'14:9F:3C:6B:96:77','711204',500.00,'2025-08-28 11:46:45','2025-08-28 11:46:45'),(222,9,NULL,NULL,NULL,NULL,'76:B4:55:80:75:CE','392335',1000.00,'2025-08-28 19:02:30','2025-08-28 19:02:30'),(226,8,NULL,NULL,NULL,NULL,'BE:B3:CB:9E:09:DC','642413',500.00,'2025-08-28 21:02:07','2025-08-28 21:02:07'),(231,9,NULL,NULL,NULL,NULL,'8E:CC:F9:80:BC:C7','799672',1000.00,'2025-08-29 07:09:48','2025-08-29 07:09:48'),(232,9,NULL,NULL,NULL,NULL,'8E:CC:F9:80:BC:C7','748127',1000.00,'2025-08-29 07:11:40','2025-08-29 07:11:40'),(233,39,NULL,NULL,NULL,NULL,'FE:0C:B3:5D:CE:B7','726438',1000.00,'2025-08-29 09:05:12','2025-08-29 09:05:12'),(235,38,NULL,NULL,NULL,NULL,'7A:39:BF:E7:E7:A8','724174',500.00,'2025-08-29 11:17:28','2025-08-29 11:17:28'),(237,8,NULL,NULL,NULL,NULL,'0E:32:DD:A2:B3:84','575913',500.00,'2025-08-29 12:22:42','2025-08-29 12:22:42'),(238,8,NULL,NULL,NULL,NULL,'0E:32:DD:A2:B3:84','037484',500.00,'2025-08-29 12:24:40','2025-08-29 12:24:40'),(239,8,NULL,NULL,NULL,NULL,'66:BB:53:AB:22:4E','354623',500.00,'2025-08-29 12:25:55','2025-08-29 12:25:55'),(240,8,NULL,NULL,NULL,NULL,'66:BB:53:AB:22:4E','818936',500.00,'2025-08-29 12:28:48','2025-08-29 12:28:48'),(241,6,NULL,NULL,NULL,NULL,'66:BB:53:AB:22:4E','620560',210.00,'2025-08-29 12:31:56','2025-08-29 12:31:56'),(243,9,NULL,NULL,NULL,NULL,'BE:B3:CB:9E:09:DC','786167',1000.00,'2025-08-29 12:38:47','2025-08-29 12:38:47'),(244,8,NULL,NULL,NULL,NULL,'DA:CB:3F:CA:8C:AE','244858',500.00,'2025-08-29 12:42:11','2025-08-29 12:42:11'),(245,8,NULL,NULL,NULL,NULL,'BE:B3:CB:9E:09:DC','531972',500.00,'2025-08-29 12:43:25','2025-08-29 12:43:25'),(248,6,NULL,NULL,NULL,NULL,'D2:04:68:63:50:42','938987',210.00,'2025-08-29 13:28:10','2025-08-29 13:28:10'),(250,8,NULL,NULL,NULL,NULL,'32:01:77:6B:D5:45','261180',500.00,'2025-08-29 14:21:17','2025-08-29 14:21:17'),(256,8,NULL,NULL,NULL,NULL,'42:B6:CB:A6:FE:13','575609',500.00,'2025-08-29 19:33:40','2025-08-29 19:33:40'),(258,7,NULL,NULL,NULL,NULL,'C6:C2:9D:CB:45:91','494153',300.00,'2025-08-29 20:30:42','2025-08-29 20:30:42'),(260,8,NULL,NULL,NULL,NULL,'02:C0:AF:A7:33:40','992403',500.00,'2025-08-29 21:14:04','2025-08-29 21:14:04'),(261,8,NULL,NULL,NULL,NULL,'02:C0:AF:A7:33:40','714852',500.00,'2025-08-29 21:14:47','2025-08-29 21:14:47'),(263,6,NULL,NULL,NULL,NULL,'32:01:77:6B:D5:45','147710',210.00,'2025-08-30 06:04:37','2025-08-30 06:04:37'),(264,6,NULL,NULL,NULL,NULL,'52:79:1D:E2:BB:02','340214',210.00,'2025-08-30 06:07:53','2025-08-30 06:07:53'),(268,8,NULL,NULL,NULL,NULL,'BE:B3:CB:9E:09:DC','525118',500.00,'2025-08-30 09:02:00','2025-08-30 09:02:00'),(271,9,NULL,NULL,NULL,NULL,'F6:15:EE:D6:C1:32','420328',1000.00,'2025-08-30 09:49:11','2025-08-30 09:49:11'),(274,9,NULL,NULL,NULL,NULL,'E2:CA:F4:73:20:C8','853181',1000.00,'2025-08-30 16:23:39','2025-08-30 16:23:39'),(279,8,NULL,NULL,NULL,NULL,'C6:C2:9D:CB:45:91','834756',500.00,'2025-08-31 05:20:09','2025-08-31 05:20:09'),(280,9,NULL,NULL,NULL,NULL,'16:E1:96:3C:2C:14','605455',1000.00,'2025-08-31 06:17:42','2025-08-31 06:17:42'),(281,9,NULL,NULL,NULL,NULL,'74:C1:7D:15:5A:9A','970356',1000.00,'2025-08-31 08:29:12','2025-08-31 08:29:12'),(282,9,NULL,NULL,NULL,NULL,'74:C1:7D:15:5A:9A','934713',1000.00,'2025-08-31 08:30:18','2025-08-31 08:30:18'),(285,39,NULL,NULL,NULL,NULL,'AA:22:0D:55:91:D7','998631',1000.00,'2025-08-31 10:40:01','2025-08-31 10:40:01'),(291,7,NULL,NULL,NULL,NULL,'8E:21:2C:35:94:48','597051',300.00,'2025-08-31 13:00:04','2025-08-31 13:00:04'),(294,9,NULL,NULL,NULL,NULL,'9A:0E:0A:D3:60:5E','719030',1000.00,'2025-08-31 16:11:29','2025-08-31 16:11:29'),(295,6,NULL,NULL,NULL,NULL,'2A:D7:59:12:C1:90','732626',210.00,'2025-08-31 17:10:29','2025-08-31 17:10:29'),(296,8,NULL,NULL,NULL,NULL,'FC:AA:B6:3B:A0:48','252046',500.00,'2025-08-31 17:47:43','2025-08-31 17:47:43'),(297,8,NULL,NULL,NULL,NULL,'FC:AA:B6:3B:A0:48','904794',500.00,'2025-08-31 17:51:15','2025-08-31 17:51:15'),(298,8,NULL,NULL,NULL,NULL,'FC:AA:B6:3B:A0:48','671848',500.00,'2025-08-31 17:55:48','2025-08-31 17:55:48'),(299,8,NULL,NULL,NULL,NULL,'FC:AA:B6:3B:A0:48','753859',500.00,'2025-08-31 17:58:39','2025-08-31 17:58:39'),(300,7,NULL,NULL,NULL,NULL,'FC:AA:B6:3B:A0:48','933783',300.00,'2025-08-31 18:00:05','2025-08-31 18:00:05'),(302,9,NULL,NULL,NULL,NULL,'42:B6:CB:A6:FE:13','926858',1000.00,'2025-08-31 18:19:09','2025-08-31 18:19:09'),(303,9,NULL,NULL,NULL,NULL,'FE:54:93:3B:80:42','926632',1000.00,'2025-08-31 18:21:07','2025-08-31 18:21:07'),(304,6,NULL,NULL,NULL,NULL,'2A:D7:59:12:C1:90','343354',210.00,'2025-08-31 18:44:39','2025-08-31 18:44:39'),(305,6,NULL,NULL,NULL,NULL,'FE:4C:C7:F9:76:78','188173',210.00,'2025-08-31 18:45:07','2025-08-31 18:45:07'),(306,9,NULL,NULL,NULL,NULL,'10:3F:44:60:C7:32','632868',1000.00,'2025-08-31 19:03:03','2025-08-31 19:03:03'),(309,6,NULL,NULL,NULL,NULL,'4E:63:7D:67:95:A8','009045',210.00,'2025-08-31 20:10:25','2025-08-31 20:10:25'),(310,7,NULL,NULL,NULL,NULL,'82:75:18:2D:C9:ED','611132',300.00,'2025-08-31 20:46:17','2025-08-31 20:46:17'),(313,8,NULL,NULL,NULL,NULL,'FC:AA:B6:3B:A0:48','068383',500.00,'2025-08-31 22:38:09','2025-08-31 22:38:09'),(314,8,NULL,NULL,NULL,NULL,'FC:AA:B6:3B:A0:48','684089',500.00,'2025-08-31 22:40:05','2025-08-31 22:40:05'),(317,6,NULL,NULL,NULL,NULL,'52:79:1D:E2:BB:02','757497',210.00,'2025-09-01 06:17:28','2025-09-01 06:17:28'),(319,7,NULL,NULL,NULL,NULL,'FE:06:92:FA:87:6B','258846',300.00,'2025-09-01 06:51:22','2025-09-01 06:51:22'),(321,44,NULL,NULL,NULL,NULL,'C6:F2:E7:AB:DB:E5','477982',200.00,'2025-09-01 08:22:59','2025-09-01 08:22:59'),(323,40,NULL,NULL,NULL,NULL,'BA:C8:C0:76:B0:F5','452423',5000.00,'2025-09-01 08:32:15','2025-09-01 08:32:15'),(324,52,NULL,NULL,NULL,NULL,'D0:F8:65:55:BE:78','860203',1000.00,'2025-09-01 08:38:24','2025-09-01 08:38:24'),(325,52,NULL,NULL,NULL,NULL,'D0:F8:65:55:BE:78','210026',1000.00,'2025-09-01 08:39:47','2025-09-01 08:39:47'),(327,9,NULL,NULL,NULL,NULL,'16:90:94:94:7D:93','223671',1000.00,'2025-09-01 10:09:59','2025-09-01 10:09:59'),(336,54,NULL,NULL,NULL,NULL,'62:CE:DD:1A:A7:3C','445924',2000.00,'2025-09-01 12:50:47','2025-09-01 12:50:47'),(339,52,NULL,NULL,NULL,NULL,'06:E0:47:00:C7:45','958893',1000.00,'2025-09-01 13:50:30','2025-09-01 13:50:30'),(340,47,NULL,NULL,NULL,NULL,'06:E0:47:00:C7:45','758626',500.00,'2025-09-01 13:54:02','2025-09-01 13:54:02'),(344,8,NULL,NULL,NULL,NULL,'A6:FE:2D:DE:CA:43','692732',500.00,'2025-09-01 15:20:54','2025-09-01 15:20:54'),(345,7,NULL,NULL,NULL,NULL,'A6:FE:2D:DE:CA:43','629480',300.00,'2025-09-01 15:24:01','2025-09-01 15:24:01'),(349,8,NULL,NULL,NULL,NULL,'82:75:18:2D:C9:ED','179134',500.00,'2025-09-01 16:42:18','2025-09-01 16:42:18'),(350,7,NULL,NULL,NULL,NULL,'82:75:18:2D:C9:ED','147568',300.00,'2025-09-01 16:44:49','2025-09-01 16:44:49'),(351,6,NULL,NULL,NULL,NULL,'82:75:18:2D:C9:ED','220332',210.00,'2025-09-01 16:46:35','2025-09-01 16:46:35'),(352,7,NULL,NULL,NULL,NULL,'06:18:57:F1:B9:90','919137',300.00,'2025-09-01 17:14:09','2025-09-01 17:14:09'),(354,9,NULL,NULL,NULL,NULL,'30:FC:EB:7A:0C:90','026804',1000.00,'2025-09-01 18:15:17','2025-09-01 18:15:17'),(355,44,NULL,NULL,NULL,NULL,'EE:48:7F:A1:D6:71','758010',200.00,'2025-09-01 18:16:49','2025-09-01 18:16:49'),(356,6,NULL,NULL,NULL,NULL,'4E:63:7D:67:95:A8','423566',210.00,'2025-09-01 18:35:00','2025-09-01 18:35:00'),(357,6,NULL,NULL,NULL,NULL,'4E:63:7D:67:95:A8','238394',210.00,'2025-09-01 18:36:01','2025-09-01 18:36:01'),(358,6,NULL,NULL,NULL,NULL,'20:26:81:EC:2E:02','179666',210.00,'2025-09-01 18:36:05','2025-09-01 18:36:05'),(359,6,NULL,NULL,NULL,NULL,'4E:63:7D:67:95:A8','418294',210.00,'2025-09-01 18:37:02','2025-09-01 18:37:02'),(360,6,NULL,NULL,NULL,NULL,'4E:63:7D:67:95:A8','159376',210.00,'2025-09-01 18:39:23','2025-09-01 18:39:23'),(361,6,NULL,NULL,NULL,NULL,'20:26:81:EC:2E:02','370250',210.00,'2025-09-01 18:39:52','2025-09-01 18:39:52'),(362,6,NULL,NULL,NULL,NULL,'20:26:81:EC:2E:02','219753',210.00,'2025-09-01 18:41:34','2025-09-01 18:41:34'),(363,6,NULL,NULL,NULL,NULL,'FE:02:BF:6C:60:89','920869',210.00,'2025-09-01 18:43:18','2025-09-01 18:43:18'),(364,6,NULL,NULL,NULL,NULL,'4E:63:7D:67:95:A8','397248',210.00,'2025-09-01 19:07:12','2025-09-01 19:07:12'),(371,9,NULL,NULL,NULL,NULL,'4E:63:7D:67:95:A8','949080',1000.00,'2025-09-01 22:16:28','2025-09-01 22:16:28'),(373,9,NULL,NULL,NULL,NULL,'86:87:D5:B9:81:15','142702',1000.00,'2025-09-02 06:46:11','2025-09-02 06:46:11'),(374,8,NULL,NULL,NULL,NULL,'86:87:D5:B9:81:15','301901',500.00,'2025-09-02 06:48:20','2025-09-02 06:48:20'),(375,8,NULL,NULL,NULL,NULL,'86:87:D5:B9:81:15','428142',500.00,'2025-09-02 06:50:22','2025-09-02 06:50:22'),(376,9,NULL,NULL,NULL,NULL,'86:87:D5:B9:81:15','087289',1000.00,'2025-09-02 06:51:29','2025-09-02 06:51:29'),(377,8,NULL,NULL,NULL,NULL,'86:87:D5:B9:81:15','496924',500.00,'2025-09-02 06:52:51','2025-09-02 06:52:51'),(378,8,NULL,NULL,NULL,NULL,'E6:94:D2:8C:72:72','522073',500.00,'2025-09-02 06:55:14','2025-09-02 06:55:14'),(379,9,NULL,NULL,NULL,NULL,'86:87:D5:B9:81:15','284755',1000.00,'2025-09-02 07:03:33','2025-09-02 07:03:33'),(380,10,NULL,NULL,NULL,NULL,'86:87:D5:B9:81:15','440425',5000.00,'2025-09-02 07:05:30','2025-09-02 07:05:30'),(381,8,NULL,NULL,NULL,NULL,'86:87:D5:B9:81:15','448724',500.00,'2025-09-02 07:06:57','2025-09-02 07:06:57'),(382,8,NULL,NULL,NULL,NULL,'E6:94:D2:8C:72:72','328924',500.00,'2025-09-02 07:07:50','2025-09-02 07:07:50'),(385,8,NULL,NULL,NULL,NULL,'86:87:D5:B9:81:15','373988',500.00,'2025-09-02 07:36:22','2025-09-02 07:36:22'),(386,9,NULL,NULL,NULL,NULL,'E2:CA:F4:73:20:C8','895641',1000.00,'2025-09-02 07:41:52','2025-09-02 07:41:52'),(387,9,NULL,NULL,NULL,NULL,'E2:CA:F4:73:20:C8','269692',1000.00,'2025-09-02 07:44:49','2025-09-02 07:44:49'),(389,9,NULL,NULL,NULL,NULL,'E2:CA:F4:73:20:C8','427473',1000.00,'2025-09-02 08:14:53','2025-09-02 08:14:53'),(390,44,NULL,NULL,NULL,NULL,'EA:31:B8:21:8D:26','513956',200.00,'2025-09-02 08:57:06','2025-09-02 08:57:06'),(391,8,NULL,NULL,NULL,NULL,'66:BB:53:AB:22:4E','387032',500.00,'2025-09-02 08:57:46','2025-09-02 08:57:46'),(394,47,NULL,NULL,NULL,NULL,'3C:57:6C:9D:5C:3B','613761',500.00,'2025-09-02 09:53:34','2025-09-02 09:53:34'),(395,47,NULL,NULL,NULL,NULL,'3C:57:6C:9D:5C:3B','621642',500.00,'2025-09-02 09:53:46','2025-09-02 09:53:46'),(396,47,NULL,NULL,NULL,NULL,'3C:57:6C:9D:5C:3B','505894',500.00,'2025-09-02 09:54:06','2025-09-02 09:54:06'),(397,47,NULL,NULL,NULL,NULL,'3C:57:6C:9D:5C:3B','728941',500.00,'2025-09-02 09:54:44','2025-09-02 09:54:44'),(401,6,NULL,NULL,NULL,NULL,'C2:48:65:4F:7C:BD','760613',210.00,'2025-09-02 12:27:11','2025-09-02 12:27:11'),(406,6,NULL,NULL,NULL,NULL,'3E:52:30:57:D8:D4','516421',210.00,'2025-09-02 15:35:44','2025-09-02 15:35:44'),(407,6,NULL,NULL,NULL,NULL,'86:66:FB:B5:73:00','906570',210.00,'2025-09-02 15:38:56','2025-09-02 15:38:56'),(408,6,NULL,NULL,NULL,NULL,'7E:A5:C8:0E:3C:6A','941024',210.00,'2025-09-02 16:31:41','2025-09-02 16:31:41'),(413,9,NULL,NULL,NULL,NULL,'14:9F:3C:6B:96:77','205629',1000.00,'2025-09-02 19:10:34','2025-09-02 19:10:34'),(414,6,NULL,NULL,NULL,NULL,'C6:82:84:09:10:28','898669',210.00,'2025-09-02 19:12:17','2025-09-02 19:12:17'),(416,7,NULL,NULL,NULL,NULL,'82:75:18:2D:C9:ED','106085',300.00,'2025-09-02 19:17:46','2025-09-02 19:17:46'),(418,8,NULL,NULL,NULL,NULL,'C2:08:B3:A8:F9:28','220151',500.00,'2025-09-02 19:29:17','2025-09-02 19:29:17'),(419,8,NULL,NULL,NULL,NULL,'82:75:18:2D:C9:ED','294308',500.00,'2025-09-02 19:29:21','2025-09-02 19:29:21'),(420,6,NULL,NULL,NULL,NULL,'C2:08:B3:A8:F9:28','710943',210.00,'2025-09-02 19:31:04','2025-09-02 19:31:04'),(421,8,NULL,NULL,NULL,NULL,'82:75:18:2D:C9:ED','492229',500.00,'2025-09-02 19:31:15','2025-09-02 19:31:15'),(422,7,NULL,NULL,NULL,NULL,'82:75:18:2D:C9:ED','104079',300.00,'2025-09-02 19:32:57','2025-09-02 19:32:57'),(424,8,NULL,NULL,NULL,NULL,'2E:86:96:AC:FF:06','219605',500.00,'2025-09-02 20:05:25','2025-09-02 20:05:25'),(425,8,NULL,NULL,NULL,NULL,'2E:86:96:AC:FF:06','732111',500.00,'2025-09-02 20:09:06','2025-09-02 20:09:06'),(426,8,NULL,NULL,NULL,NULL,'2E:86:96:AC:FF:06','386308',500.00,'2025-09-02 20:10:33','2025-09-02 20:10:33'),(429,9,NULL,NULL,NULL,NULL,'4E:3D:13:06:1F:4B','458902',1000.00,'2025-09-02 20:53:12','2025-09-02 20:53:12'),(430,9,NULL,NULL,NULL,NULL,'4E:3D:13:06:1F:4B','352835',1000.00,'2025-09-02 20:55:29','2025-09-02 20:55:29'),(431,9,NULL,NULL,NULL,NULL,'4E:3D:13:06:1F:4B','792287',1000.00,'2025-09-02 20:56:06','2025-09-02 20:56:06'),(433,8,NULL,NULL,NULL,NULL,'5A:22:D6:25:36:E9','924120',500.00,'2025-09-02 21:38:04','2025-09-16 13:24:39'),(440,8,NULL,NULL,NULL,NULL,'F2:14:5F:EE:3E:9B','229121',500.00,'2025-09-03 06:46:40','2025-09-03 06:46:40'),(443,9,NULL,NULL,NULL,NULL,'CC:3D:82:C5:53:E6','289324',1000.00,'2025-09-03 08:46:20','2025-09-03 08:46:20'),(445,9,NULL,NULL,NULL,NULL,'E2:CA:F4:73:20:C8','465578',1000.00,'2025-09-03 09:11:13','2025-09-03 09:11:13'),(446,9,NULL,NULL,NULL,NULL,'BE:D8:5E:B0:49:F7','874639',1000.00,'2025-09-03 09:13:36','2025-09-03 09:13:36'),(447,8,NULL,NULL,NULL,NULL,'96:D4:9F:81:4D:92','762196',500.00,'2025-09-03 10:59:20','2025-09-03 10:59:20'),(448,8,NULL,NULL,NULL,NULL,'FE:54:93:3B:80:42','245299',500.00,'2025-09-03 11:03:07','2025-09-03 11:03:07'),(449,8,NULL,NULL,NULL,NULL,'FE:54:93:3B:80:42','158616',500.00,'2025-09-03 11:09:43','2025-09-03 11:09:43'),(450,8,NULL,NULL,NULL,NULL,'FE:54:93:3B:80:42','064416',500.00,'2025-09-03 11:40:28','2025-09-03 11:40:28'),(452,8,NULL,NULL,NULL,NULL,'FE:54:93:3B:80:42','152501',500.00,'2025-09-03 11:52:28','2025-09-03 11:52:28'),(453,8,NULL,NULL,NULL,NULL,'FE:54:93:3B:80:42','002330',500.00,'2025-09-03 11:54:00','2025-09-03 11:54:00'),(456,6,NULL,NULL,NULL,NULL,'92:85:32:EB:61:BE','816854',210.00,'2025-09-03 13:42:44','2025-09-03 13:42:44'),(457,6,NULL,NULL,NULL,NULL,'92:85:32:EB:61:BE','079627',210.00,'2025-09-03 13:43:54','2025-09-03 13:43:54'),(458,6,NULL,NULL,NULL,NULL,'92:85:32:EB:61:BE','296170',210.00,'2025-09-03 13:46:12','2025-09-03 13:46:12'),(464,9,NULL,NULL,NULL,NULL,'66:BB:53:AB:22:4E','958938',1000.00,'2025-09-03 17:56:45','2025-09-03 17:56:45'),(474,7,NULL,NULL,NULL,NULL,'82:75:18:2D:C9:ED','767383',300.00,'2025-09-03 20:04:06','2025-09-03 20:04:06'),(476,8,NULL,NULL,NULL,NULL,'82:75:18:2D:C9:ED','255468',500.00,'2025-09-03 20:07:08','2025-09-03 20:07:08'),(477,8,NULL,NULL,NULL,NULL,'82:75:18:2D:C9:ED','206454',500.00,'2025-09-03 20:08:51','2025-09-03 20:08:51'),(478,7,NULL,NULL,NULL,NULL,'9A:0E:0A:D3:60:5E','946263',300.00,'2025-09-03 20:12:58','2025-09-03 20:12:58'),(480,7,NULL,NULL,NULL,NULL,'9A:0E:0A:D3:60:5E','439901',300.00,'2025-09-03 20:16:47','2025-09-03 20:16:47'),(482,8,NULL,NULL,NULL,NULL,'DA:CB:3F:CA:8C:AE','878729',500.00,'2025-09-03 20:18:13','2025-09-03 20:18:13'),(484,9,NULL,NULL,NULL,NULL,'B2:C2:DD:A2:16:D9','613775',1000.00,'2025-09-03 20:47:37','2025-09-03 20:47:37'),(485,7,NULL,NULL,NULL,NULL,'B2:C2:DD:A2:16:D9','193246',300.00,'2025-09-03 20:49:25','2025-09-03 20:49:25'),(486,7,NULL,NULL,NULL,NULL,'B2:C2:DD:A2:16:D9','618213',300.00,'2025-09-03 20:52:14','2025-09-03 20:52:14'),(489,9,NULL,NULL,NULL,NULL,'30:FC:EB:7A:0C:90','167748',1000.00,'2025-09-04 01:29:38','2025-09-04 01:29:38'),(492,6,NULL,NULL,NULL,NULL,'B2:C2:DD:A2:16:D9','769544',210.00,'2025-09-04 08:07:58','2025-09-04 08:07:58'),(495,9,NULL,NULL,NULL,NULL,'08:ED:9D:3D:31:A6','004608',1000.00,'2025-09-04 08:52:11','2025-09-04 08:52:11'),(500,7,NULL,NULL,NULL,NULL,'C6:59:82:AA:84:89','286422',300.00,'2025-09-04 13:50:07','2025-09-04 13:50:07'),(502,9,NULL,NULL,NULL,NULL,'42:B6:CB:A6:FE:13','925000',1000.00,'2025-09-04 14:50:16','2025-09-04 14:50:16'),(504,7,NULL,NULL,NULL,NULL,'42:48:80:8D:93:A4','473237',300.00,'2025-09-04 15:01:57','2025-09-04 15:01:57'),(512,6,NULL,NULL,NULL,NULL,'74:C1:7D:15:5A:9A','058614',210.00,'2025-09-04 16:42:59','2025-09-04 16:42:59'),(514,8,NULL,NULL,NULL,NULL,'22:F0:CA:D5:AF:FC','939197',500.00,'2025-09-04 16:56:17','2025-09-04 16:56:17'),(515,7,NULL,NULL,NULL,NULL,'22:F0:CA:D5:AF:FC','495354',300.00,'2025-09-04 16:58:07','2025-09-04 16:58:07'),(516,6,NULL,NULL,NULL,NULL,'98:6F:60:F2:49:83','574457',210.00,'2025-09-04 17:04:39','2025-09-04 17:04:39'),(517,6,NULL,NULL,NULL,NULL,'98:6F:60:F2:49:83','114473',210.00,'2025-09-04 17:10:52','2025-09-04 17:10:52'),(519,6,NULL,NULL,NULL,NULL,'98:6F:60:F2:49:83','950394',210.00,'2025-09-04 17:15:52','2025-09-04 17:15:52'),(520,6,NULL,NULL,NULL,NULL,'98:6F:60:F2:49:83','662754',210.00,'2025-09-04 17:17:17','2025-09-04 17:17:17'),(521,8,NULL,NULL,NULL,NULL,'98:6F:60:F2:49:83','757580',500.00,'2025-09-04 17:23:18','2025-09-04 17:23:18'),(522,7,NULL,NULL,NULL,NULL,'98:6F:60:F2:49:83','007956',300.00,'2025-09-04 17:26:01','2025-09-04 17:26:01'),(523,8,NULL,NULL,NULL,NULL,'FE:06:92:FA:87:6B','594458',500.00,'2025-09-04 17:42:06','2025-09-04 17:42:06'),(524,8,NULL,NULL,NULL,NULL,'FE:06:92:FA:87:6B','241438',500.00,'2025-09-04 17:44:35','2025-09-04 17:44:35'),(526,10,NULL,NULL,NULL,NULL,'D6:12:9E:9D:91:0E','432972',5000.00,'2025-09-04 17:55:37','2025-09-04 17:55:37'),(528,8,NULL,NULL,NULL,NULL,'D6:12:9E:9D:91:0E','624912',500.00,'2025-09-04 18:01:07','2025-09-04 18:01:07'),(534,8,NULL,NULL,NULL,NULL,'FC:AA:B6:3B:A0:48','320014',500.00,'2025-09-04 20:20:42','2025-09-04 20:20:42'),(538,8,NULL,NULL,NULL,NULL,'3E:A5:2D:34:21:C5','075493',500.00,'2025-09-04 21:48:08','2025-09-04 21:48:08'),(543,6,NULL,NULL,NULL,NULL,'B2:08:B4:45:AA:47','830552',210.00,'2025-09-05 08:59:26','2025-09-05 08:59:26'),(545,6,NULL,NULL,NULL,NULL,'86:87:D5:B9:81:15','404713',210.00,'2025-09-05 10:00:19','2025-09-05 10:00:19'),(548,6,NULL,NULL,NULL,NULL,'36:C9:AA:48:C9:18','629744',210.00,'2025-09-05 11:10:39','2025-09-05 11:10:39'),(550,8,NULL,NULL,NULL,NULL,'6E:86:6A:C0:08:FA','250926',500.00,'2025-09-05 12:14:02','2025-09-05 12:14:02'),(552,9,NULL,NULL,NULL,NULL,'26:21:0C:1C:E5:48','129101',1000.00,'2025-09-05 13:00:27','2025-09-05 13:00:27'),(553,6,NULL,NULL,NULL,NULL,'92:85:32:EB:61:BE','844080',210.00,'2025-09-05 13:05:40','2025-09-05 13:05:40'),(554,9,NULL,NULL,NULL,NULL,'26:21:0C:1C:E5:48','549427',1000.00,'2025-09-05 13:06:15','2025-09-05 13:06:15'),(555,8,NULL,NULL,NULL,NULL,'D4:67:D3:E3:17:BD','269653',500.00,'2025-09-05 13:08:58','2025-09-05 13:08:58'),(556,9,NULL,NULL,NULL,NULL,'14:9F:3C:6B:96:77','488448',1000.00,'2025-09-05 13:45:00','2025-09-05 13:45:00'),(558,8,NULL,NULL,NULL,NULL,'F2:65:ED:BF:19:CD','434830',500.00,'2025-09-05 14:06:03','2025-09-05 14:06:03'),(559,8,NULL,NULL,NULL,NULL,'D4:67:D3:E3:17:BD','992848',500.00,'2025-09-05 14:29:34','2025-09-05 14:29:34'),(560,8,NULL,NULL,NULL,NULL,'10:3F:44:60:C7:32','347306',500.00,'2025-09-05 14:33:41','2025-09-05 14:33:41'),(562,9,NULL,NULL,NULL,NULL,'FA:0A:7A:6C:91:F4','954579',1000.00,'2025-09-05 14:59:39','2025-09-05 14:59:39'),(565,7,NULL,NULL,NULL,NULL,'42:48:80:8D:93:A4','029682',300.00,'2025-09-05 15:53:21','2025-09-05 15:53:21'),(566,7,NULL,NULL,NULL,NULL,'92:A1:9C:9F:90:B5','177376',300.00,'2025-09-05 16:15:36','2025-09-05 16:15:36'),(567,7,NULL,NULL,NULL,NULL,'92:A1:9C:9F:90:B5','887922',300.00,'2025-09-05 16:19:06','2025-09-05 16:19:06'),(568,7,NULL,NULL,NULL,NULL,'42:48:80:8D:93:A4','473872',300.00,'2025-09-05 16:23:05','2025-09-05 16:23:05'),(569,7,NULL,NULL,NULL,NULL,'92:A1:9C:9F:90:B5','182934',300.00,'2025-09-05 16:27:31','2025-09-05 16:27:31'),(570,7,NULL,NULL,NULL,NULL,'92:A1:9C:9F:90:B5','238179',300.00,'2025-09-05 16:29:28','2025-09-05 16:29:28'),(571,8,NULL,NULL,NULL,NULL,'FE:06:92:FA:87:6B','753913',500.00,'2025-09-05 18:12:36','2025-09-05 18:12:36'),(572,9,NULL,NULL,NULL,NULL,'EE:27:90:CF:93:40','164536',1000.00,'2025-09-05 18:42:30','2025-09-05 18:42:30'),(573,8,NULL,NULL,NULL,NULL,'F6:D1:00:86:57:E6','434195',500.00,'2025-09-05 18:43:44','2025-09-05 18:43:44'),(574,8,NULL,NULL,NULL,NULL,'F6:D1:00:86:57:E6','656101',500.00,'2025-09-05 18:55:18','2025-09-05 18:55:18'),(576,9,NULL,NULL,NULL,NULL,'D4:67:D3:E3:17:BD','690433',1000.00,'2025-09-05 19:17:12','2025-09-05 19:17:12'),(577,9,NULL,NULL,NULL,NULL,'D4:67:D3:E3:17:BD','374100',1000.00,'2025-09-05 19:18:49','2025-09-05 19:18:49'),(578,10,NULL,NULL,NULL,NULL,'16:90:94:94:7D:93','345079',5000.00,'2025-09-05 19:19:07','2025-09-05 19:19:07'),(579,8,NULL,NULL,NULL,NULL,'FE:06:92:FA:87:6B','900593',500.00,'2025-09-05 19:19:31','2025-09-05 19:19:31'),(580,8,NULL,NULL,NULL,NULL,'D4:67:D3:E3:17:BD','984494',500.00,'2025-09-05 19:20:51','2025-09-05 19:20:51'),(581,10,NULL,NULL,NULL,NULL,'16:90:94:94:7D:93','571890',5000.00,'2025-09-05 19:21:08','2025-09-05 19:21:08'),(582,9,NULL,NULL,NULL,NULL,'FE:06:92:FA:87:6B','071400',1000.00,'2025-09-05 19:21:44','2025-09-05 19:21:44'),(587,7,NULL,NULL,NULL,NULL,'0A:00:F5:20:D1:35','455226',300.00,'2025-09-05 22:04:31','2025-09-05 22:04:31'),(588,7,NULL,NULL,NULL,NULL,'0A:00:F5:20:D1:35','430446',300.00,'2025-09-05 22:05:24','2025-09-05 22:05:24'),(589,7,NULL,NULL,NULL,NULL,'0A:00:F5:20:D1:35','341126',300.00,'2025-09-05 22:06:44','2025-09-05 22:06:44'),(596,59,NULL,NULL,NULL,NULL,'F0:1F:AF:43:46:02','752769',1000.00,'2025-09-06 10:28:56','2025-09-06 10:28:56'),(597,59,NULL,NULL,NULL,NULL,'F0:1F:AF:43:46:02','123399',1000.00,'2025-09-06 10:29:55','2025-09-06 10:29:55'),(601,9,NULL,NULL,NULL,NULL,'2E:86:96:AC:FF:06','818822',1000.00,'2025-09-06 12:05:27','2025-09-06 12:05:27'),(605,7,NULL,NULL,NULL,NULL,'42:48:80:8D:93:A4','035815',300.00,'2025-09-06 13:19:18','2025-09-06 13:19:18'),(608,9,NULL,NULL,NULL,NULL,'9A:0E:0A:D3:60:5E','283640',1000.00,'2025-09-06 17:01:01','2025-09-06 17:01:01'),(610,23,NULL,NULL,NULL,NULL,'4E:37:21:D1:E9:69','982067',15000.00,'2025-09-06 17:10:18','2025-09-06 17:10:18'),(611,8,NULL,NULL,NULL,NULL,'0A:15:74:AF:16:87','532916',500.00,'2025-09-06 17:50:19','2025-09-06 17:50:19'),(612,7,NULL,NULL,NULL,NULL,'0A:15:74:AF:16:87','059154',300.00,'2025-09-06 17:52:41','2025-09-06 17:52:41'),(613,7,NULL,NULL,NULL,NULL,'22:F0:CA:D5:AF:FC','647772',300.00,'2025-09-06 18:05:35','2025-09-06 18:05:35'),(615,6,NULL,NULL,NULL,NULL,'3A:13:89:8C:B7:66','025855',210.00,'2025-09-06 18:16:21','2025-09-06 18:16:21'),(621,8,NULL,NULL,NULL,NULL,'3E:A5:2D:34:21:C5','725241',500.00,'2025-09-06 19:37:15','2025-09-06 19:37:15'),(622,7,NULL,NULL,NULL,NULL,'C6:82:84:09:10:28','129782',300.00,'2025-09-06 19:47:35','2025-09-06 19:47:35'),(625,7,NULL,NULL,NULL,NULL,'9A:0E:0A:D3:60:5E','137778',300.00,'2025-09-06 20:22:45','2025-09-06 20:22:45'),(626,6,NULL,NULL,NULL,NULL,'9A:0E:0A:D3:60:5E','101648',210.00,'2025-09-06 20:23:58','2025-09-06 20:23:58'),(627,8,NULL,NULL,NULL,NULL,'F2:65:ED:BF:19:CD','371440',500.00,'2025-09-06 20:49:46','2025-09-06 20:49:46'),(628,8,NULL,NULL,NULL,NULL,'F2:65:ED:BF:19:CD','881600',500.00,'2025-09-06 20:52:21','2025-09-06 20:52:21'),(630,8,NULL,NULL,NULL,NULL,'FE:06:92:FA:87:6B','734831',500.00,'2025-09-06 21:03:06','2025-09-06 21:03:06'),(631,8,NULL,NULL,NULL,NULL,'FE:06:92:FA:87:6B','543007',500.00,'2025-09-06 21:04:56','2025-09-06 21:04:56'),(632,8,NULL,NULL,NULL,NULL,'FE:06:92:FA:87:6B','392350',500.00,'2025-09-06 21:09:16','2025-09-06 21:09:16'),(633,8,NULL,NULL,NULL,NULL,'FE:06:92:FA:87:6B','139247',500.00,'2025-09-06 21:22:39','2025-09-06 21:22:39'),(635,8,NULL,NULL,NULL,NULL,'4E:AC:71:9B:AA:D8','570919',500.00,'2025-09-06 22:16:04','2025-09-06 22:16:04'),(636,8,NULL,NULL,NULL,NULL,'FA:EE:D5:8C:58:74','459201',500.00,'2025-09-06 22:17:45','2025-09-06 22:17:45'),(637,8,NULL,NULL,NULL,NULL,'4E:AC:71:9B:AA:D8','906762',500.00,'2025-09-06 22:19:09','2025-09-06 22:19:09'),(638,8,NULL,NULL,NULL,NULL,'FA:EE:D5:8C:58:74','029415',500.00,'2025-09-06 22:20:43','2025-09-06 22:20:43'),(639,8,NULL,NULL,NULL,NULL,'FA:EE:D5:8C:58:74','798804',500.00,'2025-09-06 22:22:40','2025-09-06 22:22:40'),(641,8,NULL,NULL,NULL,NULL,'F2:65:ED:BF:19:CD','316227',500.00,'2025-09-07 03:30:40','2025-09-07 03:30:40'),(645,6,NULL,NULL,NULL,NULL,'98:6F:60:F2:49:83','139863',210.00,'2025-09-07 06:46:05','2025-09-07 06:46:05'),(648,6,NULL,NULL,NULL,NULL,'44:91:60:EA:98:8E','427305',210.00,'2025-09-07 10:14:14','2025-09-07 10:14:14'),(651,10,NULL,NULL,NULL,NULL,'BE:B3:CB:9E:09:DC','101057',5000.00,'2025-09-07 10:46:51','2025-09-07 10:46:51'),(652,8,NULL,NULL,NULL,NULL,'5A:89:1E:4F:60:20','838115',500.00,'2025-09-07 10:51:37','2025-09-07 10:51:37'),(653,8,NULL,NULL,NULL,NULL,'BE:B3:CB:9E:09:DC','149085',500.00,'2025-09-07 10:56:54','2025-09-07 10:56:54'),(655,8,NULL,NULL,NULL,NULL,'5A:89:1E:4F:60:20','665093',500.00,'2025-09-07 11:11:46','2025-09-07 11:11:46'),(657,8,NULL,NULL,NULL,NULL,'5A:89:1E:4F:60:20','879217',500.00,'2025-09-07 11:12:34','2025-09-07 11:12:34'),(659,8,NULL,NULL,NULL,NULL,'82:75:18:2D:C9:ED','428447',500.00,'2025-09-07 13:51:52','2025-09-07 13:51:52'),(660,8,NULL,NULL,NULL,NULL,'9A:0E:0A:D3:60:5E','196591',500.00,'2025-09-07 13:52:43','2025-09-07 13:52:43'),(664,7,NULL,NULL,NULL,NULL,'9A:0E:0A:D3:60:5E','431661',300.00,'2025-09-07 16:28:30','2025-09-07 16:28:30'),(665,7,NULL,NULL,NULL,NULL,'9A:0E:0A:D3:60:5E','014698',300.00,'2025-09-07 16:30:27','2025-09-07 16:30:27'),(666,7,NULL,NULL,NULL,NULL,'9A:0E:0A:D3:60:5E','041865',300.00,'2025-09-07 16:35:02','2025-09-07 16:35:02'),(667,7,NULL,NULL,NULL,NULL,'9A:0E:0A:D3:60:5E','971495',300.00,'2025-09-07 16:36:23','2025-09-07 16:36:23'),(668,8,NULL,NULL,NULL,NULL,'9A:0E:0A:D3:60:5E','908369',500.00,'2025-09-07 16:41:14','2025-09-07 16:41:14'),(672,8,NULL,NULL,NULL,NULL,'2E:02:FF:6E:4D:83','674139',500.00,'2025-09-07 17:49:02','2025-09-07 17:49:02'),(678,8,NULL,NULL,NULL,NULL,'82:75:18:2D:C9:ED','192251',500.00,'2025-09-07 19:09:02','2025-09-07 19:09:02'),(679,8,NULL,NULL,NULL,NULL,'9A:0E:0A:D3:60:5E','999920',500.00,'2025-09-07 19:13:44','2025-09-07 19:13:44'),(683,7,NULL,NULL,NULL,NULL,'C6:82:84:09:10:28','855035',300.00,'2025-09-07 20:04:26','2025-09-07 20:04:26'),(685,7,NULL,NULL,NULL,NULL,'C6:82:84:09:10:28','568633',300.00,'2025-09-07 20:15:41','2025-09-07 20:15:41'),(688,8,NULL,NULL,NULL,NULL,'FE:06:92:FA:87:6B','937268',500.00,'2025-09-07 21:06:03','2025-09-07 21:06:03'),(689,10,NULL,NULL,NULL,NULL,'54:72:0D:21:02:90','991377',5000.00,'2025-09-08 06:43:50','2025-09-08 06:43:50'),(690,10,NULL,NULL,NULL,NULL,'54:72:0D:21:02:90','681026',5000.00,'2025-09-08 06:51:28','2025-09-08 06:51:28'),(691,9,NULL,NULL,NULL,NULL,'BA:39:52:5C:0D:F2','235200',1000.00,'2025-09-08 08:34:33','2025-09-08 08:34:33'),(692,9,NULL,NULL,NULL,NULL,'6A:8D:55:4F:DE:15','857474',1000.00,'2025-09-08 08:40:07','2025-09-08 08:40:07'),(693,9,NULL,NULL,NULL,NULL,'62:98:4F:47:C4:C9','672440',1000.00,'2025-09-08 09:33:38','2025-09-08 09:33:38'),(696,8,NULL,NULL,NULL,NULL,'5A:22:D6:25:36:E9','519889',500.00,'2025-09-08 11:22:48','2025-09-08 11:22:48'),(699,8,NULL,NULL,NULL,NULL,'CA:72:22:4C:C5:32','888176',500.00,'2025-09-08 11:24:10','2025-09-08 11:24:10'),(701,8,NULL,NULL,NULL,NULL,'FE:06:92:FA:87:6B','489638',500.00,'2025-09-08 15:51:12','2025-09-08 15:51:12'),(702,8,NULL,NULL,NULL,NULL,'FE:06:92:FA:87:6B','065117',500.00,'2025-09-08 15:53:59','2025-09-08 15:53:59'),(703,8,NULL,NULL,NULL,NULL,'FE:06:92:FA:87:6B','754110',500.00,'2025-09-08 15:56:52','2025-09-08 15:56:52'),(708,9,NULL,NULL,NULL,NULL,'20:26:81:EC:2E:02','997050',1000.00,'2025-09-08 17:42:06','2025-09-08 17:42:06'),(712,8,NULL,NULL,NULL,NULL,'D6:12:9E:9D:91:0E','402499',500.00,'2025-09-08 18:58:07','2025-09-08 18:58:07'),(714,7,NULL,NULL,NULL,NULL,'80:79:5D:85:E3:B1','904842',300.00,'2025-09-08 19:01:23','2025-09-08 19:01:23'),(717,9,NULL,NULL,NULL,NULL,'0A:00:F5:20:D1:35','157486',1000.00,'2025-09-08 19:04:11','2025-09-08 19:04:11'),(718,8,NULL,NULL,NULL,NULL,'92:85:32:EB:61:BE','891641',500.00,'2025-09-08 19:12:57','2025-09-08 19:12:57'),(722,7,NULL,NULL,NULL,NULL,'C6:82:84:09:10:28','993842',300.00,'2025-09-08 19:30:49','2025-09-08 19:30:49'),(724,9,NULL,NULL,NULL,NULL,'14:9F:3C:6B:96:77','759058',1000.00,'2025-09-08 19:52:13','2025-09-08 19:52:13'),(729,10,NULL,NULL,NULL,NULL,'54:72:0D:21:02:90','502662',5000.00,'2025-09-09 06:24:24','2025-09-09 06:24:24'),(734,7,NULL,NULL,NULL,NULL,'82:5D:D4:03:8A:8F','860697',300.00,'2025-09-09 11:24:21','2025-09-09 11:24:21'),(736,62,NULL,NULL,NULL,NULL,'FA:16:BC:FD:54:06','176739',1000.00,'2025-09-09 13:26:15','2025-09-09 13:26:15'),(738,62,NULL,NULL,NULL,NULL,'62:7C:86:26:A3:E2','285138',1000.00,'2025-09-09 13:34:29','2025-09-09 13:34:29'),(739,8,NULL,NULL,NULL,NULL,'5A:22:D6:25:36:E9','184839',500.00,'2025-09-09 13:41:44','2025-09-09 13:41:44'),(741,8,NULL,NULL,NULL,NULL,'5A:22:D6:25:36:E9','078636',500.00,'2025-09-09 13:56:34','2025-09-09 13:56:34'),(742,8,NULL,NULL,NULL,NULL,'5A:22:D6:25:36:E9','136680',500.00,'2025-09-09 14:05:20','2025-09-09 14:05:20'),(743,8,NULL,NULL,NULL,NULL,'5A:22:D6:25:36:E9','630065',500.00,'2025-09-09 14:08:51','2025-09-09 14:08:51'),(744,8,NULL,NULL,NULL,NULL,'5A:22:D6:25:36:E9','666275',500.00,'2025-09-09 14:09:30','2025-09-09 14:09:30'),(745,8,NULL,NULL,NULL,NULL,'5A:22:D6:25:36:E9','162620',500.00,'2025-09-09 15:05:37','2025-09-09 15:05:37'),(746,8,NULL,NULL,NULL,NULL,'FC:AA:B6:3B:A0:48','998592',500.00,'2025-09-09 15:05:54','2025-09-09 15:05:54'),(750,8,NULL,NULL,NULL,NULL,'FC:AA:B6:3B:A0:48','317349',500.00,'2025-09-09 18:01:02','2025-09-09 18:01:02'),(751,8,NULL,NULL,NULL,NULL,'FC:AA:B6:3B:A0:48','915448',500.00,'2025-09-09 18:04:22','2025-09-09 18:04:22'),(754,9,NULL,NULL,NULL,NULL,'14:9F:3C:6B:96:77','744153',1000.00,'2025-09-09 18:10:25','2025-09-09 18:10:25'),(760,6,NULL,NULL,NULL,NULL,'22:CA:22:F4:49:10','153935',210.00,'2025-09-09 19:37:33','2025-09-09 19:37:33'),(762,9,NULL,NULL,NULL,NULL,'FE:06:92:FA:87:6B','101186',1000.00,'2025-09-09 20:29:09','2025-09-09 20:29:09'),(763,9,NULL,NULL,NULL,NULL,'FE:06:92:FA:87:6B','262337',1000.00,'2025-09-09 20:38:29','2025-09-09 20:38:29'),(764,9,NULL,NULL,NULL,NULL,'FE:06:92:FA:87:6B','854350',1000.00,'2025-09-09 20:40:19','2025-09-09 20:40:19'),(768,7,NULL,NULL,NULL,NULL,'EE:27:90:CF:93:40','915510',300.00,'2025-09-10 05:44:55','2025-09-10 05:44:55'),(769,8,NULL,NULL,NULL,NULL,'EE:27:90:CF:93:40','712727',500.00,'2025-09-10 05:46:24','2025-09-10 05:46:24'),(770,9,NULL,NULL,NULL,NULL,'14:9F:3C:6B:96:77','736283',1000.00,'2025-09-10 07:14:33','2025-09-10 07:14:33'),(771,7,NULL,NULL,NULL,NULL,'FC:AA:B6:3B:A0:48','052202',300.00,'2025-09-10 07:15:03','2025-09-10 07:15:03'),(773,6,NULL,NULL,NULL,NULL,'FC:AA:B6:3B:A0:48','292714',210.00,'2025-09-10 07:15:59','2025-09-10 07:15:59'),(774,6,NULL,NULL,NULL,NULL,'FC:AA:B6:3B:A0:48','230045',210.00,'2025-09-10 07:17:25','2025-09-10 07:17:25'),(775,8,NULL,NULL,NULL,NULL,'CA:72:22:4C:C5:32','933484',500.00,'2025-09-10 07:30:58','2025-09-10 07:30:58'),(778,7,NULL,NULL,NULL,NULL,'FE:06:92:FA:87:6B','278919',300.00,'2025-09-10 11:15:38','2025-09-10 11:15:38'),(780,8,NULL,NULL,NULL,NULL,'7E:28:9B:C1:AB:64','861514',500.00,'2025-09-10 12:36:58','2025-09-10 12:36:58'),(781,8,NULL,NULL,NULL,NULL,'7E:28:9B:C1:AB:64','946299',500.00,'2025-09-10 12:39:51','2025-09-10 12:39:51'),(783,8,NULL,NULL,NULL,NULL,'7E:28:9B:C1:AB:64','530175',500.00,'2025-09-10 13:14:01','2025-09-10 13:14:01'),(784,8,NULL,NULL,NULL,NULL,'7E:28:9B:C1:AB:64','417577',500.00,'2025-09-10 13:15:16','2025-09-10 13:15:16'),(785,6,NULL,NULL,NULL,NULL,'92:85:32:EB:61:BE','063351',210.00,'2025-09-10 13:18:46','2025-09-10 13:18:46'),(790,6,NULL,NULL,NULL,NULL,'86:87:D5:B9:81:15','238370',210.00,'2025-09-10 15:51:28','2025-09-10 15:51:28'),(793,8,NULL,NULL,NULL,NULL,'66:17:FF:FB:CA:6E','278588',500.00,'2025-09-10 16:37:13','2025-09-10 16:37:13'),(794,8,NULL,NULL,NULL,NULL,'66:17:FF:FB:CA:6E','238237',500.00,'2025-09-10 16:38:03','2025-09-10 16:38:03'),(798,6,NULL,NULL,NULL,NULL,'92:85:32:EB:61:BE','267438',210.00,'2025-09-10 18:54:33','2025-09-10 18:54:33'),(802,9,NULL,NULL,NULL,NULL,'86:87:D5:B9:81:15','146637',1000.00,'2025-09-10 19:54:07','2025-09-10 19:54:07'),(806,6,NULL,NULL,NULL,NULL,'58:C9:35:97:DA:42','011741',210.00,'2025-09-10 20:44:13','2025-09-10 20:44:13'),(812,8,NULL,NULL,NULL,NULL,'CE:42:78:C4:E6:C9','871269',500.00,'2025-09-11 06:26:50','2025-09-11 06:26:50'),(813,8,NULL,NULL,NULL,NULL,'CE:42:78:C4:E6:C9','650183',500.00,'2025-09-11 06:29:31','2025-09-11 06:29:31'),(814,8,NULL,NULL,NULL,NULL,'CE:42:78:C4:E6:C9','443316',500.00,'2025-09-11 06:40:10','2025-09-11 06:40:10'),(815,8,NULL,NULL,NULL,NULL,'CE:42:78:C4:E6:C9','448720',500.00,'2025-09-11 06:47:40','2025-09-11 06:47:40'),(817,8,NULL,NULL,NULL,NULL,'CE:42:78:C4:E6:C9','339153',500.00,'2025-09-11 07:11:56','2025-09-11 07:11:56'),(818,7,NULL,NULL,NULL,NULL,'CE:42:78:C4:E6:C9','928775',300.00,'2025-09-11 07:46:44','2025-09-11 07:46:44'),(819,9,NULL,NULL,NULL,NULL,'7E:28:9B:C1:AB:64','466385',1000.00,'2025-09-11 15:22:50','2025-09-11 15:22:50'),(820,6,NULL,NULL,NULL,NULL,'7E:28:9B:C1:AB:64','074811',210.00,'2025-09-11 15:28:15','2025-09-11 15:28:15'),(835,7,NULL,NULL,NULL,NULL,'C6:82:84:09:10:28','733504',300.00,'2025-09-11 19:59:55','2025-09-11 19:59:55'),(841,6,NULL,NULL,NULL,NULL,'22:6A:1A:31:4A:46','518867',210.00,'2025-09-11 21:51:15','2025-09-11 21:51:15'),(842,6,NULL,NULL,NULL,NULL,'22:6A:1A:31:4A:46','631953',210.00,'2025-09-11 21:53:06','2025-09-11 21:53:06'),(843,6,NULL,NULL,NULL,NULL,'10:3F:44:60:C7:32','736688',210.00,'2025-09-11 22:36:17','2025-09-11 22:36:17'),(845,10,NULL,NULL,NULL,NULL,'54:72:0D:21:02:90','132230',5000.00,'2025-09-12 05:52:41','2025-09-12 05:52:41'),(847,8,NULL,NULL,NULL,NULL,'7E:28:9B:C1:AB:64','636499',500.00,'2025-09-12 07:04:29','2025-09-12 07:04:29'),(848,6,NULL,NULL,NULL,NULL,'7E:28:9B:C1:AB:64','453763',210.00,'2025-09-12 07:18:20','2025-09-12 07:18:20'),(852,6,NULL,NULL,NULL,NULL,'4C:63:71:96:C0:61','858471',210.00,'2025-09-12 08:51:19','2025-09-12 08:51:19'),(853,8,NULL,NULL,NULL,NULL,'4C:63:71:96:C0:61','111146',500.00,'2025-09-12 08:53:07','2025-09-12 08:53:07'),(854,8,NULL,NULL,NULL,NULL,'4C:63:71:96:C0:61','929289',500.00,'2025-09-12 08:53:54','2025-09-12 08:53:54'),(856,8,NULL,NULL,NULL,NULL,'86:87:D5:B9:81:15','389306',500.00,'2025-09-12 08:58:45','2025-09-12 08:58:45'),(857,8,NULL,NULL,NULL,NULL,'86:87:D5:B9:81:15','768933',500.00,'2025-09-12 08:59:55','2025-09-12 08:59:55'),(858,7,NULL,NULL,NULL,NULL,'86:87:D5:B9:81:15','857539',300.00,'2025-09-12 09:00:52','2025-09-12 09:00:52'),(859,7,NULL,NULL,NULL,NULL,'86:87:D5:B9:81:15','335949',300.00,'2025-09-12 09:01:23','2025-09-12 09:01:23'),(860,8,NULL,NULL,NULL,NULL,'86:87:D5:B9:81:15','730312',500.00,'2025-09-12 09:04:17','2025-09-12 09:04:17'),(861,9,NULL,NULL,NULL,NULL,'BA:D2:DD:68:55:2A','706538',1000.00,'2025-09-12 09:07:39','2025-09-12 09:07:39'),(862,8,NULL,NULL,NULL,NULL,'86:87:D5:B9:81:15','973935',500.00,'2025-09-12 09:08:33','2025-09-12 09:08:33'),(864,6,NULL,NULL,NULL,NULL,'DE:98:99:5B:C0:28','397195',210.00,'2025-09-12 12:45:18','2025-09-12 12:45:18'),(865,9,NULL,NULL,NULL,NULL,'D0:2A:AA:90:40:ED','153324',1000.00,'2025-09-12 12:46:04','2025-09-12 12:46:04'),(866,7,NULL,NULL,NULL,NULL,'6E:17:7E:77:CC:17','672097',300.00,'2025-09-12 14:38:30','2025-09-12 14:38:30'),(867,7,NULL,NULL,NULL,NULL,'EE:27:90:CF:93:40','898526',300.00,'2025-09-12 14:45:46','2025-09-12 14:45:46'),(868,7,NULL,NULL,NULL,NULL,'EE:27:90:CF:93:40','061276',300.00,'2025-09-12 14:47:22','2025-09-12 14:47:22'),(869,7,NULL,NULL,NULL,NULL,'22:6A:1A:31:4A:46','938810',300.00,'2025-09-12 14:59:56','2025-09-12 14:59:56'),(870,6,NULL,NULL,NULL,NULL,'22:6A:1A:31:4A:46','918421',210.00,'2025-09-12 15:00:38','2025-09-12 15:00:38'),(873,24,NULL,NULL,NULL,NULL,'BE:B3:CB:9E:09:DC','302512',2500.00,'2025-09-12 15:54:01','2025-09-12 15:54:01'),(875,8,NULL,NULL,NULL,NULL,'0A:15:74:AF:16:87','254393',500.00,'2025-09-12 16:56:36','2025-09-12 16:56:36'),(876,8,NULL,NULL,NULL,NULL,'0A:15:74:AF:16:87','992707',500.00,'2025-09-12 16:59:32','2025-09-12 16:59:32'),(877,8,NULL,NULL,NULL,NULL,'0A:15:74:AF:16:87','421993',500.00,'2025-09-12 17:01:09','2025-09-12 17:01:09'),(878,8,NULL,NULL,NULL,NULL,'0A:15:74:AF:16:87','781350',500.00,'2025-09-12 17:02:19','2025-09-12 17:02:19'),(879,8,NULL,NULL,NULL,NULL,'0A:15:74:AF:16:87','645740',500.00,'2025-09-12 17:03:29','2025-09-12 17:03:29'),(881,8,NULL,NULL,NULL,NULL,'0A:15:74:AF:16:87','223010',500.00,'2025-09-12 17:08:17','2025-09-12 17:08:17'),(882,8,NULL,NULL,NULL,NULL,'0A:15:74:AF:16:87','277207',500.00,'2025-09-12 17:08:52','2025-09-12 17:08:52'),(886,8,NULL,NULL,NULL,NULL,'46:77:95:51:89:9D','664535',500.00,'2025-09-12 18:00:05','2025-09-12 18:00:05'),(887,8,NULL,NULL,NULL,NULL,'46:77:95:51:89:9D','193286',500.00,'2025-09-12 18:02:52','2025-09-12 18:02:52'),(888,8,NULL,NULL,NULL,NULL,'46:77:95:51:89:9D','671106',500.00,'2025-09-12 18:05:47','2025-09-12 18:05:47'),(889,8,NULL,NULL,NULL,NULL,'46:77:95:51:89:9D','865609',500.00,'2025-09-12 18:06:32','2025-09-12 18:06:32'),(890,8,NULL,NULL,NULL,NULL,'4E:63:7D:67:95:A8','159519',500.00,'2025-09-12 18:11:42','2025-09-12 18:11:42'),(891,8,NULL,NULL,NULL,NULL,'4E:63:7D:67:95:A8','618600',500.00,'2025-09-12 18:14:22','2025-09-12 18:14:22'),(892,8,NULL,NULL,NULL,NULL,'4E:63:7D:67:95:A8','049469',500.00,'2025-09-12 18:15:44','2025-09-12 18:15:44'),(893,8,NULL,NULL,NULL,NULL,'4E:63:7D:67:95:A8','903889',500.00,'2025-09-12 18:16:03','2025-09-12 18:16:03'),(895,8,NULL,NULL,NULL,NULL,'4E:63:7D:67:95:A8','492567',500.00,'2025-09-12 18:22:15','2025-09-12 18:22:15'),(896,8,NULL,NULL,NULL,NULL,'54:72:0D:21:02:90','303665',500.00,'2025-09-12 18:30:34','2025-09-12 18:30:34'),(897,7,NULL,NULL,NULL,NULL,'54:72:0D:21:02:90','599715',300.00,'2025-09-12 18:32:25','2025-09-12 18:32:25'),(899,9,NULL,NULL,NULL,NULL,'16:90:94:94:7D:93','690655',1000.00,'2025-09-12 19:34:04','2025-09-12 19:34:04'),(900,6,NULL,NULL,NULL,NULL,'62:DE:8D:9D:2E:58','647144',210.00,'2025-09-12 19:35:27','2025-09-12 19:35:27'),(903,7,NULL,NULL,NULL,NULL,'F2:C6:C1:71:E4:92','564012',300.00,'2025-09-12 21:20:37','2025-09-12 21:20:37'),(904,26,NULL,NULL,NULL,NULL,'C2:07:CA:D4:63:E8','426205',7000.00,'2025-09-13 04:53:42','2025-09-13 04:53:42'),(907,7,NULL,NULL,NULL,NULL,'DA:CB:3F:CA:8C:AE','545659',300.00,'2025-09-13 07:09:29','2025-09-13 07:09:29'),(909,8,NULL,NULL,NULL,NULL,'86:B6:B4:B9:05:BA','027515',500.00,'2025-09-13 07:29:58','2025-09-13 07:29:58'),(910,8,NULL,NULL,NULL,NULL,'10:3F:44:60:C7:32','241488',500.00,'2025-09-13 07:30:41','2025-09-13 07:30:41'),(911,8,NULL,NULL,NULL,NULL,'86:B6:B4:B9:05:BA','411110',500.00,'2025-09-13 07:30:54','2025-09-13 07:30:54'),(912,8,NULL,NULL,NULL,NULL,'86:B6:B4:B9:05:BA','087446',500.00,'2025-09-13 07:31:45','2025-09-13 07:31:45'),(913,8,NULL,NULL,NULL,NULL,'10:3F:44:60:C7:32','741525',500.00,'2025-09-13 07:32:34','2025-09-13 07:32:34'),(914,8,NULL,NULL,NULL,NULL,'0E:12:73:FB:15:E1','590658',500.00,'2025-09-13 07:32:52','2025-09-13 07:32:52'),(915,8,NULL,NULL,NULL,NULL,'10:3F:44:60:C7:32','447790',500.00,'2025-09-13 07:34:53','2025-09-13 07:34:53'),(916,7,NULL,NULL,NULL,NULL,'86:B6:B4:B9:05:BA','517173',300.00,'2025-09-13 07:35:08','2025-09-13 07:35:08'),(917,8,NULL,NULL,NULL,NULL,'86:B6:B4:B9:05:BA','443493',500.00,'2025-09-13 07:37:23','2025-09-13 07:37:23'),(918,8,NULL,NULL,NULL,NULL,'86:B6:B4:B9:05:BA','623957',500.00,'2025-09-13 07:39:02','2025-09-13 07:39:02'),(919,8,NULL,NULL,NULL,NULL,'10:3F:44:60:C7:32','277482',500.00,'2025-09-13 07:40:02','2025-09-13 07:40:02'),(921,8,NULL,NULL,NULL,NULL,'32:FE:B8:B0:34:56','657038',500.00,'2025-09-13 07:52:35','2025-09-13 07:52:35'),(925,7,NULL,NULL,NULL,NULL,'0A:00:F5:20:D1:35','708417',300.00,'2025-09-13 10:31:45','2025-09-13 10:31:45'),(926,6,NULL,NULL,NULL,NULL,'0A:00:F5:20:D1:35','171721',210.00,'2025-09-13 10:32:46','2025-09-13 10:32:46'),(928,9,NULL,NULL,NULL,NULL,'BE:13:B8:AF:2F:FD','873959',1000.00,'2025-09-13 12:21:10','2025-09-13 12:21:10'),(933,6,NULL,NULL,NULL,NULL,'D0:2A:AA:90:40:ED','899376',210.00,'2025-09-13 14:08:37','2025-09-13 14:08:37'),(939,9,NULL,NULL,NULL,NULL,'3E:A5:2D:34:21:C5','391305',1000.00,'2025-09-13 19:04:16','2025-09-13 19:04:16'),(941,8,NULL,NULL,NULL,NULL,'9A:0E:0A:D3:60:5E','123895',500.00,'2025-09-13 19:21:55','2025-09-13 19:21:55'),(946,24,NULL,NULL,NULL,NULL,'62:06:D0:8C:47:36','773132',2500.00,'2025-09-13 21:33:01','2025-09-13 21:33:01'),(951,7,NULL,NULL,NULL,NULL,'34:82:C5:A8:29:D5','578939',300.00,'2025-09-13 23:26:22','2025-09-13 23:26:22'),(952,7,NULL,NULL,NULL,NULL,'4E:63:7D:67:95:A8','415842',300.00,'2025-09-13 23:39:31','2025-09-13 23:39:31'),(955,9,NULL,NULL,NULL,NULL,'6A:63:B7:3F:DD:C6','256715',1000.00,'2025-09-14 06:21:06','2025-09-14 06:21:06'),(956,6,NULL,NULL,NULL,NULL,'6A:63:B7:3F:DD:C6','920406',210.00,'2025-09-14 06:24:29','2025-09-14 06:24:29'),(957,9,NULL,NULL,NULL,NULL,'6A:63:B7:3F:DD:C6','156802',1000.00,'2025-09-14 06:25:44','2025-09-14 06:25:44'),(958,9,NULL,NULL,NULL,NULL,'6A:63:B7:3F:DD:C6','599500',1000.00,'2025-09-14 06:26:44','2025-09-14 06:26:44'),(959,9,NULL,NULL,NULL,NULL,'6A:63:B7:3F:DD:C6','195764',1000.00,'2025-09-14 06:30:34','2025-09-14 06:30:34'),(960,9,NULL,NULL,NULL,NULL,'6A:63:B7:3F:DD:C6','005806',1000.00,'2025-09-14 06:34:56','2025-09-14 06:34:56'),(963,7,NULL,NULL,NULL,NULL,'7C:1C:68:44:0C:6E','330009',300.00,'2025-09-14 07:43:46','2025-09-14 07:43:46'),(967,9,NULL,NULL,NULL,NULL,'22:6A:1A:31:4A:46','287967',1000.00,'2025-09-14 08:48:48','2025-09-14 08:48:48'),(969,8,NULL,NULL,NULL,NULL,'9A:0E:0A:D3:60:5E','156060',500.00,'2025-09-14 09:07:42','2025-09-14 09:07:42'),(970,7,NULL,NULL,NULL,NULL,'9A:0E:0A:D3:60:5E','048840',300.00,'2025-09-14 09:11:27','2025-09-14 09:11:27'),(971,6,NULL,NULL,NULL,NULL,'9A:0E:0A:D3:60:5E','167570',210.00,'2025-09-14 09:12:26','2025-09-14 09:12:26'),(976,8,NULL,NULL,NULL,NULL,'CA:72:22:4C:C5:32','177854',500.00,'2025-09-14 10:22:45','2025-09-14 10:22:45'),(978,8,NULL,NULL,NULL,NULL,'6A:86:AF:78:71:7A','301248',500.00,'2025-09-14 10:37:42','2025-09-14 10:37:42'),(982,9,NULL,NULL,NULL,NULL,'A8:13:06:C0:4E:B3','485636',1000.00,'2025-09-14 14:18:49','2025-09-14 14:18:49'),(983,9,NULL,NULL,NULL,NULL,'F2:C6:C1:71:E4:92','110205',1000.00,'2025-09-14 14:40:39','2025-09-14 14:40:39'),(985,8,NULL,NULL,NULL,NULL,'22:F0:CA:D5:AF:FC','909880',500.00,'2025-09-14 15:27:54','2025-09-14 15:27:54'),(987,6,NULL,NULL,NULL,NULL,'58:C9:35:97:DA:42','702957',210.00,'2025-09-14 16:08:15','2025-09-14 16:08:15'),(988,6,NULL,NULL,NULL,NULL,'58:C9:35:97:DA:42','268492',210.00,'2025-09-14 16:09:20','2025-09-14 16:09:20'),(990,6,NULL,NULL,NULL,NULL,'92:85:32:EB:61:BE','206039',210.00,'2025-09-14 17:42:50','2025-09-14 17:42:50'),(991,6,NULL,NULL,NULL,NULL,'92:85:32:EB:61:BE','363206',210.00,'2025-09-14 17:45:34','2025-09-14 17:45:34'),(997,24,NULL,NULL,NULL,NULL,'5C:C5:D4:F0:72:92','010919',2500.00,'2025-09-14 19:41:07','2025-09-14 19:41:07'),(998,24,NULL,NULL,NULL,NULL,'5C:C5:D4:F0:72:92','476927',2500.00,'2025-09-14 19:46:27','2025-09-14 19:46:27'),(999,9,NULL,NULL,NULL,NULL,'2A:01:6A:E3:EF:FF','980147',1000.00,'2025-09-14 19:53:10','2025-09-14 19:53:10'),(1002,9,NULL,NULL,NULL,NULL,'5C:C5:D4:F0:72:92','652761',1000.00,'2025-09-14 22:01:40','2025-09-14 22:01:40'),(1007,6,NULL,NULL,NULL,NULL,'DE:AC:4C:36:26:06','596329',210.00,'2025-09-15 05:46:00','2025-09-15 05:46:00'),(1008,7,NULL,NULL,NULL,NULL,'FE:06:92:FA:87:6B','925376',300.00,'2025-09-15 06:08:35','2025-09-15 06:08:35'),(1009,6,NULL,NULL,NULL,NULL,'FE:06:92:FA:87:6B','015309',210.00,'2025-09-15 06:11:18','2025-09-15 06:11:18'),(1010,6,NULL,NULL,NULL,NULL,'FE:06:92:FA:87:6B','195153',210.00,'2025-09-15 06:13:09','2025-09-15 06:13:09'),(1011,6,NULL,NULL,NULL,NULL,'FE:06:92:FA:87:6B','148558',210.00,'2025-09-15 06:15:04','2025-09-15 06:15:04'),(1012,9,NULL,NULL,NULL,NULL,'5A:22:D6:25:36:E9','109979',1000.00,'2025-09-15 06:35:19','2025-09-15 06:35:19'),(1017,8,NULL,NULL,NULL,NULL,'5A:2A:26:B9:46:80','765739',500.00,'2025-09-15 11:56:54','2025-09-15 11:56:54'),(1025,9,NULL,NULL,NULL,NULL,'F4:60:E2:58:0E:DA','098058',1000.00,'2025-09-15 15:50:44','2025-09-15 15:50:44'),(1027,9,NULL,NULL,NULL,NULL,'B2:08:B4:45:AA:47','240420',1000.00,'2025-09-15 17:34:18','2025-09-15 17:34:18'),(1031,8,NULL,NULL,NULL,NULL,'10:3F:44:60:C7:32','922816',500.00,'2025-09-15 18:05:45','2025-09-15 18:05:45'),(1032,8,NULL,NULL,NULL,NULL,'22:F0:CA:D5:AF:FC','873870',500.00,'2025-09-15 18:18:00','2025-09-15 18:18:00'),(1033,8,NULL,NULL,NULL,NULL,'22:F0:CA:D5:AF:FC','484639',500.00,'2025-09-15 18:18:56','2025-09-15 18:18:56'),(1034,6,NULL,NULL,NULL,NULL,'60:F1:89:64:28:26','822853',210.00,'2025-09-15 18:22:51','2025-09-15 18:22:51'),(1035,10,NULL,NULL,NULL,NULL,'22:F0:CA:D5:AF:FC','725499',5000.00,'2025-09-15 18:22:57','2025-09-15 18:22:57'),(1036,8,NULL,NULL,NULL,NULL,'22:F0:CA:D5:AF:FC','527504',500.00,'2025-09-15 18:23:45','2025-09-15 18:23:45'),(1039,24,NULL,NULL,NULL,NULL,'3A:13:89:8C:B7:66','211701',2500.00,'2025-09-15 18:40:07','2025-09-15 18:40:07'),(1040,6,NULL,NULL,NULL,NULL,'92:85:32:EB:61:BE','482024',210.00,'2025-09-15 18:45:03','2025-09-15 18:45:03'),(1041,24,NULL,NULL,NULL,NULL,'3A:13:89:8C:B7:66','305376',2500.00,'2025-09-15 18:47:11','2025-09-15 18:47:11'),(1042,24,NULL,NULL,NULL,NULL,'3A:13:89:8C:B7:66','369040',2500.00,'2025-09-15 18:48:39','2025-09-15 18:48:39'),(1044,9,NULL,NULL,NULL,NULL,'5C:C5:D4:F0:72:92','669535',1000.00,'2025-09-15 19:15:05','2025-09-15 19:15:05'),(1045,9,NULL,NULL,NULL,NULL,'5C:C5:D4:F0:72:92','687002',1000.00,'2025-09-15 19:19:48','2025-09-15 19:19:48'),(1046,9,NULL,NULL,NULL,NULL,'5C:C5:D4:F0:72:92','110815',1000.00,'2025-09-15 19:20:13','2025-09-15 19:20:13'),(1047,9,NULL,NULL,NULL,NULL,'5C:C5:D4:F0:72:92','669919',1000.00,'2025-09-15 19:20:15','2025-09-15 19:20:15'),(1048,6,NULL,NULL,NULL,NULL,'5C:C5:D4:F0:72:92','487682',210.00,'2025-09-15 19:20:24','2025-09-15 19:20:24'),(1049,6,NULL,NULL,NULL,NULL,'A2:0F:93:4E:A6:AC','296874',210.00,'2025-09-15 19:28:53','2025-09-15 19:28:53'),(1050,24,NULL,NULL,NULL,NULL,'3A:13:89:8C:B7:66','660271',2500.00,'2025-09-15 19:30:33','2025-09-15 19:30:33'),(1052,8,NULL,NULL,NULL,NULL,'D6:12:9E:9D:91:0E','580032',500.00,'2025-09-15 19:36:07','2025-09-15 19:36:07'),(1053,8,NULL,NULL,NULL,NULL,'D6:12:9E:9D:91:0E','108618',500.00,'2025-09-15 19:38:26','2025-09-15 19:38:26'),(1055,9,NULL,NULL,NULL,NULL,'F4:60:E2:58:0E:DA','087232',1000.00,'2025-09-15 19:52:48','2025-09-15 19:52:48'),(1056,9,NULL,NULL,NULL,NULL,'3A:13:89:8C:B7:66','438787',1000.00,'2025-09-15 19:52:50','2025-09-15 19:52:50'),(1057,24,NULL,NULL,NULL,NULL,'3A:13:89:8C:B7:66','159885',2500.00,'2025-09-15 19:53:33','2025-09-15 19:53:33'),(1059,9,NULL,NULL,NULL,NULL,'92:85:32:EB:61:BE','264004',1000.00,'2025-09-15 19:59:26','2025-09-15 19:59:26'),(1061,9,NULL,NULL,NULL,NULL,'92:85:32:EB:61:BE','870580',1000.00,'2025-09-15 20:02:13','2025-09-15 20:02:13'),(1062,7,NULL,NULL,NULL,NULL,'CA:EB:B1:E4:E1:08','098175',300.00,'2025-09-15 20:04:45','2025-09-15 20:04:45'),(1063,9,NULL,NULL,NULL,NULL,'22:CA:22:F4:49:10','449252',1000.00,'2025-09-15 20:04:59','2025-09-15 20:04:59'),(1064,6,NULL,NULL,NULL,NULL,'CA:EB:B1:E4:E1:08','876782',210.00,'2025-09-15 20:06:29','2025-09-15 20:06:29'),(1065,9,NULL,NULL,NULL,NULL,'92:85:32:EB:61:BE','796024',1000.00,'2025-09-15 20:07:26','2025-09-15 20:07:26'),(1071,9,NULL,NULL,NULL,NULL,'B2:68:94:58:12:BE','656499',1000.00,'2025-09-16 06:32:06','2025-09-16 06:32:06'),(1073,9,NULL,NULL,NULL,NULL,'14:9F:3C:6B:96:77','149364',1000.00,'2025-09-16 06:59:38','2025-09-16 06:59:38'),(1074,9,NULL,NULL,NULL,NULL,'14:9F:3C:6B:96:77','887444',1000.00,'2025-09-16 07:01:26','2025-09-16 07:01:26'),(1075,9,NULL,NULL,NULL,NULL,'14:9F:3C:6B:96:77','637364',1000.00,'2025-09-16 07:04:42','2025-09-16 07:04:42'),(1077,9,NULL,NULL,NULL,NULL,'FE:06:92:FA:87:6B','902629',1000.00,'2025-09-16 08:04:51','2025-09-16 08:04:51'),(1078,9,NULL,NULL,NULL,NULL,'FE:06:92:FA:87:6B','744242',1000.00,'2025-09-16 08:06:39','2025-09-16 08:06:39'),(1079,9,NULL,NULL,NULL,NULL,'FE:06:92:FA:87:6B','619469',1000.00,'2025-09-16 08:13:17','2025-09-16 08:13:17'),(1080,9,NULL,NULL,NULL,NULL,'FE:06:92:FA:87:6B','635461',1000.00,'2025-09-16 08:14:57','2025-09-16 08:14:57'),(1081,9,NULL,NULL,NULL,NULL,'FE:06:92:FA:87:6B','764307',1000.00,'2025-09-16 08:30:01','2025-09-16 08:30:01'),(1083,9,NULL,NULL,NULL,NULL,'4C:63:71:96:C0:61','242263',1000.00,'2025-09-16 10:29:19','2025-09-16 10:29:19'),(1084,9,NULL,NULL,NULL,NULL,'FE:06:92:FA:87:6B','358137',1000.00,'2025-09-16 11:25:24','2025-09-16 11:25:24'),(1087,6,NULL,NULL,NULL,NULL,'86:87:D5:B9:81:15','285543',210.00,'2025-09-16 13:06:43','2025-09-16 13:06:43'),(1088,6,NULL,NULL,NULL,NULL,'86:87:D5:B9:81:15','456157',210.00,'2025-09-16 13:08:26','2025-09-16 13:08:26'),(1089,24,NULL,NULL,NULL,NULL,'BE:B3:CB:9E:09:DC','579842',2500.00,'2025-09-16 13:08:56','2025-09-16 13:08:56'),(1092,9,NULL,NULL,NULL,NULL,'FE:06:92:FA:87:6B','913134',1000.00,'2025-09-16 14:52:30','2025-09-16 14:52:30'),(1093,9,NULL,NULL,NULL,NULL,'FE:06:92:FA:87:6B','963373',1000.00,'2025-09-16 15:30:35','2025-09-16 15:30:35'),(1094,9,NULL,NULL,NULL,NULL,'FE:06:92:FA:87:6B','692002',1000.00,'2025-09-16 15:31:15','2025-09-16 15:31:15'),(1105,7,NULL,NULL,NULL,NULL,'22:F0:CA:D5:AF:FC','286730',300.00,'2025-09-16 18:15:37','2025-09-16 18:15:37'),(1108,6,NULL,NULL,NULL,NULL,'60:F1:89:64:28:26','919851',210.00,'2025-09-16 19:02:00','2025-09-16 19:02:00'),(1114,8,NULL,NULL,NULL,NULL,'62:06:D0:8C:47:36','670531',500.00,'2025-09-17 07:35:53','2025-09-17 07:35:53'),(1117,6,NULL,NULL,NULL,NULL,'10:3F:44:60:C7:32','015535',210.00,'2025-09-17 10:51:45','2025-09-17 10:51:45'),(1118,8,NULL,NULL,NULL,NULL,'BE:13:B8:AF:2F:FD','650010',500.00,'2025-09-17 10:59:34','2025-09-17 10:59:34'),(1119,6,NULL,NULL,NULL,NULL,'AA:C1:1A:D2:79:24','569215',210.00,'2025-09-17 11:13:49','2025-09-17 11:13:49'),(1120,6,NULL,NULL,NULL,NULL,'AA:C1:1A:D2:79:24','898962',210.00,'2025-09-17 11:16:39','2025-09-17 11:16:39'),(1121,6,NULL,NULL,NULL,NULL,'AA:C1:1A:D2:79:24','987913',210.00,'2025-09-17 11:17:06','2025-09-17 11:17:06'),(1122,6,NULL,NULL,NULL,NULL,'AA:C1:1A:D2:79:24','114867',210.00,'2025-09-17 11:20:32','2025-09-17 11:20:32'),(1124,7,NULL,NULL,NULL,NULL,'10:3F:44:60:C7:32','820855',300.00,'2025-09-17 14:40:21','2025-09-17 14:40:21'),(1126,7,NULL,NULL,NULL,NULL,'90:2B:D2:AA:09:B8','708210',300.00,'2025-09-17 16:27:55','2025-09-17 16:27:55'),(1128,31,NULL,NULL,NULL,NULL,'4A:DD:88:7A:F7:85','313777',210.00,'2025-09-17 17:01:24','2025-09-17 17:01:24'),(1131,31,NULL,NULL,NULL,NULL,'4A:DD:88:7A:F7:85','481187',210.00,'2025-09-17 17:21:49','2025-09-17 17:21:49'),(1132,8,NULL,NULL,NULL,NULL,'FC:AA:B6:3B:A0:48','827271',500.00,'2025-09-17 17:26:07','2025-09-17 17:26:07'),(1134,8,NULL,NULL,NULL,NULL,'FC:AA:B6:3B:A0:48','349010',500.00,'2025-09-17 17:29:40','2025-09-17 17:29:40'),(1136,8,NULL,NULL,NULL,NULL,'CA:EB:B1:E4:E1:08','632603',500.00,'2025-09-17 17:40:58','2025-09-17 17:40:58'),(1138,7,NULL,NULL,NULL,NULL,'CA:EB:B1:E4:E1:08','588797',300.00,'2025-09-17 17:52:21','2025-09-17 17:52:21'),(1140,9,NULL,NULL,NULL,NULL,'16:90:94:94:7D:93','716781',1000.00,'2025-09-17 18:00:22','2025-09-17 18:00:22'),(1141,9,NULL,NULL,NULL,NULL,'16:90:94:94:7D:93','711693',1000.00,'2025-09-17 18:02:11','2025-09-17 18:02:11'),(1143,6,NULL,NULL,NULL,NULL,'A2:0F:93:4E:A6:AC','729934',210.00,'2025-09-17 18:17:23','2025-09-17 18:17:23'),(1146,8,NULL,NULL,NULL,NULL,'F2:C6:C1:71:E4:92','179687',500.00,'2025-09-17 19:19:59','2025-09-17 19:19:59'),(1148,8,NULL,NULL,NULL,NULL,'F2:C6:C1:71:E4:92','262878',500.00,'2025-09-17 19:21:08','2025-09-17 19:21:08'),(1149,7,NULL,NULL,NULL,NULL,'14:9F:3C:6B:96:77','699319',300.00,'2025-09-17 19:21:34','2025-09-17 19:21:34'),(1150,8,NULL,NULL,NULL,NULL,'F2:C6:C1:71:E4:92','316391',500.00,'2025-09-17 19:23:21','2025-09-17 19:23:21'),(1151,8,NULL,NULL,NULL,NULL,'F2:C6:C1:71:E4:92','419084',500.00,'2025-09-17 19:24:20','2025-09-17 19:24:20'),(1157,9,NULL,NULL,NULL,NULL,'06:9D:01:F5:0E:47','405297',1000.00,'2025-09-18 06:58:14','2025-09-18 06:58:14'),(1164,6,NULL,NULL,NULL,NULL,'22:6A:1A:31:4A:46','264100',210.00,'2025-09-18 10:33:14','2025-09-18 10:33:14'),(1166,32,NULL,NULL,NULL,NULL,'DE:16:B2:45:FC:E1','122994',500.00,'2025-09-18 10:45:10','2025-09-18 10:45:10'),(1171,8,NULL,NULL,NULL,NULL,'0A:15:74:AF:16:87','865151',500.00,'2025-09-18 17:06:45','2025-09-18 17:06:45'),(1172,10,NULL,NULL,NULL,NULL,'0A:15:74:AF:16:87','861536',5000.00,'2025-09-18 17:08:08','2025-09-18 17:08:08'),(1173,7,NULL,NULL,NULL,NULL,'4A:87:2C:39:9D:A6','013911',300.00,'2025-09-18 17:38:41','2025-09-18 17:38:41'),(1178,6,NULL,NULL,NULL,NULL,'BE:49:81:0F:B7:75','396564',210.00,'2025-09-18 18:28:29','2025-09-18 18:28:29'),(1179,6,NULL,NULL,NULL,NULL,'BE:49:81:0F:B7:75','607332',210.00,'2025-09-18 18:30:50','2025-09-18 18:30:50'),(1180,NULL,NULL,NULL,NULL,332,NULL,'365620',40000.00,'2025-09-18 19:19:09','2025-09-18 19:19:09'),(1182,9,NULL,NULL,NULL,NULL,'16:90:94:94:7D:93','069076',1000.00,'2025-09-18 19:25:21','2025-09-18 19:25:21'),(1192,6,NULL,NULL,NULL,NULL,'7E:AE:DF:95:2F:8C','122545',210.00,'2025-09-19 06:03:18','2025-09-19 06:03:18'),(1193,9,NULL,NULL,NULL,NULL,'06:9D:01:F5:0E:47','194445',1000.00,'2025-09-19 07:50:57','2025-09-19 07:50:57'),(1195,64,NULL,NULL,NULL,NULL,'B6:F8:A7:D2:D2:73','375028',1000.00,'2025-09-19 08:44:15','2025-09-19 08:44:15'),(1196,31,NULL,NULL,NULL,NULL,'82:C3:7B:73:B5:3D','144090',210.00,'2025-09-19 09:18:20','2025-09-19 09:18:20'),(1197,9,NULL,NULL,NULL,NULL,'76:B4:55:80:75:CE','695477',1000.00,'2025-09-19 09:38:46','2025-09-19 09:38:46'),(1199,7,NULL,NULL,NULL,NULL,'10:3F:44:60:C7:32','616911',300.00,'2025-09-19 11:14:10','2025-09-19 11:14:10'),(1206,65,NULL,NULL,NULL,NULL,'50:29:F5:B4:72:53','389033',500.00,'2025-09-19 14:16:50','2025-09-19 14:16:50'),(1210,8,NULL,NULL,NULL,NULL,'F4:60:E2:58:0E:DA','838157',500.00,'2025-09-19 18:06:39','2025-09-19 18:06:39'),(1211,7,NULL,NULL,NULL,NULL,'22:F0:CA:D5:AF:FC','916843',300.00,'2025-09-19 18:29:59','2025-09-19 18:29:59'),(1214,6,NULL,NULL,NULL,NULL,'8A:B7:46:D2:A4:15','314318',210.00,'2025-09-19 18:45:01','2025-09-19 18:45:01'),(1215,7,NULL,NULL,NULL,NULL,'24:DA:33:08:FD:6A','796966',300.00,'2025-09-19 18:45:02','2025-09-19 18:45:02'),(1216,7,NULL,NULL,NULL,NULL,'24:DA:33:08:FD:6A','907940',300.00,'2025-09-19 18:45:56','2025-09-19 18:45:56'),(1220,7,NULL,NULL,NULL,NULL,'F2:C6:C1:71:E4:92','241109',300.00,'2025-09-19 19:33:13','2025-09-19 19:33:13'),(1224,7,NULL,NULL,NULL,NULL,'86:B6:B4:B9:05:BA','851699',300.00,'2025-09-19 20:54:59','2025-09-19 20:54:59'),(1226,9,NULL,NULL,NULL,NULL,'5C:C5:D4:F0:72:92','827658',1000.00,'2025-09-19 21:12:18','2025-09-19 21:12:18'),(1227,9,NULL,NULL,NULL,NULL,'5C:C5:D4:F0:72:92','610252',1000.00,'2025-09-19 21:14:43','2025-09-19 21:14:43'),(1228,7,NULL,NULL,NULL,NULL,'FE:13:2B:4F:8A:16','943095',300.00,'2025-09-19 21:24:24','2025-09-19 21:24:24'),(1229,7,NULL,NULL,NULL,NULL,'FE:13:2B:4F:8A:16','070184',300.00,'2025-09-19 21:26:08','2025-09-19 21:26:08'),(1230,7,NULL,NULL,NULL,NULL,'FE:13:2B:4F:8A:16','090600',300.00,'2025-09-19 21:28:21','2025-09-19 21:28:21'),(1231,8,NULL,NULL,NULL,NULL,'FC:AA:B6:3B:A0:48','045160',500.00,'2025-09-19 21:45:55','2025-09-19 21:45:55'),(1232,8,NULL,NULL,NULL,NULL,'FC:AA:B6:3B:A0:48','943140',500.00,'2025-09-19 21:46:42','2025-09-19 21:46:42'),(1233,8,NULL,NULL,NULL,NULL,'FC:AA:B6:3B:A0:48','801773',500.00,'2025-09-19 21:47:54','2025-09-19 21:47:54'),(1234,8,NULL,NULL,NULL,NULL,'FC:AA:B6:3B:A0:48','174350',500.00,'2025-09-19 21:48:42','2025-09-19 21:48:42'),(1235,8,NULL,NULL,NULL,NULL,'FC:AA:B6:3B:A0:48','724804',500.00,'2025-09-19 21:52:03','2025-09-19 21:52:03'),(1236,8,NULL,NULL,NULL,NULL,'FC:AA:B6:3B:A0:48','069464',500.00,'2025-09-19 21:54:31','2025-09-19 21:54:31'),(1237,8,NULL,NULL,NULL,NULL,'FC:AA:B6:3B:A0:48','947820',500.00,'2025-09-19 22:03:57','2025-09-19 22:03:57'),(1238,8,NULL,NULL,NULL,NULL,'06:9D:01:F5:0E:47','977060',500.00,'2025-09-19 22:27:31','2025-09-19 22:27:31'),(1239,8,NULL,NULL,NULL,NULL,'06:9D:01:F5:0E:47','636560',500.00,'2025-09-19 22:28:50','2025-09-19 22:28:50'),(1240,8,NULL,NULL,NULL,NULL,'06:9D:01:F5:0E:47','020878',500.00,'2025-09-19 22:33:12','2025-09-19 22:33:12'),(1241,8,NULL,NULL,NULL,NULL,'06:9D:01:F5:0E:47','605297',500.00,'2025-09-19 23:06:04','2025-09-19 23:06:04'),(1244,7,NULL,NULL,NULL,NULL,'FE:06:92:FA:87:6B','082857',300.00,'2025-09-20 05:35:31','2025-09-20 05:35:31'),(1246,6,NULL,NULL,NULL,NULL,'9E:0D:04:94:2B:3A','746692',210.00,'2025-09-20 06:49:46','2025-09-20 06:49:46'),(1247,6,NULL,NULL,NULL,NULL,'86:87:D5:B9:81:15','994201',210.00,'2025-09-20 07:16:15','2025-09-20 07:16:15'),(1248,6,NULL,NULL,NULL,NULL,'86:87:D5:B9:81:15','141330',210.00,'2025-09-20 07:17:16','2025-09-20 07:17:16'),(1249,6,NULL,NULL,NULL,NULL,'86:87:D5:B9:81:15','097482',210.00,'2025-09-20 07:23:06','2025-09-20 07:23:06'),(1250,23,NULL,NULL,NULL,NULL,'9E:0D:04:94:2B:3A','467508',15000.00,'2025-09-20 07:36:44','2025-09-20 07:36:44'),(1252,64,NULL,NULL,NULL,NULL,'E2:10:2C:4A:57:9B','382532',1000.00,'2025-09-20 07:47:02','2025-09-20 07:47:02'),(1253,6,NULL,NULL,NULL,NULL,'1E:F4:99:E5:CD:AD','589624',210.00,'2025-09-20 08:48:48','2025-09-20 08:48:48'),(1254,9,NULL,NULL,NULL,NULL,'8A:B7:46:D2:A4:15','170990',1000.00,'2025-09-20 09:20:32','2025-09-20 09:20:32'),(1255,9,NULL,NULL,NULL,NULL,'8A:B7:46:D2:A4:15','241818',1000.00,'2025-09-20 09:25:04','2025-09-20 09:25:04'),(1256,9,NULL,NULL,NULL,NULL,'8A:B7:46:D2:A4:15','824583',1000.00,'2025-09-20 09:26:01','2025-09-20 09:26:01'),(1258,9,NULL,NULL,NULL,NULL,'F4:60:E2:58:0E:DA','835553',1000.00,'2025-09-20 10:01:55','2025-09-20 10:01:55'),(1259,9,NULL,NULL,NULL,NULL,'E2:CA:F4:73:20:C8','520773',1000.00,'2025-09-20 10:48:47','2025-09-20 10:48:47'),(1265,8,NULL,NULL,NULL,NULL,'CA:EB:B1:E4:E1:08','641798',500.00,'2025-09-20 15:05:24','2025-09-20 15:05:24'),(1266,9,NULL,NULL,NULL,NULL,'CA:EB:B1:E4:E1:08','318401',1000.00,'2025-09-20 15:13:41','2025-09-20 15:13:41'),(1268,6,NULL,NULL,NULL,NULL,'86:87:D5:B9:81:15','701898',210.00,'2025-09-20 15:20:55','2025-09-20 15:20:55'),(1271,9,NULL,NULL,NULL,NULL,'62:91:19:5C:29:7C','137846',1000.00,'2025-09-20 17:44:27','2025-09-20 17:44:27'),(1273,8,NULL,NULL,NULL,NULL,'86:87:D5:B9:81:15','455341',500.00,'2025-09-20 18:15:09','2025-09-20 18:15:09'),(1274,8,NULL,NULL,NULL,NULL,'86:87:D5:B9:81:15','488675',500.00,'2025-09-20 18:21:03','2025-09-20 18:21:03'),(1278,NULL,NULL,NULL,NULL,138,NULL,'457708',40000.00,'2025-09-20 19:39:53','2025-09-20 19:39:53'),(1279,NULL,NULL,NULL,NULL,138,NULL,'063324',40000.00,'2025-09-20 19:40:20','2025-09-20 19:40:20'),(1288,64,NULL,NULL,NULL,NULL,'E6:66:E1:F0:DF:D9','280026',1000.00,'2025-09-21 07:35:55','2025-09-21 07:35:55'),(1290,6,NULL,NULL,NULL,NULL,'1E:1B:E0:50:5B:19','773274',210.00,'2025-09-21 08:44:19','2025-09-21 08:44:19'),(1295,9,NULL,NULL,NULL,NULL,'10:3F:44:60:C7:32','569001',1000.00,'2025-09-21 09:29:41','2025-09-21 09:29:41'),(1296,9,NULL,NULL,NULL,NULL,'10:3F:44:60:C7:32','070009',1000.00,'2025-09-21 09:32:39','2025-09-21 09:32:39'),(1297,9,NULL,NULL,NULL,NULL,'10:3F:44:60:C7:32','078269',1000.00,'2025-09-21 09:35:22','2025-09-21 09:35:22'),(1299,8,NULL,NULL,NULL,NULL,'F2:14:5F:EE:3E:9B','215447',500.00,'2025-09-21 10:23:45','2025-09-21 10:23:45'),(1300,8,NULL,NULL,NULL,NULL,'CA:EB:B1:E4:E1:08','263749',500.00,'2025-09-21 10:26:30','2025-09-21 10:26:30'),(1301,7,NULL,NULL,NULL,NULL,'5E:29:F0:50:83:C4','225901',300.00,'2025-09-21 10:39:59','2025-09-21 10:39:59'),(1302,8,NULL,NULL,NULL,NULL,'6E:86:6A:C0:08:FA','249910',500.00,'2025-09-21 10:45:22','2025-09-21 10:45:22'),(1303,8,NULL,NULL,NULL,NULL,'6E:86:6A:C0:08:FA','411710',500.00,'2025-09-21 10:46:02','2025-09-21 10:46:02'),(1305,8,NULL,NULL,NULL,NULL,'5A:22:D6:25:36:E9','599580',500.00,'2025-09-21 11:19:00','2025-09-21 11:19:00'),(1307,8,NULL,NULL,NULL,NULL,'22:F0:CA:D5:AF:FC','134580',500.00,'2025-09-21 14:16:04','2025-09-21 14:16:04'),(1308,8,NULL,NULL,NULL,NULL,'F6:1D:E3:77:F2:61','646121',500.00,'2025-09-21 14:17:37','2025-09-21 14:17:37'),(1309,8,NULL,NULL,NULL,NULL,'22:F0:CA:D5:AF:FC','342953',500.00,'2025-09-21 14:18:39','2025-09-21 14:18:39'),(1310,8,NULL,NULL,NULL,NULL,'22:F0:CA:D5:AF:FC','553231',500.00,'2025-09-21 14:19:29','2025-09-21 14:19:29'),(1311,8,NULL,NULL,NULL,NULL,'22:F0:CA:D5:AF:FC','265301',500.00,'2025-09-21 14:21:31','2025-09-21 14:21:31'),(1313,8,NULL,NULL,NULL,NULL,'22:F0:CA:D5:AF:FC','095233',500.00,'2025-09-21 14:25:20','2025-09-21 14:25:20'),(1314,8,NULL,NULL,NULL,NULL,'22:F0:CA:D5:AF:FC','917331',500.00,'2025-09-21 14:29:05','2025-09-21 14:29:05'),(1315,8,NULL,NULL,NULL,NULL,'22:F0:CA:D5:AF:FC','445214',500.00,'2025-09-21 14:33:00','2025-09-21 14:33:00'),(1316,8,NULL,NULL,NULL,NULL,'22:F0:CA:D5:AF:FC','822412',500.00,'2025-09-21 14:34:16','2025-09-21 14:34:16'),(1317,65,NULL,NULL,NULL,NULL,'9E:E7:81:41:25:42','036747',500.00,'2025-09-21 14:34:48','2025-09-21 14:34:48'),(1319,65,NULL,NULL,NULL,NULL,'9E:E7:81:41:25:42','827887',500.00,'2025-09-21 14:35:18','2025-09-21 14:35:18'),(1320,36,NULL,NULL,NULL,NULL,'A6:BE:1E:B4:8C:A0','623131',8000.00,'2025-09-21 15:46:29','2025-09-21 15:46:29'),(1325,64,NULL,NULL,NULL,NULL,'3A:B7:A6:1E:8E:F8','273867',1000.00,'2025-09-21 17:46:36','2025-09-21 17:46:36'),(1326,6,NULL,NULL,NULL,NULL,'6A:A6:E1:4B:01:70','445645',210.00,'2025-09-21 17:50:05','2025-09-21 17:50:05'),(1329,7,NULL,NULL,NULL,NULL,'86:B6:B4:B9:05:BA','595478',300.00,'2025-09-21 19:15:01','2025-09-21 19:15:01'),(1333,NULL,NULL,NULL,NULL,140,NULL,'823304',40000.00,'2025-09-21 21:49:02','2025-09-21 21:49:02'),(1336,7,NULL,NULL,NULL,NULL,'78:3A:6C:7F:20:71','830526',300.00,'2025-09-22 04:44:38','2025-09-22 04:44:38'),(1337,6,NULL,NULL,NULL,NULL,'78:3A:6C:7F:20:71','035645',210.00,'2025-09-22 04:50:20','2025-09-22 04:50:20'),(1338,6,NULL,NULL,NULL,NULL,'78:3A:6C:7F:20:71','175796',210.00,'2025-09-22 04:53:16','2025-09-22 04:53:16'),(1339,7,NULL,NULL,NULL,NULL,'78:3A:6C:7F:20:71','931495',300.00,'2025-09-22 05:56:54','2025-09-22 05:56:54'),(1340,9,NULL,NULL,NULL,NULL,'46:07:90:4F:40:4C','338027',1000.00,'2025-09-22 06:56:17','2025-09-22 06:56:17'),(1341,9,NULL,NULL,NULL,NULL,'46:07:90:4F:40:4C','078558',1000.00,'2025-09-22 07:09:34','2025-09-22 07:09:34'),(1347,NULL,NULL,NULL,NULL,140,NULL,'356889',40000.00,'2025-09-22 09:00:25','2025-09-22 09:00:25'),(1351,9,NULL,NULL,NULL,NULL,'10:3F:44:60:C7:32','744210',1000.00,'2025-09-22 12:24:19','2025-09-22 12:24:19'),(1352,9,NULL,NULL,NULL,NULL,'10:3F:44:60:C7:32','277544',1000.00,'2025-09-22 12:32:45','2025-09-22 12:32:45'),(1354,64,NULL,NULL,NULL,NULL,'FA:B7:7A:E7:CF:31','432026',1000.00,'2025-09-22 14:14:23','2025-09-22 14:14:23'),(1355,64,NULL,NULL,NULL,NULL,'0E:D3:CE:3C:3D:31','103252',1000.00,'2025-09-22 14:56:16','2025-09-22 14:56:16'),(1356,64,NULL,NULL,NULL,NULL,'0E:D3:CE:3C:3D:31','502488',1000.00,'2025-09-22 14:56:45','2025-09-22 14:56:45'),(1357,64,NULL,NULL,NULL,NULL,'0E:D3:CE:3C:3D:31','161293',1000.00,'2025-09-22 14:56:50','2025-09-22 14:56:50'),(1358,8,NULL,NULL,NULL,NULL,'BE:B3:CB:9E:09:DC','666855',500.00,'2025-09-22 15:35:40','2025-09-22 15:35:40'),(1363,8,NULL,NULL,NULL,NULL,'FE:06:92:FA:87:6B','835612',500.00,'2025-09-22 17:22:08','2025-09-22 17:22:08'),(1364,8,NULL,NULL,NULL,NULL,'FE:06:92:FA:87:6B','361013',500.00,'2025-09-22 17:23:31','2025-09-22 17:23:31'),(1367,10,NULL,NULL,NULL,NULL,'FE:06:92:FA:87:6B','071755',5000.00,'2025-09-22 17:48:42','2025-09-22 17:48:42'),(1371,9,NULL,NULL,NULL,NULL,'30:07:4D:C1:22:74','539516',1000.00,'2025-09-22 19:03:00','2025-09-22 19:03:00'),(1373,7,NULL,NULL,NULL,NULL,'2A:01:6A:E3:EF:FF','935937',300.00,'2025-09-22 19:42:17','2025-09-22 19:42:17'),(1374,7,NULL,NULL,NULL,NULL,'2A:01:6A:E3:EF:FF','838343',300.00,'2025-09-22 19:46:20','2025-09-22 19:46:20'),(1376,7,NULL,NULL,NULL,NULL,'78:3A:6C:7F:20:71','172171',300.00,'2025-09-22 20:05:07','2025-09-22 20:05:07'),(1377,7,NULL,NULL,NULL,NULL,'2A:01:6A:E3:EF:FF','604042',300.00,'2025-09-22 20:07:06','2025-09-22 20:07:06'),(1379,7,NULL,NULL,NULL,NULL,'02:AE:8E:00:79:71','615469',300.00,'2025-09-22 20:41:01','2025-09-22 20:41:01'),(1381,7,NULL,NULL,NULL,NULL,'02:AE:8E:00:79:71','835190',300.00,'2025-09-22 20:42:26','2025-09-22 20:42:26'),(1382,6,NULL,NULL,NULL,NULL,'42:CC:90:DA:81:CB','870524',210.00,'2025-09-22 20:44:35','2025-09-22 20:44:35'),(1386,8,NULL,NULL,NULL,NULL,'C2:75:91:4A:D0:2B','838481',500.00,'2025-09-22 20:56:23','2025-09-22 20:56:23'),(1390,6,NULL,NULL,NULL,NULL,'4A:87:2C:39:9D:A6','138863',210.00,'2025-09-23 06:00:53','2025-09-23 06:00:53'),(1392,6,NULL,NULL,NULL,NULL,'4A:87:2C:39:9D:A6','458301',210.00,'2025-09-23 06:03:02','2025-09-23 06:03:02'),(1393,8,NULL,NULL,NULL,NULL,'FE:06:92:FA:87:6B','904895',500.00,'2025-09-23 06:14:25','2025-09-23 06:14:25'),(1401,8,NULL,NULL,NULL,NULL,'A8:13:06:C0:4E:B3','402960',500.00,'2025-09-23 11:08:01','2025-09-23 11:08:01'),(1404,7,NULL,NULL,NULL,NULL,'02:AE:8E:00:79:71','389123',300.00,'2025-09-23 13:34:09','2025-09-23 13:34:09'),(1405,7,NULL,NULL,NULL,NULL,'4A:87:2C:39:9D:A6','430968',300.00,'2025-09-23 13:53:41','2025-09-23 13:53:41'),(1408,6,NULL,NULL,NULL,NULL,'66:31:C5:1D:19:94','362089',210.00,'2025-09-23 14:35:06','2025-09-23 14:35:06'),(1409,8,NULL,NULL,NULL,NULL,'10:3F:44:60:C7:32','837215',500.00,'2025-09-23 14:48:05','2025-09-23 14:48:05'),(1410,8,NULL,NULL,NULL,NULL,'10:3F:44:60:C7:32','799451',500.00,'2025-09-23 14:49:10','2025-09-23 14:49:10'),(1411,8,NULL,NULL,NULL,NULL,'10:3F:44:60:C7:32','820607',500.00,'2025-09-23 14:54:19','2025-09-23 14:54:19'),(1413,8,NULL,NULL,NULL,NULL,'10:3F:44:60:C7:32','081582',500.00,'2025-09-23 15:03:36','2025-09-23 15:03:36'),(1414,8,NULL,NULL,NULL,NULL,'10:3F:44:60:C7:32','718284',500.00,'2025-09-23 15:04:27','2025-09-23 15:04:27'),(1415,8,NULL,NULL,NULL,NULL,'10:3F:44:60:C7:32','834787',500.00,'2025-09-23 15:41:25','2025-09-23 15:41:25'),(1417,24,NULL,NULL,NULL,NULL,'3A:13:89:8C:B7:66','934219',2500.00,'2025-09-23 16:21:41','2025-09-23 16:21:41'),(1418,24,NULL,NULL,NULL,NULL,'3A:13:89:8C:B7:66','857970',2500.00,'2025-09-23 16:26:43','2025-09-23 16:26:43'),(1419,24,NULL,NULL,NULL,NULL,'3A:13:89:8C:B7:66','509414',2500.00,'2025-09-23 16:29:38','2025-09-23 16:29:38'),(1420,7,NULL,NULL,NULL,NULL,'24:DA:33:08:FD:6A','016859',300.00,'2025-09-23 16:29:55','2025-09-23 16:29:55'),(1421,6,NULL,NULL,NULL,NULL,'24:DA:33:08:FD:6A','914484',210.00,'2025-09-23 16:30:35','2025-09-23 16:30:35'),(1422,59,NULL,NULL,NULL,NULL,'80:AF:CA:23:CF:5C','201596',1000.00,'2025-09-23 16:30:39','2025-09-23 16:30:39'),(1424,8,NULL,NULL,NULL,NULL,'10:3F:44:60:C7:32','295034',500.00,'2025-09-23 16:43:30','2025-09-23 16:43:30'),(1425,64,NULL,NULL,NULL,NULL,'$(mac)','075923',1000.00,'2025-09-23 16:53:21','2025-09-23 16:53:21'),(1426,64,NULL,NULL,NULL,NULL,'$(mac)','359433',1000.00,'2025-09-23 16:53:35','2025-09-23 16:53:35'),(1427,64,NULL,NULL,NULL,NULL,'$(mac)','670060',1000.00,'2025-09-23 16:53:39','2025-09-23 16:53:39'),(1428,59,NULL,NULL,NULL,NULL,'80:AF:CA:23:CF:5C','276805',1000.00,'2025-09-23 17:14:56','2025-09-23 17:14:56'),(1429,59,NULL,NULL,NULL,NULL,'80:AF:CA:23:CF:5C','588520',1000.00,'2025-09-23 17:15:59','2025-09-23 17:15:59'),(1430,6,NULL,NULL,NULL,NULL,'3E:A5:2D:34:21:C5','745580',210.00,'2025-09-23 17:35:58','2025-09-23 17:35:58'),(1431,8,NULL,NULL,NULL,NULL,'CA:EB:B1:E4:E1:08','612540',500.00,'2025-09-23 17:43:24','2025-09-23 17:43:24'),(1436,9,NULL,NULL,NULL,NULL,'8A:20:CA:39:F5:D0','465514',1000.00,'2025-09-23 18:12:34','2025-09-23 18:12:34'),(1438,9,NULL,NULL,NULL,NULL,'FE:06:92:FA:87:6B','538068',1000.00,'2025-09-23 18:26:26','2025-09-23 18:26:26'),(1439,9,NULL,NULL,NULL,NULL,'FE:06:92:FA:87:6B','134324',1000.00,'2025-09-23 18:54:38','2025-09-23 18:54:38'),(1443,65,NULL,NULL,NULL,NULL,'9E:71:86:AE:65:B1','500209',500.00,'2025-09-23 20:00:52','2025-09-23 20:00:52'),(1445,9,NULL,NULL,NULL,NULL,'B2:17:11:1E:76:42','197252',1000.00,'2025-09-23 20:42:51','2025-09-23 20:42:51'),(1446,9,NULL,NULL,NULL,NULL,'B2:17:11:1E:76:42','854062',1000.00,'2025-09-23 20:47:46','2025-09-23 20:47:46'),(1449,9,NULL,NULL,NULL,NULL,'4E:3D:13:06:1F:4B','703206',1000.00,'2025-09-24 00:58:08','2025-09-24 00:58:08'),(1453,64,NULL,NULL,NULL,NULL,'C2:59:CB:D0:5F:CB','811750',1000.00,'2025-09-24 08:29:26','2025-09-24 08:29:26'),(1454,8,NULL,NULL,NULL,NULL,'06:9D:01:F5:0E:47','681718',500.00,'2025-09-24 08:30:14','2025-09-24 08:30:14'),(1458,65,NULL,NULL,NULL,NULL,'5E:1A:B5:46:3F:65','140081',500.00,'2025-09-24 09:49:03','2025-09-24 09:49:03'),(1459,65,NULL,NULL,NULL,NULL,'5E:1A:B5:46:3F:65','848501',500.00,'2025-09-24 09:49:47','2025-09-24 09:49:47'),(1460,65,NULL,NULL,NULL,NULL,'5E:1A:B5:46:3F:65','322964',500.00,'2025-09-24 09:49:50','2025-09-24 09:49:50'),(1461,65,NULL,NULL,NULL,NULL,'5E:1A:B5:46:3F:65','465849',500.00,'2025-09-24 09:49:58','2025-09-24 09:49:58'),(1462,65,NULL,NULL,NULL,NULL,'5E:1A:B5:46:3F:65','220450',500.00,'2025-09-24 09:50:45','2025-09-24 09:50:45'),(1463,65,NULL,NULL,NULL,NULL,'5E:1A:B5:46:3F:65','847726',500.00,'2025-09-24 09:54:46','2025-09-24 09:54:46'),(1464,65,NULL,NULL,NULL,NULL,'5E:1A:B5:46:3F:65','817652',500.00,'2025-09-24 09:55:09','2025-09-24 09:55:09'),(1465,65,NULL,NULL,NULL,NULL,'5E:1A:B5:46:3F:65','696766',500.00,'2025-09-24 09:56:26','2025-09-24 09:56:26'),(1466,65,NULL,NULL,NULL,NULL,'5E:1A:B5:46:3F:65','483779',500.00,'2025-09-24 09:57:01','2025-09-24 09:57:01'),(1468,65,NULL,NULL,NULL,NULL,'$(mac)','634683',500.00,'2025-09-24 10:33:31','2025-09-24 10:33:31'),(1469,64,NULL,NULL,NULL,NULL,'$(mac)','925872',1000.00,'2025-09-24 10:34:21','2025-09-24 10:34:21'),(1470,64,NULL,NULL,NULL,NULL,'3A:6A:07:B2:C5:C7','130538',1000.00,'2025-09-24 11:12:22','2025-09-24 11:12:22'),(1471,7,NULL,NULL,NULL,NULL,'AA:C1:1A:D2:79:24','422914',300.00,'2025-09-24 11:22:38','2025-09-24 11:22:38'),(1472,8,NULL,NULL,NULL,NULL,'AA:C1:1A:D2:79:24','507150',500.00,'2025-09-24 11:23:35','2025-09-24 11:23:35'),(1473,8,NULL,NULL,NULL,NULL,'AA:C1:1A:D2:79:24','618831',500.00,'2025-09-24 11:26:23','2025-09-24 11:26:23'),(1474,8,NULL,NULL,NULL,NULL,'AA:C1:1A:D2:79:24','063044',500.00,'2025-09-24 11:27:18','2025-09-24 11:27:18'),(1475,7,NULL,NULL,NULL,NULL,'AA:C1:1A:D2:79:24','962218',300.00,'2025-09-24 11:28:26','2025-09-24 11:28:26'),(1476,8,NULL,NULL,NULL,NULL,'AA:C1:1A:D2:79:24','759977',500.00,'2025-09-24 11:35:43','2025-09-24 11:35:43'),(1477,8,NULL,NULL,NULL,NULL,'AA:C1:1A:D2:79:24','960824',500.00,'2025-09-24 11:37:30','2025-09-24 11:37:30'),(1478,7,NULL,NULL,NULL,NULL,'92:9C:38:2D:F4:86','740350',300.00,'2025-09-24 13:32:28','2025-09-24 13:32:28'),(1479,7,NULL,NULL,NULL,NULL,'C6:82:84:09:10:28','710576',300.00,'2025-09-24 13:33:54','2025-09-24 13:33:54'),(1481,64,NULL,NULL,NULL,NULL,'CA:52:0B:74:71:92','547584',1000.00,'2025-09-24 14:15:57','2025-09-24 14:15:57'),(1483,8,NULL,NULL,NULL,NULL,'2E:86:96:AC:FF:06','334014',500.00,'2025-09-24 16:45:56','2025-09-24 16:45:56'),(1484,7,NULL,NULL,NULL,NULL,'86:87:D5:B9:81:15','136556',300.00,'2025-09-24 17:21:50','2025-09-24 17:21:50'),(1485,7,NULL,NULL,NULL,NULL,'86:87:D5:B9:81:15','050803',300.00,'2025-09-24 17:22:29','2025-09-24 17:22:29'),(1486,7,NULL,NULL,NULL,NULL,'86:87:D5:B9:81:15','441489',300.00,'2025-09-24 17:23:20','2025-09-24 17:23:20'),(1487,7,NULL,NULL,NULL,NULL,'86:87:D5:B9:81:15','172180',300.00,'2025-09-24 17:32:10','2025-09-24 17:32:10'),(1488,7,NULL,NULL,NULL,NULL,'E6:94:D2:8C:72:72','134946',300.00,'2025-09-24 17:33:14','2025-09-24 17:33:14'),(1489,7,NULL,NULL,NULL,NULL,'86:87:D5:B9:81:15','743204',300.00,'2025-09-24 17:33:56','2025-09-24 17:33:56'),(1490,7,NULL,NULL,NULL,NULL,'86:87:D5:B9:81:15','527152',300.00,'2025-09-24 17:34:29','2025-09-24 17:34:29'),(1493,7,NULL,NULL,NULL,NULL,'CA:EB:B1:E4:E1:08','496006',300.00,'2025-09-24 18:39:48','2025-09-24 18:39:48'),(1496,8,NULL,NULL,NULL,NULL,'3E:A5:2D:34:21:C5','825609',500.00,'2025-09-24 19:26:53','2025-09-24 19:26:53'),(1497,8,NULL,NULL,NULL,NULL,'3E:A5:2D:34:21:C5','766282',500.00,'2025-09-24 19:28:10','2025-09-24 19:28:10'),(1498,8,NULL,NULL,NULL,NULL,'CC:C0:79:8D:5E:35','157619',500.00,'2025-09-24 19:29:09','2025-09-24 19:29:09'),(1505,6,NULL,NULL,NULL,NULL,'9A:E6:33:FA:BC:B3','653058',210.00,'2025-09-24 21:39:13','2025-09-24 21:39:13'),(1506,8,NULL,NULL,NULL,NULL,'FE:06:92:FA:87:6B','349003',500.00,'2025-09-24 21:52:53','2025-09-24 21:52:53'),(1507,65,NULL,NULL,NULL,NULL,'9E:E7:81:41:25:42','589980',500.00,'2025-09-25 09:23:39','2025-09-25 09:23:39'),(1508,65,NULL,NULL,NULL,NULL,'9E:E7:81:41:25:42','250474',500.00,'2025-09-25 09:23:49','2025-09-25 09:23:49'),(1509,65,NULL,NULL,NULL,NULL,'9E:E7:81:41:25:42','890260',500.00,'2025-09-25 09:23:58','2025-09-25 09:23:58'),(1510,65,NULL,NULL,NULL,NULL,'9E:E7:81:41:25:42','708251',500.00,'2025-09-25 09:24:18','2025-09-25 09:24:18'),(1511,64,NULL,NULL,NULL,NULL,'9E:E7:81:41:25:42','895938',1000.00,'2025-09-25 09:24:31','2025-09-25 09:24:31'),(1513,8,NULL,NULL,NULL,NULL,'F2:C6:C1:71:E4:92','093707',500.00,'2025-09-25 18:37:36','2025-09-25 18:37:36'),(1515,9,NULL,NULL,NULL,NULL,'24:DA:33:08:FD:6A','146872',1000.00,'2025-09-25 18:59:19','2025-09-25 18:59:19'),(1516,9,NULL,NULL,NULL,NULL,'56:06:7B:29:60:43','675611',1000.00,'2025-09-25 18:59:50','2025-09-25 18:59:50'),(1517,9,NULL,NULL,NULL,NULL,'56:06:7B:29:60:43','960700',1000.00,'2025-09-25 19:00:30','2025-09-25 19:00:30'),(1519,8,NULL,NULL,NULL,NULL,'D0:2A:AA:90:40:ED','434267',500.00,'2025-09-25 19:11:23','2025-09-25 19:11:23'),(1520,8,NULL,NULL,NULL,NULL,'60:F1:89:64:28:26','701376',500.00,'2025-09-25 19:14:58','2025-09-25 19:14:58'),(1521,8,NULL,NULL,NULL,NULL,'0E:0B:4A:F4:B0:26','082228',500.00,'2025-09-25 19:15:01','2025-09-25 19:15:01'),(1522,7,NULL,NULL,NULL,NULL,'0E:0B:4A:F4:B0:26','863905',300.00,'2025-09-25 19:18:44','2025-09-25 19:18:44'),(1523,7,NULL,NULL,NULL,NULL,'0E:0B:4A:F4:B0:26','971428',300.00,'2025-09-25 19:21:52','2025-09-25 19:21:52'),(1524,7,NULL,NULL,NULL,NULL,'0E:0B:4A:F4:B0:26','298284',300.00,'2025-09-25 19:23:07','2025-09-25 19:23:07'),(1525,7,NULL,NULL,NULL,NULL,'0E:0B:4A:F4:B0:26','370457',300.00,'2025-09-25 19:25:14','2025-09-25 19:25:14'),(1527,7,NULL,NULL,NULL,NULL,'0E:0B:4A:F4:B0:26','575202',300.00,'2025-09-25 19:25:47','2025-09-25 19:25:47'),(1528,7,NULL,NULL,NULL,NULL,'BE:B3:CB:9E:09:DC','471426',300.00,'2025-09-25 19:43:44','2025-09-25 19:43:44'),(1530,7,NULL,NULL,NULL,NULL,'22:F0:CA:D5:AF:FC','760814',300.00,'2025-09-25 20:18:32','2025-09-25 20:18:32'),(1532,8,NULL,NULL,NULL,NULL,'FE:06:92:FA:87:6B','897262',500.00,'2025-09-25 20:55:46','2025-09-25 20:55:46'),(1533,59,NULL,NULL,NULL,NULL,'30:A1:FA:F5:5C:4A','933669',1000.00,'2025-09-25 21:06:56','2025-09-25 21:06:56'),(1534,9,NULL,NULL,NULL,NULL,'B2:17:11:1E:76:42','562541',1000.00,'2025-09-25 21:10:02','2025-09-25 21:10:02'),(1535,9,NULL,NULL,NULL,NULL,'B2:17:11:1E:76:42','692150',1000.00,'2025-09-25 21:12:01','2025-09-25 21:12:01');

--
-- Table structure for table `tickets`
--

CREATE TABLE `tickets` (
  `id` bigint unsigned NOT NULL AUTO_INCREMENT,
  `ref_no` varchar(191) COLLATE utf8mb4_unicode_ci NOT NULL,
  `company_id` bigint unsigned NOT NULL,
  `company_router_id` bigint unsigned NOT NULL,
  `user_id` bigint unsigned NOT NULL,
  `issue_title` varchar(191) COLLATE utf8mb4_unicode_ci NOT NULL,
  `description` text COLLATE utf8mb4_unicode_ci NOT NULL,
  `reminder` datetime NOT NULL,
  `stage` enum('Open','In Progress','Resolved','Closed') COLLATE utf8mb4_unicode_ci NOT NULL DEFAULT 'Open',
  `status` int NOT NULL DEFAULT '1' COMMENT '0=Inactive, 1=Active',
  `created_at` timestamp NULL DEFAULT NULL,
  `updated_at` timestamp NULL DEFAULT NULL,
  `deleted_at` timestamp NULL DEFAULT NULL,
  PRIMARY KEY (`id`),
  KEY `tickets_company_id_foreign` (`company_id`),
  KEY `tickets_company_router_id_foreign` (`company_router_id`),
  KEY `tickets_user_id_foreign` (`user_id`),
  CONSTRAINT `tickets_company_id_foreign` FOREIGN KEY (`company_id`) REFERENCES `companies` (`id`) ON DELETE CASCADE,
  CONSTRAINT `tickets_company_router_id_foreign` FOREIGN KEY (`company_router_id`) REFERENCES `company_routers` (`id`) ON DELETE CASCADE,
  CONSTRAINT `tickets_user_id_foreign` FOREIGN KEY (`user_id`) REFERENCES `users` (`id`) ON DELETE CASCADE
) ENGINE=InnoDB DEFAULT CHARSET=utf8mb4 COLLATE=utf8mb4_unicode_ci;

--
-- Dumping data for table `tickets`
--


--
-- Table structure for table `transaction_frequencies`
--

CREATE TABLE `transaction_frequencies` (
  `id` bigint unsigned NOT NULL AUTO_INCREMENT,
  `name` varchar(191) COLLATE utf8mb4_unicode_ci NOT NULL,
  `number_of_days` int NOT NULL,
  `created_at` timestamp NULL DEFAULT NULL,
  `updated_at` timestamp NULL DEFAULT NULL,
  `deleted_at` timestamp NULL DEFAULT NULL,
  PRIMARY KEY (`id`)
) ENGINE=InnoDB AUTO_INCREMENT=6 DEFAULT CHARSET=utf8mb4 COLLATE=utf8mb4_unicode_ci;

--
-- Dumping data for table `transaction_frequencies`
--

INSERT INTO `transaction_frequencies` VALUES (1,'Instantly',0,'2025-08-03 19:10:02','2025-08-03 19:10:02',NULL),(2,'Daily',1,'2025-08-03 19:10:02','2025-08-03 19:10:02',NULL),(3,'Three Days',3,'2025-08-03 19:10:02','2025-08-03 19:10:02',NULL),(4,'Weekly',7,'2025-08-03 19:10:02','2025-08-03 19:10:02',NULL),(5,'Monthly',30,'2025-08-03 19:10:02','2025-08-03 19:10:02',NULL);

--
-- Table structure for table `user_verification_codes`
--

CREATE TABLE `user_verification_codes` (
  `id` bigint unsigned NOT NULL AUTO_INCREMENT,
  `user_id` bigint unsigned DEFAULT NULL,
  `phone_code` varchar(191) COLLATE utf8mb4_unicode_ci NOT NULL,
  `email_code` varchar(191) COLLATE utf8mb4_unicode_ci NOT NULL,
  `created_at` timestamp NULL DEFAULT NULL,
  `updated_at` timestamp NULL DEFAULT NULL,
  `deleted_at` timestamp NULL DEFAULT NULL,
  PRIMARY KEY (`id`),
  KEY `user_verification_codes_user_id_foreign` (`user_id`),
  CONSTRAINT `user_verification_codes_user_id_foreign` FOREIGN KEY (`user_id`) REFERENCES `users` (`id`) ON DELETE CASCADE
) ENGINE=InnoDB DEFAULT CHARSET=utf8mb4 COLLATE=utf8mb4_unicode_ci;

--
-- Dumping data for table `user_verification_codes`
--


--
-- Table structure for table `users`
--

CREATE TABLE `users` (
  `id` bigint unsigned NOT NULL AUTO_INCREMENT,
  `ref_no` varchar(191) COLLATE utf8mb4_unicode_ci NOT NULL,
  `username` varchar(191) COLLATE utf8mb4_unicode_ci NOT NULL,
  `phone` varchar(191) COLLATE utf8mb4_unicode_ci NOT NULL,
  `referrer_phone` varchar(191) COLLATE utf8mb4_unicode_ci DEFAULT NULL,
  `email` varchar(191) COLLATE utf8mb4_unicode_ci DEFAULT NULL,
  `email_verified_at` timestamp NULL DEFAULT NULL,
  `phone_verified_at` timestamp NULL DEFAULT NULL,
  `password` varchar(191) COLLATE utf8mb4_unicode_ci NOT NULL,
  `status` int NOT NULL DEFAULT '1' COMMENT '0=inactive, 1=active',
  `remember_token` varchar(100) COLLATE utf8mb4_unicode_ci DEFAULT NULL,
  `created_at` timestamp NULL DEFAULT NULL,
  `updated_at` timestamp NULL DEFAULT NULL,
  `deleted_at` timestamp NULL DEFAULT NULL,
  PRIMARY KEY (`id`),
  UNIQUE KEY `users_phone_unique` (`phone`),
  UNIQUE KEY `users_email_unique` (`email`)
) ENGINE=InnoDB AUTO_INCREMENT=30 DEFAULT CHARSET=utf8mb4 COLLATE=utf8mb4_unicode_ci;

--
-- Dumping data for table `users`
--

INSERT INTO `users` VALUES (1,'HF4Y6D','Super Admin','0712345678',NULL,'superadmin@gmail.com','2025-07-30 21:26:20','2025-07-30 21:26:20','$2y$12$sL9rLDiCAscrNQ.NY2RztOzzU0.cSCW6B5rNjnvO4i8ICYnXXnIbG',1,NULL,'2025-07-30 21:26:20','2025-08-13 09:20:47',NULL),(14,'H0ERF2','Ben','0745678',NULL,NULL,'2025-08-05 15:16:00','2025-08-05 15:16:00','$2y$12$mgPvt.LZISWEj4nKuYXv6urRN3LvIt1dML13T/snulGiRoOuGWkUq',1,NULL,'2025-08-05 15:16:00','2025-08-05 15:16:00',NULL),(15,'9E8FYP','Erick','0763752350',NULL,'sirnjovu86@gmail.com','2025-08-05 16:56:56','2025-08-05 16:56:56','$2y$12$t28h8a0Wo1XrJk0XZHrmS.zJKIvU002din28wiRKlPKVeRdv.Z10e',1,NULL,'2025-08-05 16:56:56','2025-08-09 11:59:27',NULL),(16,'5NGAQV','Admin','0712345679',NULL,NULL,'2025-08-12 12:25:52','2025-08-12 12:25:52','$2y$12$kuyPB0V6yohwp/aAz4epeO5VQrnpwnW7jJk9KLPTpKxBIfis8CiR2',1,NULL,'2025-08-12 12:25:52','2025-08-12 12:25:52',NULL),(17,'SGC5QD','Te','0694214936',NULL,'test@hmail.com','2025-08-13 07:21:07','2025-08-13 07:21:07','$2y$12$oIxyMmt3CSWOD/v2CEIzH..mKvXm0N61/x7IIMZ0x9Godd0pkXMYK',0,NULL,'2025-08-13 07:21:07','2025-08-13 20:48:18',NULL),(18,'W19D5P','Test','0693058471',NULL,'test@gmail.com','2025-08-13 07:21:55','2025-08-13 07:21:55','$2y$12$LE8vKzwYDwZHpw.hRN7oyuY4XhagL0O4oPpffvuNDZC70Vmt3lkkC',0,NULL,'2025-08-13 07:21:55','2025-08-13 20:48:00',NULL),(19,'2SZ35Y','Admin','0787109988',NULL,NULL,'2025-08-13 19:46:16','2025-08-13 19:46:16','$2y$12$tyfHnsegYuJzDVVrUGjj.eseTN4v2R2TCUmHZ/B09O6XeMd8Vc3bO',0,NULL,'2025-08-13 19:46:16','2025-08-13 20:47:46',NULL),(20,'Q3B8YT','Mwamba Cosmetics','0786000803',NULL,'export@fotini.com','2025-08-26 13:06:13','2025-08-26 13:06:13','$2y$12$h0Nfh6j2Mx0foH/6aLc6jOQE2C8Bzurd2Mf3XN5/miuSlz/HpYvNm',1,NULL,'2025-08-26 13:06:13','2025-09-01 11:07:14',NULL),(22,'UTR7BK','Kazungu','0754578434',NULL,'karnsonkazy@gmail.com','2025-08-29 19:10:58','2025-08-29 19:10:58','$2y$12$lzHpyUqns/kIE35ylRwzX.FFrmfGM9WYMOLdYnwbod8jzYYJmCjDS',1,NULL,'2025-08-29 19:10:58','2025-08-31 10:13:34',NULL),(23,'89B4PI','Alex','0696849400',NULL,NULL,'2025-08-30 06:58:45','2025-08-30 06:58:45','$2y$12$MI56zu0nxXUNc7ruSGvtcOPsls1OcGmkDBBylFHmKEGS80o5zjJHG',1,NULL,'2025-08-30 06:58:45','2025-08-30 06:58:45',NULL),(24,'VF1AK0','jack','0714504348',NULL,NULL,'2025-08-31 22:17:44','2025-08-31 22:17:44','$2y$12$.t49VYTvG2.HsbEoS1Wxiuva1ap.Tg3SRLWa7ebHdc8UR44Moy.5K',1,NULL,'2025-08-31 22:17:44','2025-08-31 22:17:44',NULL),(25,'V4PJR7','Emmanuel','0747777710',NULL,'maluliemmanuel.me@gmail.com','2025-09-06 06:09:37','2025-09-06 06:09:37','$2y$12$wUBGv2AUQ1C6K3EgJDXX1u6FUa0rRZ7AYYazUM/fRsXgELWwv0mvy',1,NULL,'2025-09-06 06:09:37','2025-09-06 13:02:38',NULL),(26,'5DLG6S','maluli','0714797942',NULL,'dextercryptog@gmail.com','2025-09-06 13:01:40','2025-09-06 13:01:40','$2y$12$rZ58zpkXV5p8qA5hjPZj7.lmsLYFdMWtCYAv1e59gJY81qRQgaKd6',1,NULL,'2025-09-06 13:01:40','2025-09-06 13:02:24',NULL),(27,'GM7EX8','Emmanuel Mgedela','0780601042',NULL,'mgendelaemmanuel20@gmail.com','2025-09-09 09:33:08','2025-09-09 09:33:08','$2y$12$FFlCGbXE3Pe2mdFXSefpe.icJSFLyU1W8dhnIEInrb0.HiOnm9VkG',1,NULL,'2025-09-09 09:33:08','2025-09-09 11:01:08',NULL),(28,'7ZGQLA','Gilbert mushi','0769932392',NULL,'gilbertmoshi@gmail.com','2025-09-18 14:24:23','2025-09-18 14:24:23','$2y$12$4dukvvrPhYO4XShHNIBxt.e8koOL4roF2O/aVaJkHJU4Tw9/l1Jhm',1,NULL,'2025-09-18 14:24:23','2025-09-18 14:47:01',NULL),(29,'EA7IQ2','Emmanuel Mwazembe','07577006671',NULL,NULL,'2025-09-25 11:55:26','2025-09-25 11:55:26','$2y$12$GKAwdHDhxcQPSf80Iyj/H.z9s5gWA4At0O0J5HBuHjSb9jxwKPmQy',1,NULL,'2025-09-25 11:55:26','2025-09-25 11:55:26',NULL);


