(11215,8,NULL,'Mikrotik Router Down','⚠️ Hi Erick, your mikrotik router - Machinga Complex is offline. Please check it out.',1,'2025-09-08 09:24:24','2025-09-08 13:41:36'),(11216,8,NULL,'Mikrotik Router Down','⚠️ Hi Erick, your mikrotik router - Machinga Complex is offline. Please check it out.',1,'2025-09-08 09:25:24','2025-09-08 13:41:36'),(11217,8,NULL,'Mikrotik Router Down','⚠️ Hi Erick, your mikrotik router - Machinga Complex is offline. Please check it out.',1,'2025-09-08 09:26:24','2025-09-08 13:41:36'),(11218,13,NULL,'Mikrotik Router Up','✅ Hi Kazungu, your mikrotik router - La Zungu is back online.',0,'2025-09-08 09:27:25','2025-09-08 09:27:25'),(11219,13,NULL,'Mikrotik Router Up','✅ Hi Kazungu, your mikrotik router - La Zungu is back online.',0,'2025-09-08 09:28:24','2025-09-08 09:28:24'),(11220,13,NULL,'Mikrotik Router Up','✅ Hi Kazungu, your mikrotik router - La Zungu is back online.',0,'2025-09-08 09:29:24','2025-09-08 09:29:24'),(11221,13,NULL,'Mikrotik Router Up','✅ Hi Kazungu, your mikrotik router - La Zungu is back online.',0,'2025-09-08 09:30:30','2025-09-08 09:30:30'),(11222,13,NULL,'Mikrotik Router Up','✅ Hi Kazungu, your mikrotik router - La Zungu is back online.',0,'2025-09-08 09:31:24','2025-09-08 09:31:24'),(11223,13,NULL,'Mikrotik Router Up','✅ Hi Kazungu, your mikrotik router - La Zungu is back online.',0,'2025-09-08 09:32:24','2025-09-08 09:32:24'),(11224,13,NULL,'Mikrotik Router Up','✅ Hi Kazungu, your mikrotik router - La Zungu is back online.',0,'2025-09-08 09:33:24','2025-09-08 09:33:24'),(11225,13,NULL,'Mikrotik Router Up','✅ Hi Kazungu, your mikrotik router - La Zungu is back online.',0,'2025-09-08 09:34:24','2025-09-08 09:34:24'),(11226,13,NULL,'Mikrotik Router Up','✅ Hi Kazungu, your mikrotik router - La Zungu is back online.',0,'2025-09-08 09:35:25','2025-09-08 09:35:25'),(11227,13,NULL,'Mikrotik Router Up','✅ Hi Kazungu, your mikrotik router - La Zungu is back online.',0,'2025-09-08 09:36:29','2025-09-08 09:36:29'),(11228,13,NULL,'Mikrotik Router Up','✅ Hi Kazungu, your mikrotik router - La Zungu is back online.',0,'2025-09-08 09:37:24','2025-09-08 09:37:24'),(11229,13,NULL,'Mikrotik Router Up','✅ Hi Kazungu, your mikrotik router - La Zungu is back online.',0,'2025-09-08 09:38:24','2025-09-08 09:38:24'),(11230,13,NULL,'Mikrotik Router Up','✅ Hi Kazungu, your mikrotik router - La Zungu is back online.',0,'2025-09-08 09:39:24','2025-09-08 09:39:24'),(11231,13,NULL,'Mikrotik Router Up','✅ Hi Kazungu, your mikrotik router - La Zungu is back online.',0,'2025-09-08 09:40:25','2025-09-08 09:40:25'),(11232,13,NULL,'Mikrotik Router Up','✅ Hi Kazungu, your mikrotik router - La Zungu is back online.',0,'2025-09-08 09:41:24','2025-09-08 09:41:24'),(11233,13,NULL,'Mikrotik Router Up','✅ Hi Kazungu, your mikrotik router - La Zungu is back online.',0,'2025-09-08 09:42:24','2025-09-08 09:42:24'),(11234,13,NULL,'Mikrotik Router Up','✅ Hi Kazungu, your mikrotik router - La Zungu is back online.',0,'2025-09-08 09:43:24','2025-09-08 09:43:24'),(11235,13,NULL,'Mikrotik Router Up','✅ Hi Kazungu, your mikrotik router - La Zungu is back online.',0,'2025-09-08 09:44:24','2025-09-08 09:44:24'),(11236,13,NULL,'Mikrotik Router Up','✅ Hi Kazungu, your mikrotik router - La Zungu is back online.',0,'2025-09-08 09:45:25','2025-09-08 09:45:25'),(11237,13,NULL,'Mikrotik Router Up','✅ Hi Kazungu, your mikrotik router - La Zungu is back online.',0,'2025-09-08 09:46:24','2025-09-08 09:46:24'),(11238,13,NULL,'Mikrotik Router Up','✅ Hi Kazungu, your mikrotik router - La Zungu is back online.',0,'2025-09-08 09:47:24','2025-09-08 09:47:24'),(11239,13,NULL,'Mikrotik Router Up','✅ Hi Kazungu, your mikrotik router - La Zungu is back online.',0,'2025-09-08 09:48:24','2025-09-08 09:48:24'),(11240,13,NULL,'Mikrotik Router Up','✅ Hi Kazungu, your mikrotik router - La Zungu is back online.',0,'2025-09-08 09:49:24','2025-09-08 09:49:24'),(11241,13,NULL,'Mikrotik Router Up','✅ Hi Kazungu, your mikrotik router - La Zungu is back online.',0,'2025-09-08 09:50:25','2025-09-08 09:50:25'),(11242,13,NULL,'Mikrotik Router Up','✅ Hi Kazungu, your mikrotik router - La Zungu is back online.',0,'2025-09-08 09:51:24','2025-09-08 09:51:24'),(11243,13,NULL,'Mikrotik Router Up','✅ Hi Kazungu, your mikrotik router - La Zungu is back online.',0,'2025-09-08 09:52:24','2025-09-08 09:52:24'),(11244,13,NULL,'Mikrotik Router Up','✅ Hi Kazungu, your mikrotik router - La Zungu is back online.',0,'2025-09-08 09:53:24','2025-09-08 09:53:24'),(11245,13,NULL,'Mikrotik Router Up','✅ Hi Kazungu, your mikrotik router - La Zungu is back online.',0,'2025-09-08 09:54:25','2025-09-08 09:54:25'),(11246,13,NULL,'Mikrotik Router Up','✅ Hi Kazungu, your mikrotik router - La Zungu is back online.',0,'2025-09-08 09:55:24','2025-09-08 09:55:24'),(11247,13,NULL,'Mikrotik Router Up','✅ Hi Kazungu, your mikrotik router - La Zungu is back online.',0,'2025-09-08 09:56:24','2025-09-08 09:56:24'),(11248,13,NULL,'Mikrotik Router Up','✅ Hi Kazungu, your mikrotik router - La Zungu is back online.',0,'2025-09-08 09:57:24','2025-09-08 09:57:24'),(11249,13,NULL,'Mikrotik Router Up','✅ Hi Kazungu, your mikrotik router - La Zungu is back online.',0,'2025-09-08 09:58:24','2025-09-08 09:58:24'),(11250,13,NULL,'Mikrotik Router Up','✅ Hi Kazungu, your mikrotik router - La Zungu is back online.',0,'2025-09-08 09:59:24','2025-09-08 09:59:24'),(11251,13,NULL,'Mikrotik Router Up','✅ Hi Kazungu, your mikrotik router - La Zungu is back online.',0,'2025-09-08 10:00:25','2025-09-08 10:00:25'),(11252,13,NULL,'Mikrotik Router Up','✅ Hi Kazungu, your mikrotik router - La Zungu is back online.',0,'2025-09-08 10:01:25','2025-09-08 10:01:25'),(11253,13,NULL,'Mikrotik Router Up','✅ Hi Kazungu, your mikrotik router - La Zungu is back online.',0,'2025-09-08 10:02:24','2025-09-08 10:02:24'),(11254,13,NULL,'Mikrotik Router Up','✅ Hi Kazungu, your mikrotik router - La Zungu is back online.',0,'2025-09-08 10:03:24','2025-09-08 10:03:24'),(11255,13,NULL,'Mikrotik Router Up','✅ Hi Kazungu, your mikrotik router - La Zungu is back online.',0,'2025-09-08 10:04:24','2025-09-08 10:04:24'),(11256,13,NULL,'Mikrotik Router Up','✅ Hi Kazungu, your mikrotik router - La Zungu is back online.',0,'2025-09-08 10:05:24','2025-09-08 10:05:24'),(11257,13,NULL,'Mikrotik Router Up','✅ Hi Kazungu, your mikrotik router - La Zungu is back online.',0,'2025-09-08 10:06:24','2025-09-08 10:06:24'),(11258,13,NULL,'Mikrotik Router Up','✅ Hi Kazungu, your mikrotik router - La Zungu is back online.',0,'2025-09-08 10:07:24','2025-09-08 10:07:24'),(11259,13,NULL,'Mikrotik Router Up','✅ Hi Kazungu, your mikrotik router - La Zungu is back online.',0,'2025-09-08 10:08:24','2025-09-08 10:08:24'),(11260,13,NULL,'Mikrotik Router Up','✅ Hi Kazungu, your mikrotik router - La Zungu is back online.',0,'2025-09-08 10:09:25','2025-09-08 10:09:25'),(11261,13,NULL,'Mikrotik Router Up','✅ Hi Kazungu, your mikrotik router - La Zungu is back online.',0,'2025-09-08 10:10:24','2025-09-08 10:10:24'),(11262,13,NULL,'Mikrotik Router Up','✅ Hi Kazungu, your mikrotik router - La Zungu is back online.',0,'2025-09-08 10:11:25','2025-09-08 10:11:25'),(11263,13,NULL,'Mikrotik Router Up','✅ Hi Kazungu, your mikrotik router - La Zungu is back online.',0,'2025-09-08 10:12:24','2025-09-08 10:12:24'),(11264,13,NULL,'Mikrotik Router Up','✅ Hi Kazungu, your mikrotik router - La Zungu is back online.',0,'2025-09-08 10:13:24','2025-09-08 10:13:24'),(11265,13,NULL,'Mikrotik Router Up','✅ Hi Kazungu, your mikrotik router - La Zungu is back online.',0,'2025-09-08 10:14:24','2025-09-08 10:14:24'),(11266,13,NULL,'Mikrotik Router Up','✅ Hi Kazungu, your mikrotik router - La Zungu is back online.',0,'2025-09-08 10:15:25','2025-09-08 10:15:25'),(11267,13,NULL,'Mikrotik Router Up','✅ Hi Kazungu, your mikrotik router - La Zungu is back online.',0,'2025-09-08 10:16:24','2025-09-08 10:16:24'),(11268,13,NULL,'Mikrotik Router Up','✅ Hi Kazungu, your mikrotik router - La Zungu is back online.',0,'2025-09-08 10:17:26','2025-09-08 10:17:26'),(11269,13,NULL,'Mikrotik Router Up','✅ Hi Kazungu, your mikrotik router - La Zungu is back online.',0,'2025-09-08 10:18:24','2025-09-08 10:18:24'),(11270,13,NULL,'Mikrotik Router Up','✅ Hi Kazungu, your mikrotik router - La Zungu is back online.',0,'2025-09-08 10:19:24','2025-09-08 10:19:24'),(11271,13,NULL,'Mikrotik Router Up','✅ Hi Kazungu, your mikrotik router - La Zungu is back online.',0,'2025-09-08 10:20:31','2025-09-08 10:20:31'),(11272,13,NULL,'Mikrotik Router Up','✅ Hi Kazungu, your mikrotik router - La Zungu is back online.',0,'2025-09-08 10:21:24','2025-09-08 10:21:24'),(11273,13,NULL,'Mikrotik Router Up','✅ Hi Kazungu, your mikrotik router - La Zungu is back online.',0,'2025-09-08 10:22:24','2025-09-08 10:22:24'),(11274,13,NULL,'Mikrotik Router Up','✅ Hi Kazungu, your mikrotik router - La Zungu is back online.',0,'2025-09-08 10:23:24','2025-09-08 10:23:24'),(11275,13,NULL,'Mikrotik Router Up','✅ Hi Kazungu, your mikrotik router - La Zungu is back online.',0,'2025-09-08 10:24:24','2025-09-08 10:24:24'),(11276,13,NULL,'Mikrotik Router Up','✅ Hi Kazungu, your mikrotik router - La Zungu is back online.',0,'2025-09-08 10:25:24','2025-09-08 10:25:24'),(11277,13,NULL,'Mikrotik Router Up','✅ Hi Kazungu, your mikrotik router - La Zungu is back online.',0,'2025-09-08 10:26:24','2025-09-08 10:26:24'),(11278,13,NULL,'Mikrotik Router Up','✅ Hi Kazungu, your mikrotik router - La Zungu is back online.',0,'2025-09-08 10:27:24','2025-09-08 10:27:24'),(11279,13,NULL,'Mikrotik Router Up','✅ Hi Kazungu, your mikrotik router - La Zungu is back online.',0,'2025-09-08 10:28:24','2025-09-08 10:28:24'),(11280,13,NULL,'Mikrotik Router Up','✅ Hi Kazungu, your mikrotik router - La Zungu is back online.',0,'2025-09-08 10:29:24','2025-09-08 10:29:24'),(11281,13,NULL,'Mikrotik Router Up','✅ Hi Kazungu, your mikrotik router - La Zungu is back online.',0,'2025-09-08 10:30:25','2025-09-08 10:30:25'),(11282,13,NULL,'Mikrotik Router Up','✅ Hi Kazungu, your mikrotik router - La Zungu is back online.',0,'2025-09-08 10:31:24','2025-09-08 10:31:24'),(11283,13,NULL,'Mikrotik Router Up','✅ Hi Kazungu, your mikrotik router - La Zungu is back online.',0,'2025-09-08 10:32:24','2025-09-08 10:32:24'),(11284,13,NULL,'Mikrotik Router Up','✅ Hi Kazungu, your mikrotik router - La Zungu is back online.',0,'2025-09-08 10:33:24','2025-09-08 10:33:24'),(11285,13,NULL,'Mikrotik Router Up','✅ Hi Kazungu, your mikrotik router - La Zungu is back online.',0,'2025-09-08 10:34:24','2025-09-08 10:34:24'),(11286,13,NULL,'Mikrotik Router Up','✅ Hi Kazungu, your mikrotik router - La Zungu is back online.',0,'2025-09-08 10:35:24','2025-09-08 10:35:24'),(11287,13,NULL,'Mikrotik Router Up','✅ Hi Kazungu, your mikrotik router - La Zungu is back online.',0,'2025-09-08 10:36:24','2025-09-08 10:36:24'),(11288,13,NULL,'Mikrotik Router Up','✅ Hi Kazungu, your mikrotik router - La Zungu is back online.',0,'2025-09-08 10:37:24','2025-09-08 10:37:24'),(11289,13,NULL,'Mikrotik Router Up','✅ Hi Kazungu, your mikrotik router - La Zungu is back online.',0,'2025-09-08 10:38:25','2025-09-08 10:38:25'),(11290,13,NULL,'Mikrotik Router Up','✅ Hi Kazungu, your mikrotik router - La Zungu is back online.',0,'2025-09-08 10:39:24','2025-09-08 10:39:24'),(11291,13,NULL,'Mikrotik Router Up','✅ Hi Kazungu, your mikrotik router - La Zungu is back online.',0,'2025-09-08 10:40:25','2025-09-08 10:40:25'),(11292,13,NULL,'Mikrotik Router Up','✅ Hi Kazungu, your mikrotik router - La Zungu is back online.',0,'2025-09-08 10:41:30','2025-09-08 10:41:30'),(11293,13,NULL,'Mikrotik Router Up','✅ Hi Kazungu, your mikrotik router - La Zungu is back online.',0,'2025-09-08 10:42:24','2025-09-08 10:42:24'),(11294,13,NULL,'Mikrotik Router Up','✅ Hi Kazungu, your mikrotik router - La Zungu is back online.',0,'2025-09-08 10:43:24','2025-09-08 10:43:24'),(11295,13,NULL,'Mikrotik Router Up','✅ Hi Kazungu, your mikrotik router - La Zungu is back online.',0,'2025-09-08 10:44:24','2025-09-08 10:44:24'),(11296,13,NULL,'Mikrotik Router Up','✅ Hi Kazungu, your mikrotik router - La Zungu is back online.',0,'2025-09-08 10:45:24','2025-09-08 10:45:24'),(11297,13,NULL,'Mikrotik Router Up','✅ Hi Kazungu, your mikrotik router - La Zungu is back online.',0,'2025-09-08 10:46:24','2025-09-08 10:46:24'),(11298,13,NULL,'Mikrotik Router Up','✅ Hi Kazungu, your mikrotik router - La Zungu is back online.',0,'2025-09-08 10:47:25','2025-09-08 10:47:25'),(11299,13,NULL,'Mikrotik Router Up','✅ Hi Kazungu, your mikrotik router - La Zungu is back online.',0,'2025-09-08 10:48:24','2025-09-08 10:48:24'),(11300,13,NULL,'Mikrotik Router Up','✅ Hi Kazungu, your mikrotik router - La Zungu is back online.',0,'2025-09-08 10:49:24','2025-09-08 10:49:24'),(11301,13,NULL,'Mikrotik Router Up','✅ Hi Kazungu, your mikrotik router - La Zungu is back online.',0,'2025-09-08 10:50:25','2025-09-08 10:50:25'),(11302,13,NULL,'Mikrotik Router Up','✅ Hi Kazungu, your mikrotik router - La Zungu is back online.',0,'2025-09-08 10:51:24','2025-09-08 10:51:24'),(11303,13,NULL,'Mikrotik Router Up','✅ Hi Kazungu, your mikrotik router - La Zungu is back online.',0,'2025-09-08 10:52:24','2025-09-08 10:52:24'),(11304,13,NULL,'Mikrotik Router Up','✅ Hi Kazungu, your mikrotik router - La Zungu is back online.',0,'2025-09-08 10:53:24','2025-09-08 10:53:24'),(11305,13,NULL,'Mikrotik Router Up','✅ Hi Kazungu, your mikrotik router - La Zungu is back online.',0,'2025-09-08 10:54:24','2025-09-08 10:54:24'),(11306,13,NULL,'Mikrotik Router Up','✅ Hi Kazungu, your mikrotik router - La Zungu is back online.',0,'2025-09-08 10:55:24','2025-09-08 10:55:24'),(11307,13,NULL,'Mikrotik Router Up','✅ Hi Kazungu, your mikrotik router - La Zungu is back online.',0,'2025-09-08 10:56:24','2025-09-08 10:56:24'),(11308,13,NULL,'Mikrotik Router Up','✅ Hi Kazungu, your mikrotik router - La Zungu is back online.',0,'2025-09-08 10:57:24','2025-09-08 10:57:24'),(11309,13,NULL,'Mikrotik Router Up','✅ Hi Kazungu, your mikrotik router - La Zungu is back online.',0,'2025-09-08 10:58:24','2025-09-08 10:58:24'),(11310,13,NULL,'Mikrotik Router Up','✅ Hi Kazungu, your mikrotik router - La Zungu is back online.',0,'2025-09-08 10:59:24','2025-09-08 10:59:24'),(11311,8,NULL,'Mikrotik Router Down','⚠️ Hi Erick, your mikrotik router - Ngoni Net 1 is offline. Please check it out.',1,'2025-09-08 11:00:26','2025-09-08 13:41:36'),(11312,8,NULL,'Mikrotik Router Down','⚠️ Hi Erick, your mikrotik router - Ngoni Net 1 is offline. Please check it out.',1,'2025-09-08 11:01:25','2025-09-08 13:41:36'),(11313,13,NULL,'Mikrotik Router Up','✅ Hi Kazungu, your mikrotik router - La Zungu is back online.',0,'2025-09-08 11:02:24','2025-09-08 11:02:24'),(11314,13,NULL,'Mikrotik Router Up','✅ Hi Kazungu, your mikrotik router - La Zungu is back online.',0,'2025-09-08 11:03:24','2025-09-08 11:03:24'),(11315,13,NULL,'Mikrotik Router Up','✅ Hi Kazungu, your mikrotik router - La Zungu is back online.',0,'2025-09-08 11:04:25','2025-09-08 11:04:25'),(11316,13,NULL,'Mikrotik Router Up','✅ Hi Kazungu, your mikrotik router - La Zungu is back online.',0,'2025-09-08 11:05:35','2025-09-08 11:05:35'),(11317,13,NULL,'Mikrotik Router Up','✅ Hi Kazungu, your mikrotik router - La Zungu is back online.',0,'2025-09-08 11:06:25','2025-09-08 11:06:25'),(11318,13,NULL,'Mikrotik Router Up','✅ Hi Kazungu, your mikrotik router - La Zungu is back online.',0,'2025-09-08 11:07:24','2025-09-08 11:07:24'),(11319,13,NULL,'Mikrotik Router Up','✅ Hi Kazungu, your mikrotik router - La Zungu is back online.',0,'2025-09-08 11:08:24','2025-09-08 11:08:24'),(11320,13,NULL,'Mikrotik Router Up','✅ Hi Kazungu, your mikrotik router - La Zungu is back online.',0,'2025-09-08 11:09:24','2025-09-08 11:09:24'),(11321,13,NULL,'Mikrotik Router Up','✅ Hi Kazungu, your mikrotik router - La Zungu is back online.',0,'2025-09-08 11:10:24','2025-09-08 11:10:24'),(11322,13,NULL,'Mikrotik Router Up','✅ Hi Kazungu, your mikrotik router - La Zungu is back online.',0,'2025-09-08 11:11:24','2025-09-08 11:11:24'),(11323,13,NULL,'Mikrotik Router Up','✅ Hi Kazungu, your mikrotik router - La Zungu is back online.',0,'2025-09-08 11:12:24','2025-09-08 11:12:24'),(11324,13,NULL,'Mikrotik Router Up','✅ Hi Kazungu, your mikrotik router - La Zungu is back online.',0,'2025-09-08 11:13:29','2025-09-08 11:13:29'),(11325,13,NULL,'Mikrotik Router Up','✅ Hi Kazungu, your mikrotik router - La Zungu is back online.',0,'2025-09-08 11:14:24','2025-09-08 11:14:24'),(11326,13,NULL,'Mikrotik Router Up','✅ Hi Kazungu, your mikrotik router - La Zungu is back online.',0,'2025-09-08 11:15:25','2025-09-08 11:15:25'),(11327,13,NULL,'Mikrotik Router Up','✅ Hi Kazungu, your mikrotik router - La Zungu is back online.',0,'2025-09-08 11:16:30','2025-09-08 11:16:30'),(11328,13,NULL,'Mikrotik Router Up','✅ Hi Kazungu, your mikrotik router - La Zungu is back online.',0,'2025-09-08 11:17:26','2025-09-08 11:17:26'),(11329,13,NULL,'Mikrotik Router Up','✅ Hi Kazungu, your mikrotik router - La Zungu is back online.',0,'2025-09-08 11:18:24','2025-09-08 11:18:24'),(11330,13,NULL,'Mikrotik Router Up','✅ Hi Kazungu, your mikrotik router - La Zungu is back online.',0,'2025-09-08 11:19:24','2025-09-08 11:19:24'),(11331,13,NULL,'Mikrotik Router Up','✅ Hi Kazungu, your mikrotik router - La Zungu is back online.',0,'2025-09-08 11:20:25','2025-09-08 11:20:25'),(11332,13,NULL,'Mikrotik Router Up','✅ Hi Kazungu, your mikrotik router - La Zungu is back online.',0,'2025-09-08 11:21:24','2025-09-08 11:21:24'),(11333,13,NULL,'Mikrotik Router Up','✅ Hi Kazungu, your mikrotik router - La Zungu is back online.',0,'2025-09-08 11:22:24','2025-09-08 11:22:24'),(11334,13,NULL,'Mikrotik Router Up','✅ Hi Kazungu, your mikrotik router - La Zungu is back online.',0,'2025-09-08 11:23:24','2025-09-08 11:23:24'),(11335,13,NULL,'Mikrotik Router Up','✅ Hi Kazungu, your mikrotik router - La Zungu is back online.',0,'2025-09-08 11:24:25','2025-09-08 11:24:25'),(11336,8,NULL,'Mikrotik Router Down','⚠️ Hi Erick, your mikrotik router - Machinga Complex is offline. Please check it out.',1,'2025-09-08 11:25:24','2025-09-08 13:41:36'),(11337,13,NULL,'Mikrotik Router Up','✅ Hi Kazungu, your mikrotik router - La Zungu is back online.',0,'2025-09-08 11:26:24','2025-09-08 11:26:24'),(11338,13,NULL,'Mikrotik Router Up','✅ Hi Kazungu, your mikrotik router - La Zungu is back online.',0,'2025-09-08 11:27:24','2025-09-08 11:27:24'),(11339,13,NULL,'Mikrotik Router Up','✅ Hi Kazungu, your mikrotik router - La Zungu is back online.',0,'2025-09-08 11:28:24','2025-09-08 11:28:24'),(11340,13,NULL,'Mikrotik Router Up','✅ Hi Kazungu, your mikrotik router - La Zungu is back online.',0,'2025-09-08 11:29:24','2025-09-08 11:29:24'),(11341,13,NULL,'Mikrotik Router Up','✅ Hi Kazungu, your mikrotik router - La Zungu is back online.',0,'2025-09-08 11:30:25','2025-09-08 11:30:25'),(11342,13,NULL,'Mikrotik Router Up','✅ Hi Kazungu, your mikrotik router - La Zungu is back online.',0,'2025-09-08 11:31:24','2025-09-08 11:31:24'),(11343,13,NULL,'Mikrotik Router Up','✅ Hi Kazungu, your mikrotik router - La Zungu is back online.',0,'2025-09-08 11:32:24','2025-09-08 11:32:24'),(11344,13,NULL,'Mikrotik Router Up','✅ Hi Kazungu, your mikrotik router - La Zungu is back online.',0,'2025-09-08 11:33:24','2025-09-08 11:33:24'),(11345,13,NULL,'Mikrotik Router Up','✅ Hi Kazungu, your mikrotik router - La Zungu is back online.',0,'2025-09-08 11:34:25','2025-09-08 11:34:25'),(11346,13,NULL,'Mikrotik Router Up','✅ Hi Kazungu, your mikrotik router - La Zungu is back online.',0,'2025-09-08 11:35:24','2025-09-08 11:35:24'),(11347,13,NULL,'Mikrotik Router Up','✅ Hi Kazungu, your mikrotik router - La Zungu is back online.',0,'2025-09-08 11:36:24','2025-09-08 11:36:24'),(11348,13,NULL,'Mikrotik Router Up','✅ Hi Kazungu, your mikrotik router - La Zungu is back online.',0,'2025-09-08 11:37:24','2025-09-08 11:37:24'),(11349,13,NULL,'Mikrotik Router Up','✅ Hi Kazungu, your mikrotik router - La Zungu is back online.',0,'2025-09-08 11:38:24','2025-09-08 11:38:24'),(11350,13,NULL,'Mikrotik Router Up','✅ Hi Kazungu, your mikrotik router - La Zungu is back online.',0,'2025-09-08 11:39:24','2025-09-08 11:39:24'),(11351,13,NULL,'Mikrotik Router Up','✅ Hi Kazungu, your mikrotik router - La Zungu is back online.',0,'2025-09-08 11:40:24','2025-09-08 11:40:24'),(11352,13,NULL,'Mikrotik Router Up','✅ Hi Kazungu, your mikrotik router - La Zungu is back online.',0,'2025-09-08 11:41:23','2025-09-08 11:41:23'),(11353,13,NULL,'Mikrotik Router Up','✅ Hi Kazungu, your mikrotik router - La Zungu is back online.',0,'2025-09-08 11:42:24','2025-09-08 11:42:24'),(11354,13,NULL,'Mikrotik Router Up','✅ Hi Kazungu, your mikrotik router - La Zungu is back online.',0,'2025-09-08 11:43:24','2025-09-08 11:43:24'),(11355,13,NULL,'Mikrotik Router Up','✅ Hi Kazungu, your mikrotik router - La Zungu is back online.',0,'2025-09-08 11:44:24','2025-09-08 11:44:24'),(11356,13,NULL,'Mikrotik Router Up','✅ Hi Kazungu, your mikrotik router - La Zungu is back online.',0,'2025-09-08 11:45:30','2025-09-08 11:45:30'),(11357,13,NULL,'Mikrotik Router Up','✅ Hi Kazungu, your mikrotik router - La Zungu is back online.',0,'2025-09-08 11:46:24','2025-09-08 11:46:24'),(11358,13,NULL,'Mikrotik Router Up','✅ Hi Kazungu, your mikrotik router - La Zungu is back online.',0,'2025-09-08 11:47:24','2025-09-08 11:47:24'),(11359,13,NULL,'Mikrotik Router Up','✅ Hi Kazungu, your mikrotik router - La Zungu is back online.',0,'2025-09-08 11:48:24','2025-09-08 11:48:24'),(11360,13,NULL,'Mikrotik Router Up','✅ Hi Kazungu, your mikrotik router - La Zungu is back online.',0,'2025-09-08 11:49:24','2025-09-08 11:49:24'),(11361,13,NULL,'Mikrotik Router Up','✅ Hi Kazungu, your mikrotik router - La Zungu is back online.',0,'2025-09-08 11:50:24','2025-09-08 11:50:24'),(11362,13,NULL,'Mikrotik Router Up','✅ Hi Kazungu, your mikrotik router - La Zungu is back online.',0,'2025-09-08 11:51:24','2025-09-08 11:51:24'),(11363,13,NULL,'Mikrotik Router Up','✅ Hi Kazungu, your mikrotik router - La Zungu is back online.',0,'2025-09-08 11:52:24','2025-09-08 11:52:24'),(11364,13,NULL,'Mikrotik Router Up','✅ Hi Kazungu, your mikrotik router - La Zungu is back online.',0,'2025-09-08 11:53:24','2025-09-08 11:53:24'),(11365,13,NULL,'Mikrotik Router Up','✅ Hi Kazungu, your mikrotik router - La Zungu is back online.',0,'2025-09-08 11:54:25','2025-09-08 11:54:25'),(11366,13,NULL,'Mikrotik Router Up','✅ Hi Kazungu, your mikrotik router - La Zungu is back online.',0,'2025-09-08 11:55:24','2025-09-08 11:55:24'),(11367,13,NULL,'Mikrotik Router Up','✅ Hi Kazungu, your mikrotik router - La Zungu is back online.',0,'2025-09-08 11:56:24','2025-09-08 11:56:24'),(11368,13,NULL,'Mikrotik Router Up','✅ Hi Kazungu, your mikrotik router - La Zungu is back online.',0,'2025-09-08 11:57:24','2025-09-08 11:57:24'),(11369,13,NULL,'Mikrotik Router Up','✅ Hi Kazungu, your mikrotik router - La Zungu is back online.',0,'2025-09-08 11:58:24','2025-09-08 11:58:24'),(11370,13,NULL,'Mikrotik Router Up','✅ Hi Kazungu, your mikrotik router - La Zungu is back online.',0,'2025-09-08 11:59:24','2025-09-08 11:59:24'),(11371,13,NULL,'Mikrotik Router Up','✅ Hi Kazungu, your mikrotik router - La Zungu is back online.',0,'2025-09-08 12:00:25','2025-09-08 12:00:25'),(11372,13,NULL,'Mikrotik Router Up','✅ Hi Kazungu, your mikrotik router - La Zungu is back online.',0,'2025-09-08 12:01:24','2025-09-08 12:01:24'),(11373,13,NULL,'Mikrotik Router Up','✅ Hi Kazungu, your mikrotik router - La Zungu is back online.',0,'2025-09-08 12:02:24','2025-09-08 12:02:24'),(11374,13,NULL,'Mikrotik Router Up','✅ Hi Kazungu, your mikrotik router - La Zungu is back online.',0,'2025-09-08 12:03:24','2025-09-08 12:03:24'),(11375,13,NULL,'Mikrotik Router Up','✅ Hi Kazungu, your mikrotik router - La Zungu is back online.',0,'2025-09-08 12:04:24','2025-09-08 12:04:24'),(11376,13,NULL,'Mikrotik Router Up','✅ Hi Kazungu, your mikrotik router - La Zungu is back online.',0,'2025-09-08 12:05:24','2025-09-08 12:05:24'),(11377,13,NULL,'Mikrotik Router Up','✅ Hi Kazungu, your mikrotik router - La Zungu is back online.',0,'2025-09-08 12:06:23','2025-09-08 12:06:23'),(11378,13,NULL,'Mikrotik Router Up','✅ Hi Kazungu, your mikrotik router - La Zungu is back online.',0,'2025-09-08 12:07:24','2025-09-08 12:07:24'),(11379,13,NULL,'Mikrotik Router Up','✅ Hi Kazungu, your mikrotik router - La Zungu is back online.',0,'2025-09-08 12:08:24','2025-09-08 12:08:24'),(11380,13,NULL,'Mikrotik Router Up','✅ Hi Kazungu, your mikrotik router - La Zungu is back online.',0,'2025-09-08 12:09:24','2025-09-08 12:09:24'),(11381,13,NULL,'Mikrotik Router Up','✅ Hi Kazungu, your mikrotik router - La Zungu is back online.',0,'2025-09-08 12:10:25','2025-09-08 12:10:25'),(11382,13,NULL,'Mikrotik Router Up','✅ Hi Kazungu, your mikrotik router - La Zungu is back online.',0,'2025-09-08 12:11:24','2025-09-08 12:11:24'),(11383,13,NULL,'Mikrotik Router Up','✅ Hi Kazungu, your mikrotik router - La Zungu is back online.',0,'2025-09-08 12:12:24','2025-09-08 12:12:24'),(11384,13,NULL,'Mikrotik Router Up','✅ Hi Kazungu, your mikrotik router - La Zungu is back online.',0,'2025-09-08 12:13:25','2025-09-08 12:13:25'),(11385,13,NULL,'Mikrotik Router Up','✅ Hi Kazungu, your mikrotik router - La Zungu is back online.',0,'2025-09-08 12:14:24','2025-09-08 12:14:24'),(11386,13,NULL,'Mikrotik Router Up','✅ Hi Kazungu, your mikrotik router - La Zungu is back online.',0,'2025-09-08 12:15:25','2025-09-08 12:15:25'),(11387,13,NULL,'Mikrotik Router Up','✅ Hi Kazungu, your mikrotik router - La Zungu is back online.',0,'2025-09-08 12:16:24','2025-09-08 12:16:24'),(11388,13,NULL,'Mikrotik Router Up','✅ Hi Kazungu, your mikrotik router - La Zungu is back online.',0,'2025-09-08 12:17:26','2025-09-08 12:17:26'),(11389,13,NULL,'Mikrotik Router Up','✅ Hi Kazungu, your mikrotik router - La Zungu is back online.',0,'2025-09-08 12:18:24','2025-09-08 12:18:24'),(11390,13,NULL,'Mikrotik Router Up','✅ Hi Kazungu, your mikrotik router - La Zungu is back online.',0,'2025-09-08 12:19:24','2025-09-08 12:19:24'),(11391,13,NULL,'Mikrotik Router Up','✅ Hi Kazungu, your mikrotik router - La Zungu is back online.',0,'2025-09-08 12:20:25','2025-09-08 12:20:25'),(11392,13,NULL,'Mikrotik Router Up','✅ Hi Kazungu, your mikrotik router - La Zungu is back online.',0,'2025-09-08 12:21:24','2025-09-08 12:21:24'),(11393,13,NULL,'Mikrotik Router Up','✅ Hi Kazungu, your mikrotik router - La Zungu is back online.',0,'2025-09-08 12:22:24','2025-09-08 12:22:24'),(11394,13,NULL,'Mikrotik Router Up','✅ Hi Kazungu, your mikrotik router - La Zungu is back online.',0,'2025-09-08 12:23:25','2025-09-08 12:23:25'),(11395,13,NULL,'Mikrotik Router Up','✅ Hi Kazungu, your mikrotik router - La Zungu is back online.',0,'2025-09-08 12:24:24','2025-09-08 12:24:24'),(11396,13,NULL,'Mikrotik Router Up','✅ Hi Kazungu, your mikrotik router - La Zungu is back online.',0,'2025-09-08 12:25:24','2025-09-08 12:25:24'),(11397,13,NULL,'Mikrotik Router Up','✅ Hi Kazungu, your mikrotik router - La Zungu is back online.',0,'2025-09-08 12:26:25','2025-09-08 12:26:25'),(11398,13,NULL,'Mikrotik Router Up','✅ Hi Kazungu, your mikrotik router - La Zungu is back online.',0,'2025-09-08 12:27:24','2025-09-08 12:27:24'),(11399,13,NULL,'Mikrotik Router Up','✅ Hi Kazungu, your mikrotik router - La Zungu is back online.',0,'2025-09-08 12:28:24','2025-09-08 12:28:24'),(11400,13,NULL,'Mikrotik Router Up','✅ Hi Kazungu, your mikrotik router - La Zungu is back online.',0,'2025-09-08 12:29:24','2025-09-08 12:29:24'),(11401,13,NULL,'Mikrotik Router Up','✅ Hi Kazungu, your mikrotik router - La Zungu is back online.',0,'2025-09-08 12:30:24','2025-09-08 12:30:24'),(11402,13,NULL,'Mikrotik Router Up','✅ Hi Kazungu, your mikrotik router - La Zungu is back online.',0,'2025-09-08 12:31:25','2025-09-08 12:31:25'),(11403,13,NULL,'Mikrotik Router Up','✅ Hi Kazungu, your mikrotik router - La Zungu is back online.',0,'2025-09-08 12:32:24','2025-09-08 12:32:24'),(11404,13,NULL,'Mikrotik Router Up','✅ Hi Kazungu, your mikrotik router - La Zungu is back online.',0,'2025-09-08 12:33:24','2025-09-08 12:33:24'),(11405,13,NULL,'Mikrotik Router Up','✅ Hi Kazungu, your mikrotik router - La Zungu is back online.',0,'2025-09-08 12:34:25','2025-09-08 12:34:25'),(11406,13,NULL,'Mikrotik Router Up','✅ Hi Kazungu, your mikrotik router - La Zungu is back online.',0,'2025-09-08 12:35:24','2025-09-08 12:35:24'),(11407,13,NULL,'Mikrotik Router Up','✅ Hi Kazungu, your mikrotik router - La Zungu is back online.',0,'2025-09-08 12:36:24','2025-09-08 12:36:24'),(11408,13,NULL,'Mikrotik Router Up','✅ Hi Kazungu, your mikrotik router - La Zungu is back online.',0,'2025-09-08 12:37:25','2025-09-08 12:37:25'),(11409,13,NULL,'Mikrotik Router Up','✅ Hi Kazungu, your mikrotik router - La Zungu is back online.',0,'2025-09-08 12:38:24','2025-09-08 12:38:24'),(11410,13,NULL,'Mikrotik Router Up','✅ Hi Kazungu, your mikrotik router - La Zungu is back online.',0,'2025-09-08 12:39:24','2025-09-08 12:39:24'),(11411,13,NULL,'Mikrotik Router Up','✅ Hi Kazungu, your mikrotik router - La Zungu is back online.',0,'2025-09-08 12:40:24','2025-09-08 12:40:24'),(11412,13,NULL,'Mikrotik Router Up','✅ Hi Kazungu, your mikrotik router - La Zungu is back online.',0,'2025-09-08 12:41:24','2025-09-08 12:41:24'),(11413,13,NULL,'Mikrotik Router Up','✅ Hi Kazungu, your mikrotik router - La Zungu is back online.',0,'2025-09-08 12:42:24','2025-09-08 12:42:24'),(11414,13,NULL,'Mikrotik Router Up','✅ Hi Kazungu, your mikrotik router - La Zungu is back online.',0,'2025-09-08 12:43:24','2025-09-08 12:43:24'),(11415,13,NULL,'Mikrotik Router Up','✅ Hi Kazungu, your mikrotik router - La Zungu is back online.',0,'2025-09-08 12:44:24','2025-09-08 12:44:24'),(11416,13,NULL,'Mikrotik Router Up','✅ Hi Kazungu, your mikrotik router - La Zungu is back online.',0,'2025-09-08 12:45:25','2025-09-08 12:45:25'),(11417,13,NULL,'Mikrotik Router Up','✅ Hi Kazungu, your mikrotik router - La Zungu is back online.',0,'2025-09-08 12:46:24','2025-09-08 12:46:24'),(11418,13,NULL,'Mikrotik Router Up','✅ Hi Kazungu, your mikrotik router - La Zungu is back online.',0,'2025-09-08 12:47:24','2025-09-08 12:47:24'),(11419,13,NULL,'Mikrotik Router Up','✅ Hi Kazungu, your mikrotik router - La Zungu is back online.',0,'2025-09-08 12:48:24','2025-09-08 12:48:24'),(11420,13,NULL,'Mikrotik Router Up','✅ Hi Kazungu, your mikrotik router - La Zungu is back online.',0,'2025-09-08 12:49:24','2025-09-08 12:49:24'),(11421,13,NULL,'Mikrotik Router Up','✅ Hi Kazungu, your mikrotik router - La Zungu is back online.',0,'2025-09-08 12:50:24','2025-09-08 12:50:24'),(11422,13,NULL,'Mikrotik Router Up','✅ Hi Kazungu, your mikrotik router - La Zungu is back online.',0,'2025-09-08 12:51:30','2025-09-08 12:51:30'),(11423,13,NULL,'Mikrotik Router Up','✅ Hi Kazungu, your mikrotik router - La Zungu is back online.',0,'2025-09-08 12:52:24','2025-09-08 12:52:24'),(11424,13,NULL,'Mikrotik Router Up','✅ Hi Kazungu, your mikrotik router - La Zungu is back online.',0,'2025-09-08 12:53:25','2025-09-08 12:53:25'),(11425,13,NULL,'Mikrotik Router Up','✅ Hi Kazungu, your mikrotik router - La Zungu is back online.',0,'2025-09-08 12:54:24','2025-09-08 12:54:24'),(11426,13,NULL,'Mikrotik Router Up','✅ Hi Kazungu, your mikrotik router - La Zungu is back online.',0,'2025-09-08 12:55:24','2025-09-08 12:55:24'),(11427,13,NULL,'Mikrotik Router Up','✅ Hi Kazungu, your mikrotik router - La Zungu is back online.',0,'2025-09-08 12:56:24','2025-09-08 12:56:24'),(11428,13,NULL,'Mikrotik Router Up','✅ Hi Kazungu, your mikrotik router - La Zungu is back online.',0,'2025-09-08 12:57:24','2025-09-08 12:57:24'),(11429,13,NULL,'Mikrotik Router Up','✅ Hi Kazungu, your mikrotik router - La Zungu is back online.',0,'2025-09-08 12:58:25','2025-09-08 12:58:25'),(11430,13,NULL,'Mikrotik Router Up','✅ Hi Kazungu, your mikrotik router - La Zungu is back online.',0,'2025-09-08 12:59:24','2025-09-08 12:59:24'),(11431,13,NULL,'Mikrotik Router Up','✅ Hi Kazungu, your mikrotik router - La Zungu is back online.',0,'2025-09-08 13:00:25','2025-09-08 13:00:25'),(11432,13,NULL,'Mikrotik Router Up','✅ Hi Kazungu, your mikrotik router - La Zungu is back online.',0,'2025-09-08 13:01:24','2025-09-08 13:01:24'),(11433,13,NULL,'Mikrotik Router Up','✅ Hi Kazungu, your mikrotik router - La Zungu is back online.',0,'2025-09-08 13:02:25','2025-09-08 13:02:25'),(11434,13,NULL,'Mikrotik Router Up','✅ Hi Kazungu, your mikrotik router - La Zungu is back online.',0,'2025-09-08 13:03:24','2025-09-08 13:03:24'),(11435,13,NULL,'Mikrotik Router Up','✅ Hi Kazungu, your mikrotik router - La Zungu is back online.',0,'2025-09-08 13:04:24','2025-09-08 13:04:24'),(11436,13,NULL,'Mikrotik Router Up','✅ Hi Kazungu, your mikrotik router - La Zungu is back online.',0,'2025-09-08 13:05:25','2025-09-08 13:05:25'),(11437,13,NULL,'Mikrotik Router Up','✅ Hi Kazungu, your mikrotik router - La Zungu is back online.',0,'2025-09-08 13:06:24','2025-09-08 13:06:24'),(11438,13,NULL,'Mikrotik Router Up','✅ Hi Kazungu, your mikrotik router - La Zungu is back online.',0,'2025-09-08 13:07:24','2025-09-08 13:07:24'),(11439,13,NULL,'Mikrotik Router Up','✅ Hi Kazungu, your mikrotik router - La Zungu is back online.',0,'2025-09-08 13:08:24','2025-09-08 13:08:24'),(11440,13,NULL,'Mikrotik Router Up','✅ Hi Kazungu, your mikrotik router - La Zungu is back online.',0,'2025-09-08 13:09:24','2025-09-08 13:09:24'),(11441,13,NULL,'Mikrotik Router Up','✅ Hi Kazungu, your mikrotik router - La Zungu is back online.',0,'2025-09-08 13:10:25','2025-09-08 13:10:25'),(11442,13,NULL,'Mikrotik Router Up','✅ Hi Kazungu, your mikrotik router - La Zungu is back online.',0,'2025-09-08 13:11:24','2025-09-08 13:11:24'),(11443,13,NULL,'Mikrotik Router Up','✅ Hi Kazungu, your mikrotik router - La Zungu is back online.',0,'2025-09-08 13:12:24','2025-09-08 13:12:24'),(11444,13,NULL,'Mikrotik Router Up','✅ Hi Kazungu, your mikrotik router - La Zungu is back online.',0,'2025-09-08 13:13:24','2025-09-08 13:13:24'),(11445,13,NULL,'Mikrotik Router Up','✅ Hi Kazungu, your mikrotik router - La Zungu is back online.',0,'2025-09-08 13:14:24','2025-09-08 13:14:24'),(11446,13,NULL,'Mikrotik Router Up','✅ Hi Kazungu, your mikrotik router - La Zungu is back online.',0,'2025-09-08 13:15:24','2025-09-08 13:15:24'),(11447,13,NULL,'Mikrotik Router Up','✅ Hi Kazungu, your mikrotik router - La Zungu is back online.',0,'2025-09-08 13:16:25','2025-09-08 13:16:25'),(11448,13,NULL,'Mikrotik Router Up','✅ Hi Kazungu, your mikrotik router - La Zungu is back online.',0,'2025-09-08 13:17:26','2025-09-08 13:17:26'),(11449,13,NULL,'Mikrotik Router Up','✅ Hi Kazungu, your mikrotik router - La Zungu is back online.',0,'2025-09-08 13:18:24','2025-09-08 13:18:24'),(11450,13,NULL,'Mikrotik Router Up','✅ Hi Kazungu, your mikrotik router - La Zungu is back online.',0,'2025-09-08 13:19:25','2025-09-08 13:19:25'),(11451,13,NULL,'Mikrotik Router Up','✅ Hi Kazungu, your mikrotik router - La Zungu is back online.',0,'2025-09-08 13:20:24','2025-09-08 13:20:24'),(11452,13,NULL,'Mikrotik Router Up','✅ Hi Kazungu, your mikrotik router - La Zungu is back online.',0,'2025-09-08 13:21:24','2025-09-08 13:21:24'),(11453,13,NULL,'Mikrotik Router Up','✅ Hi Kazungu, your mikrotik router - La Zungu is back online.',0,'2025-09-08 13:22:25','2025-09-08 13:22:25'),(11454,13,NULL,'Mikrotik Router Up','✅ Hi Kazungu, your mikrotik router - La Zungu is back online.',0,'2025-09-08 13:23:24','2025-09-08 13:23:24'),(11455,13,NULL,'Mikrotik Router Up','✅ Hi Kazungu, your mikrotik router - La Zungu is back online.',0,'2025-09-08 13:24:24','2025-09-08 13:24:24'),(11456,13,NULL,'Mikrotik Router Up','✅ Hi Kazungu, your mikrotik router - La Zungu is back online.',0,'2025-09-08 13:25:24','2025-09-08 13:25:24'),(11457,13,NULL,'Mikrotik Router Up','✅ Hi Kazungu, your mikrotik router - La Zungu is back online.',0,'2025-09-08 13:26:24','2025-09-08 13:26:24'),(11458,13,NULL,'Mikrotik Router Up','✅ Hi Kazungu, your mikrotik router - La Zungu is back online.',0,'2025-09-08 13:27:24','2025-09-08 13:27:24'),(11459,13,NULL,'Mikrotik Router Up','✅ Hi Kazungu, your mikrotik router - La Zungu is back online.',0,'2025-09-08 13:28:24','2025-09-08 13:28:24'),(11460,13,NULL,'Mikrotik Router Up','✅ Hi Kazungu, your mikrotik router - La Zungu is back online.',0,'2025-09-08 13:29:25','2025-09-08 13:29:25'),(11461,13,NULL,'Mikrotik Router Up','✅ Hi Kazungu, your mikrotik router - La Zungu is back online.',0,'2025-09-08 13:30:24','2025-09-08 13:30:24'),(11462,13,NULL,'Mikrotik Router Up','✅ Hi Kazungu, your mikrotik router - La Zungu is back online.',0,'2025-09-08 13:31:24','2025-09-08 13:31:24'),(11463,13,NULL,'Mikrotik Router Up','✅ Hi Kazungu, your mikrotik router - La Zungu is back online.',0,'2025-09-08 13:32:24','2025-09-08 13:32:24'),(11464,13,NULL,'Mikrotik Router Up','✅ Hi Kazungu, your mikrotik router - La Zungu is back online.',0,'2025-09-08 13:33:24','2025-09-08 13:33:24'),(11465,13,NULL,'Mikrotik Router Up','✅ Hi Kazungu, your mikrotik router - La Zungu is back online.',0,'2025-09-08 13:34:24','2025-09-08 13:34:24'),(11466,13,NULL,'Mikrotik Router Up','✅ Hi Kazungu, your mikrotik router - La Zungu is back online.',0,'2025-09-08 13:35:25','2025-09-08 13:35:25'),(11467,13,NULL,'Mikrotik Router Up','✅ Hi Kazungu, your mikrotik router - La Zungu is back online.',0,'2025-09-08 13:36:24','2025-09-08 13:36:24'),(11468,13,NULL,'Mikrotik Router Up','✅ Hi Kazungu, your mikrotik router - La Zungu is back online.',0,'2025-09-08 13:37:24','2025-09-08 13:37:24'),(11469,13,NULL,'Mikrotik Router Up','✅ Hi Kazungu, your mikrotik router - La Zungu is back online.',0,'2025-09-08 13:38:24','2025-09-08 13:38:24'),(11470,13,NULL,'Mikrotik Router Up','✅ Hi Kazungu, your mikrotik router - La Zungu is back online.',0,'2025-09-08 13:39:24','2025-09-08 13:39:24'),(11471,13,NULL,'Mikrotik Router Up','✅ Hi Kazungu, your mikrotik router - La Zungu is back online.',0,'2025-09-08 13:40:24','2025-09-08 13:40:24'),(11472,13,NULL,'Mikrotik Router Up','✅ Hi Kazungu, your mikrotik router - La Zungu is back online.',0,'2025-09-08 13:41:24','2025-09-08 13:41:24'),(11473,13,NULL,'Mikrotik Router Up','✅ Hi Kazungu, your mikrotik router - La Zungu is back online.',0,'2025-09-08 13:42:24','2025-09-08 13:42:24'),(11474,13,NULL,'Mikrotik Router Up','✅ Hi Kazungu, your mikrotik router - La Zungu is back online.',0,'2025-09-08 13:43:24','2025-09-08 13:43:24'),(11475,13,NULL,'Mikrotik Router Up','✅ Hi Kazungu, your mikrotik router - La Zungu is back online.',0,'2025-09-08 13:44:24','2025-09-08 13:44:24'),(11476,13,NULL,'Mikrotik Router Up','✅ Hi Kazungu, your mikrotik router - La Zungu is back online.',0,'2025-09-08 13:45:24','2025-09-08 13:45:24'),(11477,13,NULL,'Mikrotik Router Up','✅ Hi Kazungu, your mikrotik router - La Zungu is back online.',0,'2025-09-08 13:46:24','2025-09-08 13:46:24'),(11478,13,NULL,'Mikrotik Router Up','✅ Hi Kazungu, your mikrotik router - La Zungu is back online.',0,'2025-09-08 13:47:24','2025-09-08 13:47:24'),(11479,13,NULL,'Mikrotik Router Up','✅ Hi Kazungu, your mikrotik router - La Zungu is back online.',0,'2025-09-08 13:48:24','2025-09-08 13:48:24'),(11480,13,NULL,'Mikrotik Router Up','✅ Hi Kazungu, your mikrotik router - La Zungu is back online.',0,'2025-09-08 13:49:24','2025-09-08 13:49:24'),(11481,13,NULL,'Mikrotik Router Up','✅ Hi Kazungu, your mikrotik router - La Zungu is back online.',0,'2025-09-08 13:50:25','2025-09-08 13:50:25'),(11482,13,NULL,'Mikrotik Router Up','✅ Hi Kazungu, your mikrotik router - La Zungu is back online.',0,'2025-09-08 13:51:24','2025-09-08 13:51:24'),(11483,13,NULL,'Mikrotik Router Up','✅ Hi Kazungu, your mikrotik router - La Zungu is back online.',0,'2025-09-08 13:52:24','2025-09-08 13:52:24'),(11484,13,NULL,'Mikrotik Router Up','✅ Hi Kazungu, your mikrotik router - La Zungu is back online.',0,'2025-09-08 13:53:24','2025-09-08 13:53:24'),(11485,13,NULL,'Mikrotik Router Up','✅ Hi Kazungu, your mikrotik router - La Zungu is back online.',0,'2025-09-08 13:54:24','2025-09-08 13:54:24'),(11486,13,NULL,'Mikrotik Router Up','✅ Hi Kazungu, your mikrotik router - La Zungu is back online.',0,'2025-09-08 13:55:24','2025-09-08 13:55:24'),(11487,13,NULL,'Mikrotik Router Up','✅ Hi Kazungu, your mikrotik router - La Zungu is back online.',0,'2025-09-08 13:56:24','2025-09-08 13:56:24'),(11488,13,NULL,'Mikrotik Router Up','✅ Hi Kazungu, your mikrotik router - La Zungu is back online.',0,'2025-09-08 13:57:24','2025-09-08 13:57:24'),(11489,13,NULL,'Mikrotik Router Up','✅ Hi Kazungu, your mikrotik router - La Zungu is back online.',0,'2025-09-08 13:58:24','2025-09-08 13:58:24'),(11490,13,NULL,'Mikrotik Router Up','✅ Hi Kazungu, your mikrotik router - La Zungu is back online.',0,'2025-09-08 13:59:24','2025-09-08 13:59:24'),(11491,13,NULL,'Mikrotik Router Up','✅ Hi Kazungu, your mikrotik router - La Zungu is back online.',0,'2025-09-08 14:00:25','2025-09-08 14:00:25'),(11492,13,NULL,'Mikrotik Router Up','✅ Hi Kazungu, your mikrotik router - La Zungu is back online.',0,'2025-09-08 14:01:24','2025-09-08 14:01:24'),(11493,13,NULL,'Mikrotik Router Up','✅ Hi Kazungu, your mikrotik router - La Zungu is back online.',0,'2025-09-08 14:02:24','2025-09-08 14:02:24'),(11494,13,NULL,'Mikrotik Router Up','✅ Hi Kazungu, your mikrotik router - La Zungu is back online.',0,'2025-09-08 14:03:24','2025-09-08 14:03:24'),(11495,13,NULL,'Mikrotik Router Up','✅ Hi Kazungu, your mikrotik router - La Zungu is back online.',0,'2025-09-08 14:04:24','2025-09-08 14:04:24'),(11496,13,NULL,'Mikrotik Router Up','✅ Hi Kazungu, your mikrotik router - La Zungu is back online.',0,'2025-09-08 14:05:24','2025-09-08 14:05:24'),(11497,13,NULL,'Mikrotik Router Up','✅ Hi Kazungu, your mikrotik router - La Zungu is back online.',0,'2025-09-08 14:06:23','2025-09-08 14:06:23'),(11498,13,NULL,'Mikrotik Router Up','✅ Hi Kazungu, your mikrotik router - La Zungu is back online.',0,'2025-09-08 14:07:24','2025-09-08 14:07:24'),(11499,13,NULL,'Mikrotik Router Up','✅ Hi Kazungu, your mikrotik router - La Zungu is back online.',0,'2025-09-08 14:08:24','2025-09-08 14:08:24'),(11500,13,NULL,'Mikrotik Router Up','✅ Hi Kazungu, your mikrotik router - La Zungu is back online.',0,'2025-09-08 14:09:23','2025-09-08 14:09:23'),(11501,13,NULL,'Mikrotik Router Up','✅ Hi Kazungu, your mikrotik router - La Zungu is back online.',0,'2025-09-08 14:10:24','2025-09-08 14:10:24'),(11502,13,NULL,'Mikrotik Router Up','✅ Hi Kazungu, your mikrotik router - La Zungu is back online.',0,'2025-09-08 14:11:24','2025-09-08 14:11:24'),(11503,13,NULL,'Mikrotik Router Up','✅ Hi Kazungu, your mikrotik router - La Zungu is back online.',0,'2025-09-08 14:12:24','2025-09-08 14:12:24'),(11504,13,NULL,'Mikrotik Router Up','✅ Hi Kazungu, your mikrotik router - La Zungu is back online.',0,'2025-09-08 14:13:29','2025-09-08 14:13:29'),(11505,13,NULL,'Mikrotik Router Up','✅ Hi Kazungu, your mikrotik router - La Zungu is back online.',0,'2025-09-08 14:14:24','2025-09-08 14:14:24'),(11506,13,NULL,'Mikrotik Router Up','✅ Hi Kazungu, your mikrotik router - La Zungu is back online.',0,'2025-09-08 14:15:25','2025-09-08 14:15:25'),(11507,13,NULL,'Mikrotik Router Up','✅ Hi Kazungu, your mikrotik router - La Zungu is back online.',0,'2025-09-08 14:16:23','2025-09-08 14:16:23'),(11508,13,NULL,'Mikrotik Router Up','✅ Hi Kazungu, your mikrotik router - La Zungu is back online.',0,'2025-09-08 14:17:26','2025-09-08 14:17:26'),(11509,13,NULL,'Mikrotik Router Up','✅ Hi Kazungu, your mikrotik router - La Zungu is back online.',0,'2025-09-08 14:18:24','2025-09-08 14:18:24'),(11510,13,NULL,'Mikrotik Router Up','✅ Hi Kazungu, your mikrotik router - La Zungu is back online.',0,'2025-09-08 14:19:24','2025-09-08 14:19:24'),(11511,13,NULL,'Mikrotik Router Up','✅ Hi Kazungu, your mikrotik router - La Zungu is back online.',0,'2025-09-08 14:20:24','2025-09-08 14:20:24'),(11512,13,NULL,'Mikrotik Router Up','✅ Hi Kazungu, your mikrotik router - La Zungu is back online.',0,'2025-09-08 14:21:24','2025-09-08 14:21:24'),(11513,13,NULL,'Mikrotik Router Up','✅ Hi Kazungu, your mikrotik router - La Zungu is back online.',0,'2025-09-08 14:22:24','2025-09-08 14:22:24'),(11514,13,NULL,'Mikrotik Router Up','✅ Hi Kazungu, your mikrotik router - La Zungu is back online.',0,'2025-09-08 14:23:24','2025-09-08 14:23:24'),(11515,13,NULL,'Mikrotik Router Up','✅ Hi Kazungu, your mikrotik router - La Zungu is back online.',0,'2025-09-08 14:24:24','2025-09-08 14:24:24'),(11516,13,NULL,'Mikrotik Router Up','✅ Hi Kazungu, your mikrotik router - La Zungu is back online.',0,'2025-09-08 14:25:24','2025-09-08 14:25:24'),(11517,13,NULL,'Mikrotik Router Up','✅ Hi Kazungu, your mikrotik router - La Zungu is back online.',0,'2025-09-08 14:26:24','2025-09-08 14:26:24'),(11518,13,NULL,'Mikrotik Router Up','✅ Hi Kazungu, your mikrotik router - La Zungu is back online.',0,'2025-09-08 14:27:24','2025-09-08 14:27:24'),(11519,13,NULL,'Mikrotik Router Up','✅ Hi Kazungu, your mikrotik router - La Zungu is back online.',0,'2025-09-08 14:28:25','2025-09-08 14:28:25'),(11520,13,NULL,'Mikrotik Router Up','✅ Hi Kazungu, your mikrotik router - La Zungu is back online.',0,'2025-09-08 14:29:24','2025-09-08 14:29:24'),(11521,13,NULL,'Mikrotik Router Up','✅ Hi Kazungu, your mikrotik router - La Zungu is back online.',0,'2025-09-08 14:30:24','2025-09-08 14:30:24'),(11522,13,NULL,'Mikrotik Router Up','✅ Hi Kazungu, your mikrotik router - La Zungu is back online.',0,'2025-09-08 14:31:24','2025-09-08 14:31:24'),(11523,13,NULL,'Mikrotik Router Up','✅ Hi Kazungu, your mikrotik router - La Zungu is back online.',0,'2025-09-08 14:32:24','2025-09-08 14:32:24'),(11524,13,NULL,'Mikrotik Router Up','✅ Hi Kazungu, your mikrotik router - La Zungu is back online.',0,'2025-09-08 14:33:24','2025-09-08 14:33:24'),(11525,13,NULL,'Mikrotik Router Up','✅ Hi Kazungu, your mikrotik router - La Zungu is back online.',0,'2025-09-08 14:34:24','2025-09-08 14:34:24'),(11526,13,NULL,'Mikrotik Router Up','✅ Hi Kazungu, your mikrotik router - La Zungu is back online.',0,'2025-09-08 14:35:25','2025-09-08 14:35:25'),(11527,13,NULL,'Mikrotik Router Up','✅ Hi Kazungu, your mikrotik router - La Zungu is back online.',0,'2025-09-08 14:36:24','2025-09-08 14:36:24'),(11528,13,NULL,'Mikrotik Router Up','✅ Hi Kazungu, your mikrotik router - La Zungu is back online.',0,'2025-09-08 14:37:24','2025-09-08 14:37:24'),(11529,13,NULL,'Mikrotik Router Up','✅ Hi Kazungu, your mikrotik router - La Zungu is back online.',0,'2025-09-08 14:38:24','2025-09-08 14:38:24'),(11530,13,NULL,'Mikrotik Router Up','✅ Hi Kazungu, your mikrotik router - La Zungu is back online.',0,'2025-09-08 14:39:24','2025-09-08 14:39:24'),(11531,13,NULL,'Mikrotik Router Up','✅ Hi Kazungu, your mikrotik router - La Zungu is back online.',0,'2025-09-08 14:40:24','2025-09-08 14:40:24'),(11532,13,NULL,'Mikrotik Router Up','✅ Hi Kazungu, your mikrotik router - La Zungu is back online.',0,'2025-09-08 14:41:24','2025-09-08 14:41:24'),(11533,13,NULL,'Mikrotik Router Up','✅ Hi Kazungu, your mikrotik router - La Zungu is back online.',0,'2025-09-08 14:42:24','2025-09-08 14:42:24'),(11534,13,NULL,'Mikrotik Router Up','✅ Hi Kazungu, your mikrotik router - La Zungu is back online.',0,'2025-09-08 14:43:24','2025-09-08 14:43:24'),(11535,13,NULL,'Mikrotik Router Up','✅ Hi Kazungu, your mikrotik router - La Zungu is back online.',0,'2025-09-08 14:44:24','2025-09-08 14:44:24'),(11536,13,NULL,'Mikrotik Router Up','✅ Hi Kazungu, your mikrotik router - La Zungu is back online.',0,'2025-09-08 14:45:25','2025-09-08 14:45:25'),(11537,13,NULL,'Mikrotik Router Up','✅ Hi Kazungu, your mikrotik router - La Zungu is back online.',0,'2025-09-08 14:46:24','2025-09-08 14:46:24'),(11538,13,NULL,'Mikrotik Router Up','✅ Hi Kazungu, your mikrotik router - La Zungu is back online.',0,'2025-09-08 14:47:24','2025-09-08 14:47:24'),(11539,13,NULL,'Mikrotik Router Up','✅ Hi Kazungu, your mikrotik router - La Zungu is back online.',0,'2025-09-08 14:48:24','2025-09-08 14:48:24'),(11540,13,NULL,'Mikrotik Router Up','✅ Hi Kazungu, your mikrotik router - La Zungu is back online.',0,'2025-09-08 14:49:24','2025-09-08 14:49:24'),(11541,13,NULL,'Mikrotik Router Up','✅ Hi Kazungu, your mikrotik router - La Zungu is back online.',0,'2025-09-08 14:50:24','2025-09-08 14:50:24'),(11542,13,NULL,'Mikrotik Router Up','✅ Hi Kazungu, your mikrotik router - La Zungu is back online.',0,'2025-09-08 14:51:24','2025-09-08 14:51:24'),(11543,13,NULL,'Mikrotik Router Up','✅ Hi Kazungu, your mikrotik router - La Zungu is back online.',0,'2025-09-08 14:52:24','2025-09-08 14:52:24'),(11544,13,NULL,'Mikrotik Router Up','✅ Hi Kazungu, your mikrotik router - La Zungu is back online.',0,'2025-09-08 14:53:24','2025-09-08 14:53:24'),(11545,13,NULL,'Mikrotik Router Up','✅ Hi Kazungu, your mikrotik router - La Zungu is back online.',0,'2025-09-08 14:54:24','2025-09-08 14:54:24'),(11546,13,NULL,'Mikrotik Router Up','✅ Hi Kazungu, your mikrotik router - La Zungu is back online.',0,'2025-09-08 14:55:24','2025-09-08 14:55:24'),(11547,13,NULL,'Mikrotik Router Up','✅ Hi Kazungu, your mikrotik router - La Zungu is back online.',0,'2025-09-08 14:56:24','2025-09-08 14:56:24'),(11548,13,NULL,'Mikrotik Router Up','✅ Hi Kazungu, your mikrotik router - La Zungu is back online.',0,'2025-09-08 14:57:24','2025-09-08 14:57:24'),(11549,13,NULL,'Mikrotik Router Up','✅ Hi Kazungu, your mikrotik router - La Zungu is back online.',0,'2025-09-08 14:58:24','2025-09-08 14:58:24'),(11550,13,NULL,'Mikrotik Router Up','✅ Hi Kazungu, your mikrotik router - La Zungu is back online.',0,'2025-09-08 14:59:24','2025-09-08 14:59:24'),(11551,13,NULL,'Mikrotik Router Up','✅ Hi Kazungu, your mikrotik router - La Zungu is back online.',0,'2025-09-08 15:00:25','2025-09-08 15:00:25'),(11552,13,NULL,'Mikrotik Router Up','✅ Hi Kazungu, your mikrotik router - La Zungu is back online.',0,'2025-09-08 15:01:24','2025-09-08 15:01:24'),(11553,13,NULL,'Mikrotik Router Up','✅ Hi Kazungu, your mikrotik router - La Zungu is back online.',0,'2025-09-08 15:02:24','2025-09-08 15:02:24'),(11554,13,NULL,'Mikrotik Router Up','✅ Hi Kazungu, your mikrotik router - La Zungu is back online.',0,'2025-09-08 15:03:24','2025-09-08 15:03:24'),(11555,13,NULL,'Mikrotik Router Up','✅ Hi Kazungu, your mikrotik router - La Zungu is back online.',0,'2025-09-08 15:04:24','2025-09-08 15:04:24'),(11556,13,NULL,'Mikrotik Router Up','✅ Hi Kazungu, your mikrotik router - La Zungu is back online.',0,'2025-09-08 15:05:24','2025-09-08 15:05:24'),(11557,13,NULL,'Mikrotik Router Up','✅ Hi Kazungu, your mikrotik router - La Zungu is back online.',0,'2025-09-08 15:06:28','2025-09-08 15:06:28'),(11558,13,NULL,'Mikrotik Router Up','✅ Hi Kazungu, your mikrotik router - La Zungu is back online.',0,'2025-09-08 15:07:24','2025-09-08 15:07:24'),(11559,13,NULL,'Mikrotik Router Up','✅ Hi Kazungu, your mikrotik router - La Zungu is back online.',0,'2025-09-08 15:08:24','2025-09-08 15:08:24'),(11560,13,NULL,'Mikrotik Router Up','✅ Hi Kazungu, your mikrotik router - La Zungu is back online.',0,'2025-09-08 15:09:24','2025-09-08 15:09:24'),(11561,13,NULL,'Mikrotik Router Up','✅ Hi Kazungu, your mikrotik router - La Zungu is back online.',0,'2025-09-08 15:10:25','2025-09-08 15:10:25'),(11562,13,NULL,'Mikrotik Router Up','✅ Hi Kazungu, your mikrotik router - La Zungu is back online.',0,'2025-09-08 15:11:24','2025-09-08 15:11:24'),(11563,13,NULL,'Mikrotik Router Up','✅ Hi Kazungu, your mikrotik router - La Zungu is back online.',0,'2025-09-08 15:12:24','2025-09-08 15:12:24'),(11564,13,NULL,'Mikrotik Router Up','✅ Hi Kazungu, your mikrotik router - La Zungu is back online.',0,'2025-09-08 15:13:28','2025-09-08 15:13:28'),(11565,13,NULL,'Mikrotik Router Up','✅ Hi Kazungu, your mikrotik router - La Zungu is back online.',0,'2025-09-08 15:14:24','2025-09-08 15:14:24'),(11566,13,NULL,'Mikrotik Router Up','✅ Hi Kazungu, your mikrotik router - La Zungu is back online.',0,'2025-09-08 15:15:25','2025-09-08 15:15:25'),(11567,13,NULL,'Mikrotik Router Up','✅ Hi Kazungu, your mikrotik router - La Zungu is back online.',0,'2025-09-08 15:16:24','2025-09-08 15:16:24'),(11568,13,NULL,'Mikrotik Router Up','✅ Hi Kazungu, your mikrotik router - La Zungu is back online.',0,'2025-09-08 15:17:26','2025-09-08 15:17:26'),(11569,13,NULL,'Mikrotik Router Up','✅ Hi Kazungu, your mikrotik router - La Zungu is back online.',0,'2025-09-08 15:18:25','2025-09-08 15:18:25'),(11570,13,NULL,'Mikrotik Router Up','✅ Hi Kazungu, your mikrotik router - La Zungu is back online.',0,'2025-09-08 15:19:24','2025-09-08 15:19:24'),(11571,13,NULL,'Mikrotik Router Up','✅ Hi Kazungu, your mikrotik router - La Zungu is back online.',0,'2025-09-08 15:20:24','2025-09-08 15:20:24'),(11572,13,NULL,'Mikrotik Router Up','✅ Hi Kazungu, your mikrotik router - La Zungu is back online.',0,'2025-09-08 15:21:24','2025-09-08 15:21:24'),(11573,13,NULL,'Mikrotik Router Up','✅ Hi Kazungu, your mikrotik router - La Zungu is back online.',0,'2025-09-08 15:22:24','2025-09-08 15:22:24'),(11574,13,NULL,'Mikrotik Router Up','✅ Hi Kazungu, your mikrotik router - La Zungu is back online.',0,'2025-09-08 15:23:24','2025-09-08 15:23:24'),(11575,13,NULL,'Mikrotik Router Up','✅ Hi Kazungu, your mikrotik router - La Zungu is back online.',0,'2025-09-08 15:24:24','2025-09-08 15:24:24'),(11576,13,NULL,'Mikrotik Router Up','✅ Hi Kazungu, your mikrotik router - La Zungu is back online.',0,'2025-09-08 15:25:24','2025-09-08 15:25:24'),(11577,13,NULL,'Mikrotik Router Up','✅ Hi Kazungu, your mikrotik router - La Zungu is back online.',0,'2025-09-08 15:26:24','2025-09-08 15:26:24'),(11578,13,NULL,'Mikrotik Router Up','✅ Hi Kazungu, your mikrotik router - La Zungu is back online.',0,'2025-09-08 15:27:24','2025-09-08 15:27:24'),(11579,13,NULL,'Mikrotik Router Up','✅ Hi Kazungu, your mikrotik router - La Zungu is back online.',0,'2025-09-08 15:28:24','2025-09-08 15:28:24'),(11580,13,NULL,'Mikrotik Router Up','✅ Hi Kazungu, your mikrotik router - La Zungu is back online.',0,'2025-09-08 15:29:24','2025-09-08 15:29:24'),(11581,13,NULL,'Mikrotik Router Up','✅ Hi Kazungu, your mikrotik router - La Zungu is back online.',0,'2025-09-08 15:30:25','2025-09-08 15:30:25'),(11582,13,NULL,'Mikrotik Router Up','✅ Hi Kazungu, your mikrotik router - La Zungu is back online.',0,'2025-09-08 15:31:24','2025-09-08 15:31:24'),(11583,13,NULL,'Mikrotik Router Up','✅ Hi Kazungu, your mikrotik router - La Zungu is back online.',0,'2025-09-08 15:32:24','2025-09-08 15:32:24'),(11584,13,NULL,'Mikrotik Router Up','✅ Hi Kazungu, your mikrotik router - La Zungu is back online.',0,'2025-09-08 15:33:24','2025-09-08 15:33:24'),(11585,13,NULL,'Mikrotik Router Up','✅ Hi Kazungu, your mikrotik router - La Zungu is back online.',0,'2025-09-08 15:34:24','2025-09-08 15:34:24'),(11586,13,NULL,'Mikrotik Router Up','✅ Hi Kazungu, your mikrotik router - La Zungu is back online.',0,'2025-09-08 15:35:25','2025-09-08 15:35:25'),(11587,13,NULL,'Mikrotik Router Up','✅ Hi Kazungu, your mikrotik router - La Zungu is back online.',0,'2025-09-08 15:36:24','2025-09-08 15:36:24'),(11588,13,NULL,'Mikrotik Router Up','✅ Hi Kazungu, your mikrotik router - La Zungu is back online.',0,'2025-09-08 15:37:23','2025-09-08 15:37:23'),(11589,13,NULL,'Mikrotik Router Up','✅ Hi Kazungu, your mikrotik router - La Zungu is back online.',0,'2025-09-08 15:38:24','2025-09-08 15:38:24'),(11590,13,NULL,'Mikrotik Router Up','✅ Hi Kazungu, your mikrotik router - La Zungu is back online.',0,'2025-09-08 15:39:24','2025-09-08 15:39:24'),(11591,13,NULL,'Mikrotik Router Up','✅ Hi Kazungu, your mikrotik router - La Zungu is back online.',0,'2025-09-08 15:40:24','2025-09-08 15:40:24'),(11592,13,NULL,'Mikrotik Router Up','✅ Hi Kazungu, your mikrotik router - La Zungu is back online.',0,'2025-09-08 15:41:23','2025-09-08 15:41:23'),(11593,13,NULL,'Mikrotik Router Up','✅ Hi Kazungu, your mikrotik router - La Zungu is back online.',0,'2025-09-08 15:42:24','2025-09-08 15:42:24'),(11594,13,NULL,'Mikrotik Router Up','✅ Hi Kazungu, your mikrotik router - La Zungu is back online.',0,'2025-09-08 15:43:24','2025-09-08 15:43:24'),(11595,13,NULL,'Mikrotik Router Up','✅ Hi Kazungu, your mikrotik router - La Zungu is back online.',0,'2025-09-08 15:44:24','2025-09-08 15:44:24'),(11596,13,NULL,'Mikrotik Router Up','✅ Hi Kazungu, your mikrotik router - La Zungu is back online.',0,'2025-09-08 15:45:25','2025-09-08 15:45:25'),(11597,13,NULL,'Mikrotik Router Up','✅ Hi Kazungu, your mikrotik router - La Zungu is back online.',0,'2025-09-08 15:46:25','2025-09-08 15:46:25'),(11598,13,NULL,'Mikrotik Router Up','✅ Hi Kazungu, your mikrotik router - La Zungu is back online.',0,'2025-09-08 15:47:24','2025-09-08 15:47:24'),(11599,13,NULL,'Mikrotik Router Up','✅ Hi Kazungu, your mikrotik router - La Zungu is back online.',0,'2025-09-08 15:48:24','2025-09-08 15:48:24'),(11600,13,NULL,'Mikrotik Router Up','✅ Hi Kazungu, your mikrotik router - La Zungu is back online.',0,'2025-09-08 15:49:24','2025-09-08 15:49:24'),(11601,13,NULL,'Mikrotik Router Up','✅ Hi Kazungu, your mikrotik router - La Zungu is back online.',0,'2025-09-08 15:50:24','2025-09-08 15:50:24'),(11602,13,NULL,'Mikrotik Router Up','✅ Hi Kazungu, your mikrotik router - La Zungu is back online.',0,'2025-09-08 15:51:24','2025-09-08 15:51:24'),(11603,13,NULL,'Mikrotik Router Up','✅ Hi Kazungu, your mikrotik router - La Zungu is back online.',0,'2025-09-08 15:52:24','2025-09-08 15:52:24'),(11604,13,NULL,'Mikrotik Router Up','✅ Hi Kazungu, your mikrotik router - La Zungu is back online.',0,'2025-09-08 15:53:24','2025-09-08 15:53:24'),(11605,13,NULL,'Mikrotik Router Up','✅ Hi Kazungu, your mikrotik router - La Zungu is back online.',0,'2025-09-08 15:54:24','2025-09-08 15:54:24'),(11606,13,NULL,'Mikrotik Router Up','✅ Hi Kazungu, your mikrotik router - La Zungu is back online.',0,'2025-09-08 15:55:25','2025-09-08 15:55:25'),(11607,13,NULL,'Mikrotik Router Up','✅ Hi Kazungu, your mikrotik router - La Zungu is back online.',0,'2025-09-08 15:56:24','2025-09-08 15:56:24'),(11608,13,NULL,'Mikrotik Router Up','✅ Hi Kazungu, your mikrotik router - La Zungu is back online.',0,'2025-09-08 15:57:24','2025-09-08 15:57:24'),(11609,13,NULL,'Mikrotik Router Up','✅ Hi Kazungu, your mikrotik router - La Zungu is back online.',0,'2025-09-08 15:58:24','2025-09-08 15:58:24'),(11610,13,NULL,'Mikrotik Router Up','✅ Hi Kazungu, your mikrotik router - La Zungu is back online.',0,'2025-09-08 15:59:24','2025-09-08 15:59:24'),(11611,13,NULL,'Mikrotik Router Up','✅ Hi Kazungu, your mikrotik router - La Zungu is back online.',0,'2025-09-08 16:00:25','2025-09-08 16:00:25'),(11612,13,NULL,'Mikrotik Router Up','✅ Hi Kazungu, your mikrotik router - La Zungu is back online.',0,'2025-09-08 16:01:24','2025-09-08 16:01:24'),(11613,13,NULL,'Mikrotik Router Up','✅ Hi Kazungu, your mikrotik router - La Zungu is back online.',0,'2025-09-08 16:02:24','2025-09-08 16:02:24'),(11614,13,NULL,'Mikrotik Router Up','✅ Hi Kazungu, your mikrotik router - La Zungu is back online.',0,'2025-09-08 16:03:24','2025-09-08 16:03:24'),(11615,13,NULL,'Mikrotik Router Up','✅ Hi Kazungu, your mikrotik router - La Zungu is back online.',0,'2025-09-08 16:04:24','2025-09-08 16:04:24'),(11616,13,NULL,'Mikrotik Router Up','✅ Hi Kazungu, your mikrotik router - La Zungu is back online.',0,'2025-09-08 16:05:24','2025-09-08 16:05:24'),(11617,13,NULL,'Mikrotik Router Up','✅ Hi Kazungu, your mikrotik router - La Zungu is back online.',0,'2025-09-08 16:06:24','2025-09-08 16:06:24'),(11618,13,NULL,'Mikrotik Router Up','✅ Hi Kazungu, your mikrotik router - La Zungu is back online.',0,'2025-09-08 16:07:24','2025-09-08 16:07:24'),(11619,13,NULL,'Mikrotik Router Up','✅ Hi Kazungu, your mikrotik router - La Zungu is back online.',0,'2025-09-08 16:08:24','2025-09-08 16:08:24'),(11620,13,NULL,'Mikrotik Router Up','✅ Hi Kazungu, your mikrotik router - La Zungu is back online.',0,'2025-09-08 16:09:24','2025-09-08 16:09:24'),(11621,13,NULL,'Mikrotik Router Up','✅ Hi Kazungu, your mikrotik router - La Zungu is back online.',0,'2025-09-08 16:10:24','2025-09-08 16:10:24'),(11622,13,NULL,'Mikrotik Router Up','✅ Hi Kazungu, your mikrotik router - La Zungu is back online.',0,'2025-09-08 16:11:24','2025-09-08 16:11:24'),(11623,13,NULL,'Mikrotik Router Up','✅ Hi Kazungu, your mikrotik router - La Zungu is back online.',0,'2025-09-08 16:12:25','2025-09-08 16:12:25'),(11624,13,NULL,'Mikrotik Router Up','✅ Hi Kazungu, your mikrotik router - La Zungu is back online.',0,'2025-09-08 16:13:24','2025-09-08 16:13:24'),(11625,13,NULL,'Mikrotik Router Up','✅ Hi Kazungu, your mikrotik router - La Zungu is back online.',0,'2025-09-08 16:14:24','2025-09-08 16:14:24'),(11626,13,NULL,'Mikrotik Router Up','✅ Hi Kazungu, your mikrotik router - La Zungu is back online.',0,'2025-09-08 16:15:24','2025-09-08 16:15:24'),(11627,13,NULL,'Mikrotik Router Up','✅ Hi Kazungu, your mikrotik router - La Zungu is back online.',0,'2025-09-08 16:16:24','2025-09-08 16:16:24'),(11628,13,NULL,'Mikrotik Router Up','✅ Hi Kazungu, your mikrotik router - La Zungu is back online.',0,'2025-09-08 16:17:26','2025-09-08 16:17:26'),(11629,13,NULL,'Mikrotik Router Up','✅ Hi Kazungu, your mikrotik router - La Zungu is back online.',0,'2025-09-08 16:18:24','2025-09-08 16:18:24'),(11630,13,NULL,'Mikrotik Router Up','✅ Hi Kazungu, your mikrotik router - La Zungu is back online.',0,'2025-09-08 16:19:24','2025-09-08 16:19:24'),(11631,13,NULL,'Mikrotik Router Up','✅ Hi Kazungu, your mikrotik router - La Zungu is back online.',0,'2025-09-08 16:20:24','2025-09-08 16:20:24'),(11632,13,NULL,'Mikrotik Router Up','✅ Hi Kazungu, your mikrotik router - La Zungu is back online.',0,'2025-09-08 16:21:24','2025-09-08 16:21:24'),(11633,13,NULL,'Mikrotik Router Up','✅ Hi Kazungu, your mikrotik router - La Zungu is back online.',0,'2025-09-08 16:22:24','2025-09-08 16:22:24'),(11634,13,NULL,'Mikrotik Router Up','✅ Hi Kazungu, your mikrotik router - La Zungu is back online.',0,'2025-09-08 16:23:24','2025-09-08 16:23:24'),(11635,13,NULL,'Mikrotik Router Up','✅ Hi Kazungu, your mikrotik router - La Zungu is back online.',0,'2025-09-08 16:24:24','2025-09-08 16:24:24'),(11636,13,NULL,'Mikrotik Router Up','✅ Hi Kazungu, your mikrotik router - La Zungu is back online.',0,'2025-09-08 16:25:24','2025-09-08 16:25:24'),(11637,13,NULL,'Mikrotik Router Up','✅ Hi Kazungu, your mikrotik router - La Zungu is back online.',0,'2025-09-08 16:26:24','2025-09-08 16:26:24'),(11638,13,NULL,'Mikrotik Router Up','✅ Hi Kazungu, your mikrotik router - La Zungu is back online.',0,'2025-09-08 16:27:29','2025-09-08 16:27:29'),(11639,13,NULL,'Mikrotik Router Up','✅ Hi Kazungu, your mikrotik router - La Zungu is back online.',0,'2025-09-08 16:28:24','2025-09-08 16:28:24'),(11640,13,NULL,'Mikrotik Router Up','✅ Hi Kazungu, your mikrotik router - La Zungu is back online.',0,'2025-09-08 16:29:24','2025-09-08 16:29:24'),(11641,13,NULL,'Mikrotik Router Up','✅ Hi Kazungu, your mikrotik router - La Zungu is back online.',0,'2025-09-08 16:30:24','2025-09-08 16:30:24'),(11642,13,NULL,'Mikrotik Router Up','✅ Hi Kazungu, your mikrotik router - La Zungu is back online.',0,'2025-09-08 16:31:24','2025-09-08 16:31:24'),(11643,13,NULL,'Mikrotik Router Up','✅ Hi Kazungu, your mikrotik router - La Zungu is back online.',0,'2025-09-08 16:32:24','2025-09-08 16:32:24'),(11644,13,NULL,'Mikrotik Router Up','✅ Hi Kazungu, your mikrotik router - La Zungu is back online.',0,'2025-09-08 16:33:24','2025-09-08 16:33:24'),(11645,13,NULL,'Mikrotik Router Up','✅ Hi Kazungu, your mikrotik router - La Zungu is back online.',0,'2025-09-08 16:34:24','2025-09-08 16:34:24'),(11646,13,NULL,'Mikrotik Router Up','✅ Hi Kazungu, your mikrotik router - La Zungu is back online.',0,'2025-09-08 16:35:24','2025-09-08 16:35:24'),(11647,13,NULL,'Mikrotik Router Up','✅ Hi Kazungu, your mikrotik router - La Zungu is back online.',0,'2025-09-08 16:36:24','2025-09-08 16:36:24'),(11648,13,NULL,'Mikrotik Router Up','✅ Hi Kazungu, your mikrotik router - La Zungu is back online.',0,'2025-09-08 16:37:24','2025-09-08 16:37:24'),(11649,13,NULL,'Mikrotik Router Up','✅ Hi Kazungu, your mikrotik router - La Zungu is back online.',0,'2025-09-08 16:38:25','2025-09-08 16:38:25'),(11650,13,NULL,'Mikrotik Router Up','✅ Hi Kazungu, your mikrotik router - La Zungu is back online.',0,'2025-09-08 16:39:24','2025-09-08 16:39:24'),(11651,13,NULL,'Mikrotik Router Up','✅ Hi Kazungu, your mikrotik router - La Zungu is back online.',0,'2025-09-08 16:40:25','2025-09-08 16:40:25'),(11652,13,NULL,'Mikrotik Router Up','✅ Hi Kazungu, your mikrotik router - La Zungu is back online.',0,'2025-09-08 16:41:24','2025-09-08 16:41:24'),(11653,13,NULL,'Mikrotik Router Up','✅ Hi Kazungu, your mikrotik router - La Zungu is back online.',0,'2025-09-08 16:42:24','2025-09-08 16:42:24'),(11654,13,NULL,'Mikrotik Router Up','✅ Hi Kazungu, your mikrotik router - La Zungu is back online.',0,'2025-09-08 16:43:24','2025-09-08 16:43:24'),(11655,13,NULL,'Mikrotik Router Up','✅ Hi Kazungu, your mikrotik router - La Zungu is back online.',0,'2025-09-08 16:44:24','2025-09-08 16:44:24'),(11656,13,NULL,'Mikrotik Router Up','✅ Hi Kazungu, your mikrotik router - La Zungu is back online.',0,'2025-09-08 16:45:25','2025-09-08 16:45:25'),(11657,13,NULL,'Mikrotik Router Up','✅ Hi Kazungu, your mikrotik router - La Zungu is back online.',0,'2025-09-08 16:46:24','2025-09-08 16:46:24'),(11658,13,NULL,'Mikrotik Router Up','✅ Hi Kazungu, your mikrotik router - La Zungu is back online.',0,'2025-09-08 16:47:24','2025-09-08 16:47:24'),(11659,13,NULL,'Mikrotik Router Up','✅ Hi Kazungu, your mikrotik router - La Zungu is back online.',0,'2025-09-08 16:48:24','2025-09-08 16:48:24'),(11660,13,NULL,'Mikrotik Router Up','✅ Hi Kazungu, your mikrotik router - La Zungu is back online.',0,'2025-09-08 16:49:24','2025-09-08 16:49:24'),(11661,13,NULL,'Mikrotik Router Up','✅ Hi Kazungu, your mikrotik router - La Zungu is back online.',0,'2025-09-08 16:50:25','2025-09-08 16:50:25'),(11662,13,NULL,'Mikrotik Router Up','✅ Hi Kazungu, your mikrotik router - La Zungu is back online.',0,'2025-09-08 16:51:24','2025-09-08 16:51:24'),(11663,13,NULL,'Mikrotik Router Up','✅ Hi Kazungu, your mikrotik router - La Zungu is back online.',0,'2025-09-08 16:52:24','2025-09-08 16:52:24'),(11664,13,NULL,'Mikrotik Router Up','✅ Hi Kazungu, your mikrotik router - La Zungu is back online.',0,'2025-09-08 16:53:24','2025-09-08 16:53:24'),(11665,13,NULL,'Mikrotik Router Up','✅ Hi Kazungu, your mikrotik router - La Zungu is back online.',0,'2025-09-08 16:54:24','2025-09-08 16:54:24'),(11666,13,NULL,'Mikrotik Router Up','✅ Hi Kazungu, your mikrotik router - La Zungu is back online.',0,'2025-09-08 16:55:24','2025-09-08 16:55:24'),(11667,13,NULL,'Mikrotik Router Up','✅ Hi Kazungu, your mikrotik router - La Zungu is back online.',0,'2025-09-08 16:56:24','2025-09-08 16:56:24'),(11668,13,NULL,'Mikrotik Router Up','✅ Hi Kazungu, your mikrotik router - La Zungu is back online.',0,'2025-09-08 16:57:24','2025-09-08 16:57:24'),(11669,13,NULL,'Mikrotik Router Up','✅ Hi Kazungu, your mikrotik router - La Zungu is back online.',0,'2025-09-08 16:58:24','2025-09-08 16:58:24'),(11670,13,NULL,'Mikrotik Router Up','✅ Hi Kazungu, your mikrotik router - La Zungu is back online.',0,'2025-09-08 16:59:24','2025-09-08 16:59:24'),(11671,13,NULL,'Mikrotik Router Up','✅ Hi Kazungu, your mikrotik router - La Zungu is back online.',0,'2025-09-08 17:00:24','2025-09-08 17:00:24'),(11672,13,NULL,'Mikrotik Router Up','✅ Hi Kazungu, your mikrotik router - La Zungu is back online.',0,'2025-09-08 17:01:24','2025-09-08 17:01:24'),(11673,13,NULL,'Mikrotik Router Up','✅ Hi Kazungu, your mikrotik router - La Zungu is back online.',0,'2025-09-08 17:02:24','2025-09-08 17:02:24'),(11674,13,NULL,'Mikrotik Router Up','✅ Hi Kazungu, your mikrotik router - La Zungu is back online.',0,'2025-09-08 17:03:24','2025-09-08 17:03:24'),(11675,8,NULL,'Mikrotik Router Down','⚠️ Hi Erick, your mikrotik router - Machinga Complex is offline. Please check it out.',0,'2025-09-08 17:04:24','2025-09-08 17:04:24'),(11676,13,NULL,'Mikrotik Router Up','✅ Hi Kazungu, your mikrotik router - La Zungu is back online.',0,'2025-09-08 17:05:24','2025-09-08 17:05:24'),(11677,13,NULL,'Mikrotik Router Up','✅ Hi Kazungu, your mikrotik router - La Zungu is back online.',0,'2025-09-08 17:06:24','2025-09-08 17:06:24'),(11678,13,NULL,'Mikrotik Router Up','✅ Hi Kazungu, your mikrotik router - La Zungu is back online.',0,'2025-09-08 17:07:24','2025-09-08 17:07:24'),(11679,13,NULL,'Mikrotik Router Up','✅ Hi Kazungu, your mikrotik router - La Zungu is back online.',0,'2025-09-08 17:08:24','2025-09-08 17:08:24'),(11680,13,NULL,'Mikrotik Router Up','✅ Hi Kazungu, your mikrotik router - La Zungu is back online.',0,'2025-09-08 17:09:24','2025-09-08 17:09:24'),(11681,13,NULL,'Mikrotik Router Up','✅ Hi Kazungu, your mikrotik router - La Zungu is back online.',0,'2025-09-08 17:10:25','2025-09-08 17:10:25'),(11682,13,NULL,'Mikrotik Router Up','✅ Hi Kazungu, your mikrotik router - La Zungu is back online.',0,'2025-09-08 17:11:24','2025-09-08 17:11:24'),(11683,13,NULL,'Mikrotik Router Up','✅ Hi Kazungu, your mikrotik router - La Zungu is back online.',0,'2025-09-08 17:12:24','2025-09-08 17:12:24'),(11684,13,NULL,'Mikrotik Router Up','✅ Hi Kazungu, your mikrotik router - La Zungu is back online.',0,'2025-09-08 17:13:24','2025-09-08 17:13:24'),(11685,13,NULL,'Mikrotik Router Up','✅ Hi Kazungu, your mikrotik router - La Zungu is back online.',0,'2025-09-08 17:14:24','2025-09-08 17:14:24'),(11686,13,NULL,'Mikrotik Router Up','✅ Hi Kazungu, your mikrotik router - La Zungu is back online.',0,'2025-09-08 17:15:24','2025-09-08 17:15:24'),(11687,13,NULL,'Mikrotik Router Up','✅ Hi Kazungu, your mikrotik router - La Zungu is back online.',0,'2025-09-08 17:16:24','2025-09-08 17:16:24'),(11688,13,NULL,'Mikrotik Router Up','✅ Hi Kazungu, your mikrotik router - La Zungu is back online.',0,'2025-09-08 17:17:26','2025-09-08 17:17:26'),(11689,13,NULL,'Mikrotik Router Up','✅ Hi Kazungu, your mikrotik router - La Zungu is back online.',0,'2025-09-08 17:18:29','2025-09-08 17:18:29'),(11690,13,NULL,'Mikrotik Router Up','✅ Hi Kazungu, your mikrotik router - La Zungu is back online.',0,'2025-09-08 17:19:24','2025-09-08 17:19:24'),(11691,13,NULL,'Mikrotik Router Up','✅ Hi Kazungu, your mikrotik router - La Zungu is back online.',0,'2025-09-08 17:20:25','2025-09-08 17:20:25'),(11692,13,NULL,'Mikrotik Router Up','✅ Hi Kazungu, your mikrotik router - La Zungu is back online.',0,'2025-09-08 17:21:24','2025-09-08 17:21:24'),(11693,13,NULL,'Mikrotik Router Up','✅ Hi Kazungu, your mikrotik router - La Zungu is back online.',0,'2025-09-08 17:22:24','2025-09-08 17:22:24'),(11694,13,NULL,'Mikrotik Router Up','✅ Hi Kazungu, your mikrotik router - La Zungu is back online.',0,'2025-09-08 17:23:24','2025-09-08 17:23:24'),(11695,13,NULL,'Mikrotik Router Up','✅ Hi Kazungu, your mikrotik router - La Zungu is back online.',0,'2025-09-08 17:24:29','2025-09-08 17:24:29'),(11696,13,NULL,'Mikrotik Router Up','✅ Hi Kazungu, your mikrotik router - La Zungu is back online.',0,'2025-09-08 17:25:24','2025-09-08 17:25:24'),(11697,13,NULL,'Mikrotik Router Up','✅ Hi Kazungu, your mikrotik router - La Zungu is back online.',0,'2025-09-08 17:26:24','2025-09-08 17:26:24'),(11698,13,NULL,'Mikrotik Router Up','✅ Hi Kazungu, your mikrotik router - La Zungu is back online.',0,'2025-09-08 17:27:24','2025-09-08 17:27:24'),(11699,13,NULL,'Mikrotik Router Up','✅ Hi Kazungu, your mikrotik router - La Zungu is back online.',0,'2025-09-08 17:28:24','2025-09-08 17:28:24'),(11700,13,NULL,'Mikrotik Router Up','✅ Hi Kazungu, your mikrotik router - La Zungu is back online.',0,'2025-09-08 17:29:24','2025-09-08 17:29:24'),(11701,13,NULL,'Mikrotik Router Up','✅ Hi Kazungu, your mikrotik router - La Zungu is back online.',0,'2025-09-08 17:30:25','2025-09-08 17:30:25'),(11702,13,NULL,'Mikrotik Router Up','✅ Hi Kazungu, your mikrotik router - La Zungu is back online.',0,'2025-09-08 17:31:24','2025-09-08 17:31:24'),(11703,13,NULL,'Mikrotik Router Up','✅ Hi Kazungu, your mikrotik router - La Zungu is back online.',0,'2025-09-08 17:32:24','2025-09-08 17:32:24'),(11704,13,NULL,'Mikrotik Router Up','✅ Hi Kazungu, your mikrotik router - La Zungu is back online.',0,'2025-09-08 17:33:24','2025-09-08 17:33:24'),(11705,13,NULL,'Mikrotik Router Up','✅ Hi Kazungu, your mikrotik router - La Zungu is back online.',0,'2025-09-08 17:34:24','2025-09-08 17:34:24'),(11706,13,NULL,'Mikrotik Router Up','✅ Hi Kazungu, your mikrotik router - La Zungu is back online.',0,'2025-09-08 17:35:24','2025-09-08 17:35:24'),(11707,13,NULL,'Mikrotik Router Up','✅ Hi Kazungu, your mikrotik router - La Zungu is back online.',0,'2025-09-08 17:36:24','2025-09-08 17:36:24'),(11708,13,NULL,'Mikrotik Router Up','✅ Hi Kazungu, your mikrotik router - La Zungu is back online.',0,'2025-09-08 17:37:29','2025-09-08 17:37:29'),(11709,13,NULL,'Mikrotik Router Up','✅ Hi Kazungu, your mikrotik router - La Zungu is back online.',0,'2025-09-08 17:38:24','2025-09-08 17:38:24'),(11710,13,NULL,'Mikrotik Router Up','✅ Hi Kazungu, your mikrotik router - La Zungu is back online.',0,'2025-09-08 17:39:24','2025-09-08 17:39:24'),(11711,13,NULL,'Mikrotik Router Up','✅ Hi Kazungu, your mikrotik router - La Zungu is back online.',0,'2025-09-08 17:40:24','2025-09-08 17:40:24'),(11712,13,NULL,'Mikrotik Router Up','✅ Hi Kazungu, your mikrotik router - La Zungu is back online.',0,'2025-09-08 17:41:24','2025-09-08 17:41:24'),(11713,13,NULL,'Mikrotik Router Up','✅ Hi Kazungu, your mikrotik router - La Zungu is back online.',0,'2025-09-08 17:42:24','2025-09-08 17:42:24'),(11714,13,NULL,'Mikrotik Router Up','✅ Hi Kazungu, your mikrotik router - La Zungu is back online.',0,'2025-09-08 17:43:24','2025-09-08 17:43:24'),(11715,13,NULL,'Mikrotik Router Up','✅ Hi Kazungu, your mikrotik router - La Zungu is back online.',0,'2025-09-08 17:44:24','2025-09-08 17:44:24'),(11716,13,NULL,'Mikrotik Router Up','✅ Hi Kazungu, your mikrotik router - La Zungu is back online.',0,'2025-09-08 17:45:25','2025-09-08 17:45:25'),(11717,13,NULL,'Mikrotik Router Up','✅ Hi Kazungu, your mikrotik router - La Zungu is back online.',0,'2025-09-08 17:46:24','2025-09-08 17:46:24'),(11718,13,NULL,'Mikrotik Router Up','✅ Hi Kazungu, your mikrotik router - La Zungu is back online.',0,'2025-09-08 17:47:24','2025-09-08 17:47:24'),(11719,13,NULL,'Mikrotik Router Up','✅ Hi Kazungu, your mikrotik router - La Zungu is back online.',0,'2025-09-08 17:48:24','2025-09-08 17:48:24'),(11720,13,NULL,'Mikrotik Router Up','✅ Hi Kazungu, your mikrotik router - La Zungu is back online.',0,'2025-09-08 17:49:24','2025-09-08 17:49:24'),(11721,13,NULL,'Mikrotik Router Up','✅ Hi Kazungu, your mikrotik router - La Zungu is back online.',0,'2025-09-08 17:50:24','2025-09-08 17:50:24'),(11722,13,NULL,'Mikrotik Router Up','✅ Hi Kazungu, your mikrotik router - La Zungu is back online.',0,'2025-09-08 17:51:23','2025-09-08 17:51:23'),(11723,13,NULL,'Mikrotik Router Up','✅ Hi Kazungu, your mikrotik router - La Zungu is back online.',0,'2025-09-08 17:52:24','2025-09-08 17:52:24'),(11724,13,NULL,'Mikrotik Router Up','✅ Hi Kazungu, your mikrotik router - La Zungu is back online.',0,'2025-09-08 17:53:24','2025-09-08 17:53:24'),(11725,13,NULL,'Mikrotik Router Up','✅ Hi Kazungu, your mikrotik router - La Zungu is back online.',0,'2025-09-08 17:54:24','2025-09-08 17:54:24'),(11726,13,NULL,'Mikrotik Router Up','✅ Hi Kazungu, your mikrotik router - La Zungu is back online.',0,'2025-09-08 17:55:24','2025-09-08 17:55:24'),(11727,13,NULL,'Mikrotik Router Up','✅ Hi Kazungu, your mikrotik router - La Zungu is back online.',0,'2025-09-08 17:56:24','2025-09-08 17:56:24'),(11728,13,NULL,'Mikrotik Router Up','✅ Hi Kazungu, your mikrotik router - La Zungu is back online.',0,'2025-09-08 17:57:24','2025-09-08 17:57:24'),(11729,13,NULL,'Mikrotik Router Up','✅ Hi Kazungu, your mikrotik router - La Zungu is back online.',0,'2025-09-08 17:58:24','2025-09-08 17:58:24'),(11730,13,NULL,'Mikrotik Router Up','✅ Hi Kazungu, your mikrotik router - La Zungu is back online.',0,'2025-09-08 17:59:24','2025-09-08 17:59:24'),(11731,13,NULL,'Mikrotik Router Up','✅ Hi Kazungu, your mikrotik router - La Zungu is back online.',0,'2025-09-08 18:00:25','2025-09-08 18:00:25'),(11732,13,NULL,'Mikrotik Router Up','✅ Hi Kazungu, your mikrotik router - La Zungu is back online.',0,'2025-09-08 18:01:24','2025-09-08 18:01:24'),(11733,13,NULL,'Mikrotik Router Up','✅ Hi Kazungu, your mikrotik router - La Zungu is back online.',0,'2025-09-08 18:02:24','2025-09-08 18:02:24'),(11734,13,NULL,'Mikrotik Router Up','✅ Hi Kazungu, your mikrotik router - La Zungu is back online.',0,'2025-09-08 18:03:24','2025-09-08 18:03:24'),(11735,13,NULL,'Mikrotik Router Up','✅ Hi Kazungu, your mikrotik router - La Zungu is back online.',0,'2025-09-08 18:04:24','2025-09-08 18:04:24'),(11736,8,NULL,'Mikrotik Router Down','⚠️ Hi Erick, your mikrotik router - Ngoni Net 1 is offline. Please check it out.',0,'2025-09-08 18:05:25','2025-09-08 18:05:25'),(11737,8,NULL,'Mikrotik Router Down','⚠️ Hi Erick, your mikrotik router - Ngoni Net 1 is offline. Please check it out.',0,'2025-09-08 18:06:25','2025-09-08 18:06:25'),(11738,8,NULL,'Mikrotik Router Down','⚠️ Hi Erick, your mikrotik router - Ngoni Net 1 is offline. Please check it out.',0,'2025-09-08 18:07:25','2025-09-08 18:07:25'),(11739,8,NULL,'Mikrotik Router Down','⚠️ Hi Erick, your mikrotik router - Ngoni Net 1 is offline. Please check it out.',0,'2025-09-08 18:08:25','2025-09-08 18:08:25'),(11740,8,NULL,'Mikrotik Router Down','⚠️ Hi Erick, your mikrotik router - Ngoni Net 1 is offline. Please check it out.',0,'2025-09-08 18:09:26','2025-09-08 18:09:26'),(11741,8,NULL,'Mikrotik Router Down','⚠️ Hi Erick, your mikrotik router - Ngoni Net 1 is offline. Please check it out.',0,'2025-09-08 18:10:26','2025-09-08 18:10:26'),(11742,8,NULL,'Mikrotik Router Down','⚠️ Hi Erick, your mikrotik router - Ngoni Net 1 is offline. Please check it out.',0,'2025-09-08 18:11:25','2025-09-08 18:11:25'),(11743,8,NULL,'Mikrotik Router Down','⚠️ Hi Erick, your mikrotik router - Ngoni Net 1 is offline. Please check it out.',0,'2025-09-08 18:12:25','2025-09-08 18:12:25'),(11744,8,NULL,'Mikrotik Router Down','⚠️ Hi Erick, your mikrotik router - Ngoni Net 1 is offline. Please check it out.',0,'2025-09-08 18:13:26','2025-09-08 18:13:26'),(11745,8,NULL,'Mikrotik Router Down','⚠️ Hi Erick, your mikrotik router - Ngoni Net 1 is offline. Please check it out.',0,'2025-09-08 18:14:26','2025-09-08 18:14:26'),(11746,8,NULL,'Mikrotik Router Down','⚠️ Hi Erick, your mikrotik router - Ngoni Net 1 is offline. Please check it out.',0,'2025-09-08 18:15:26','2025-09-08 18:15:26'),(11747,8,NULL,'Mikrotik Router Down','⚠️ Hi Erick, your mikrotik router - Ngoni Net 1 is offline. Please check it out.',0,'2025-09-08 18:16:25','2025-09-08 18:16:25'),(11748,8,NULL,'Mikrotik Router Down','⚠️ Hi Erick, your mikrotik router - Ngoni Net 1 is offline. Please check it out.',0,'2025-09-08 18:17:26','2025-09-08 18:17:26'),(11749,8,NULL,'Mikrotik Router Down','⚠️ Hi Erick, your mikrotik router - Ngoni Net 1 is offline. Please check it out.',0,'2025-09-08 18:18:26','2025-09-08 18:18:26'),(11750,8,NULL,'Mikrotik Router Down','⚠️ Hi Erick, your mikrotik router - Ngoni Net 1 is offline. Please check it out.',0,'2025-09-08 18:19:26','2025-09-08 18:19:26'),(11751,8,NULL,'Mikrotik Router Down','⚠️ Hi Erick, your mikrotik router - Ngoni Net 1 is offline. Please check it out.',0,'2025-09-08 18:20:26','2025-09-08 18:20:26'),(11752,8,NULL,'Mikrotik Router Down','⚠️ Hi Erick, your mikrotik router - Ngoni Net 1 is offline. Please check it out.',0,'2025-09-08 18:21:25','2025-09-08 18:21:25'),(11753,8,NULL,'Mikrotik Router Down','⚠️ Hi Erick, your mikrotik router - Ngoni Net 1 is offline. Please check it out.',0,'2025-09-08 18:22:26','2025-09-08 18:22:26'),(11754,8,NULL,'Mikrotik Router Down','⚠️ Hi Erick, your mikrotik router - Ngoni Net 1 is offline. Please check it out.',0,'2025-09-08 18:23:25','2025-09-08 18:23:25'),(11755,8,NULL,'Mikrotik Router Down','⚠️ Hi Erick, your mikrotik router - Ngoni Net 1 is offline. Please check it out.',0,'2025-09-08 18:24:25','2025-09-08 18:24:25'),(11756,8,NULL,'Mikrotik Router Down','⚠️ Hi Erick, your mikrotik router - Ngoni Net 1 is offline. Please check it out.',0,'2025-09-08 18:25:26','2025-09-08 18:25:26'),(11757,8,NULL,'Mikrotik Router Down','⚠️ Hi Erick, your mikrotik router - Ngoni Net 1 is offline. Please check it out.',0,'2025-09-08 18:26:25','2025-09-08 18:26:25'),(11758,8,NULL,'Mikrotik Router Down','⚠️ Hi Erick, your mikrotik router - Ngoni Net 1 is offline. Please check it out.',0,'2025-09-08 18:27:25','2025-09-08 18:27:25'),(11759,8,NULL,'Mikrotik Router Down','⚠️ Hi Erick, your mikrotik router - Ngoni Net 1 is offline. Please check it out.',0,'2025-09-08 18:28:25','2025-09-08 18:28:25'),(11760,8,NULL,'Mikrotik Router Down','⚠️ Hi Erick, your mikrotik router - Ngoni Net 1 is offline. Please check it out.',0,'2025-09-08 18:29:25','2025-09-08 18:29:25'),(11761,8,NULL,'Mikrotik Router Down','⚠️ Hi Erick, your mikrotik router - Ngoni Net 1 is offline. Please check it out.',0,'2025-09-08 18:30:25','2025-09-08 18:30:25'),(11762,8,NULL,'Mikrotik Router Down','⚠️ Hi Erick, your mikrotik router - Ngoni Net 1 is offline. Please check it out.',0,'2025-09-08 18:31:28','2025-09-08 18:31:28'),(11763,13,NULL,'Mikrotik Router Up','✅ Hi Kazungu, your mikrotik router - La Zungu is back online.',0,'2025-09-08 18:32:33','2025-09-08 18:32:33'),(11764,13,NULL,'Mikrotik Router Up','✅ Hi Kazungu, your mikrotik router - La Zungu is back online.',0,'2025-09-08 18:33:28','2025-09-08 18:33:28'),(11765,13,NULL,'Mikrotik Router Up','✅ Hi Kazungu, your mikrotik router - La Zungu is back online.',0,'2025-09-08 18:34:24','2025-09-08 18:34:24'),(11766,13,NULL,'Mikrotik Router Up','✅ Hi Kazungu, your mikrotik router - La Zungu is back online.',0,'2025-09-08 18:35:28','2025-09-08 18:35:28'),(11767,13,NULL,'Mikrotik Router Up','✅ Hi Kazungu, your mikrotik router - La Zungu is back online.',0,'2025-09-08 18:36:24','2025-09-08 18:36:24'),(11768,13,NULL,'Mikrotik Router Up','✅ Hi Kazungu, your mikrotik router - La Zungu is back online.',0,'2025-09-08 18:37:23','2025-09-08 18:37:23'),(11769,13,NULL,'Mikrotik Router Up','✅ Hi Kazungu, your mikrotik router - La Zungu is back online.',0,'2025-09-08 18:38:24','2025-09-08 18:38:24'),(11770,13,NULL,'Mikrotik Router Up','✅ Hi Kazungu, your mikrotik router - La Zungu is back online.',0,'2025-09-08 18:39:25','2025-09-08 18:39:25'),(11771,13,NULL,'Mikrotik Router Up','✅ Hi Kazungu, your mikrotik router - La Zungu is back online.',0,'2025-09-08 18:40:25','2025-09-08 18:40:25'),(11772,13,NULL,'Mikrotik Router Up','✅ Hi Kazungu, your mikrotik router - La Zungu is back online.',0,'2025-09-08 18:41:24','2025-09-08 18:41:24'),(11773,13,NULL,'Mikrotik Router Up','✅ Hi Kazungu, your mikrotik router - La Zungu is back online.',0,'2025-09-08 18:42:24','2025-09-08 18:42:24'),(11774,13,NULL,'Mikrotik Router Up','✅ Hi Kazungu, your mikrotik router - La Zungu is back online.',0,'2025-09-08 18:43:24','2025-09-08 18:43:24'),(11775,13,NULL,'Mikrotik Router Up','✅ Hi Kazungu, your mikrotik router - La Zungu is back online.',0,'2025-09-08 18:44:23','2025-09-08 18:44:23'),(11776,13,NULL,'Mikrotik Router Up','✅ Hi Kazungu, your mikrotik router - La Zungu is back online.',0,'2025-09-08 18:45:24','2025-09-08 18:45:24'),(11777,13,NULL,'Mikrotik Router Up','✅ Hi Kazungu, your mikrotik router - La Zungu is back online.',0,'2025-09-08 18:46:24','2025-09-08 18:46:24'),(11778,13,NULL,'Mikrotik Router Up','✅ Hi Kazungu, your mikrotik router - La Zungu is back online.',0,'2025-09-08 18:47:24','2025-09-08 18:47:24'),(11779,13,NULL,'Mikrotik Router Up','✅ Hi Kazungu, your mikrotik router - La Zungu is back online.',0,'2025-09-08 18:48:25','2025-09-08 18:48:25'),(11780,13,NULL,'Mikrotik Router Up','✅ Hi Kazungu, your mikrotik router - La Zungu is back online.',0,'2025-09-08 18:49:25','2025-09-08 18:49:25'),(11781,13,NULL,'Mikrotik Router Up','✅ Hi Kazungu, your mikrotik router - La Zungu is back online.',0,'2025-09-08 18:50:25','2025-09-08 18:50:25'),(11782,13,NULL,'Mikrotik Router Up','✅ Hi Kazungu, your mikrotik router - La Zungu is back online.',0,'2025-09-08 18:51:24','2025-09-08 18:51:24'),(11783,13,NULL,'Mikrotik Router Up','✅ Hi Kazungu, your mikrotik router - La Zungu is back online.',0,'2025-09-08 18:52:24','2025-09-08 18:52:24'),(11784,13,NULL,'Mikrotik Router Up','✅ Hi Kazungu, your mikrotik router - La Zungu is back online.',0,'2025-09-08 18:53:24','2025-09-08 18:53:24'),(11785,13,NULL,'Mikrotik Router Up','✅ Hi Kazungu, your mikrotik router - La Zungu is back online.',0,'2025-09-08 18:54:24','2025-09-08 18:54:24'),(11786,13,NULL,'Mikrotik Router Up','✅ Hi Kazungu, your mikrotik router - La Zungu is back online.',0,'2025-09-08 18:55:24','2025-09-08 18:55:24'),(11787,13,NULL,'Mikrotik Router Up','✅ Hi Kazungu, your mikrotik router - La Zungu is back online.',0,'2025-09-08 18:56:24','2025-09-08 18:56:24'),(11788,13,NULL,'Mikrotik Router Up','✅ Hi Kazungu, your mikrotik router - La Zungu is back online.',0,'2025-09-08 18:57:24','2025-09-08 18:57:24'),(11789,13,NULL,'Mikrotik Router Up','✅ Hi Kazungu, your mikrotik router - La Zungu is back online.',0,'2025-09-08 18:58:24','2025-09-08 18:58:24'),(11790,13,NULL,'Mikrotik Router Up','✅ Hi Kazungu, your mikrotik router - La Zungu is back online.',0,'2025-09-08 18:59:24','2025-09-08 18:59:24'),(11791,13,NULL,'Mikrotik Router Up','✅ Hi Kazungu, your mikrotik router - La Zungu is back online.',0,'2025-09-08 19:00:29','2025-09-08 19:00:29'),(11792,13,NULL,'Mikrotik Router Up','✅ Hi Kazungu, your mikrotik router - La Zungu is back online.',0,'2025-09-08 19:01:24','2025-09-08 19:01:24'),(11793,13,NULL,'Mikrotik Router Up','✅ Hi Kazungu, your mikrotik router - La Zungu is back online.',0,'2025-09-08 19:02:24','2025-09-08 19:02:24'),(11794,13,NULL,'Mikrotik Router Up','✅ Hi Kazungu, your mikrotik router - La Zungu is back online.',0,'2025-09-08 19:03:24','2025-09-08 19:03:24'),(11795,13,NULL,'Mikrotik Router Up','✅ Hi Kazungu, your mikrotik router - La Zungu is back online.',0,'2025-09-08 19:04:24','2025-09-08 19:04:24'),(11796,13,NULL,'Mikrotik Router Up','✅ Hi Kazungu, your mikrotik router - La Zungu is back online.',0,'2025-09-08 19:05:24','2025-09-08 19:05:24'),(11797,13,NULL,'Mikrotik Router Up','✅ Hi Kazungu, your mikrotik router - La Zungu is back online.',0,'2025-09-08 19:06:24','2025-09-08 19:06:24'),(11798,13,NULL,'Mikrotik Router Up','✅ Hi Kazungu, your mikrotik router - La Zungu is back online.',0,'2025-09-08 19:07:24','2025-09-08 19:07:24'),(11799,13,NULL,'Mikrotik Router Up','✅ Hi Kazungu, your mikrotik router - La Zungu is back online.',0,'2025-09-08 19:08:24','2025-09-08 19:08:24'),(11800,13,NULL,'Mikrotik Router Up','✅ Hi Kazungu, your mikrotik router - La Zungu is back online.',0,'2025-09-08 19:09:24','2025-09-08 19:09:24'),(11801,13,NULL,'Mikrotik Router Up','✅ Hi Kazungu, your mikrotik router - La Zungu is back online.',0,'2025-09-08 19:10:24','2025-09-08 19:10:24'),(11802,13,NULL,'Mikrotik Router Up','✅ Hi Kazungu, your mikrotik router - La Zungu is back online.',0,'2025-09-08 19:11:24','2025-09-08 19:11:24'),(11803,13,NULL,'Mikrotik Router Up','✅ Hi Kazungu, your mikrotik router - La Zungu is back online.',0,'2025-09-08 19:12:24','2025-09-08 19:12:24'),(11804,13,NULL,'Mikrotik Router Up','✅ Hi Kazungu, your mikrotik router - La Zungu is back online.',0,'2025-09-08 19:13:24','2025-09-08 19:13:24'),(11805,13,NULL,'Mikrotik Router Up','✅ Hi Kazungu, your mikrotik router - La Zungu is back online.',0,'2025-09-08 19:14:24','2025-09-08 19:14:24'),(11806,13,NULL,'Mikrotik Router Up','✅ Hi Kazungu, your mikrotik router - La Zungu is back online.',0,'2025-09-08 19:15:24','2025-09-08 19:15:24'),(11807,13,NULL,'Mikrotik Router Up','✅ Hi Kazungu, your mikrotik router - La Zungu is back online.',0,'2025-09-08 19:16:24','2025-09-08 19:16:24'),(11808,13,NULL,'Mikrotik Router Up','✅ Hi Kazungu, your mikrotik router - La Zungu is back online.',0,'2025-09-08 19:17:26','2025-09-08 19:17:26'),(11809,13,NULL,'Mikrotik Router Up','✅ Hi Kazungu, your mikrotik router - La Zungu is back online.',0,'2025-09-08 19:18:24','2025-09-08 19:18:24'),(11810,13,NULL,'Mikrotik Router Up','✅ Hi Kazungu, your mikrotik router - La Zungu is back online.',0,'2025-09-08 19:19:24','2025-09-08 19:19:24'),(11811,13,NULL,'Mikrotik Router Up','✅ Hi Kazungu, your mikrotik router - La Zungu is back online.',0,'2025-09-08 19:20:25','2025-09-08 19:20:25'),(11812,13,NULL,'Mikrotik Router Up','✅ Hi Kazungu, your mikrotik router - La Zungu is back online.',0,'2025-09-08 19:21:24','2025-09-08 19:21:24'),(11813,13,NULL,'Mikrotik Router Up','✅ Hi Kazungu, your mikrotik router - La Zungu is back online.',0,'2025-09-08 19:22:24','2025-09-08 19:22:24'),(11814,13,NULL,'Mikrotik Router Up','✅ Hi Kazungu, your mikrotik router - La Zungu is back online.',0,'2025-09-08 19:23:24','2025-09-08 19:23:24'),(11815,13,NULL,'Mikrotik Router Up','✅ Hi Kazungu, your mikrotik router - La Zungu is back online.',0,'2025-09-08 19:24:24','2025-09-08 19:24:24'),(11816,13,NULL,'Mikrotik Router Up','✅ Hi Kazungu, your mikrotik router - La Zungu is back online.',0,'2025-09-08 19:25:24','2025-09-08 19:25:24'),(11817,13,NULL,'Mikrotik Router Up','✅ Hi Kazungu, your mikrotik router - La Zungu is back online.',0,'2025-09-08 19:26:24','2025-09-08 19:26:24'),(11818,13,NULL,'Mikrotik Router Up','✅ Hi Kazungu, your mikrotik router - La Zungu is back online.',0,'2025-09-08 19:27:24','2025-09-08 19:27:24'),(11819,13,NULL,'Mikrotik Router Up','✅ Hi Kazungu, your mikrotik router - La Zungu is back online.',0,'2025-09-08 19:28:24','2025-09-08 19:28:24'),(11820,13,NULL,'Mikrotik Router Up','✅ Hi Kazungu, your mikrotik router - La Zungu is back online.',0,'2025-09-08 19:29:24','2025-09-08 19:29:24'),(11821,13,NULL,'Mikrotik Router Up','✅ Hi Kazungu, your mikrotik router - La Zungu is back online.',0,'2025-09-08 19:30:24','2025-09-08 19:30:24'),(11822,13,NULL,'Mikrotik Router Up','✅ Hi Kazungu, your mikrotik router - La Zungu is back online.',0,'2025-09-08 19:31:23','2025-09-08 19:31:23'),(11823,13,NULL,'Mikrotik Router Up','✅ Hi Kazungu, your mikrotik router - La Zungu is back online.',0,'2025-09-08 19:32:24','2025-09-08 19:32:24'),(11824,13,NULL,'Mikrotik Router Up','✅ Hi Kazungu, your mikrotik router - La Zungu is back online.',0,'2025-09-08 19:33:24','2025-09-08 19:33:24'),(11825,13,NULL,'Mikrotik Router Up','✅ Hi Kazungu, your mikrotik router - La Zungu is back online.',0,'2025-09-08 19:34:24','2025-09-08 19:34:24'),(11826,13,NULL,'Mikrotik Router Up','✅ Hi Kazungu, your mikrotik router - La Zungu is back online.',0,'2025-09-08 19:35:24','2025-09-08 19:35:24'),(11827,13,NULL,'Mikrotik Router Up','✅ Hi Kazungu, your mikrotik router - La Zungu is back online.',0,'2025-09-08 19:36:24','2025-09-08 19:36:24'),(11828,13,NULL,'Mikrotik Router Up','✅ Hi Kazungu, your mikrotik router - La Zungu is back online.',0,'2025-09-08 19:37:24','2025-09-08 19:37:24'),(11829,13,NULL,'Mikrotik Router Up','✅ Hi Kazungu, your mikrotik router - La Zungu is back online.',0,'2025-09-08 19:38:24','2025-09-08 19:38:24'),(11830,13,NULL,'Mikrotik Router Up','✅ Hi Kazungu, your mikrotik router - La Zungu is back online.',0,'2025-09-08 19:39:23','2025-09-08 19:39:23'),(11831,13,NULL,'Mikrotik Router Up','✅ Hi Kazungu, your mikrotik router - La Zungu is back online.',0,'2025-09-08 19:40:24','2025-09-08 19:40:24'),(11832,13,NULL,'Mikrotik Router Up','✅ Hi Kazungu, your mikrotik router - La Zungu is back online.',0,'2025-09-08 19:41:24','2025-09-08 19:41:24'),(11833,13,NULL,'Mikrotik Router Up','✅ Hi Kazungu, your mikrotik router - La Zungu is back online.',0,'2025-09-08 19:42:24','2025-09-08 19:42:24'),(11834,13,NULL,'Mikrotik Router Up','✅ Hi Kazungu, your mikrotik router - La Zungu is back online.',0,'2025-09-08 19:43:24','2025-09-08 19:43:24'),(11835,13,NULL,'Mikrotik Router Up','✅ Hi Kazungu, your mikrotik router - La Zungu is back online.',0,'2025-09-08 19:44:24','2025-09-08 19:44:24'),(11836,13,NULL,'Mikrotik Router Up','✅ Hi Kazungu, your mikrotik router - La Zungu is back online.',0,'2025-09-08 19:45:24','2025-09-08 19:45:24'),(11837,13,NULL,'Mikrotik Router Up','✅ Hi Kazungu, your mikrotik router - La Zungu is back online.',0,'2025-09-08 19:46:24','2025-09-08 19:46:24'),(11838,13,NULL,'Mikrotik Router Up','✅ Hi Kazungu, your mikrotik router - La Zungu is back online.',0,'2025-09-08 19:47:24','2025-09-08 19:47:24'),(11839,13,NULL,'Mikrotik Router Up','✅ Hi Kazungu, your mikrotik router - La Zungu is back online.',0,'2025-09-08 19:48:23','2025-09-08 19:48:23'),(11840,13,NULL,'Mikrotik Router Up','✅ Hi Kazungu, your mikrotik router - La Zungu is back online.',0,'2025-09-08 19:49:24','2025-09-08 19:49:24'),(11841,13,NULL,'Mikrotik Router Up','✅ Hi Kazungu, your mikrotik router - La Zungu is back online.',0,'2025-09-08 19:50:24','2025-09-08 19:50:24'),(11842,13,NULL,'Mikrotik Router Up','✅ Hi Kazungu, your mikrotik router - La Zungu is back online.',0,'2025-09-08 19:51:24','2025-09-08 19:51:24'),(11843,13,NULL,'Mikrotik Router Up','✅ Hi Kazungu, your mikrotik router - La Zungu is back online.',0,'2025-09-08 19:52:24','2025-09-08 19:52:24'),(11844,13,NULL,'Mikrotik Router Up','✅ Hi Kazungu, your mikrotik router - La Zungu is back online.',0,'2025-09-08 19:53:24','2025-09-08 19:53:24'),(11845,13,NULL,'Mikrotik Router Up','✅ Hi Kazungu, your mikrotik router - La Zungu is back online.',0,'2025-09-08 19:54:24','2025-09-08 19:54:24'),(11846,13,NULL,'Mikrotik Router Up','✅ Hi Kazungu, your mikrotik router - La Zungu is back online.',0,'2025-09-08 19:55:24','2025-09-08 19:55:24'),(11847,13,NULL,'Mikrotik Router Up','✅ Hi Kazungu, your mikrotik router - La Zungu is back online.',0,'2025-09-08 19:56:23','2025-09-08 19:56:23'),(11848,13,NULL,'Mikrotik Router Up','✅ Hi Kazungu, your mikrotik router - La Zungu is back online.',0,'2025-09-08 19:57:24','2025-09-08 19:57:24'),(11849,13,NULL,'Mikrotik Router Up','✅ Hi Kazungu, your mikrotik router - La Zungu is back online.',0,'2025-09-08 19:58:24','2025-09-08 19:58:24'),(11850,13,NULL,'Mikrotik Router Up','✅ Hi Kazungu, your mikrotik router - La Zungu is back online.',0,'2025-09-08 19:59:24','2025-09-08 19:59:24'),(11851,8,NULL,'Mikrotik Router Down','⚠️ Hi Erick, your mikrotik router - Machinga Complex is offline. Please check it out.',0,'2025-09-08 20:00:24','2025-09-08 20:00:24'),(11852,13,NULL,'Mikrotik Router Up','✅ Hi Kazungu, your mikrotik router - La Zungu is back online.',0,'2025-09-08 20:01:24','2025-09-08 20:01:24'),(11853,13,NULL,'Mikrotik Router Up','✅ Hi Kazungu, your mikrotik router - La Zungu is back online.',0,'2025-09-08 20:02:23','2025-09-08 20:02:23'),(11854,13,NULL,'Mikrotik Router Up','✅ Hi Kazungu, your mikrotik router - La Zungu is back online.',0,'2025-09-08 20:03:24','2025-09-08 20:03:24'),(11855,13,NULL,'Mikrotik Router Up','✅ Hi Kazungu, your mikrotik router - La Zungu is back online.',0,'2025-09-08 20:04:24','2025-09-08 20:04:24'),(11856,13,NULL,'Mikrotik Router Up','✅ Hi Kazungu, your mikrotik router - La Zungu is back online.',0,'2025-09-08 20:05:25','2025-09-08 20:05:25'),(11857,13,NULL,'Mikrotik Router Up','✅ Hi Kazungu, your mikrotik router - La Zungu is back online.',0,'2025-09-08 20:06:24','2025-09-08 20:06:24'),(11858,13,NULL,'Mikrotik Router Up','✅ Hi Kazungu, your mikrotik router - La Zungu is back online.',0,'2025-09-08 20:07:24','2025-09-08 20:07:24'),(11859,13,NULL,'Mikrotik Router Up','✅ Hi Kazungu, your mikrotik router - La Zungu is back online.',0,'2025-09-08 20:08:23','2025-09-08 20:08:23'),(11860,13,NULL,'Mikrotik Router Up','✅ Hi Kazungu, your mikrotik router - La Zungu is back online.',0,'2025-09-08 20:09:24','2025-09-08 20:09:24'),(11861,13,NULL,'Mikrotik Router Up','✅ Hi Kazungu, your mikrotik router - La Zungu is back online.',0,'2025-09-08 20:10:24','2025-09-08 20:10:24'),(11862,13,NULL,'Mikrotik Router Up','✅ Hi Kazungu, your mikrotik router - La Zungu is back online.',0,'2025-09-08 20:11:24','2025-09-08 20:11:24'),(11863,13,NULL,'Mikrotik Router Up','✅ Hi Kazungu, your mikrotik router - La Zungu is back online.',0,'2025-09-08 20:12:24','2025-09-08 20:12:24'),(11864,13,NULL,'Mikrotik Router Up','✅ Hi Kazungu, your mikrotik router - La Zungu is back online.',0,'2025-09-08 20:13:24','2025-09-08 20:13:24'),(11865,16,NULL,'Mikrotik Router Down','⚠️ Hi Emmanuel, your mikrotik router - Street Mesh is offline. Please check it out.',0,'2025-09-08 20:15:30','2025-09-08 20:15:30'),(11866,16,NULL,'Mikrotik Router Down','⚠️ Hi Emmanuel, your mikrotik router - Street Mesh is offline. Please check it out.',0,'2025-09-08 20:16:29','2025-09-08 20:16:29'),(11867,16,NULL,'Mikrotik Router Down','⚠️ Hi Emmanuel, your mikrotik router - Street Mesh is offline. Please check it out.',0,'2025-09-08 20:17:32','2025-09-08 20:17:32'),(11868,16,NULL,'Mikrotik Router Down','⚠️ Hi Emmanuel, your mikrotik router - Street Mesh is offline. Please check it out.',0,'2025-09-08 20:18:30','2025-09-08 20:18:30'),(11869,13,NULL,'Mikrotik Router Up','✅ Hi Kazungu, your mikrotik router - La Zungu is back online.',0,'2025-09-08 20:19:24','2025-09-08 20:19:24'),(11870,13,NULL,'Mikrotik Router Up','✅ Hi Kazungu, your mikrotik router - La Zungu is back online.',0,'2025-09-08 20:20:24','2025-09-08 20:20:24'),(11871,13,NULL,'Mikrotik Router Up','✅ Hi Kazungu, your mikrotik router - La Zungu is back online.',0,'2025-09-08 20:21:24','2025-09-08 20:21:24'),(11872,13,NULL,'Mikrotik Router Up','✅ Hi Kazungu, your mikrotik router - La Zungu is back online.',0,'2025-09-08 20:22:24','2025-09-08 20:22:24'),(11873,13,NULL,'Mikrotik Router Up','✅ Hi Kazungu, your mikrotik router - La Zungu is back online.',0,'2025-09-08 20:23:24','2025-09-08 20:23:24'),(11874,13,NULL,'Mikrotik Router Up','✅ Hi Kazungu, your mikrotik router - La Zungu is back online.',0,'2025-09-08 20:24:23','2025-09-08 20:24:23'),(11875,13,NULL,'Mikrotik Router Up','✅ Hi Kazungu, your mikrotik router - La Zungu is back online.',0,'2025-09-08 20:25:24','2025-09-08 20:25:24'),(11876,13,NULL,'Mikrotik Router Up','✅ Hi Kazungu, your mikrotik router - La Zungu is back online.',0,'2025-09-08 20:26:24','2025-09-08 20:26:24'),(11877,13,NULL,'Mikrotik Router Up','✅ Hi Kazungu, your mikrotik router - La Zungu is back online.',0,'2025-09-08 20:27:24','2025-09-08 20:27:24'),(11878,13,NULL,'Mikrotik Router Up','✅ Hi Kazungu, your mikrotik router - La Zungu is back online.',0,'2025-09-08 20:28:24','2025-09-08 20:28:24'),(11879,13,NULL,'Mikrotik Router Up','✅ Hi Kazungu, your mikrotik router - La Zungu is back online.',0,'2025-09-08 20:29:24','2025-09-08 20:29:24'),(11880,13,NULL,'Mikrotik Router Up','✅ Hi Kazungu, your mikrotik router - La Zungu is back online.',0,'2025-09-08 20:30:24','2025-09-08 20:30:24'),(11881,13,NULL,'Mikrotik Router Up','✅ Hi Kazungu, your mikrotik router - La Zungu is back online.',0,'2025-09-08 20:31:24','2025-09-08 20:31:24'),(11882,13,NULL,'Mikrotik Router Up','✅ Hi Kazungu, your mikrotik router - La Zungu is back online.',0,'2025-09-08 20:32:24','2025-09-08 20:32:24'),(11883,13,NULL,'Mikrotik Router Up','✅ Hi Kazungu, your mikrotik router - La Zungu is back online.',0,'2025-09-08 20:33:24','2025-09-08 20:33:24'),(11884,13,NULL,'Mikrotik Router Up','✅ Hi Kazungu, your mikrotik router - La Zungu is back online.',0,'2025-09-08 20:34:24','2025-09-08 20:34:24'),(11885,13,NULL,'Mikrotik Router Up','✅ Hi Kazungu, your mikrotik router - La Zungu is back online.',0,'2025-09-08 20:35:24','2025-09-08 20:35:24'),(11886,13,NULL,'Mikrotik Router Up','✅ Hi Kazungu, your mikrotik router - La Zungu is back online.',0,'2025-09-08 20:36:24','2025-09-08 20:36:24'),(11887,13,NULL,'Mikrotik Router Up','✅ Hi Kazungu, your mikrotik router - La Zungu is back online.',0,'2025-09-08 20:37:24','2025-09-08 20:37:24'),(11888,13,NULL,'Mikrotik Router Up','✅ Hi Kazungu, your mikrotik router - La Zungu is back online.',0,'2025-09-08 20:38:23','2025-09-08 20:38:23'),(11889,13,NULL,'Mikrotik Router Up','✅ Hi Kazungu, your mikrotik router - La Zungu is back online.',0,'2025-09-08 20:39:24','2025-09-08 20:39:24'),(11890,13,NULL,'Mikrotik Router Up','✅ Hi Kazungu, your mikrotik router - La Zungu is back online.',0,'2025-09-08 20:40:24','2025-09-08 20:40:24'),(11891,13,NULL,'Mikrotik Router Up','✅ Hi Kazungu, your mikrotik router - La Zungu is back online.',0,'2025-09-08 20:41:23','2025-09-08 20:41:23'),(11892,13,NULL,'Mikrotik Router Up','✅ Hi Kazungu, your mikrotik router - La Zungu is back online.',0,'2025-09-08 20:42:24','2025-09-08 20:42:24'),(11893,13,NULL,'Mikrotik Router Up','✅ Hi Kazungu, your mikrotik router - La Zungu is back online.',0,'2025-09-08 20:43:23','2025-09-08 20:43:23'),(11894,13,NULL,'Mikrotik Router Up','✅ Hi Kazungu, your mikrotik router - La Zungu is back online.',0,'2025-09-08 20:44:24','2025-09-08 20:44:24'),(11895,13,NULL,'Mikrotik Router Up','✅ Hi Kazungu, your mikrotik router - La Zungu is back online.',0,'2025-09-08 20:45:24','2025-09-08 20:45:24'),(11896,13,NULL,'Mikrotik Router Up','✅ Hi Kazungu, your mikrotik router - La Zungu is back online.',0,'2025-09-08 20:46:24','2025-09-08 20:46:24'),(11897,13,NULL,'Mikrotik Router Up','✅ Hi Kazungu, your mikrotik router - La Zungu is back online.',0,'2025-09-08 20:47:24','2025-09-08 20:47:24'),(11898,13,NULL,'Mikrotik Router Up','✅ Hi Kazungu, your mikrotik router - La Zungu is back online.',0,'2025-09-08 20:48:24','2025-09-08 20:48:24'),(11899,13,NULL,'Mikrotik Router Up','✅ Hi Kazungu, your mikrotik router - La Zungu is back online.',0,'2025-09-08 20:49:23','2025-09-08 20:49:23'),(11900,13,NULL,'Mikrotik Router Up','✅ Hi Kazungu, your mikrotik router - La Zungu is back online.',0,'2025-09-08 20:50:24','2025-09-08 20:50:24'),(11901,13,NULL,'Mikrotik Router Up','✅ Hi Kazungu, your mikrotik router - La Zungu is back online.',0,'2025-09-08 20:51:24','2025-09-08 20:51:24'),(11902,13,NULL,'Mikrotik Router Up','✅ Hi Kazungu, your mikrotik router - La Zungu is back online.',0,'2025-09-08 20:52:24','2025-09-08 20:52:24'),(11903,13,NULL,'Mikrotik Router Up','✅ Hi Kazungu, your mikrotik router - La Zungu is back online.',0,'2025-09-08 20:53:23','2025-09-08 20:53:23'),(11904,13,NULL,'Mikrotik Router Up','✅ Hi Kazungu, your mikrotik router - La Zungu is back online.',0,'2025-09-08 20:54:24','2025-09-08 20:54:24'),(11905,13,NULL,'Mikrotik Router Up','✅ Hi Kazungu, your mikrotik router - La Zungu is back online.',0,'2025-09-08 20:55:24','2025-09-08 20:55:24'),(11906,13,NULL,'Mikrotik Router Up','✅ Hi Kazungu, your mikrotik router - La Zungu is back online.',0,'2025-09-08 20:56:23','2025-09-08 20:56:23'),(11907,13,NULL,'Mikrotik Router Up','✅ Hi Kazungu, your mikrotik router - La Zungu is back online.',0,'2025-09-08 20:57:24','2025-09-08 20:57:24'),(11908,13,NULL,'Mikrotik Router Up','✅ Hi Kazungu, your mikrotik router - La Zungu is back online.',0,'2025-09-08 20:58:24','2025-09-08 20:58:24'),(11909,13,NULL,'Mikrotik Router Up','✅ Hi Kazungu, your mikrotik router - La Zungu is back online.',0,'2025-09-08 20:59:24','2025-09-08 20:59:24'),(11910,13,NULL,'Mikrotik Router Up','✅ Hi Kazungu, your mikrotik router - La Zungu is back online.',0,'2025-09-08 21:00:25','2025-09-08 21:00:25'),(11911,13,NULL,'Mikrotik Router Up','✅ Hi Kazungu, your mikrotik router - La Zungu is back online.',0,'2025-09-08 21:01:24','2025-09-08 21:01:24'),(11912,13,NULL,'Mikrotik Router Up','✅ Hi Kazungu, your mikrotik router - La Zungu is back online.',0,'2025-09-08 21:02:24','2025-09-08 21:02:24'),(11913,13,NULL,'Mikrotik Router Up','✅ Hi Kazungu, your mikrotik router - La Zungu is back online.',0,'2025-09-08 21:03:23','2025-09-08 21:03:23'),(11914,13,NULL,'Mikrotik Router Up','✅ Hi Kazungu, your mikrotik router - La Zungu is back online.',0,'2025-09-08 21:04:28','2025-09-08 21:04:28'),(11915,13,NULL,'Mikrotik Router Up','✅ Hi Kazungu, your mikrotik router - La Zungu is back online.',0,'2025-09-08 21:05:24','2025-09-08 21:05:24'),(11916,13,NULL,'Mikrotik Router Up','✅ Hi Kazungu, your mikrotik router - La Zungu is back online.',0,'2025-09-08 21:06:28','2025-09-08 21:06:28'),(11917,13,NULL,'Mikrotik Router Up','✅ Hi Kazungu, your mikrotik router - La Zungu is back online.',0,'2025-09-08 21:07:24','2025-09-08 21:07:24'),(11918,13,NULL,'Mikrotik Router Up','✅ Hi Kazungu, your mikrotik router - La Zungu is back online.',0,'2025-09-08 21:08:23','2025-09-08 21:08:23'),(11919,13,NULL,'Mikrotik Router Up','✅ Hi Kazungu, your mikrotik router - La Zungu is back online.',0,'2025-09-08 21:09:24','2025-09-08 21:09:24'),(11920,13,NULL,'Mikrotik Router Up','✅ Hi Kazungu, your mikrotik router - La Zungu is back online.',0,'2025-09-08 21:10:24','2025-09-08 21:10:24'),(11921,13,NULL,'Mikrotik Router Up','✅ Hi Kazungu, your mikrotik router - La Zungu is back online.',0,'2025-09-08 21:11:24','2025-09-08 21:11:24'),(11922,13,NULL,'Mikrotik Router Up','✅ Hi Kazungu, your mikrotik router - La Zungu is back online.',0,'2025-09-08 21:12:24','2025-09-08 21:12:24'),(11923,13,NULL,'Mikrotik Router Up','✅ Hi Kazungu, your mikrotik router - La Zungu is back online.',0,'2025-09-08 21:13:24','2025-09-08 21:13:24'),(11924,13,NULL,'Mikrotik Router Up','✅ Hi Kazungu, your mikrotik router - La Zungu is back online.',0,'2025-09-08 21:14:27','2025-09-08 21:14:27'),(11925,13,NULL,'Mikrotik Router Up','✅ Hi Kazungu, your mikrotik router - La Zungu is back online.',0,'2025-09-08 21:15:24','2025-09-08 21:15:24'),(11926,13,NULL,'Mikrotik Router Up','✅ Hi Kazungu, your mikrotik router - La Zungu is back online.',0,'2025-09-08 21:16:23','2025-09-08 21:16:23'),(11927,13,NULL,'Mikrotik Router Up','✅ Hi Kazungu, your mikrotik router - La Zungu is back online.',0,'2025-09-08 21:17:26','2025-09-08 21:17:26'),(11928,13,NULL,'Mikrotik Router Up','✅ Hi Kazungu, your mikrotik router - La Zungu is back online.',0,'2025-09-08 21:18:24','2025-09-08 21:18:24'),(11929,13,NULL,'Mikrotik Router Up','✅ Hi Kazungu, your mikrotik router - La Zungu is back online.',0,'2025-09-08 21:19:24','2025-09-08 21:19:24'),(11930,13,NULL,'Mikrotik Router Up','✅ Hi Kazungu, your mikrotik router - La Zungu is back online.',0,'2025-09-08 21:20:25','2025-09-08 21:20:25'),(11931,13,NULL,'Mikrotik Router Up','✅ Hi Kazungu, your mikrotik router - La Zungu is back online.',0,'2025-09-08 21:21:24','2025-09-08 21:21:24'),(11932,13,NULL,'Mikrotik Router Up','✅ Hi Kazungu, your mikrotik router - La Zungu is back online.',0,'2025-09-08 21:22:23','2025-09-08 21:22:23'),(11933,13,NULL,'Mikrotik Router Up','✅ Hi Kazungu, your mikrotik router - La Zungu is back online.',0,'2025-09-08 21:23:24','2025-09-08 21:23:24'),(11934,13,NULL,'Mikrotik Router Up','✅ Hi Kazungu, your mikrotik router - La Zungu is back online.',0,'2025-09-08 21:24:24','2025-09-08 21:24:24'),(11935,13,NULL,'Mikrotik Router Up','✅ Hi Kazungu, your mikrotik router - La Zungu is back online.',0,'2025-09-08 21:25:24','2025-09-08 21:25:24'),(11936,13,NULL,'Mikrotik Router Up','✅ Hi Kazungu, your mikrotik router - La Zungu is back online.',0,'2025-09-08 21:26:24','2025-09-08 21:26:24'),(11937,13,NULL,'Mikrotik Router Up','✅ Hi Kazungu, your mikrotik router - La Zungu is back online.',0,'2025-09-08 21:27:24','2025-09-08 21:27:24'),(11938,13,NULL,'Mikrotik Router Up','✅ Hi Kazungu, your mikrotik router - La Zungu is back online.',0,'2025-09-08 21:28:23','2025-09-08 21:28:23'),(11939,13,NULL,'Mikrotik Router Up','✅ Hi Kazungu, your mikrotik router - La Zungu is back online.',0,'2025-09-08 21:29:24','2025-09-08 21:29:24'),(11940,13,NULL,'Mikrotik Router Up','✅ Hi Kazungu, your mikrotik router - La Zungu is back online.',0,'2025-09-08 21:30:24','2025-09-08 21:30:24'),(11941,13,NULL,'Mikrotik Router Up','✅ Hi Kazungu, your mikrotik router - La Zungu is back online.',0,'2025-09-08 21:31:24','2025-09-08 21:31:24'),(11942,13,NULL,'Mikrotik Router Up','✅ Hi Kazungu, your mikrotik router - La Zungu is back online.',0,'2025-09-08 21:32:23','2025-09-08 21:32:23'),(11943,13,NULL,'Mikrotik Router Up','✅ Hi Kazungu, your mikrotik router - La Zungu is back online.',0,'2025-09-08 21:33:24','2025-09-08 21:33:24'),(11944,13,NULL,'Mikrotik Router Up','✅ Hi Kazungu, your mikrotik router - La Zungu is back online.',0,'2025-09-08 21:34:23','2025-09-08 21:34:23'),(11945,13,NULL,'Mikrotik Router Up','✅ Hi Kazungu, your mikrotik router - La Zungu is back online.',0,'2025-09-08 21:35:24','2025-09-08 21:35:24'),(11946,13,NULL,'Mikrotik Router Up','✅ Hi Kazungu, your mikrotik router - La Zungu is back online.',0,'2025-09-08 21:36:24','2025-09-08 21:36:24'),(11947,13,NULL,'Mikrotik Router Up','✅ Hi Kazungu, your mikrotik router - La Zungu is back online.',0,'2025-09-08 21:37:24','2025-09-08 21:37:24'),(11948,13,NULL,'Mikrotik Router Up','✅ Hi Kazungu, your mikrotik router - La Zungu is back online.',0,'2025-09-08 21:38:24','2025-09-08 21:38:24'),(11949,13,NULL,'Mikrotik Router Up','✅ Hi Kazungu, your mikrotik router - La Zungu is back online.',0,'2025-09-08 21:39:24','2025-09-08 21:39:24'),(11950,13,NULL,'Mikrotik Router Up','✅ Hi Kazungu, your mikrotik router - La Zungu is back online.',0,'2025-09-08 21:40:24','2025-09-08 21:40:24'),(11951,13,NULL,'Mikrotik Router Up','✅ Hi Kazungu, your mikrotik router - La Zungu is back online.',0,'2025-09-08 21:41:23','2025-09-08 21:41:23'),(11952,13,NULL,'Mikrotik Router Up','✅ Hi Kazungu, your mikrotik router - La Zungu is back online.',0,'2025-09-08 21:42:24','2025-09-08 21:42:24'),(11953,13,NULL,'Mikrotik Router Up','✅ Hi Kazungu, your mikrotik router - La Zungu is back online.',0,'2025-09-08 21:43:23','2025-09-08 21:43:23'),(11954,13,NULL,'Mikrotik Router Up','✅ Hi Kazungu, your mikrotik router - La Zungu is back online.',0,'2025-09-08 21:44:24','2025-09-08 21:44:24'),(11955,13,NULL,'Mikrotik Router Up','✅ Hi Kazungu, your mikrotik router - La Zungu is back online.',0,'2025-09-08 21:45:24','2025-09-08 21:45:24'),(11956,13,NULL,'Mikrotik Router Up','✅ Hi Kazungu, your mikrotik router - La Zungu is back online.',0,'2025-09-08 21:46:24','2025-09-08 21:46:24'),(11957,13,NULL,'Mikrotik Router Up','✅ Hi Kazungu, your mikrotik router - La Zungu is back online.',0,'2025-09-08 21:47:24','2025-09-08 21:47:24'),(11958,13,NULL,'Mikrotik Router Up','✅ Hi Kazungu, your mikrotik router - La Zungu is back online.',0,'2025-09-08 21:48:24','2025-09-08 21:48:24'),(11959,13,NULL,'Mikrotik Router Up','✅ Hi Kazungu, your mikrotik router - La Zungu is back online.',0,'2025-09-08 21:49:24','2025-09-08 21:49:24'),(11960,13,NULL,'Mikrotik Router Up','✅ Hi Kazungu, your mikrotik router - La Zungu is back online.',0,'2025-09-08 21:50:24','2025-09-08 21:50:24'),(11961,13,NULL,'Mikrotik Router Up','✅ Hi Kazungu, your mikrotik router - La Zungu is back online.',0,'2025-09-08 21:51:24','2025-09-08 21:51:24'),(11962,13,NULL,'Mikrotik Router Up','✅ Hi Kazungu, your mikrotik router - La Zungu is back online.',0,'2025-09-08 21:52:23','2025-09-08 21:52:23'),(11963,13,NULL,'Mikrotik Router Up','✅ Hi Kazungu, your mikrotik router - La Zungu is back online.',0,'2025-09-08 21:53:24','2025-09-08 21:53:24'),(11964,13,NULL,'Mikrotik Router Up','✅ Hi Kazungu, your mikrotik router - La Zungu is back online.',0,'2025-09-08 21:54:24','2025-09-08 21:54:24'),(11965,13,NULL,'Mikrotik Router Up','✅ Hi Kazungu, your mikrotik router - La Zungu is back online.',0,'2025-09-08 21:55:24','2025-09-08 21:55:24'),(11966,13,NULL,'Mikrotik Router Up','✅ Hi Kazungu, your mikrotik router - La Zungu is back online.',0,'2025-09-08 21:56:23','2025-09-08 21:56:23'),(11967,13,NULL,'Mikrotik Router Up','✅ Hi Kazungu, your mikrotik router - La Zungu is back online.',0,'2025-09-08 21:57:24','2025-09-08 21:57:24'),(11968,8,NULL,'Mikrotik Router Down','⚠️ Hi Erick, your mikrotik router - Machinga Complex is offline. Please check it out.',0,'2025-09-08 21:58:24','2025-09-08 21:58:24'),(11969,13,NULL,'Mikrotik Router Up','✅ Hi Kazungu, your mikrotik router - La Zungu is back online.',0,'2025-09-08 21:59:24','2025-09-08 21:59:24'),(11970,13,NULL,'Mikrotik Router Up','✅ Hi Kazungu, your mikrotik router - La Zungu is back online.',0,'2025-09-08 22:00:25','2025-09-08 22:00:25'),(11971,13,NULL,'Mikrotik Router Up','✅ Hi Kazungu, your mikrotik router - La Zungu is back online.',0,'2025-09-08 22:01:24','2025-09-08 22:01:24'),(11972,13,NULL,'Mikrotik Router Up','✅ Hi Kazungu, your mikrotik router - La Zungu is back online.',0,'2025-09-08 22:02:24','2025-09-08 22:02:24'),(11973,13,NULL,'Mikrotik Router Up','✅ Hi Kazungu, your mikrotik router - La Zungu is back online.',0,'2025-09-08 22:03:24','2025-09-08 22:03:24'),(11974,13,NULL,'Mikrotik Router Up','✅ Hi Kazungu, your mikrotik router - La Zungu is back online.',0,'2025-09-08 22:04:24','2025-09-08 22:04:24'),(11975,13,NULL,'Mikrotik Router Up','✅ Hi Kazungu, your mikrotik router - La Zungu is back online.',0,'2025-09-08 22:05:24','2025-09-08 22:05:24'),(11976,13,NULL,'Mikrotik Router Up','✅ Hi Kazungu, your mikrotik router - La Zungu is back online.',0,'2025-09-08 22:06:24','2025-09-08 22:06:24'),(11977,13,NULL,'Mikrotik Router Up','✅ Hi Kazungu, your mikrotik router - La Zungu is back online.',0,'2025-09-08 22:07:23','2025-09-08 22:07:23'),(11978,13,NULL,'Mikrotik Router Up','✅ Hi Kazungu, your mikrotik router - La Zungu is back online.',0,'2025-09-08 22:08:24','2025-09-08 22:08:24'),(11979,13,NULL,'Mikrotik Router Up','✅ Hi Kazungu, your mikrotik router - La Zungu is back online.',0,'2025-09-08 22:09:23','2025-09-08 22:09:23'),(11980,13,NULL,'Mikrotik Router Up','✅ Hi Kazungu, your mikrotik router - La Zungu is back online.',0,'2025-09-08 22:10:25','2025-09-08 22:10:25'),(11981,13,NULL,'Mikrotik Router Up','✅ Hi Kazungu, your mikrotik router - La Zungu is back online.',0,'2025-09-08 22:11:24','2025-09-08 22:11:24'),(11982,13,NULL,'Mikrotik Router Up','✅ Hi Kazungu, your mikrotik router - La Zungu is back online.',0,'2025-09-08 22:12:23','2025-09-08 22:12:23'),(11983,13,NULL,'Mikrotik Router Up','✅ Hi Kazungu, your mikrotik router - La Zungu is back online.',0,'2025-09-08 22:13:24','2025-09-08 22:13:24'),(11984,13,NULL,'Mikrotik Router Up','✅ Hi Kazungu, your mikrotik router - La Zungu is back online.',0,'2025-09-08 22:14:24','2025-09-08 22:14:24'),(11985,13,NULL,'Mikrotik Router Up','✅ Hi Kazungu, your mikrotik router - La Zungu is back online.',0,'2025-09-08 22:15:24','2025-09-08 22:15:24'),(11986,13,NULL,'Mikrotik Router Up','✅ Hi Kazungu, your mikrotik router - La Zungu is back online.',0,'2025-09-08 22:16:24','2025-09-08 22:16:24'),(11987,13,NULL,'Mikrotik Router Up','✅ Hi Kazungu, your mikrotik router - La Zungu is back online.',0,'2025-09-08 22:17:25','2025-09-08 22:17:25'),(11988,13,NULL,'Mikrotik Router Up','✅ Hi Kazungu, your mikrotik router - La Zungu is back online.',0,'2025-09-08 22:18:23','2025-09-08 22:18:23'),(11989,13,NULL,'Mikrotik Router Up','✅ Hi Kazungu, your mikrotik router - La Zungu is back online.',0,'2025-09-08 22:19:23','2025-09-08 22:19:23'),(11990,13,NULL,'Mikrotik Router Up','✅ Hi Kazungu, your mikrotik router - La Zungu is back online.',0,'2025-09-08 22:20:24','2025-09-08 22:20:24'),(11991,13,NULL,'Mikrotik Router Up','✅ Hi Kazungu, your mikrotik router - La Zungu is back online.',0,'2025-09-08 22:21:23','2025-09-08 22:21:23'),(11992,13,NULL,'Mikrotik Router Up','✅ Hi Kazungu, your mikrotik router - La Zungu is back online.',0,'2025-09-08 22:22:24','2025-09-08 22:22:24'),(11993,13,NULL,'Mikrotik Router Up','✅ Hi Kazungu, your mikrotik router - La Zungu is back online.',0,'2025-09-08 22:23:23','2025-09-08 22:23:23'),(11994,13,NULL,'Mikrotik Router Up','✅ Hi Kazungu, your mikrotik router - La Zungu is back online.',0,'2025-09-08 22:24:24','2025-09-08 22:24:24'),(11995,13,NULL,'Mikrotik Router Up','✅ Hi Kazungu, your mikrotik router - La Zungu is back online.',0,'2025-09-08 22:25:24','2025-09-08 22:25:24'),(11996,13,NULL,'Mikrotik Router Up','✅ Hi Kazungu, your mikrotik router - La Zungu is back online.',0,'2025-09-08 22:26:24','2025-09-08 22:26:24'),(11997,13,NULL,'Mikrotik Router Up','✅ Hi Kazungu, your mikrotik router - La Zungu is back online.',0,'2025-09-08 22:27:24','2025-09-08 22:27:24'),(11998,13,NULL,'Mikrotik Router Up','✅ Hi Kazungu, your mikrotik router - La Zungu is back online.',0,'2025-09-08 22:28:24','2025-09-08 22:28:24'),(11999,13,NULL,'Mikrotik Router Up','✅ Hi Kazungu, your mikrotik router - La Zungu is back online.',0,'2025-09-08 22:29:24','2025-09-08 22:29:24'),(12000,13,NULL,'Mikrotik Router Up','✅ Hi Kazungu, your mikrotik router - La Zungu is back online.',0,'2025-09-08 22:30:24','2025-09-08 22:30:24'),(12001,13,NULL,'Mikrotik Router Up','✅ Hi Kazungu, your mikrotik router - La Zungu is back online.',0,'2025-09-08 22:31:23','2025-09-08 22:31:23'),(12002,13,NULL,'Mikrotik Router Up','✅ Hi Kazungu, your mikrotik router - La Zungu is back online.',0,'2025-09-08 22:32:24','2025-09-08 22:32:24'),(12003,13,NULL,'Mikrotik Router Up','✅ Hi Kazungu, your mikrotik router - La Zungu is back online.',0,'2025-09-08 22:33:23','2025-09-08 22:33:23'),(12004,13,NULL,'Mikrotik Router Up','✅ Hi Kazungu, your mikrotik router - La Zungu is back online.',0,'2025-09-08 22:34:24','2025-09-08 22:34:24'),(12005,13,NULL,'Mikrotik Router Up','✅ Hi Kazungu, your mikrotik router - La Zungu is back online.',0,'2025-09-08 22:35:24','2025-09-08 22:35:24'),(12006,13,NULL,'Mikrotik Router Up','✅ Hi Kazungu, your mikrotik router - La Zungu is back online.',0,'2025-09-08 22:36:24','2025-09-08 22:36:24'),(12007,13,NULL,'Mikrotik Router Up','✅ Hi Kazungu, your mikrotik router - La Zungu is back online.',0,'2025-09-08 22:37:24','2025-09-08 22:37:24'),(12008,13,NULL,'Mikrotik Router Up','✅ Hi Kazungu, your mikrotik router - La Zungu is back online.',0,'2025-09-08 22:38:27','2025-09-08 22:38:27'),(12009,13,NULL,'Mikrotik Router Up','✅ Hi Kazungu, your mikrotik router - La Zungu is back online.',0,'2025-09-08 22:39:23','2025-09-08 22:39:23'),(12010,13,NULL,'Mikrotik Router Up','✅ Hi Kazungu, your mikrotik router - La Zungu is back online.',0,'2025-09-08 22:40:24','2025-09-08 22:40:24'),(12011,13,NULL,'Mikrotik Router Up','✅ Hi Kazungu, your mikrotik router - La Zungu is back online.',0,'2025-09-08 22:41:23','2025-09-08 22:41:23'),(12012,13,NULL,'Mikrotik Router Up','✅ Hi Kazungu, your mikrotik router - La Zungu is back online.',0,'2025-09-08 22:42:24','2025-09-08 22:42:24'),(12013,13,NULL,'Mikrotik Router Up','✅ Hi Kazungu, your mikrotik router - La Zungu is back online.',0,'2025-09-08 22:43:23','2025-09-08 22:43:23'),(12014,13,NULL,'Mikrotik Router Up','✅ Hi Kazungu, your mikrotik router - La Zungu is back online.',0,'2025-09-08 22:44:24','2025-09-08 22:44:24'),(12015,13,NULL,'Mikrotik Router Up','✅ Hi Kazungu, your mikrotik router - La Zungu is back online.',0,'2025-09-08 22:45:24','2025-09-08 22:45:24'),(12016,13,NULL,'Mikrotik Router Up','✅ Hi Kazungu, your mikrotik router - La Zungu is back online.',0,'2025-09-08 22:46:24','2025-09-08 22:46:24'),(12017,13,NULL,'Mikrotik Router Up','✅ Hi Kazungu, your mikrotik router - La Zungu is back online.',0,'2025-09-08 22:47:24','2025-09-08 22:47:24'),(12018,13,NULL,'Mikrotik Router Up','✅ Hi Kazungu, your mikrotik router - La Zungu is back online.',0,'2025-09-08 22:48:24','2025-09-08 22:48:24'),(12019,13,NULL,'Mikrotik Router Up','✅ Hi Kazungu, your mikrotik router - La Zungu is back online.',0,'2025-09-08 22:49:24','2025-09-08 22:49:24'),(12020,13,NULL,'Mikrotik Router Up','✅ Hi Kazungu, your mikrotik router - La Zungu is back online.',0,'2025-09-08 22:50:24','2025-09-08 22:50:24'),(12021,13,NULL,'Mikrotik Router Up','✅ Hi Kazungu, your mikrotik router - La Zungu is back online.',0,'2025-09-08 22:51:24','2025-09-08 22:51:24'),(12022,13,NULL,'Mikrotik Router Up','✅ Hi Kazungu, your mikrotik router - La Zungu is back online.',0,'2025-09-08 22:52:24','2025-09-08 22:52:24'),(12023,13,NULL,'Mikrotik Router Up','✅ Hi Kazungu, your mikrotik router - La Zungu is back online.',0,'2025-09-08 22:53:23','2025-09-08 22:53:23'),(12024,13,NULL,'Mikrotik Router Up','✅ Hi Kazungu, your mikrotik router - La Zungu is back online.',0,'2025-09-08 22:54:24','2025-09-08 22:54:24'),(12025,13,NULL,'Mikrotik Router Up','✅ Hi Kazungu, your mikrotik router - La Zungu is back online.',0,'2025-09-08 22:55:24','2025-09-08 22:55:24'),(12026,13,NULL,'Mikrotik Router Up','✅ Hi Kazungu, your mikrotik router - La Zungu is back online.',0,'2025-09-08 22:56:24','2025-09-08 22:56:24'),(12027,13,NULL,'Mikrotik Router Up','✅ Hi Kazungu, your mikrotik router - La Zungu is back online.',0,'2025-09-08 22:57:24','2025-09-08 22:57:24'),(12028,13,NULL,'Mikrotik Router Up','✅ Hi Kazungu, your mikrotik router - La Zungu is back online.',0,'2025-09-08 22:58:23','2025-09-08 22:58:23'),(12029,13,NULL,'Mikrotik Router Up','✅ Hi Kazungu, your mikrotik router - La Zungu is back online.',0,'2025-09-08 22:59:24','2025-09-08 22:59:24'),(12030,13,NULL,'Mikrotik Router Up','✅ Hi Kazungu, your mikrotik router - La Zungu is back online.',0,'2025-09-08 23:00:25','2025-09-08 23:00:25'),(12031,13,NULL,'Mikrotik Router Up','✅ Hi Kazungu, your mikrotik router - La Zungu is back online.',0,'2025-09-08 23:01:23','2025-09-08 23:01:23'),(12032,13,NULL,'Mikrotik Router Up','✅ Hi Kazungu, your mikrotik router - La Zungu is back online.',0,'2025-09-08 23:02:24','2025-09-08 23:02:24'),(12033,13,NULL,'Mikrotik Router Up','✅ Hi Kazungu, your mikrotik router - La Zungu is back online.',0,'2025-09-08 23:03:23','2025-09-08 23:03:23'),(12034,13,NULL,'Mikrotik Router Up','✅ Hi Kazungu, your mikrotik router - La Zungu is back online.',0,'2025-09-08 23:04:24','2025-09-08 23:04:24'),(12035,13,NULL,'Mikrotik Router Up','✅ Hi Kazungu, your mikrotik router - La Zungu is back online.',0,'2025-09-08 23:05:24','2025-09-08 23:05:24'),(12036,13,NULL,'Mikrotik Router Up','✅ Hi Kazungu, your mikrotik router - La Zungu is back online.',0,'2025-09-08 23:06:24','2025-09-08 23:06:24'),(12037,13,NULL,'Mikrotik Router Up','✅ Hi Kazungu, your mikrotik router - La Zungu is back online.',0,'2025-09-08 23:07:24','2025-09-08 23:07:24'),(12038,13,NULL,'Mikrotik Router Up','✅ Hi Kazungu, your mikrotik router - La Zungu is back online.',0,'2025-09-08 23:08:24','2025-09-08 23:08:24'),(12039,13,NULL,'Mikrotik Router Up','✅ Hi Kazungu, your mikrotik router - La Zungu is back online.',0,'2025-09-08 23:09:23','2025-09-08 23:09:23'),(12040,13,NULL,'Mikrotik Router Up','✅ Hi Kazungu, your mikrotik router - La Zungu is back online.',0,'2025-09-08 23:10:24','2025-09-08 23:10:24'),(12041,13,NULL,'Mikrotik Router Up','✅ Hi Kazungu, your mikrotik router - La Zungu is back online.',0,'2025-09-08 23:11:24','2025-09-08 23:11:24'),(12042,13,NULL,'Mikrotik Router Up','✅ Hi Kazungu, your mikrotik router - La Zungu is back online.',0,'2025-09-08 23:12:23','2025-09-08 23:12:23'),(12043,13,NULL,'Mikrotik Router Up','✅ Hi Kazungu, your mikrotik router - La Zungu is back online.',0,'2025-09-08 23:13:24','2025-09-08 23:13:24'),(12044,13,NULL,'Mikrotik Router Up','✅ Hi Kazungu, your mikrotik router - La Zungu is back online.',0,'2025-09-08 23:14:23','2025-09-08 23:14:23'),(12045,13,NULL,'Mikrotik Router Up','✅ Hi Kazungu, your mikrotik router - La Zungu is back online.',0,'2025-09-08 23:15:24','2025-09-08 23:15:24'),(12046,13,NULL,'Mikrotik Router Up','✅ Hi Kazungu, your mikrotik router - La Zungu is back online.',0,'2025-09-08 23:16:24','2025-09-08 23:16:24'),(12047,13,NULL,'Mikrotik Router Up','✅ Hi Kazungu, your mikrotik router - La Zungu is back online.',0,'2025-09-08 23:17:26','2025-09-08 23:17:26'),(12048,13,NULL,'Mikrotik Router Up','✅ Hi Kazungu, your mikrotik router - La Zungu is back online.',0,'2025-09-08 23:18:24','2025-09-08 23:18:24'),(12049,13,NULL,'Mikrotik Router Up','✅ Hi Kazungu, your mikrotik router - La Zungu is back online.',0,'2025-09-08 23:19:24','2025-09-08 23:19:24'),(12050,13,NULL,'Mikrotik Router Up','✅ Hi Kazungu, your mikrotik router - La Zungu is back online.',0,'2025-09-08 23:20:24','2025-09-08 23:20:24'),(12051,13,NULL,'Mikrotik Router Up','✅ Hi Kazungu, your mikrotik router - La Zungu is back online.',0,'2025-09-08 23:21:24','2025-09-08 23:21:24'),(12052,13,NULL,'Mikrotik Router Up','✅ Hi Kazungu, your mikrotik router - La Zungu is back online.',0,'2025-09-08 23:22:23','2025-09-08 23:22:23'),(12053,13,NULL,'Mikrotik Router Up','✅ Hi Kazungu, your mikrotik router - La Zungu is back online.',0,'2025-09-08 23:23:24','2025-09-08 23:23:24'),(12054,13,NULL,'Mikrotik Router Up','✅ Hi Kazungu, your mikrotik router - La Zungu is back online.',0,'2025-09-08 23:24:24','2025-09-08 23:24:24'),(12055,13,NULL,'Mikrotik Router Up','✅ Hi Kazungu, your mikrotik router - La Zungu is back online.',0,'2025-09-08 23:25:32','2025-09-08 23:25:32'),(12056,13,NULL,'Mikrotik Router Up','✅ Hi Kazungu, your mikrotik router - La Zungu is back online.',0,'2025-09-08 23:26:23','2025-09-08 23:26:23'),(12057,13,NULL,'Mikrotik Router Up','✅ Hi Kazungu, your mikrotik router - La Zungu is back online.',0,'2025-09-08 23:27:24','2025-09-08 23:27:24'),(12058,13,NULL,'Mikrotik Router Up','✅ Hi Kazungu, your mikrotik router - La Zungu is back online.',0,'2025-09-08 23:28:23','2025-09-08 23:28:23'),(12059,13,NULL,'Mikrotik Router Up','✅ Hi Kazungu, your mikrotik router - La Zungu is back online.',0,'2025-09-08 23:29:24','2025-09-08 23:29:24'),(12060,13,NULL,'Mikrotik Router Up','✅ Hi Kazungu, your mikrotik router - La Zungu is back online.',0,'2025-09-08 23:30:24','2025-09-08 23:30:24'),(12061,13,NULL,'Mikrotik Router Up','✅ Hi Kazungu, your mikrotik router - La Zungu is back online.',0,'2025-09-08 23:31:24','2025-09-08 23:31:24'),(12062,13,NULL,'Mikrotik Router Up','✅ Hi Kazungu, your mikrotik router - La Zungu is back online.',0,'2025-09-08 23:32:24','2025-09-08 23:32:24'),(12063,13,NULL,'Mikrotik Router Up','✅ Hi Kazungu, your mikrotik router - La Zungu is back online.',0,'2025-09-08 23:33:23','2025-09-08 23:33:23'),(12064,13,NULL,'Mikrotik Router Up','✅ Hi Kazungu, your mikrotik router - La Zungu is back online.',0,'2025-09-08 23:34:24','2025-09-08 23:34:24'),(12065,13,NULL,'Mikrotik Router Up','✅ Hi Kazungu, your mikrotik router - La Zungu is back online.',0,'2025-09-08 23:35:23','2025-09-08 23:35:23'),(12066,13,NULL,'Mikrotik Router Up','✅ Hi Kazungu, your mikrotik router - La Zungu is back online.',0,'2025-09-08 23:36:24','2025-09-08 23:36:24'),(12067,13,NULL,'Mikrotik Router Up','✅ Hi Kazungu, your mikrotik router - La Zungu is back online.',0,'2025-09-08 23:37:23','2025-09-08 23:37:23'),(12068,13,NULL,'Mikrotik Router Up','✅ Hi Kazungu, your mikrotik router - La Zungu is back online.',0,'2025-09-08 23:38:24','2025-09-08 23:38:24'),(12069,13,NULL,'Mikrotik Router Up','✅ Hi Kazungu, your mikrotik router - La Zungu is back online.',0,'2025-09-08 23:39:24','2025-09-08 23:39:24'),(12070,13,NULL,'Mikrotik Router Up','✅ Hi Kazungu, your mikrotik router - La Zungu is back online.',0,'2025-09-08 23:40:25','2025-09-08 23:40:25'),(12071,13,NULL,'Mikrotik Router Up','✅ Hi Kazungu, your mikrotik router - La Zungu is back online.',0,'2025-09-08 23:41:24','2025-09-08 23:41:24'),(12072,13,NULL,'Mikrotik Router Up','✅ Hi Kazungu, your mikrotik router - La Zungu is back online.',0,'2025-09-08 23:42:24','2025-09-08 23:42:24'),(12073,13,NULL,'Mikrotik Router Up','✅ Hi Kazungu, your mikrotik router - La Zungu is back online.',0,'2025-09-08 23:43:24','2025-09-08 23:43:24'),(12074,13,NULL,'Mikrotik Router Up','✅ Hi Kazungu, your mikrotik router - La Zungu is back online.',0,'2025-09-08 23:44:24','2025-09-08 23:44:24'),(12075,13,NULL,'Mikrotik Router Up','✅ Hi Kazungu, your mikrotik router - La Zungu is back online.',0,'2025-09-08 23:45:25','2025-09-08 23:45:25'),(12076,13,NULL,'Mikrotik Router Up','✅ Hi Kazungu, your mikrotik router - La Zungu is back online.',0,'2025-09-08 23:46:24','2025-09-08 23:46:24'),(12077,13,NULL,'Mikrotik Router Up','✅ Hi Kazungu, your mikrotik router - La Zungu is back online.',0,'2025-09-08 23:47:24','2025-09-08 23:47:24'),(12078,13,NULL,'Mikrotik Router Up','✅ Hi Kazungu, your mikrotik router - La Zungu is back online.',0,'2025-09-08 23:48:24','2025-09-08 23:48:24'),(12079,13,NULL,'Mikrotik Router Up','✅ Hi Kazungu, your mikrotik router - La Zungu is back online.',0,'2025-09-08 23:49:24','2025-09-08 23:49:24'),(12080,13,NULL,'Mikrotik Router Up','✅ Hi Kazungu, your mikrotik router - La Zungu is back online.',0,'2025-09-08 23:50:24','2025-09-08 23:50:24'),(12081,13,NULL,'Mikrotik Router Up','✅ Hi Kazungu, your mikrotik router - La Zungu is back online.',0,'2025-09-08 23:51:24','2025-09-08 23:51:24'),(12082,13,NULL,'Mikrotik Router Up','✅ Hi Kazungu, your mikrotik router - La Zungu is back online.',0,'2025-09-08 23:52:24','2025-09-08 23:52:24'),(12083,13,NULL,'Mikrotik Router Up','✅ Hi Kazungu, your mikrotik router - La Zungu is back online.',0,'2025-09-08 23:53:24','2025-09-08 23:53:24'),(12084,13,NULL,'Mikrotik Router Up','✅ Hi Kazungu, your mikrotik router - La Zungu is back online.',0,'2025-09-08 23:54:24','2025-09-08 23:54:24'),(12085,13,NULL,'Mikrotik Router Up','✅ Hi Kazungu, your mikrotik router - La Zungu is back online.',0,'2025-09-08 23:55:24','2025-09-08 23:55:24'),(12086,13,NULL,'Mikrotik Router Up','✅ Hi Kazungu, your mikrotik router - La Zungu is back online.',0,'2025-09-08 23:56:24','2025-09-08 23:56:24'),(12087,13,NULL,'Mikrotik Router Up','✅ Hi Kazungu, your mikrotik router - La Zungu is back online.',0,'2025-09-08 23:57:24','2025-09-08 23:57:24'),(12088,13,NULL,'Mikrotik Router Up','✅ Hi Kazungu, your mikrotik router - La Zungu is back online.',0,'2025-09-08 23:58:24','2025-09-08 23:58:24'),(12089,13,NULL,'Mikrotik Router Up','✅ Hi Kazungu, your mikrotik router - La Zungu is back online.',0,'2025-09-08 23:59:23','2025-09-08 23:59:23'),(12090,13,NULL,'Mikrotik Router Up','✅ Hi Kazungu, your mikrotik router - La Zungu is back online.',0,'2025-09-09 00:00:25','2025-09-09 00:00:25'),(12091,13,NULL,'Mikrotik Router Up','✅ Hi Kazungu, your mikrotik router - La Zungu is back online.',0,'2025-09-09 00:01:23','2025-09-09 00:01:23'),(12092,13,NULL,'Mikrotik Router Up','✅ Hi Kazungu, your mikrotik router - La Zungu is back online.',0,'2025-09-09 00:02:24','2025-09-09 00:02:24'),(12093,13,NULL,'Mikrotik Router Up','✅ Hi Kazungu, your mikrotik router - La Zungu is back online.',0,'2025-09-09 00:03:24','2025-09-09 00:03:24'),(12094,13,NULL,'Mikrotik Router Up','✅ Hi Kazungu, your mikrotik router - La Zungu is back online.',0,'2025-09-09 00:04:24','2025-09-09 00:04:24'),(12095,13,NULL,'Mikrotik Router Up','✅ Hi Kazungu, your mikrotik router - La Zungu is back online.',0,'2025-09-09 00:05:25','2025-09-09 00:05:25'),(12096,13,NULL,'Mikrotik Router Up','✅ Hi Kazungu, your mikrotik router - La Zungu is back online.',0,'2025-09-09 00:06:25','2025-09-09 00:06:25'),(12097,13,NULL,'Mikrotik Router Up','✅ Hi Kazungu, your mikrotik router - La Zungu is back online.',0,'2025-09-09 00:07:23','2025-09-09 00:07:23'),(12098,13,NULL,'Mikrotik Router Up','✅ Hi Kazungu, your mikrotik router - La Zungu is back online.',0,'2025-09-09 00:08:24','2025-09-09 00:08:24'),(12099,13,NULL,'Mikrotik Router Up','✅ Hi Kazungu, your mikrotik router - La Zungu is back online.',0,'2025-09-09 00:09:24','2025-09-09 00:09:24'),(12100,13,NULL,'Mikrotik Router Up','✅ Hi Kazungu, your mikrotik router - La Zungu is back online.',0,'2025-09-09 00:10:24','2025-09-09 00:10:24'),(12101,13,NULL,'Mikrotik Router Up','✅ Hi Kazungu, your mikrotik router - La Zungu is back online.',0,'2025-09-09 00:11:24','2025-09-09 00:11:24'),(12102,13,NULL,'Mikrotik Router Up','✅ Hi Kazungu, your mikrotik router - La Zungu is back online.',0,'2025-09-09 00:12:24','2025-09-09 00:12:24'),(12103,13,NULL,'Mikrotik Router Up','✅ Hi Kazungu, your mikrotik router - La Zungu is back online.',0,'2025-09-09 00:13:24','2025-09-09 00:13:24'),(12104,13,NULL,'Mikrotik Router Up','✅ Hi Kazungu, your mikrotik router - La Zungu is back online.',0,'2025-09-09 00:14:24','2025-09-09 00:14:24'),(12105,13,NULL,'Mikrotik Router Up','✅ Hi Kazungu, your mikrotik router - La Zungu is back online.',0,'2025-09-09 00:15:24','2025-09-09 00:15:24'),(12106,13,NULL,'Mikrotik Router Up','✅ Hi Kazungu, your mikrotik router - La Zungu is back online.',0,'2025-09-09 00:16:23','2025-09-09 00:16:23'),(12107,13,NULL,'Mikrotik Router Up','✅ Hi Kazungu, your mikrotik router - La Zungu is back online.',0,'2025-09-09 00:17:25','2025-09-09 00:17:25'),(12108,13,NULL,'Mikrotik Router Up','✅ Hi Kazungu, your mikrotik router - La Zungu is back online.',0,'2025-09-09 00:18:23','2025-09-09 00:18:23'),(12109,13,NULL,'Mikrotik Router Up','✅ Hi Kazungu, your mikrotik router - La Zungu is back online.',0,'2025-09-09 00:19:24','2025-09-09 00:19:24'),(12110,13,NULL,'Mikrotik Router Up','✅ Hi Kazungu, your mikrotik router - La Zungu is back online.',0,'2025-09-09 00:20:24','2025-09-09 00:20:24'),(12111,13,NULL,'Mikrotik Router Up','✅ Hi Kazungu, your mikrotik router - La Zungu is back online.',0,'2025-09-09 00:21:24','2025-09-09 00:21:24'),(12112,13,NULL,'Mikrotik Router Up','✅ Hi Kazungu, your mikrotik router - La Zungu is back online.',0,'2025-09-09 00:22:24','2025-09-09 00:22:24'),(12113,13,NULL,'Mikrotik Router Up','✅ Hi Kazungu, your mikrotik router - La Zungu is back online.',0,'2025-09-09 00:23:24','2025-09-09 00:23:24'),(12114,13,NULL,'Mikrotik Router Up','✅ Hi Kazungu, your mikrotik router - La Zungu is back online.',0,'2025-09-09 00:24:24','2025-09-09 00:24:24'),(12115,13,NULL,'Mikrotik Router Up','✅ Hi Kazungu, your mikrotik router - La Zungu is back online.',0,'2025-09-09 00:25:24','2025-09-09 00:25:24'),(12116,13,NULL,'Mikrotik Router Up','✅ Hi Kazungu, your mikrotik router - La Zungu is back online.',0,'2025-09-09 00:26:23','2025-09-09 00:26:23'),(12117,13,NULL,'Mikrotik Router Up','✅ Hi Kazungu, your mikrotik router - La Zungu is back online.',0,'2025-09-09 00:27:24','2025-09-09 00:27:24'),(12118,13,NULL,'Mikrotik Router Up','✅ Hi Kazungu, your mikrotik router - La Zungu is back online.',0,'2025-09-09 00:28:24','2025-09-09 00:28:24'),(12119,13,NULL,'Mikrotik Router Up','✅ Hi Kazungu, your mikrotik router - La Zungu is back online.',0,'2025-09-09 00:29:24','2025-09-09 00:29:24'),(12120,13,NULL,'Mikrotik Router Up','✅ Hi Kazungu, your mikrotik router - La Zungu is back online.',0,'2025-09-09 00:30:24','2025-09-09 00:30:24'),(12121,13,NULL,'Mikrotik Router Up','✅ Hi Kazungu, your mikrotik router - La Zungu is back online.',0,'2025-09-09 00:31:24','2025-09-09 00:31:24'),(12122,13,NULL,'Mikrotik Router Up','✅ Hi Kazungu, your mikrotik router - La Zungu is back online.',0,'2025-09-09 00:32:24','2025-09-09 00:32:24'),(12123,13,NULL,'Mikrotik Router Up','✅ Hi Kazungu, your mikrotik router - La Zungu is back online.',0,'2025-09-09 00:33:24','2025-09-09 00:33:24'),(12124,13,NULL,'Mikrotik Router Up','✅ Hi Kazungu, your mikrotik router - La Zungu is back online.',0,'2025-09-09 00:34:24','2025-09-09 00:34:24'),(12125,13,NULL,'Mikrotik Router Up','✅ Hi Kazungu, your mikrotik router - La Zungu is back online.',0,'2025-09-09 00:35:24','2025-09-09 00:35:24'),(12126,13,NULL,'Mikrotik Router Up','✅ Hi Kazungu, your mikrotik router - La Zungu is back online.',0,'2025-09-09 00:36:24','2025-09-09 00:36:24'),(12127,13,NULL,'Mikrotik Router Up','✅ Hi Kazungu, your mikrotik router - La Zungu is back online.',0,'2025-09-09 00:37:24','2025-09-09 00:37:24'),(12128,13,NULL,'Mikrotik Router Up','✅ Hi Kazungu, your mikrotik router - La Zungu is back online.',0,'2025-09-09 00:38:24','2025-09-09 00:38:24'),(12129,13,NULL,'Mikrotik Router Up','✅ Hi Kazungu, your mikrotik router - La Zungu is back online.',0,'2025-09-09 00:39:24','2025-09-09 00:39:24'),(12130,13,NULL,'Mikrotik Router Up','✅ Hi Kazungu, your mikrotik router - La Zungu is back online.',0,'2025-09-09 00:40:24','2025-09-09 00:40:24'),(12131,13,NULL,'Mikrotik Router Up','✅ Hi Kazungu, your mikrotik router - La Zungu is back online.',0,'2025-09-09 00:41:23','2025-09-09 00:41:23'),(12132,13,NULL,'Mikrotik Router Up','✅ Hi Kazungu, your mikrotik router - La Zungu is back online.',0,'2025-09-09 00:42:24','2025-09-09 00:42:24'),(12133,13,NULL,'Mikrotik Router Up','✅ Hi Kazungu, your mikrotik router - La Zungu is back online.',0,'2025-09-09 00:43:23','2025-09-09 00:43:23'),(12134,13,NULL,'Mikrotik Router Up','✅ Hi Kazungu, your mikrotik router - La Zungu is back online.',0,'2025-09-09 00:44:24','2025-09-09 00:44:24'),(12135,13,NULL,'Mikrotik Router Up','✅ Hi Kazungu, your mikrotik router - La Zungu is back online.',0,'2025-09-09 00:45:24','2025-09-09 00:45:24'),(12136,13,NULL,'Mikrotik Router Up','✅ Hi Kazungu, your mikrotik router - La Zungu is back online.',0,'2025-09-09 00:46:23','2025-09-09 00:46:23'),(12137,13,NULL,'Mikrotik Router Up','✅ Hi Kazungu, your mikrotik router - La Zungu is back online.',0,'2025-09-09 00:47:24','2025-09-09 00:47:24'),(12138,13,NULL,'Mikrotik Router Up','✅ Hi Kazungu, your mikrotik router - La Zungu is back online.',0,'2025-09-09 00:48:24','2025-09-09 00:48:24'),(12139,13,NULL,'Mikrotik Router Up','✅ Hi Kazungu, your mikrotik router - La Zungu is back online.',0,'2025-09-09 00:49:24','2025-09-09 00:49:24'),(12140,13,NULL,'Mikrotik Router Up','✅ Hi Kazungu, your mikrotik router - La Zungu is back online.',0,'2025-09-09 00:50:24','2025-09-09 00:50:24'),(12141,13,NULL,'Mikrotik Router Up','✅ Hi Kazungu, your mikrotik router - La Zungu is back online.',0,'2025-09-09 00:51:24','2025-09-09 00:51:24'),(12142,13,NULL,'Mikrotik Router Up','✅ Hi Kazungu, your mikrotik router - La Zungu is back online.',0,'2025-09-09 00:52:24','2025-09-09 00:52:24'),(12143,13,NULL,'Mikrotik Router Up','✅ Hi Kazungu, your mikrotik router - La Zungu is back online.',0,'2025-09-09 00:53:24','2025-09-09 00:53:24'),(12144,13,NULL,'Mikrotik Router Up','✅ Hi Kazungu, your mikrotik router - La Zungu is back online.',0,'2025-09-09 00:54:24','2025-09-09 00:54:24'),(12145,13,NULL,'Mikrotik Router Up','✅ Hi Kazungu, your mikrotik router - La Zungu is back online.',0,'2025-09-09 00:55:24','2025-09-09 00:55:24'),(12146,13,NULL,'Mikrotik Router Up','✅ Hi Kazungu, your mikrotik router - La Zungu is back online.',0,'2025-09-09 00:56:24','2025-09-09 00:56:24'),(12147,13,NULL,'Mikrotik Router Up','✅ Hi Kazungu, your mikrotik router - La Zungu is back online.',0,'2025-09-09 00:57:24','2025-09-09 00:57:24'),(12148,13,NULL,'Mikrotik Router Up','✅ Hi Kazungu, your mikrotik router - La Zungu is back online.',0,'2025-09-09 00:58:24','2025-09-09 00:58:24'),(12149,13,NULL,'Mikrotik Router Up','✅ Hi Kazungu, your mikrotik router - La Zungu is back online.',0,'2025-09-09 00:59:24','2025-09-09 00:59:24'),(12150,13,NULL,'Mikrotik Router Up','✅ Hi Kazungu, your mikrotik router - La Zungu is back online.',0,'2025-09-09 01:00:25','2025-09-09 01:00:25'),(12151,13,NULL,'Mikrotik Router Up','✅ Hi Kazungu, your mikrotik router - La Zungu is back online.',0,'2025-09-09 01:01:24','2025-09-09 01:01:24'),(12152,13,NULL,'Mikrotik Router Up','✅ Hi Kazungu, your mikrotik router - La Zungu is back online.',0,'2025-09-09 01:02:24','2025-09-09 01:02:24'),(12153,13,NULL,'Mikrotik Router Up','✅ Hi Kazungu, your mikrotik router - La Zungu is back online.',0,'2025-09-09 01:03:24','2025-09-09 01:03:24'),(12154,13,NULL,'Mikrotik Router Up','✅ Hi Kazungu, your mikrotik router - La Zungu is back online.',0,'2025-09-09 01:04:24','2025-09-09 01:04:24'),(12155,13,NULL,'Mikrotik Router Up','✅ Hi Kazungu, your mikrotik router - La Zungu is back online.',0,'2025-09-09 01:05:24','2025-09-09 01:05:24'),(12156,13,NULL,'Mikrotik Router Up','✅ Hi Kazungu, your mikrotik router - La Zungu is back online.',0,'2025-09-09 01:06:24','2025-09-09 01:06:24'),(12157,13,NULL,'Mikrotik Router Up','✅ Hi Kazungu, your mikrotik router - La Zungu is back online.',0,'2025-09-09 01:07:24','2025-09-09 01:07:24'),(12158,13,NULL,'Mikrotik Router Up','✅ Hi Kazungu, your mikrotik router - La Zungu is back online.',0,'2025-09-09 01:08:24','2025-09-09 01:08:24'),(12159,13,NULL,'Mikrotik Router Up','✅ Hi Kazungu, your mikrotik router - La Zungu is back online.',0,'2025-09-09 01:09:24','2025-09-09 01:09:24'),(12160,13,NULL,'Mikrotik Router Up','✅ Hi Kazungu, your mikrotik router - La Zungu is back online.',0,'2025-09-09 01:10:24','2025-09-09 01:10:24'),(12161,13,NULL,'Mikrotik Router Up','✅ Hi Kazungu, your mikrotik router - La Zungu is back online.',0,'2025-09-09 01:11:24','2025-09-09 01:11:24'),(12162,13,NULL,'Mikrotik Router Up','✅ Hi Kazungu, your mikrotik router - La Zungu is back online.',0,'2025-09-09 01:12:24','2025-09-09 01:12:24'),(12163,13,NULL,'Mikrotik Router Up','✅ Hi Kazungu, your mikrotik router - La Zungu is back online.',0,'2025-09-09 01:13:24','2025-09-09 01:13:24'),(12164,13,NULL,'Mikrotik Router Up','✅ Hi Kazungu, your mikrotik router - La Zungu is back online.',0,'2025-09-09 01:14:24','2025-09-09 01:14:24'),(12165,13,NULL,'Mikrotik Router Up','✅ Hi Kazungu, your mikrotik router - La Zungu is back online.',0,'2025-09-09 01:15:24','2025-09-09 01:15:24'),(12166,13,NULL,'Mikrotik Router Up','✅ Hi Kazungu, your mikrotik router - La Zungu is back online.',0,'2025-09-09 01:16:24','2025-09-09 01:16:24'),(12167,13,NULL,'Mikrotik Router Up','✅ Hi Kazungu, your mikrotik router - La Zungu is back online.',0,'2025-09-09 01:17:27','2025-09-09 01:17:27'),(12168,13,NULL,'Mikrotik Router Up','✅ Hi Kazungu, your mikrotik router - La Zungu is back online.',0,'2025-09-09 01:18:24','2025-09-09 01:18:24'),(12169,13,NULL,'Mikrotik Router Up','✅ Hi Kazungu, your mikrotik router - La Zungu is back online.',0,'2025-09-09 01:19:24','2025-09-09 01:19:24'),(12170,13,NULL,'Mikrotik Router Up','✅ Hi Kazungu, your mikrotik router - La Zungu is back online.',0,'2025-09-09 01:20:24','2025-09-09 01:20:24'),(12171,13,NULL,'Mikrotik Router Up','✅ Hi Kazungu, your mikrotik router - La Zungu is back online.',0,'2025-09-09 01:21:24','2025-09-09 01:21:24'),(12172,13,NULL,'Mikrotik Router Up','✅ Hi Kazungu, your mikrotik router - La Zungu is back online.',0,'2025-09-09 01:22:24','2025-09-09 01:22:24'),(12173,13,NULL,'Mikrotik Router Up','✅ Hi Kazungu, your mikrotik router - La Zungu is back online.',0,'2025-09-09 01:23:24','2025-09-09 01:23:24'),(12174,13,NULL,'Mikrotik Router Up','✅ Hi Kazungu, your mikrotik router - La Zungu is back online.',0,'2025-09-09 01:24:24','2025-09-09 01:24:24'),(12175,13,NULL,'Mikrotik Router Up','✅ Hi Kazungu, your mikrotik router - La Zungu is back online.',0,'2025-09-09 01:25:25','2025-09-09 01:25:25'),(12176,13,NULL,'Mikrotik Router Up','✅ Hi Kazungu, your mikrotik router - La Zungu is back online.',0,'2025-09-09 01:26:25','2025-09-09 01:26:25'),(12177,13,NULL,'Mikrotik Router Up','✅ Hi Kazungu, your mikrotik router - La Zungu is back online.',0,'2025-09-09 01:27:25','2025-09-09 01:27:25'),(12178,13,NULL,'Mikrotik Router Up','✅ Hi Kazungu, your mikrotik router - La Zungu is back online.',0,'2025-09-09 01:28:25','2025-09-09 01:28:25'),(12179,13,NULL,'Mikrotik Router Up','✅ Hi Kazungu, your mikrotik router - La Zungu is back online.',0,'2025-09-09 01:29:24','2025-09-09 01:29:24'),(12180,13,NULL,'Mikrotik Router Up','✅ Hi Kazungu, your mikrotik router - La Zungu is back online.',0,'2025-09-09 01:30:24','2025-09-09 01:30:24'),(12181,13,NULL,'Mikrotik Router Up','✅ Hi Kazungu, your mikrotik router - La Zungu is back online.',0,'2025-09-09 01:31:24','2025-09-09 01:31:24'),(12182,13,NULL,'Mikrotik Router Up','✅ Hi Kazungu, your mikrotik router - La Zungu is back online.',0,'2025-09-09 01:32:25','2025-09-09 01:32:25'),(12183,13,NULL,'Mikrotik Router Up','✅ Hi Kazungu, your mikrotik router - La Zungu is back online.',0,'2025-09-09 01:33:24','2025-09-09 01:33:24'),(12184,13,NULL,'Mikrotik Router Up','✅ Hi Kazungu, your mikrotik router - La Zungu is back online.',0,'2025-09-09 01:34:24','2025-09-09 01:34:24'),(12185,13,NULL,'Mikrotik Router Up','✅ Hi Kazungu, your mikrotik router - La Zungu is back online.',0,'2025-09-09 01:35:24','2025-09-09 01:35:24'),(12186,13,NULL,'Mikrotik Router Up','✅ Hi Kazungu, your mikrotik router - La Zungu is back online.',0,'2025-09-09 01:36:24','2025-09-09 01:36:24'),(12187,13,NULL,'Mikrotik Router Up','✅ Hi Kazungu, your mikrotik router - La Zungu is back online.',0,'2025-09-09 01:37:24','2025-09-09 01:37:24'),(12188,13,NULL,'Mikrotik Router Up','✅ Hi Kazungu, your mikrotik router - La Zungu is back online.',0,'2025-09-09 01:38:24','2025-09-09 01:38:24'),(12189,13,NULL,'Mikrotik Router Up','✅ Hi Kazungu, your mikrotik router - La Zungu is back online.',0,'2025-09-09 01:39:24','2025-09-09 01:39:24'),(12190,13,NULL,'Mikrotik Router Up','✅ Hi Kazungu, your mikrotik router - La Zungu is back online.',0,'2025-09-09 01:40:24','2025-09-09 01:40:24'),(12191,13,NULL,'Mikrotik Router Up','✅ Hi Kazungu, your mikrotik router - La Zungu is back online.',0,'2025-09-09 01:41:24','2025-09-09 01:41:24'),(12192,13,NULL,'Mikrotik Router Up','✅ Hi Kazungu, your mikrotik router - La Zungu is back online.',0,'2025-09-09 01:42:24','2025-09-09 01:42:24'),(12193,13,NULL,'Mikrotik Router Up','✅ Hi Kazungu, your mikrotik router - La Zungu is back online.',0,'2025-09-09 01:43:24','2025-09-09 01:43:24'),(12194,13,NULL,'Mikrotik Router Up','✅ Hi Kazungu, your mikrotik router - La Zungu is back online.',0,'2025-09-09 01:44:24','2025-09-09 01:44:24'),(12195,13,NULL,'Mikrotik Router Up','✅ Hi Kazungu, your mikrotik router - La Zungu is back online.',0,'2025-09-09 01:45:24','2025-09-09 01:45:24'),(12196,13,NULL,'Mikrotik Router Up','✅ Hi Kazungu, your mikrotik router - La Zungu is back online.',0,'2025-09-09 01:46:24','2025-09-09 01:46:24'),(12197,13,NULL,'Mikrotik Router Up','✅ Hi Kazungu, your mikrotik router - La Zungu is back online.',0,'2025-09-09 01:47:24','2025-09-09 01:47:24'),(12198,13,NULL,'Mikrotik Router Up','✅ Hi Kazungu, your mikrotik router - La Zungu is back online.',0,'2025-09-09 01:48:24','2025-09-09 01:48:24'),(12199,13,NULL,'Mikrotik Router Up','✅ Hi Kazungu, your mikrotik router - La Zungu is back online.',0,'2025-09-09 01:49:24','2025-09-09 01:49:24'),(12200,13,NULL,'Mikrotik Router Up','✅ Hi Kazungu, your mikrotik router - La Zungu is back online.',0,'2025-09-09 01:50:24','2025-09-09 01:50:24'),(12201,13,NULL,'Mikrotik Router Up','✅ Hi Kazungu, your mikrotik router - La Zungu is back online.',0,'2025-09-09 01:51:24','2025-09-09 01:51:24'),(12202,13,NULL,'Mikrotik Router Up','✅ Hi Kazungu, your mikrotik router - La Zungu is back online.',0,'2025-09-09 01:52:24','2025-09-09 01:52:24'),(12203,13,NULL,'Mikrotik Router Up','✅ Hi Kazungu, your mikrotik router - La Zungu is back online.',0,'2025-09-09 01:53:24','2025-09-09 01:53:24'),(12204,13,NULL,'Mikrotik Router Up','✅ Hi Kazungu, your mikrotik router - La Zungu is back online.',0,'2025-09-09 01:54:24','2025-09-09 01:54:24'),(12205,13,NULL,'Mikrotik Router Up','✅ Hi Kazungu, your mikrotik router - La Zungu is back online.',0,'2025-09-09 01:55:24','2025-09-09 01:55:24'),(12206,13,NULL,'Mikrotik Router Up','✅ Hi Kazungu, your mikrotik router - La Zungu is back online.',0,'2025-09-09 01:56:23','2025-09-09 01:56:23'),(12207,13,NULL,'Mikrotik Router Up','✅ Hi Kazungu, your mikrotik router - La Zungu is back online.',0,'2025-09-09 01:57:24','2025-09-09 01:57:24'),(12208,13,NULL,'Mikrotik Router Up','✅ Hi Kazungu, your mikrotik router - La Zungu is back online.',0,'2025-09-09 01:58:24','2025-09-09 01:58:24'),(12209,13,NULL,'Mikrotik Router Up','✅ Hi Kazungu, your mikrotik router - La Zungu is back online.',0,'2025-09-09 01:59:24','2025-09-09 01:59:24'),(12210,13,NULL,'Mikrotik Router Up','✅ Hi Kazungu, your mikrotik router - La Zungu is back online.',0,'2025-09-09 02:00:25','2025-09-09 02:00:25'),(12211,13,NULL,'Mikrotik Router Up','✅ Hi Kazungu, your mikrotik router - La Zungu is back online.',0,'2025-09-09 02:01:24','2025-09-09 02:01:24'),(12212,13,NULL,'Mikrotik Router Up','✅ Hi Kazungu, your mikrotik router - La Zungu is back online.',0,'2025-09-09 02:02:24','2025-09-09 02:02:24'),(12213,13,NULL,'Mikrotik Router Up','✅ Hi Kazungu, your mikrotik router - La Zungu is back online.',0,'2025-09-09 02:03:24','2025-09-09 02:03:24'),(12214,13,NULL,'Mikrotik Router Up','✅ Hi Kazungu, your mikrotik router - La Zungu is back online.',0,'2025-09-09 02:04:24','2025-09-09 02:04:24'),(12215,13,NULL,'Mikrotik Router Up','✅ Hi Kazungu, your mikrotik router - La Zungu is back online.',0,'2025-09-09 02:05:25','2025-09-09 02:05:25'),(12216,13,NULL,'Mikrotik Router Up','✅ Hi Kazungu, your mikrotik router - La Zungu is back online.',0,'2025-09-09 02:06:25','2025-09-09 02:06:25'),(12217,13,NULL,'Mikrotik Router Up','✅ Hi Kazungu, your mikrotik router - La Zungu is back online.',0,'2025-09-09 02:07:24','2025-09-09 02:07:24'),(12218,13,NULL,'Mikrotik Router Up','✅ Hi Kazungu, your mikrotik router - La Zungu is back online.',0,'2025-09-09 02:08:24','2025-09-09 02:08:24'),(12219,13,NULL,'Mikrotik Router Up','✅ Hi Kazungu, your mikrotik router - La Zungu is back online.',0,'2025-09-09 02:09:24','2025-09-09 02:09:24'),(12220,13,NULL,'Mikrotik Router Up','✅ Hi Kazungu, your mikrotik router - La Zungu is back online.',0,'2025-09-09 02:10:25','2025-09-09 02:10:25'),(12221,13,NULL,'Mikrotik Router Up','✅ Hi Kazungu, your mikrotik router - La Zungu is back online.',0,'2025-09-09 02:11:24','2025-09-09 02:11:24'),(12222,13,NULL,'Mikrotik Router Up','✅ Hi Kazungu, your mikrotik router - La Zungu is back online.',0,'2025-09-09 02:12:24','2025-09-09 02:12:24'),(12223,13,NULL,'Mikrotik Router Up','✅ Hi Kazungu, your mikrotik router - La Zungu is back online.',0,'2025-09-09 02:13:24','2025-09-09 02:13:24'),(12224,13,NULL,'Mikrotik Router Up','✅ Hi Kazungu, your mikrotik router - La Zungu is back online.',0,'2025-09-09 02:14:24','2025-09-09 02:14:24'),(12225,13,NULL,'Mikrotik Router Up','✅ Hi Kazungu, your mikrotik router - La Zungu is back online.',0,'2025-09-09 02:15:25','2025-09-09 02:15:25'),(12226,13,NULL,'Mikrotik Router Up','✅ Hi Kazungu, your mikrotik router - La Zungu is back online.',0,'2025-09-09 02:16:24','2025-09-09 02:16:24'),(12227,13,NULL,'Mikrotik Router Up','✅ Hi Kazungu, your mikrotik router - La Zungu is back online.',0,'2025-09-09 02:17:26','2025-09-09 02:17:26'),(12228,13,NULL,'Mikrotik Router Up','✅ Hi Kazungu, your mikrotik router - La Zungu is back online.',0,'2025-09-09 02:18:24','2025-09-09 02:18:24'),(12229,13,NULL,'Mikrotik Router Up','✅ Hi Kazungu, your mikrotik router - La Zungu is back online.',0,'2025-09-09 02:19:24','2025-09-09 02:19:24'),(12230,13,NULL,'Mikrotik Router Up','✅ Hi Kazungu, your mikrotik router - La Zungu is back online.',0,'2025-09-09 02:20:24','2025-09-09 02:20:24'),(12231,13,NULL,'Mikrotik Router Up','✅ Hi Kazungu, your mikrotik router - La Zungu is back online.',0,'2025-09-09 02:21:24','2025-09-09 02:21:24'),(12232,13,NULL,'Mikrotik Router Up','✅ Hi Kazungu, your mikrotik router - La Zungu is back online.',0,'2025-09-09 02:22:25','2025-09-09 02:22:25'),(12233,13,NULL,'Mikrotik Router Up','✅ Hi Kazungu, your mikrotik router - La Zungu is back online.',0,'2025-09-09 02:23:24','2025-09-09 02:23:24'),(12234,13,NULL,'Mikrotik Router Up','✅ Hi Kazungu, your mikrotik router - La Zungu is back online.',0,'2025-09-09 02:24:24','2025-09-09 02:24:24'),(12235,13,NULL,'Mikrotik Router Up','✅ Hi Kazungu, your mikrotik router - La Zungu is back online.',0,'2025-09-09 02:25:24','2025-09-09 02:25:24'),(12236,13,NULL,'Mikrotik Router Up','✅ Hi Kazungu, your mikrotik router - La Zungu is back online.',0,'2025-09-09 02:26:24','2025-09-09 02:26:24'),(12237,13,NULL,'Mikrotik Router Up','✅ Hi Kazungu, your mikrotik router - La Zungu is back online.',0,'2025-09-09 02:27:24','2025-09-09 02:27:24'),(12238,13,NULL,'Mikrotik Router Up','✅ Hi Kazungu, your mikrotik router - La Zungu is back online.',0,'2025-09-09 02:28:24','2025-09-09 02:28:24'),(12239,13,NULL,'Mikrotik Router Up','✅ Hi Kazungu, your mikrotik router - La Zungu is back online.',0,'2025-09-09 02:29:24','2025-09-09 02:29:24'),(12240,13,NULL,'Mikrotik Router Up','✅ Hi Kazungu, your mikrotik router - La Zungu is back online.',0,'2025-09-09 02:30:25','2025-09-09 02:30:25'),(12241,13,NULL,'Mikrotik Router Up','✅ Hi Kazungu, your mikrotik router - La Zungu is back online.',0,'2025-09-09 02:31:24','2025-09-09 02:31:24'),(12242,13,NULL,'Mikrotik Router Up','✅ Hi Kazungu, your mikrotik router - La Zungu is back online.',0,'2025-09-09 02:32:24','2025-09-09 02:32:24'),(12243,13,NULL,'Mikrotik Router Up','✅ Hi Kazungu, your mikrotik router - La Zungu is back online.',0,'2025-09-09 02:33:24','2025-09-09 02:33:24'),(12244,13,NULL,'Mikrotik Router Up','✅ Hi Kazungu, your mikrotik router - La Zungu is back online.',0,'2025-09-09 02:34:24','2025-09-09 02:34:24'),(12245,13,NULL,'Mikrotik Router Up','✅ Hi Kazungu, your mikrotik router - La Zungu is back online.',0,'2025-09-09 02:35:25','2025-09-09 02:35:25'),(12246,13,NULL,'Mikrotik Router Up','✅ Hi Kazungu, your mikrotik router - La Zungu is back online.',0,'2025-09-09 02:36:24','2025-09-09 02:36:24'),(12247,13,NULL,'Mikrotik Router Up','✅ Hi Kazungu, your mikrotik router - La Zungu is back online.',0,'2025-09-09 02:37:24','2025-09-09 02:37:24'),(12248,13,NULL,'Mikrotik Router Up','✅ Hi Kazungu, your mikrotik router - La Zungu is back online.',0,'2025-09-09 02:38:24','2025-09-09 02:38:24'),(12249,13,NULL,'Mikrotik Router Up','✅ Hi Kazungu, your mikrotik router - La Zungu is back online.',0,'2025-09-09 02:39:24','2025-09-09 02:39:24'),(12250,13,NULL,'Mikrotik Router Up','✅ Hi Kazungu, your mikrotik router - La Zungu is back online.',0,'2025-09-09 02:40:25','2025-09-09 02:40:25'),(12251,13,NULL,'Mikrotik Router Up','✅ Hi Kazungu, your mikrotik router - La Zungu is back online.',0,'2025-09-09 02:41:24','2025-09-09 02:41:24'),(12252,13,NULL,'Mikrotik Router Up','✅ Hi Kazungu, your mikrotik router - La Zungu is back online.',0,'2025-09-09 02:42:24','2025-09-09 02:42:24'),(12253,13,NULL,'Mikrotik Router Up','✅ Hi Kazungu, your mikrotik router - La Zungu is back online.',0,'2025-09-09 02:43:24','2025-09-09 02:43:24'),(12254,13,NULL,'Mikrotik Router Up','✅ Hi Kazungu, your mikrotik router - La Zungu is back online.',0,'2025-09-09 02:44:24','2025-09-09 02:44:24'),(12255,13,NULL,'Mikrotik Router Up','✅ Hi Kazungu, your mikrotik router - La Zungu is back online.',0,'2025-09-09 02:45:25','2025-09-09 02:45:25'),(12256,13,NULL,'Mikrotik Router Up','✅ Hi Kazungu, your mikrotik router - La Zungu is back online.',0,'2025-09-09 02:46:24','2025-09-09 02:46:24'),(12257,13,NULL,'Mikrotik Router Up','✅ Hi Kazungu, your mikrotik router - La Zungu is back online.',0,'2025-09-09 02:47:24','2025-09-09 02:47:24'),(12258,13,NULL,'Mikrotik Router Up','✅ Hi Kazungu, your mikrotik router - La Zungu is back online.',0,'2025-09-09 02:48:24','2025-09-09 02:48:24'),(12259,13,NULL,'Mikrotik Router Up','✅ Hi Kazungu, your mikrotik router - La Zungu is back online.',0,'2025-09-09 02:49:24','2025-09-09 02:49:24'),(12260,13,NULL,'Mikrotik Router Up','✅ Hi Kazungu, your mikrotik router - La Zungu is back online.',0,'2025-09-09 02:50:24','2025-09-09 02:50:24'),(12261,13,NULL,'Mikrotik Router Up','✅ Hi Kazungu, your mikrotik router - La Zungu is back online.',0,'2025-09-09 02:51:24','2025-09-09 02:51:24'),(12262,13,NULL,'Mikrotik Router Up','✅ Hi Kazungu, your mikrotik router - La Zungu is back online.',0,'2025-09-09 02:52:24','2025-09-09 02:52:24'),(12263,13,NULL,'Mikrotik Router Up','✅ Hi Kazungu, your mikrotik router - La Zungu is back online.',0,'2025-09-09 02:53:24','2025-09-09 02:53:24'),(12264,13,NULL,'Mikrotik Router Up','✅ Hi Kazungu, your mikrotik router - La Zungu is back online.',0,'2025-09-09 02:54:23','2025-09-09 02:54:23'),(12265,13,NULL,'Mikrotik Router Up','✅ Hi Kazungu, your mikrotik router - La Zungu is back online.',0,'2025-09-09 02:55:24','2025-09-09 02:55:24'),(12266,13,NULL,'Mikrotik Router Up','✅ Hi Kazungu, your mikrotik router - La Zungu is back online.',0,'2025-09-09 02:56:25','2025-09-09 02:56:25'),(12267,13,NULL,'Mikrotik Router Up','✅ Hi Kazungu, your mikrotik router - La Zungu is back online.',0,'2025-09-09 02:57:24','2025-09-09 02:57:24'),(12268,13,NULL,'Mikrotik Router Up','✅ Hi Kazungu, your mikrotik router - La Zungu is back online.',0,'2025-09-09 02:58:24','2025-09-09 02:58:24'),(12269,13,NULL,'Mikrotik Router Up','✅ Hi Kazungu, your mikrotik router - La Zungu is back online.',0,'2025-09-09 02:59:24','2025-09-09 02:59:24'),(12270,13,NULL,'Mikrotik Router Up','✅ Hi Kazungu, your mikrotik router - La Zungu is back online.',0,'2025-09-09 03:00:25','2025-09-09 03:00:25'),(12271,13,NULL,'Mikrotik Router Up','✅ Hi Kazungu, your mikrotik router - La Zungu is back online.',0,'2025-09-09 03:01:24','2025-09-09 03:01:24'),(12272,13,NULL,'Mikrotik Router Up','✅ Hi Kazungu, your mikrotik router - La Zungu is back online.',0,'2025-09-09 03:02:24','2025-09-09 03:02:24'),(12273,13,NULL,'Mikrotik Router Up','✅ Hi Kazungu, your mikrotik router - La Zungu is back online.',0,'2025-09-09 03:03:24','2025-09-09 03:03:24'),(12274,13,NULL,'Mikrotik Router Up','✅ Hi Kazungu, your mikrotik router - La Zungu is back online.',0,'2025-09-09 03:04:24','2025-09-09 03:04:24'),(12275,13,NULL,'Mikrotik Router Up','✅ Hi Kazungu, your mikrotik router - La Zungu is back online.',0,'2025-09-09 03:05:25','2025-09-09 03:05:25'),(12276,13,NULL,'Mikrotik Router Up','✅ Hi Kazungu, your mikrotik router - La Zungu is back online.',0,'2025-09-09 03:06:24','2025-09-09 03:06:24'),(12277,13,NULL,'Mikrotik Router Up','✅ Hi Kazungu, your mikrotik router - La Zungu is back online.',0,'2025-09-09 03:07:24','2025-09-09 03:07:24'),(12278,13,NULL,'Mikrotik Router Up','✅ Hi Kazungu, your mikrotik router - La Zungu is back online.',0,'2025-09-09 03:08:24','2025-09-09 03:08:24'),(12279,13,NULL,'Mikrotik Router Up','✅ Hi Kazungu, your mikrotik router - La Zungu is back online.',0,'2025-09-09 03:09:24','2025-09-09 03:09:24'),(12280,13,NULL,'Mikrotik Router Up','✅ Hi Kazungu, your mikrotik router - La Zungu is back online.',0,'2025-09-09 03:10:24','2025-09-09 03:10:24'),(12281,13,NULL,'Mikrotik Router Up','✅ Hi Kazungu, your mikrotik router - La Zungu is back online.',0,'2025-09-09 03:11:24','2025-09-09 03:11:24'),(12282,13,NULL,'Mikrotik Router Up','✅ Hi Kazungu, your mikrotik router - La Zungu is back online.',0,'2025-09-09 03:12:24','2025-09-09 03:12:24'),(12283,13,NULL,'Mikrotik Router Up','✅ Hi Kazungu, your mikrotik router - La Zungu is back online.',0,'2025-09-09 03:13:24','2025-09-09 03:13:24'),(12284,13,NULL,'Mikrotik Router Up','✅ Hi Kazungu, your mikrotik router - La Zungu is back online.',0,'2025-09-09 03:14:24','2025-09-09 03:14:24'),(12285,13,NULL,'Mikrotik Router Up','✅ Hi Kazungu, your mikrotik router - La Zungu is back online.',0,'2025-09-09 03:15:24','2025-09-09 03:15:24'),(12286,13,NULL,'Mikrotik Router Up','✅ Hi Kazungu, your mikrotik router - La Zungu is back online.',0,'2025-09-09 03:16:24','2025-09-09 03:16:24'),(12287,13,NULL,'Mikrotik Router Up','✅ Hi Kazungu, your mikrotik router - La Zungu is back online.',0,'2025-09-09 03:17:26','2025-09-09 03:17:26'),(12288,13,NULL,'Mikrotik Router Up','✅ Hi Kazungu, your mikrotik router - La Zungu is back online.',0,'2025-09-09 03:18:24','2025-09-09 03:18:24'),(12289,13,NULL,'Mikrotik Router Up','✅ Hi Kazungu, your mikrotik router - La Zungu is back online.',0,'2025-09-09 03:19:25','2025-09-09 03:19:25'),(12290,13,NULL,'Mikrotik Router Up','✅ Hi Kazungu, your mikrotik router - La Zungu is back online.',0,'2025-09-09 03:20:25','2025-09-09 03:20:25'),(12291,13,NULL,'Mikrotik Router Up','✅ Hi Kazungu, your mikrotik router - La Zungu is back online.',0,'2025-09-09 03:21:24','2025-09-09 03:21:24'),(12292,13,NULL,'Mikrotik Router Up','✅ Hi Kazungu, your mikrotik router - La Zungu is back online.',0,'2025-09-09 03:22:24','2025-09-09 03:22:24'),(12293,13,NULL,'Mikrotik Router Up','✅ Hi Kazungu, your mikrotik router - La Zungu is back online.',0,'2025-09-09 03:23:24','2025-09-09 03:23:24'),(12294,13,NULL,'Mikrotik Router Up','✅ Hi Kazungu, your mikrotik router - La Zungu is back online.',0,'2025-09-09 03:24:24','2025-09-09 03:24:24'),(12295,13,NULL,'Mikrotik Router Up','✅ Hi Kazungu, your mikrotik router - La Zungu is back online.',0,'2025-09-09 03:25:24','2025-09-09 03:25:24'),(12296,13,NULL,'Mikrotik Router Up','✅ Hi Kazungu, your mikrotik router - La Zungu is back online.',0,'2025-09-09 03:26:24','2025-09-09 03:26:24'),(12297,13,NULL,'Mikrotik Router Up','✅ Hi Kazungu, your mikrotik router - La Zungu is back online.',0,'2025-09-09 03:27:24','2025-09-09 03:27:24'),(12298,13,NULL,'Mikrotik Router Up','✅ Hi Kazungu, your mikrotik router - La Zungu is back online.',0,'2025-09-09 03:28:24','2025-09-09 03:28:24'),(12299,13,NULL,'Mikrotik Router Up','✅ Hi Kazungu, your mikrotik router - La Zungu is back online.',0,'2025-09-09 03:29:24','2025-09-09 03:29:24'),(12300,13,NULL,'Mikrotik Router Up','✅ Hi Kazungu, your mikrotik router - La Zungu is back online.',0,'2025-09-09 03:30:24','2025-09-09 03:30:24'),(12301,13,NULL,'Mikrotik Router Up','✅ Hi Kazungu, your mikrotik router - La Zungu is back online.',0,'2025-09-09 03:31:24','2025-09-09 03:31:24'),(12302,13,NULL,'Mikrotik Router Up','✅ Hi Kazungu, your mikrotik router - La Zungu is back online.',0,'2025-09-09 03:32:24','2025-09-09 03:32:24'),(12303,13,NULL,'Mikrotik Router Up','✅ Hi Kazungu, your mikrotik router - La Zungu is back online.',0,'2025-09-09 03:33:24','2025-09-09 03:33:24'),(12304,13,NULL,'Mikrotik Router Up','✅ Hi Kazungu, your mikrotik router - La Zungu is back online.',0,'2025-09-09 03:34:24','2025-09-09 03:34:24'),(12305,13,NULL,'Mikrotik Router Up','✅ Hi Kazungu, your mikrotik router - La Zungu is back online.',0,'2025-09-09 03:35:24','2025-09-09 03:35:24'),(12306,13,NULL,'Mikrotik Router Up','✅ Hi Kazungu, your mikrotik router - La Zungu is back online.',0,'2025-09-09 03:36:24','2025-09-09 03:36:24'),(12307,13,NULL,'Mikrotik Router Up','✅ Hi Kazungu, your mikrotik router - La Zungu is back online.',0,'2025-09-09 03:37:24','2025-09-09 03:37:24'),(12308,13,NULL,'Mikrotik Router Up','✅ Hi Kazungu, your mikrotik router - La Zungu is back online.',0,'2025-09-09 03:38:24','2025-09-09 03:38:24'),(12309,13,NULL,'Mikrotik Router Up','✅ Hi Kazungu, your mikrotik router - La Zungu is back online.',0,'2025-09-09 03:39:24','2025-09-09 03:39:24'),(12310,13,NULL,'Mikrotik Router Up','✅ Hi Kazungu, your mikrotik router - La Zungu is back online.',0,'2025-09-09 03:40:24','2025-09-09 03:40:24'),(12311,13,NULL,'Mikrotik Router Up','✅ Hi Kazungu, your mikrotik router - La Zungu is back online.',0,'2025-09-09 03:41:24','2025-09-09 03:41:24'),(12312,13,NULL,'Mikrotik Router Up','✅ Hi Kazungu, your mikrotik router - La Zungu is back online.',0,'2025-09-09 03:42:24','2025-09-09 03:42:24'),(12313,13,NULL,'Mikrotik Router Up','✅ Hi Kazungu, your mikrotik router - La Zungu is back online.',0,'2025-09-09 03:43:24','2025-09-09 03:43:24'),(12314,13,NULL,'Mikrotik Router Up','✅ Hi Kazungu, your mikrotik router - La Zungu is back online.',0,'2025-09-09 03:44:24','2025-09-09 03:44:24'),(12315,13,NULL,'Mikrotik Router Up','✅ Hi Kazungu, your mikrotik router - La Zungu is back online.',0,'2025-09-09 03:45:25','2025-09-09 03:45:25'),(12316,13,NULL,'Mikrotik Router Up','✅ Hi Kazungu, your mikrotik router - La Zungu is back online.',0,'2025-09-09 03:46:24','2025-09-09 03:46:24'),(12317,13,NULL,'Mikrotik Router Up','✅ Hi Kazungu, your mikrotik router - La Zungu is back online.',0,'2025-09-09 03:47:24','2025-09-09 03:47:24'),(12318,13,NULL,'Mikrotik Router Up','✅ Hi Kazungu, your mikrotik router - La Zungu is back online.',0,'2025-09-09 03:48:24','2025-09-09 03:48:24'),(12319,13,NULL,'Mikrotik Router Up','✅ Hi Kazungu, your mikrotik router - La Zungu is back online.',0,'2025-09-09 03:49:24','2025-09-09 03:49:24'),(12320,13,NULL,'Mikrotik Router Up','✅ Hi Kazungu, your mikrotik router - La Zungu is back online.',0,'2025-09-09 03:50:24','2025-09-09 03:50:24'),(12321,13,NULL,'Mikrotik Router Up','✅ Hi Kazungu, your mikrotik router - La Zungu is back online.',0,'2025-09-09 03:51:24','2025-09-09 03:51:24'),(12322,13,NULL,'Mikrotik Router Up','✅ Hi Kazungu, your mikrotik router - La Zungu is back online.',0,'2025-09-09 03:52:24','2025-09-09 03:52:24'),(12323,13,NULL,'Mikrotik Router Up','✅ Hi Kazungu, your mikrotik router - La Zungu is back online.',0,'2025-09-09 03:53:24','2025-09-09 03:53:24'),(12324,13,NULL,'Mikrotik Router Up','✅ Hi Kazungu, your mikrotik router - La Zungu is back online.',0,'2025-09-09 03:54:24','2025-09-09 03:54:24'),(12325,13,NULL,'Mikrotik Router Up','✅ Hi Kazungu, your mikrotik router - La Zungu is back online.',0,'2025-09-09 03:55:24','2025-09-09 03:55:24'),(12326,13,NULL,'Mikrotik Router Up','✅ Hi Kazungu, your mikrotik router - La Zungu is back online.',0,'2025-09-09 03:56:24','2025-09-09 03:56:24'),(12327,13,NULL,'Mikrotik Router Up','✅ Hi Kazungu, your mikrotik router - La Zungu is back online.',0,'2025-09-09 03:57:24','2025-09-09 03:57:24'),(12328,13,NULL,'Mikrotik Router Up','✅ Hi Kazungu, your mikrotik router - La Zungu is back online.',0,'2025-09-09 03:58:24','2025-09-09 03:58:24'),(12329,13,NULL,'Mikrotik Router Up','✅ Hi Kazungu, your mikrotik router - La Zungu is back online.',0,'2025-09-09 03:59:25','2025-09-09 03:59:25'),(12330,13,NULL,'Mikrotik Router Up','✅ Hi Kazungu, your mikrotik router - La Zungu is back online.',0,'2025-09-09 04:00:25','2025-09-09 04:00:25'),(12331,13,NULL,'Mikrotik Router Up','✅ Hi Kazungu, your mikrotik router - La Zungu is back online.',0,'2025-09-09 04:01:25','2025-09-09 04:01:25'),(12332,13,NULL,'Mikrotik Router Up','✅ Hi Kazungu, your mikrotik router - La Zungu is back online.',0,'2025-09-09 04:02:24','2025-09-09 04:02:24'),(12333,13,NULL,'Mikrotik Router Up','✅ Hi Kazungu, your mikrotik router - La Zungu is back online.',0,'2025-09-09 04:03:24','2025-09-09 04:03:24'),(12334,13,NULL,'Mikrotik Router Up','✅ Hi Kazungu, your mikrotik router - La Zungu is back online.',0,'2025-09-09 04:04:24','2025-09-09 04:04:24'),(12335,13,NULL,'Mikrotik Router Up','✅ Hi Kazungu, your mikrotik router - La Zungu is back online.',0,'2025-09-09 04:05:25','2025-09-09 04:05:25'),(12336,13,NULL,'Mikrotik Router Up','✅ Hi Kazungu, your mikrotik router - La Zungu is back online.',0,'2025-09-09 04:06:24','2025-09-09 04:06:24'),(12337,13,NULL,'Mikrotik Router Up','✅ Hi Kazungu, your mikrotik router - La Zungu is back online.',0,'2025-09-09 04:07:24','2025-09-09 04:07:24'),(12338,13,NULL,'Mikrotik Router Up','✅ Hi Kazungu, your mikrotik router - La Zungu is back online.',0,'2025-09-09 04:08:24','2025-09-09 04:08:24'),(12339,13,NULL,'Mikrotik Router Up','✅ Hi Kazungu, your mikrotik router - La Zungu is back online.',0,'2025-09-09 04:09:28','2025-09-09 04:09:28'),(12340,13,NULL,'Mikrotik Router Up','✅ Hi Kazungu, your mikrotik router - La Zungu is back online.',0,'2025-09-09 04:10:24','2025-09-09 04:10:24'),(12341,13,NULL,'Mikrotik Router Up','✅ Hi Kazungu, your mikrotik router - La Zungu is back online.',0,'2025-09-09 04:11:24','2025-09-09 04:11:24'),(12342,13,NULL,'Mikrotik Router Up','✅ Hi Kazungu, your mikrotik router - La Zungu is back online.',0,'2025-09-09 04:12:24','2025-09-09 04:12:24'),(12343,13,NULL,'Mikrotik Router Up','✅ Hi Kazungu, your mikrotik router - La Zungu is back online.',0,'2025-09-09 04:13:24','2025-09-09 04:13:24'),(12344,13,NULL,'Mikrotik Router Up','✅ Hi Kazungu, your mikrotik router - La Zungu is back online.',0,'2025-09-09 04:14:24','2025-09-09 04:14:24'),(12345,13,NULL,'Mikrotik Router Up','✅ Hi Kazungu, your mikrotik router - La Zungu is back online.',0,'2025-09-09 04:15:25','2025-09-09 04:15:25'),(12346,13,NULL,'Mikrotik Router Up','✅ Hi Kazungu, your mikrotik router - La Zungu is back online.',0,'2025-09-09 04:16:25','2025-09-09 04:16:25'),(12347,13,NULL,'Mikrotik Router Up','✅ Hi Kazungu, your mikrotik router - La Zungu is back online.',0,'2025-09-09 04:17:27','2025-09-09 04:17:27'),(12348,13,NULL,'Mikrotik Router Up','✅ Hi Kazungu, your mikrotik router - La Zungu is back online.',0,'2025-09-09 04:18:24','2025-09-09 04:18:24'),(12349,13,NULL,'Mikrotik Router Up','✅ Hi Kazungu, your mikrotik router - La Zungu is back online.',0,'2025-09-09 04:19:24','2025-09-09 04:19:24'),(12350,13,NULL,'Mikrotik Router Up','✅ Hi Kazungu, your mikrotik router - La Zungu is back online.',0,'2025-09-09 04:20:24','2025-09-09 04:20:24'),(12351,13,NULL,'Mikrotik Router Up','✅ Hi Kazungu, your mikrotik router - La Zungu is back online.',0,'2025-09-09 04:21:25','2025-09-09 04:21:25'),(12352,13,NULL,'Mikrotik Router Up','✅ Hi Kazungu, your mikrotik router - La Zungu is back online.',0,'2025-09-09 04:22:24','2025-09-09 04:22:24'),(12353,13,NULL,'Mikrotik Router Up','✅ Hi Kazungu, your mikrotik router - La Zungu is back online.',0,'2025-09-09 04:23:24','2025-09-09 04:23:24'),(12354,13,NULL,'Mikrotik Router Up','✅ Hi Kazungu, your mikrotik router - La Zungu is back online.',0,'2025-09-09 04:24:24','2025-09-09 04:24:24'),(12355,13,NULL,'Mikrotik Router Up','✅ Hi Kazungu, your mikrotik router - La Zungu is back online.',0,'2025-09-09 04:25:25','2025-09-09 04:25:25'),(12356,13,NULL,'Mikrotik Router Up','✅ Hi Kazungu, your mikrotik router - La Zungu is back online.',0,'2025-09-09 04:26:24','2025-09-09 04:26:24'),(12357,13,NULL,'Mikrotik Router Up','✅ Hi Kazungu, your mikrotik router - La Zungu is back online.',0,'2025-09-09 04:27:24','2025-09-09 04:27:24'),(12358,13,NULL,'Mikrotik Router Up','✅ Hi Kazungu, your mikrotik router - La Zungu is back online.',0,'2025-09-09 04:28:25','2025-09-09 04:28:25'),(12359,13,NULL,'Mikrotik Router Up','✅ Hi Kazungu, your mikrotik router - La Zungu is back online.',0,'2025-09-09 04:29:24','2025-09-09 04:29:24'),(12360,13,NULL,'Mikrotik Router Up','✅ Hi Kazungu, your mikrotik router - La Zungu is back online.',0,'2025-09-09 04:30:24','2025-09-09 04:30:24'),(12361,13,NULL,'Mikrotik Router Up','✅ Hi Kazungu, your mikrotik router - La Zungu is back online.',0,'2025-09-09 04:31:24','2025-09-09 04:31:24'),(12362,13,NULL,'Mikrotik Router Up','✅ Hi Kazungu, your mikrotik router - La Zungu is back online.',0,'2025-09-09 04:32:24','2025-09-09 04:32:24'),(12363,13,NULL,'Mikrotik Router Up','✅ Hi Kazungu, your mikrotik router - La Zungu is back online.',0,'2025-09-09 04:33:24','2025-09-09 04:33:24'),(12364,13,NULL,'Mikrotik Router Up','✅ Hi Kazungu, your mikrotik router - La Zungu is back online.',0,'2025-09-09 04:34:24','2025-09-09 04:34:24'),(12365,13,NULL,'Mikrotik Router Up','✅ Hi Kazungu, your mikrotik router - La Zungu is back online.',0,'2025-09-09 04:35:25','2025-09-09 04:35:25'),(12366,13,NULL,'Mikrotik Router Up','✅ Hi Kazungu, your mikrotik router - La Zungu is back online.',0,'2025-09-09 04:36:25','2025-09-09 04:36:25'),(12367,13,NULL,'Mikrotik Router Up','✅ Hi Kazungu, your mikrotik router - La Zungu is back online.',0,'2025-09-09 04:37:24','2025-09-09 04:37:24'),(12368,13,NULL,'Mikrotik Router Up','✅ Hi Kazungu, your mikrotik router - La Zungu is back online.',0,'2025-09-09 04:38:24','2025-09-09 04:38:24'),(12369,13,NULL,'Mikrotik Router Up','✅ Hi Kazungu, your mikrotik router - La Zungu is back online.',0,'2025-09-09 04:39:24','2025-09-09 04:39:24'),(12370,13,NULL,'Mikrotik Router Up','✅ Hi Kazungu, your mikrotik router - La Zungu is back online.',0,'2025-09-09 04:40:24','2025-09-09 04:40:24'),(12371,13,NULL,'Mikrotik Router Up','✅ Hi Kazungu, your mikrotik router - La Zungu is back online.',0,'2025-09-09 04:41:24','2025-09-09 04:41:24'),(12372,13,NULL,'Mikrotik Router Up','✅ Hi Kazungu, your mikrotik router - La Zungu is back online.',0,'2025-09-09 04:42:24','2025-09-09 04:42:24'),(12373,13,NULL,'Mikrotik Router Up','✅ Hi Kazungu, your mikrotik router - La Zungu is back online.',0,'2025-09-09 04:43:24','2025-09-09 04:43:24'),(12374,13,NULL,'Mikrotik Router Up','✅ Hi Kazungu, your mikrotik router - La Zungu is back online.',0,'2025-09-09 04:44:24','2025-09-09 04:44:24'),(12375,13,NULL,'Mikrotik Router Up','✅ Hi Kazungu, your mikrotik router - La Zungu is back online.',0,'2025-09-09 04:45:24','2025-09-09 04:45:24'),(12376,13,NULL,'Mikrotik Router Up','✅ Hi Kazungu, your mikrotik router - La Zungu is back online.',0,'2025-09-09 04:46:24','2025-09-09 04:46:24'),(12377,13,NULL,'Mikrotik Router Up','✅ Hi Kazungu, your mikrotik router - La Zungu is back online.',0,'2025-09-09 04:47:24','2025-09-09 04:47:24'),(12378,13,NULL,'Mikrotik Router Up','✅ Hi Kazungu, your mikrotik router - La Zungu is back online.',0,'2025-09-09 04:48:24','2025-09-09 04:48:24'),(12379,13,NULL,'Mikrotik Router Up','✅ Hi Kazungu, your mikrotik router - La Zungu is back online.',0,'2025-09-09 04:49:24','2025-09-09 04:49:24'),(12380,13,NULL,'Mikrotik Router Up','✅ Hi Kazungu, your mikrotik router - La Zungu is back online.',0,'2025-09-09 04:50:24','2025-09-09 04:50:24'),(12381,13,NULL,'Mikrotik Router Up','✅ Hi Kazungu, your mikrotik router - La Zungu is back online.',0,'2025-09-09 04:51:24','2025-09-09 04:51:24'),(12382,13,NULL,'Mikrotik Router Up','✅ Hi Kazungu, your mikrotik router - La Zungu is back online.',0,'2025-09-09 04:52:24','2025-09-09 04:52:24'),(12383,13,NULL,'Mikrotik Router Up','✅ Hi Kazungu, your mikrotik router - La Zungu is back online.',0,'2025-09-09 04:53:24','2025-09-09 04:53:24'),(12384,13,NULL,'Mikrotik Router Up','✅ Hi Kazungu, your mikrotik router - La Zungu is back online.',0,'2025-09-09 04:54:24','2025-09-09 04:54:24'),(12385,13,NULL,'Mikrotik Router Up','✅ Hi Kazungu, your mikrotik router - La Zungu is back online.',0,'2025-09-09 04:55:25','2025-09-09 04:55:25'),(12386,13,NULL,'Mikrotik Router Up','✅ Hi Kazungu, your mikrotik router - La Zungu is back online.',0,'2025-09-09 04:56:24','2025-09-09 04:56:24'),(12387,13,NULL,'Mikrotik Router Up','✅ Hi Kazungu, your mikrotik router - La Zungu is back online.',0,'2025-09-09 04:57:24','2025-09-09 04:57:24'),(12388,13,NULL,'Mikrotik Router Up','✅ Hi Kazungu, your mikrotik router - La Zungu is back online.',0,'2025-09-09 04:58:24','2025-09-09 04:58:24'),(12389,13,NULL,'Mikrotik Router Up','✅ Hi Kazungu, your mikrotik router - La Zungu is back online.',0,'2025-09-09 04:59:24','2025-09-09 04:59:24'),(12390,13,NULL,'Mikrotik Router Up','✅ Hi Kazungu, your mikrotik router - La Zungu is back online.',0,'2025-09-09 05:00:25','2025-09-09 05:00:25'),(12391,13,NULL,'Mikrotik Router Up','✅ Hi Kazungu, your mikrotik router - La Zungu is back online.',0,'2025-09-09 05:01:24','2025-09-09 05:01:24'),(12392,13,NULL,'Mikrotik Router Up','✅ Hi Kazungu, your mikrotik router - La Zungu is back online.',0,'2025-09-09 05:02:24','2025-09-09 05:02:24'),(12393,13,NULL,'Mikrotik Router Up','✅ Hi Kazungu, your mikrotik router - La Zungu is back online.',0,'2025-09-09 05:03:24','2025-09-09 05:03:24'),(12394,13,NULL,'Mikrotik Router Up','✅ Hi Kazungu, your mikrotik router - La Zungu is back online.',0,'2025-09-09 05:04:24','2025-09-09 05:04:24'),(12395,13,NULL,'Mikrotik Router Up','✅ Hi Kazungu, your mikrotik router - La Zungu is back online.',0,'2025-09-09 05:05:24','2025-09-09 05:05:24'),(12396,13,NULL,'Mikrotik Router Up','✅ Hi Kazungu, your mikrotik router - La Zungu is back online.',0,'2025-09-09 05:06:24','2025-09-09 05:06:24'),(12397,13,NULL,'Mikrotik Router Up','✅ Hi Kazungu, your mikrotik router - La Zungu is back online.',0,'2025-09-09 05:07:24','2025-09-09 05:07:24'),(12398,13,NULL,'Mikrotik Router Up','✅ Hi Kazungu, your mikrotik router - La Zungu is back online.',0,'2025-09-09 05:08:24','2025-09-09 05:08:24'),(12399,13,NULL,'Mikrotik Router Up','✅ Hi Kazungu, your mikrotik router - La Zungu is back online.',0,'2025-09-09 05:09:24','2025-09-09 05:09:24'),(12400,13,NULL,'Mikrotik Router Up','✅ Hi Kazungu, your mikrotik router - La Zungu is back online.',0,'2025-09-09 05:10:24','2025-09-09 05:10:24'),(12401,13,NULL,'Mikrotik Router Up','✅ Hi Kazungu, your mikrotik router - La Zungu is back online.',0,'2025-09-09 05:11:24','2025-09-09 05:11:24'),(12402,13,NULL,'Mikrotik Router Up','✅ Hi Kazungu, your mikrotik router - La Zungu is back online.',0,'2025-09-09 05:12:24','2025-09-09 05:12:24'),(12403,13,NULL,'Mikrotik Router Up','✅ Hi Kazungu, your mikrotik router - La Zungu is back online.',0,'2025-09-09 05:13:24','2025-09-09 05:13:24'),(12404,13,NULL,'Mikrotik Router Up','✅ Hi Kazungu, your mikrotik router - La Zungu is back online.',0,'2025-09-09 05:14:24','2025-09-09 05:14:24'),(12405,13,NULL,'Mikrotik Router Up','✅ Hi Kazungu, your mikrotik router - La Zungu is back online.',0,'2025-09-09 05:15:24','2025-09-09 05:15:24'),(12406,13,NULL,'Mikrotik Router Up','✅ Hi Kazungu, your mikrotik router - La Zungu is back online.',0,'2025-09-09 05:16:24','2025-09-09 05:16:24'),(12407,13,NULL,'Mikrotik Router Up','✅ Hi Kazungu, your mikrotik router - La Zungu is back online.',0,'2025-09-09 05:17:26','2025-09-09 05:17:26'),(12408,13,NULL,'Mikrotik Router Up','✅ Hi Kazungu, your mikrotik router - La Zungu is back online.',0,'2025-09-09 05:18:24','2025-09-09 05:18:24'),(12409,13,NULL,'Mikrotik Router Up','✅ Hi Kazungu, your mikrotik router - La Zungu is back online.',0,'2025-09-09 05:19:24','2025-09-09 05:19:24'),(12410,13,NULL,'Mikrotik Router Up','✅ Hi Kazungu, your mikrotik router - La Zungu is back online.',0,'2025-09-09 05:20:25','2025-09-09 05:20:25'),(12411,13,NULL,'Mikrotik Router Up','✅ Hi Kazungu, your mikrotik router - La Zungu is back online.',0,'2025-09-09 05:21:24','2025-09-09 05:21:24'),(12412,13,NULL,'Mikrotik Router Up','✅ Hi Kazungu, your mikrotik router - La Zungu is back online.',0,'2025-09-09 05:22:24','2025-09-09 05:22:24'),(12413,13,NULL,'Mikrotik Router Up','✅ Hi Kazungu, your mikrotik router - La Zungu is back online.',0,'2025-09-09 05:23:24','2025-09-09 05:23:24'),(12414,13,NULL,'Mikrotik Router Up','✅ Hi Kazungu, your mikrotik router - La Zungu is back online.',0,'2025-09-09 05:24:24','2025-09-09 05:24:24'),(12415,13,NULL,'Mikrotik Router Up','✅ Hi Kazungu, your mikrotik router - La Zungu is back online.',0,'2025-09-09 05:25:25','2025-09-09 05:25:25'),(12416,13,NULL,'Mikrotik Router Up','✅ Hi Kazungu, your mikrotik router - La Zungu is back online.',0,'2025-09-09 05:26:24','2025-09-09 05:26:24'),(12417,13,NULL,'Mikrotik Router Up','✅ Hi Kazungu, your mikrotik router - La Zungu is back online.',0,'2025-09-09 05:27:24','2025-09-09 05:27:24'),(12418,13,NULL,'Mikrotik Router Up','✅ Hi Kazungu, your mikrotik router - La Zungu is back online.',0,'2025-09-09 05:28:24','2025-09-09 05:28:24'),(12419,13,NULL,'Mikrotik Router Up','✅ Hi Kazungu, your mikrotik router - La Zungu is back online.',0,'2025-09-09 05:29:24','2025-09-09 05:29:24'),(12420,13,NULL,'Mikrotik Router Up','✅ Hi Kazungu, your mikrotik router - La Zungu is back online.',0,'2025-09-09 05:30:25','2025-09-09 05:30:25'),(12421,13,NULL,'Mikrotik Router Up','✅ Hi Kazungu, your mikrotik router - La Zungu is back online.',0,'2025-09-09 05:31:24','2025-09-09 05:31:24'),(12422,13,NULL,'Mikrotik Router Up','✅ Hi Kazungu, your mikrotik router - La Zungu is back online.',0,'2025-09-09 05:32:24','2025-09-09 05:32:24'),(12423,13,NULL,'Mikrotik Router Up','✅ Hi Kazungu, your mikrotik router - La Zungu is back online.',0,'2025-09-09 05:33:24','2025-09-09 05:33:24'),(12424,13,NULL,'Mikrotik Router Up','✅ Hi Kazungu, your mikrotik router - La Zungu is back online.',0,'2025-09-09 05:34:24','2025-09-09 05:34:24'),(12425,13,NULL,'Mikrotik Router Up','✅ Hi Kazungu, your mikrotik router - La Zungu is back online.',0,'2025-09-09 05:35:29','2025-09-09 05:35:29'),(12426,13,NULL,'Mikrotik Router Up','✅ Hi Kazungu, your mikrotik router - La Zungu is back online.',0,'2025-09-09 05:36:24','2025-09-09 05:36:24'),(12427,13,NULL,'Mikrotik Router Up','✅ Hi Kazungu, your mikrotik router - La Zungu is back online.',0,'2025-09-09 05:37:23','2025-09-09 05:37:23'),(12428,13,NULL,'Mikrotik Router Up','✅ Hi Kazungu, your mikrotik router - La Zungu is back online.',0,'2025-09-09 05:38:24','2025-09-09 05:38:24'),(12429,13,NULL,'Mikrotik Router Up','✅ Hi Kazungu, your mikrotik router - La Zungu is back online.',0,'2025-09-09 05:39:24','2025-09-09 05:39:24'),(12430,13,NULL,'Mikrotik Router Up','✅ Hi Kazungu, your mikrotik router - La Zungu is back online.',0,'2025-09-09 05:40:24','2025-09-09 05:40:24'),(12431,13,NULL,'Mikrotik Router Up','✅ Hi Kazungu, your mikrotik router - La Zungu is back online.',0,'2025-09-09 05:41:24','2025-09-09 05:41:24'),(12432,13,NULL,'Mikrotik Router Up','✅ Hi Kazungu, your mikrotik router - La Zungu is back online.',0,'2025-09-09 05:42:24','2025-09-09 05:42:24'),(12433,13,NULL,'Mikrotik Router Up','✅ Hi Kazungu, your mikrotik router - La Zungu is back online.',0,'2025-09-09 05:43:24','2025-09-09 05:43:24'),(12434,13,NULL,'Mikrotik Router Up','✅ Hi Kazungu, your mikrotik router - La Zungu is back online.',0,'2025-09-09 05:44:24','2025-09-09 05:44:24'),(12435,13,NULL,'Mikrotik Router Up','✅ Hi Kazungu, your mikrotik router - La Zungu is back online.',0,'2025-09-09 05:45:25','2025-09-09 05:45:25'),(12436,13,NULL,'Mikrotik Router Up','✅ Hi Kazungu, your mikrotik router - La Zungu is back online.',0,'2025-09-09 05:46:25','2025-09-09 05:46:25'),(12437,13,NULL,'Mikrotik Router Up','✅ Hi Kazungu, your mikrotik router - La Zungu is back online.',0,'2025-09-09 05:47:24','2025-09-09 05:47:24'),(12438,13,NULL,'Mikrotik Router Up','✅ Hi Kazungu, your mikrotik router - La Zungu is back online.',0,'2025-09-09 05:48:24','2025-09-09 05:48:24'),(12439,13,NULL,'Mikrotik Router Up','✅ Hi Kazungu, your mikrotik router - La Zungu is back online.',0,'2025-09-09 05:49:24','2025-09-09 05:49:24'),(12440,13,NULL,'Mikrotik Router Up','✅ Hi Kazungu, your mikrotik router - La Zungu is back online.',0,'2025-09-09 05:50:25','2025-09-09 05:50:25'),(12441,13,NULL,'Mikrotik Router Up','✅ Hi Kazungu, your mikrotik router - La Zungu is back online.',0,'2025-09-09 05:51:24','2025-09-09 05:51:24'),(12442,13,NULL,'Mikrotik Router Up','✅ Hi Kazungu, your mikrotik router - La Zungu is back online.',0,'2025-09-09 05:52:25','2025-09-09 05:52:25'),(12443,13,NULL,'Mikrotik Router Up','✅ Hi Kazungu, your mikrotik router - La Zungu is back online.',0,'2025-09-09 05:53:24','2025-09-09 05:53:24'),(12444,13,NULL,'Mikrotik Router Up','✅ Hi Kazungu, your mikrotik router - La Zungu is back online.',0,'2025-09-09 05:54:25','2025-09-09 05:54:25'),(12445,13,NULL,'Mikrotik Router Up','✅ Hi Kazungu, your mikrotik router - La Zungu is back online.',0,'2025-09-09 05:55:25','2025-09-09 05:55:25'),(12446,13,NULL,'Mikrotik Router Up','✅ Hi Kazungu, your mikrotik router - La Zungu is back online.',0,'2025-09-09 05:56:24','2025-09-09 05:56:24'),(12447,13,NULL,'Mikrotik Router Up','✅ Hi Kazungu, your mikrotik router - La Zungu is back online.',0,'2025-09-09 05:57:24','2025-09-09 05:57:24'),(12448,13,NULL,'Mikrotik Router Up','✅ Hi Kazungu, your mikrotik router - La Zungu is back online.',0,'2025-09-09 05:58:24','2025-09-09 05:58:24'),(12449,13,NULL,'Mikrotik Router Up','✅ Hi Kazungu, your mikrotik router - La Zungu is back online.',0,'2025-09-09 05:59:24','2025-09-09 05:59:24'),(12450,13,NULL,'Mikrotik Router Up','✅ Hi Kazungu, your mikrotik router - La Zungu is back online.',0,'2025-09-09 06:00:25','2025-09-09 06:00:25'),(12451,13,NULL,'Mikrotik Router Up','✅ Hi Kazungu, your mikrotik router - La Zungu is back online.',0,'2025-09-09 06:01:23','2025-09-09 06:01:23'),(12452,13,NULL,'Mikrotik Router Up','✅ Hi Kazungu, your mikrotik router - La Zungu is back online.',0,'2025-09-09 06:02:24','2025-09-09 06:02:24'),(12453,13,NULL,'Mikrotik Router Up','✅ Hi Kazungu, your mikrotik router - La Zungu is back online.',0,'2025-09-09 06:03:24','2025-09-09 06:03:24'),(12454,13,NULL,'Mikrotik Router Up','✅ Hi Kazungu, your mikrotik router - La Zungu is back online.',0,'2025-09-09 06:04:24','2025-09-09 06:04:24'),(12455,13,NULL,'Mikrotik Router Up','✅ Hi Kazungu, your mikrotik router - La Zungu is back online.',0,'2025-09-09 06:05:24','2025-09-09 06:05:24'),(12456,13,NULL,'Mikrotik Router Up','✅ Hi Kazungu, your mikrotik router - La Zungu is back online.',0,'2025-09-09 06:06:24','2025-09-09 06:06:24'),(12457,13,NULL,'Mikrotik Router Up','✅ Hi Kazungu, your mikrotik router - La Zungu is back online.',0,'2025-09-09 06:07:24','2025-09-09 06:07:24'),(12458,13,NULL,'Mikrotik Router Up','✅ Hi Kazungu, your mikrotik router - La Zungu is back online.',0,'2025-09-09 06:08:24','2025-09-09 06:08:24'),(12459,13,NULL,'Mikrotik Router Up','✅ Hi Kazungu, your mikrotik router - La Zungu is back online.',0,'2025-09-09 06:09:25','2025-09-09 06:09:25'),(12460,13,NULL,'Mikrotik Router Up','✅ Hi Kazungu, your mikrotik router - La Zungu is back online.',0,'2025-09-09 06:10:24','2025-09-09 06:10:24'),(12461,13,NULL,'Mikrotik Router Up','✅ Hi Kazungu, your mikrotik router - La Zungu is back online.',0,'2025-09-09 06:11:25','2025-09-09 06:11:25'),(12462,13,NULL,'Mikrotik Router Up','✅ Hi Kazungu, your mikrotik router - La Zungu is back online.',0,'2025-09-09 06:12:24','2025-09-09 06:12:24'),(12463,13,NULL,'Mikrotik Router Up','✅ Hi Kazungu, your mikrotik router - La Zungu is back online.',0,'2025-09-09 06:13:24','2025-09-09 06:13:24'),(12464,13,NULL,'Mikrotik Router Up','✅ Hi Kazungu, your mikrotik router - La Zungu is back online.',0,'2025-09-09 06:14:25','2025-09-09 06:14:25'),(12465,13,NULL,'Mikrotik Router Up','✅ Hi Kazungu, your mikrotik router - La Zungu is back online.',0,'2025-09-09 06:15:24','2025-09-09 06:15:24'),(12466,13,NULL,'Mikrotik Router Up','✅ Hi Kazungu, your mikrotik router - La Zungu is back online.',0,'2025-09-09 06:16:24','2025-09-09 06:16:24'),(12467,13,NULL,'Mikrotik Router Up','✅ Hi Kazungu, your mikrotik router - La Zungu is back online.',0,'2025-09-09 06:17:26','2025-09-09 06:17:26'),(12468,13,NULL,'Mikrotik Router Up','✅ Hi Kazungu, your mikrotik router - La Zungu is back online.',0,'2025-09-09 06:18:25','2025-09-09 06:18:25'),(12469,13,NULL,'Mikrotik Router Up','✅ Hi Kazungu, your mikrotik router - La Zungu is back online.',0,'2025-09-09 06:19:24','2025-09-09 06:19:24'),(12470,13,NULL,'Mikrotik Router Up','✅ Hi Kazungu, your mikrotik router - La Zungu is back online.',0,'2025-09-09 06:20:25','2025-09-09 06:20:25'),(12471,13,NULL,'Mikrotik Router Up','✅ Hi Kazungu, your mikrotik router - La Zungu is back online.',0,'2025-09-09 06:21:24','2025-09-09 06:21:24'),(12472,13,NULL,'Mikrotik Router Up','✅ Hi Kazungu, your mikrotik router - La Zungu is back online.',0,'2025-09-09 06:22:24','2025-09-09 06:22:24'),(12473,13,NULL,'Mikrotik Router Up','✅ Hi Kazungu, your mikrotik router - La Zungu is back online.',0,'2025-09-09 06:23:24','2025-09-09 06:23:24'),(12474,13,NULL,'Mikrotik Router Up','✅ Hi Kazungu, your mikrotik router - La Zungu is back online.',0,'2025-09-09 06:24:24','2025-09-09 06:24:24'),(12475,13,NULL,'Mikrotik Router Up','✅ Hi Kazungu, your mikrotik router - La Zungu is back online.',0,'2025-09-09 06:25:25','2025-09-09 06:25:25'),(12476,13,NULL,'Mikrotik Router Up','✅ Hi Kazungu, your mikrotik router - La Zungu is back online.',0,'2025-09-09 06:26:24','2025-09-09 06:26:24'),(12477,13,NULL,'Mikrotik Router Up','✅ Hi Kazungu, your mikrotik router - La Zungu is back online.',0,'2025-09-09 06:27:24','2025-09-09 06:27:24'),(12478,13,NULL,'Mikrotik Router Up','✅ Hi Kazungu, your mikrotik router - La Zungu is back online.',0,'2025-09-09 06:28:24','2025-09-09 06:28:24'),(12479,13,NULL,'Mikrotik Router Up','✅ Hi Kazungu, your mikrotik router - La Zungu is back online.',0,'2025-09-09 06:29:24','2025-09-09 06:29:24'),(12480,13,NULL,'Mikrotik Router Up','✅ Hi Kazungu, your mikrotik router - La Zungu is back online.',0,'2025-09-09 06:30:25','2025-09-09 06:30:25'),(12481,13,NULL,'Mikrotik Router Up','✅ Hi Kazungu, your mikrotik router - La Zungu is back online.',0,'2025-09-09 06:31:28','2025-09-09 06:31:28'),(12482,13,NULL,'Mikrotik Router Up','✅ Hi Kazungu, your mikrotik router - La Zungu is back online.',0,'2025-09-09 06:32:24','2025-09-09 06:32:24'),(12483,13,NULL,'Mikrotik Router Up','✅ Hi Kazungu, your mikrotik router - La Zungu is back online.',0,'2025-09-09 06:33:29','2025-09-09 06:33:29'),(12484,13,NULL,'Mikrotik Router Up','✅ Hi Kazungu, your mikrotik router - La Zungu is back online.',0,'2025-09-09 06:34:24','2025-09-09 06:34:24'),(12485,13,NULL,'Mikrotik Router Up','✅ Hi Kazungu, your mikrotik router - La Zungu is back online.',0,'2025-09-09 06:35:24','2025-09-09 06:35:24'),(12486,13,NULL,'Mikrotik Router Up','✅ Hi Kazungu, your mikrotik router - La Zungu is back online.',0,'2025-09-09 06:36:25','2025-09-09 06:36:25'),(12487,13,NULL,'Mikrotik Router Up','✅ Hi Kazungu, your mikrotik router - La Zungu is back online.',0,'2025-09-09 06:37:27','2025-09-09 06:37:27'),(12488,13,NULL,'Mikrotik Router Up','✅ Hi Kazungu, your mikrotik router - La Zungu is back online.',0,'2025-09-09 06:38:24','2025-09-09 06:38:24'),(12489,13,NULL,'Mikrotik Router Up','✅ Hi Kazungu, your mikrotik router - La Zungu is back online.',0,'2025-09-09 06:39:24','2025-09-09 06:39:24'),(12490,13,NULL,'Mikrotik Router Up','✅ Hi Kazungu, your mikrotik router - La Zungu is back online.',0,'2025-09-09 06:40:24','2025-09-09 06:40:24'),(12491,13,NULL,'Mikrotik Router Up','✅ Hi Kazungu, your mikrotik router - La Zungu is back online.',0,'2025-09-09 06:41:23','2025-09-09 06:41:23'),(12492,13,NULL,'Mikrotik Router Up','✅ Hi Kazungu, your mikrotik router - La Zungu is back online.',0,'2025-09-09 06:42:24','2025-09-09 06:42:24'),(12493,13,NULL,'Mikrotik Router Up','✅ Hi Kazungu, your mikrotik router - La Zungu is back online.',0,'2025-09-09 06:43:24','2025-09-09 06:43:24'),(12494,13,NULL,'Mikrotik Router Up','✅ Hi Kazungu, your mikrotik router - La Zungu is back online.',0,'2025-09-09 06:44:24','2025-09-09 06:44:24'),(12495,13,NULL,'Mikrotik Router Up','✅ Hi Kazungu, your mikrotik router - La Zungu is back online.',0,'2025-09-09 06:45:24','2025-09-09 06:45:24'),(12496,13,NULL,'Mikrotik Router Up','✅ Hi Kazungu, your mikrotik router - La Zungu is back online.',0,'2025-09-09 06:46:24','2025-09-09 06:46:24'),(12497,13,NULL,'Mikrotik Router Up','✅ Hi Kazungu, your mikrotik router - La Zungu is back online.',0,'2025-09-09 06:47:24','2025-09-09 06:47:24'),(12498,13,NULL,'Mikrotik Router Up','✅ Hi Kazungu, your mikrotik router - La Zungu is back online.',0,'2025-09-09 06:48:28','2025-09-09 06:48:28'),(12499,13,NULL,'Mikrotik Router Up','✅ Hi Kazungu, your mikrotik router - La Zungu is back online.',0,'2025-09-09 06:49:24','2025-09-09 06:49:24'),(12500,13,NULL,'Mikrotik Router Up','✅ Hi Kazungu, your mikrotik router - La Zungu is back online.',0,'2025-09-09 06:50:25','2025-09-09 06:50:25'),(12501,13,NULL,'Mikrotik Router Up','✅ Hi Kazungu, your mikrotik router - La Zungu is back online.',0,'2025-09-09 06:51:24','2025-09-09 06:51:24'),(12502,13,NULL,'Mikrotik Router Up','✅ Hi Kazungu, your mikrotik router - La Zungu is back online.',0,'2025-09-09 06:52:24','2025-09-09 06:52:24'),(12503,13,NULL,'Mikrotik Router Up','✅ Hi Kazungu, your mikrotik router - La Zungu is back online.',0,'2025-09-09 06:53:24','2025-09-09 06:53:24'),(12504,13,NULL,'Mikrotik Router Up','✅ Hi Kazungu, your mikrotik router - La Zungu is back online.',0,'2025-09-09 06:54:24','2025-09-09 06:54:24'),(12505,13,NULL,'Mikrotik Router Up','✅ Hi Kazungu, your mikrotik router - La Zungu is back online.',0,'2025-09-09 06:55:25','2025-09-09 06:55:25'),(12506,13,NULL,'Mikrotik Router Up','✅ Hi Kazungu, your mikrotik router - La Zungu is back online.',0,'2025-09-09 06:56:23','2025-09-09 06:56:23'),(12507,13,NULL,'Mikrotik Router Up','✅ Hi Kazungu, your mikrotik router - La Zungu is back online.',0,'2025-09-09 06:57:23','2025-09-09 06:57:23'),(12508,13,NULL,'Mikrotik Router Up','✅ Hi Kazungu, your mikrotik router - La Zungu is back online.',0,'2025-09-09 06:58:24','2025-09-09 06:58:24'),(12509,13,NULL,'Mikrotik Router Up','✅ Hi Kazungu, your mikrotik router - La Zungu is back online.',0,'2025-09-09 06:59:23','2025-09-09 06:59:23'),(12510,13,NULL,'Mikrotik Router Up','✅ Hi Kazungu, your mikrotik router - La Zungu is back online.',0,'2025-09-09 07:00:24','2025-09-09 07:00:24'),(12511,13,NULL,'Mikrotik Router Up','✅ Hi Kazungu, your mikrotik router - La Zungu is back online.',0,'2025-09-09 07:01:23','2025-09-09 07:01:23'),(12512,13,NULL,'Mikrotik Router Up','✅ Hi Kazungu, your mikrotik router - La Zungu is back online.',0,'2025-09-09 07:02:28','2025-09-09 07:02:28'),(12513,13,NULL,'Mikrotik Router Up','✅ Hi Kazungu, your mikrotik router - La Zungu is back online.',0,'2025-09-09 07:03:27','2025-09-09 07:03:27'),(12514,13,NULL,'Mikrotik Router Up','✅ Hi Kazungu, your mikrotik router - La Zungu is back online.',0,'2025-09-09 07:04:24','2025-09-09 07:04:24'),(12515,13,NULL,'Mikrotik Router Up','✅ Hi Kazungu, your mikrotik router - La Zungu is back online.',0,'2025-09-09 07:05:25','2025-09-09 07:05:25'),(12516,13,NULL,'Mikrotik Router Up','✅ Hi Kazungu, your mikrotik router - La Zungu is back online.',0,'2025-09-09 07:06:24','2025-09-09 07:06:24'),(12517,13,NULL,'Mikrotik Router Up','✅ Hi Kazungu, your mikrotik router - La Zungu is back online.',0,'2025-09-09 07:07:24','2025-09-09 07:07:24'),(12518,13,NULL,'Mikrotik Router Up','✅ Hi Kazungu, your mikrotik router - La Zungu is back online.',0,'2025-09-09 07:08:24','2025-09-09 07:08:24'),(12519,13,NULL,'Mikrotik Router Up','✅ Hi Kazungu, your mikrotik router - La Zungu is back online.',0,'2025-09-09 07:09:25','2025-09-09 07:09:25'),(12520,13,NULL,'Mikrotik Router Up','✅ Hi Kazungu, your mikrotik router - La Zungu is back online.',0,'2025-09-09 07:10:24','2025-09-09 07:10:24'),(12521,13,NULL,'Mikrotik Router Up','✅ Hi Kazungu, your mikrotik router - La Zungu is back online.',0,'2025-09-09 07:11:24','2025-09-09 07:11:24'),(12522,13,NULL,'Mikrotik Router Up','✅ Hi Kazungu, your mikrotik router - La Zungu is back online.',0,'2025-09-09 07:12:24','2025-09-09 07:12:24'),(12523,13,NULL,'Mikrotik Router Up','✅ Hi Kazungu, your mikrotik router - La Zungu is back online.',0,'2025-09-09 07:13:24','2025-09-09 07:13:24'),(12524,13,NULL,'Mikrotik Router Up','✅ Hi Kazungu, your mikrotik router - La Zungu is back online.',0,'2025-09-09 07:14:24','2025-09-09 07:14:24'),(12525,13,NULL,'Mikrotik Router Up','✅ Hi Kazungu, your mikrotik router - La Zungu is back online.',0,'2025-09-09 07:15:24','2025-09-09 07:15:24'),(12526,13,NULL,'Mikrotik Router Up','✅ Hi Kazungu, your mikrotik router - La Zungu is back online.',0,'2025-09-09 07:16:24','2025-09-09 07:16:24'),(12527,13,NULL,'Mikrotik Router Up','✅ Hi Kazungu, your mikrotik router - La Zungu is back online.',0,'2025-09-09 07:17:26','2025-09-09 07:17:26'),(12528,13,NULL,'Mikrotik Router Up','✅ Hi Kazungu, your mikrotik router - La Zungu is back online.',0,'2025-09-09 07:18:24','2025-09-09 07:18:24'),(12529,13,NULL,'Mikrotik Router Up','✅ Hi Kazungu, your mikrotik router - La Zungu is back online.',0,'2025-09-09 07:19:23','2025-09-09 07:19:23'),(12530,13,NULL,'Mikrotik Router Up','✅ Hi Kazungu, your mikrotik router - La Zungu is back online.',0,'2025-09-09 07:20:24','2025-09-09 07:20:24'),(12531,13,NULL,'Mikrotik Router Up','✅ Hi Kazungu, your mikrotik router - La Zungu is back online.',0,'2025-09-09 07:21:24','2025-09-09 07:21:24'),(12532,13,NULL,'Mikrotik Router Up','✅ Hi Kazungu, your mikrotik router - La Zungu is back online.',0,'2025-09-09 07:22:24','2025-09-09 07:22:24'),(12533,13,NULL,'Mikrotik Router Up','✅ Hi Kazungu, your mikrotik router - La Zungu is back online.',0,'2025-09-09 07:23:23','2025-09-09 07:23:23'),(12534,13,NULL,'Mikrotik Router Up','✅ Hi Kazungu, your mikrotik router - La Zungu is back online.',0,'2025-09-09 07:24:27','2025-09-09 07:24:27'),(12535,13,NULL,'Mikrotik Router Up','✅ Hi Kazungu, your mikrotik router - La Zungu is back online.',0,'2025-09-09 07:25:25','2025-09-09 07:25:25'),(12536,13,NULL,'Mikrotik Router Up','✅ Hi Kazungu, your mikrotik router - La Zungu is back online.',0,'2025-09-09 07:26:27','2025-09-09 07:26:27'),(12537,13,NULL,'Mikrotik Router Up','✅ Hi Kazungu, your mikrotik router - La Zungu is back online.',0,'2025-09-09 07:27:24','2025-09-09 07:27:24'),(12538,13,NULL,'Mikrotik Router Up','✅ Hi Kazungu, your mikrotik router - La Zungu is back online.',0,'2025-09-09 07:28:24','2025-09-09 07:28:24'),(12539,13,NULL,'Mikrotik Router Up','✅ Hi Kazungu, your mikrotik router - La Zungu is back online.',0,'2025-09-09 07:29:24','2025-09-09 07:29:24'),(12540,13,NULL,'Mikrotik Router Up','✅ Hi Kazungu, your mikrotik router - La Zungu is back online.',0,'2025-09-09 07:30:25','2025-09-09 07:30:25'),(12541,13,NULL,'Mikrotik Router Up','✅ Hi Kazungu, your mikrotik router - La Zungu is back online.',0,'2025-09-09 07:31:24','2025-09-09 07:31:24'),(12542,13,NULL,'Mikrotik Router Up','✅ Hi Kazungu, your mikrotik router - La Zungu is back online.',0,'2025-09-09 07:32:24','2025-09-09 07:32:24'),(12543,13,NULL,'Mikrotik Router Up','✅ Hi Kazungu, your mikrotik router - La Zungu is back online.',0,'2025-09-09 07:33:24','2025-09-09 07:33:24'),(12544,13,NULL,'Mikrotik Router Up','✅ Hi Kazungu, your mikrotik router - La Zungu is back online.',0,'2025-09-09 07:34:24','2025-09-09 07:34:24'),(12545,13,NULL,'Mikrotik Router Up','✅ Hi Kazungu, your mikrotik router - La Zungu is back online.',0,'2025-09-09 07:35:24','2025-09-09 07:35:24'),(12546,13,NULL,'Mikrotik Router Up','✅ Hi Kazungu, your mikrotik router - La Zungu is back online.',0,'2025-09-09 07:36:25','2025-09-09 07:36:25'),(12547,13,NULL,'Mikrotik Router Up','✅ Hi Kazungu, your mikrotik router - La Zungu is back online.',0,'2025-09-09 07:37:24','2025-09-09 07:37:24'),(12548,13,NULL,'Mikrotik Router Up','✅ Hi Kazungu, your mikrotik router - La Zungu is back online.',0,'2025-09-09 07:38:24','2025-09-09 07:38:24'),(12549,13,NULL,'Mikrotik Router Up','✅ Hi Kazungu, your mikrotik router - La Zungu is back online.',0,'2025-09-09 07:39:24','2025-09-09 07:39:24'),(12550,13,NULL,'Mikrotik Router Up','✅ Hi Kazungu, your mikrotik router - La Zungu is back online.',0,'2025-09-09 07:40:25','2025-09-09 07:40:25'),(12551,13,NULL,'Mikrotik Router Up','✅ Hi Kazungu, your mikrotik router - La Zungu is back online.',0,'2025-09-09 07:41:24','2025-09-09 07:41:24'),(12552,13,NULL,'Mikrotik Router Up','✅ Hi Kazungu, your mikrotik router - La Zungu is back online.',0,'2025-09-09 07:42:24','2025-09-09 07:42:24'),(12553,13,NULL,'Mikrotik Router Up','✅ Hi Kazungu, your mikrotik router - La Zungu is back online.',0,'2025-09-09 07:43:24','2025-09-09 07:43:24'),(12554,13,NULL,'Mikrotik Router Up','✅ Hi Kazungu, your mikrotik router - La Zungu is back online.',0,'2025-09-09 07:44:24','2025-09-09 07:44:24'),(12555,13,NULL,'Mikrotik Router Up','✅ Hi Kazungu, your mikrotik router - La Zungu is back online.',0,'2025-09-09 07:45:25','2025-09-09 07:45:25'),(12556,13,NULL,'Mikrotik Router Up','✅ Hi Kazungu, your mikrotik router - La Zungu is back online.',0,'2025-09-09 07:46:24','2025-09-09 07:46:24'),(12557,13,NULL,'Mikrotik Router Up','✅ Hi Kazungu, your mikrotik router - La Zungu is back online.',0,'2025-09-09 07:47:24','2025-09-09 07:47:24'),(12558,13,NULL,'Mikrotik Router Up','✅ Hi Kazungu, your mikrotik router - La Zungu is back online.',0,'2025-09-09 07:48:24','2025-09-09 07:48:24'),(12559,13,NULL,'Mikrotik Router Up','✅ Hi Kazungu, your mikrotik router - La Zungu is back online.',0,'2025-09-09 07:49:24','2025-09-09 07:49:24'),(12560,13,NULL,'Mikrotik Router Up','✅ Hi Kazungu, your mikrotik router - La Zungu is back online.',0,'2025-09-09 07:50:24','2025-09-09 07:50:24'),(12561,13,NULL,'Mikrotik Router Up','✅ Hi Kazungu, your mikrotik router - La Zungu is back online.',0,'2025-09-09 07:51:24','2025-09-09 07:51:24'),(12562,13,NULL,'Mikrotik Router Up','✅ Hi Kazungu, your mikrotik router - La Zungu is back online.',0,'2025-09-09 07:52:24','2025-09-09 07:52:24'),(12563,13,NULL,'Mikrotik Router Up','✅ Hi Kazungu, your mikrotik router - La Zungu is back online.',0,'2025-09-09 07:53:24','2025-09-09 07:53:24'),(12564,13,NULL,'Mikrotik Router Up','✅ Hi Kazungu, your mikrotik router - La Zungu is back online.',0,'2025-09-09 07:54:27','2025-09-09 07:54:27'),(12565,13,NULL,'Mikrotik Router Up','✅ Hi Kazungu, your mikrotik router - La Zungu is back online.',0,'2025-09-09 07:55:24','2025-09-09 07:55:24'),(12566,13,NULL,'Mikrotik Router Up','✅ Hi Kazungu, your mikrotik router - La Zungu is back online.',0,'2025-09-09 07:56:24','2025-09-09 07:56:24'),(12567,13,NULL,'Mikrotik Router Up','✅ Hi Kazungu, your mikrotik router - La Zungu is back online.',0,'2025-09-09 07:57:24','2025-09-09 07:57:24'),(12568,13,NULL,'Mikrotik Router Up','✅ Hi Kazungu, your mikrotik router - La Zungu is back online.',0,'2025-09-09 07:58:24','2025-09-09 07:58:24'),(12569,13,NULL,'Mikrotik Router Up','✅ Hi Kazungu, your mikrotik router - La Zungu is back online.',0,'2025-09-09 07:59:24','2025-09-09 07:59:24'),(12570,13,NULL,'Mikrotik Router Up','✅ Hi Kazungu, your mikrotik router - La Zungu is back online.',0,'2025-09-09 08:00:25','2025-09-09 08:00:25'),(12571,13,NULL,'Mikrotik Router Up','✅ Hi Kazungu, your mikrotik router - La Zungu is back online.',0,'2025-09-09 08:01:24','2025-09-09 08:01:24'),(12572,13,NULL,'Mikrotik Router Up','✅ Hi Kazungu, your mikrotik router - La Zungu is back online.',0,'2025-09-09 08:02:24','2025-09-09 08:02:24'),(12573,13,NULL,'Mikrotik Router Up','✅ Hi Kazungu, your mikrotik router - La Zungu is back online.',0,'2025-09-09 08:03:24','2025-09-09 08:03:24'),(12574,13,NULL,'Mikrotik Router Up','✅ Hi Kazungu, your mikrotik router - La Zungu is back online.',0,'2025-09-09 08:04:24','2025-09-09 08:04:24'),(12575,13,NULL,'Mikrotik Router Up','✅ Hi Kazungu, your mikrotik router - La Zungu is back online.',0,'2025-09-09 08:05:25','2025-09-09 08:05:25'),(12576,13,NULL,'Mikrotik Router Up','✅ Hi Kazungu, your mikrotik router - La Zungu is back online.',0,'2025-09-09 08:06:24','2025-09-09 08:06:24'),(12577,13,NULL,'Mikrotik Router Up','✅ Hi Kazungu, your mikrotik router - La Zungu is back online.',0,'2025-09-09 08:07:24','2025-09-09 08:07:24'),(12578,13,NULL,'Mikrotik Router Up','✅ Hi Kazungu, your mikrotik router - La Zungu is back online.',0,'2025-09-09 08:08:24','2025-09-09 08:08:24'),(12579,13,NULL,'Mikrotik Router Up','✅ Hi Kazungu, your mikrotik router - La Zungu is back online.',0,'2025-09-09 08:09:24','2025-09-09 08:09:24'),(12580,13,NULL,'Mikrotik Router Up','✅ Hi Kazungu, your mikrotik router - La Zungu is back online.',0,'2025-09-09 08:10:24','2025-09-09 08:10:24'),(12581,13,NULL,'Mikrotik Router Up','✅ Hi Kazungu, your mikrotik router - La Zungu is back online.',0,'2025-09-09 08:11:24','2025-09-09 08:11:24'),(12582,13,NULL,'Mikrotik Router Up','✅ Hi Kazungu, your mikrotik router - La Zungu is back online.',0,'2025-09-09 08:12:23','2025-09-09 08:12:23'),(12583,13,NULL,'Mikrotik Router Up','✅ Hi Kazungu, your mikrotik router - La Zungu is back online.',0,'2025-09-09 08:13:24','2025-09-09 08:13:24'),(12584,13,NULL,'Mikrotik Router Up','✅ Hi Kazungu, your mikrotik router - La Zungu is back online.',0,'2025-09-09 08:14:24','2025-09-09 08:14:24'),(12585,13,NULL,'Mikrotik Router Up','✅ Hi Kazungu, your mikrotik router - La Zungu is back online.',0,'2025-09-09 08:15:24','2025-09-09 08:15:24'),(12586,13,NULL,'Mikrotik Router Up','✅ Hi Kazungu, your mikrotik router - La Zungu is back online.',0,'2025-09-09 08:16:24','2025-09-09 08:16:24'),(12587,13,NULL,'Mikrotik Router Up','✅ Hi Kazungu, your mikrotik router - La Zungu is back online.',0,'2025-09-09 08:17:26','2025-09-09 08:17:26'),(12588,13,NULL,'Mikrotik Router Up','✅ Hi Kazungu, your mikrotik router - La Zungu is back online.',0,'2025-09-09 08:18:24','2025-09-09 08:18:24'),(12589,13,NULL,'Mikrotik Router Up','✅ Hi Kazungu, your mikrotik router - La Zungu is back online.',0,'2025-09-09 08:19:24','2025-09-09 08:19:24'),(12590,13,NULL,'Mikrotik Router Up','✅ Hi Kazungu, your mikrotik router - La Zungu is back online.',0,'2025-09-09 08:20:24','2025-09-09 08:20:24'),(12591,13,NULL,'Mikrotik Router Up','✅ Hi Kazungu, your mikrotik router - La Zungu is back online.',0,'2025-09-09 08:21:24','2025-09-09 08:21:24'),(12592,13,NULL,'Mikrotik Router Up','✅ Hi Kazungu, your mikrotik router - La Zungu is back online.',0,'2025-09-09 08:22:24','2025-09-09 08:22:24'),(12593,13,NULL,'Mikrotik Router Up','✅ Hi Kazungu, your mikrotik router - La Zungu is back online.',0,'2025-09-09 08:23:23','2025-09-09 08:23:23'),(12594,13,NULL,'Mikrotik Router Up','✅ Hi Kazungu, your mikrotik router - La Zungu is back online.',0,'2025-09-09 08:24:24','2025-09-09 08:24:24'),(12595,13,NULL,'Mikrotik Router Up','✅ Hi Kazungu, your mikrotik router - La Zungu is back online.',0,'2025-09-09 08:25:24','2025-09-09 08:25:24'),(12596,13,NULL,'Mikrotik Router Up','✅ Hi Kazungu, your mikrotik router - La Zungu is back online.',0,'2025-09-09 08:26:25','2025-09-09 08:26:25'),(12597,13,NULL,'Mikrotik Router Up','✅ Hi Kazungu, your mikrotik router - La Zungu is back online.',0,'2025-09-09 08:27:24','2025-09-09 08:27:24'),(12598,13,NULL,'Mikrotik Router Up','✅ Hi Kazungu, your mikrotik router - La Zungu is back online.',0,'2025-09-09 08:28:24','2025-09-09 08:28:24'),(12599,13,NULL,'Mikrotik Router Up','✅ Hi Kazungu, your mikrotik router - La Zungu is back online.',0,'2025-09-09 08:29:24','2025-09-09 08:29:24'),(12600,13,NULL,'Mikrotik Router Up','✅ Hi Kazungu, your mikrotik router - La Zungu is back online.',0,'2025-09-09 08:30:24','2025-09-09 08:30:24'),(12601,13,NULL,'Mikrotik Router Up','✅ Hi Kazungu, your mikrotik router - La Zungu is back online.',0,'2025-09-09 08:31:24','2025-09-09 08:31:24'),(12602,13,NULL,'Mikrotik Router Up','✅ Hi Kazungu, your mikrotik router - La Zungu is back online.',0,'2025-09-09 08:32:24','2025-09-09 08:32:24'),(12603,13,NULL,'Mikrotik Router Up','✅ Hi Kazungu, your mikrotik router - La Zungu is back online.',0,'2025-09-09 08:33:24','2025-09-09 08:33:24'),(12604,13,NULL,'Mikrotik Router Up','✅ Hi Kazungu, your mikrotik router - La Zungu is back online.',0,'2025-09-09 08:34:24','2025-09-09 08:34:24'),(12605,13,NULL,'Mikrotik Router Up','✅ Hi Kazungu, your mikrotik router - La Zungu is back online.',0,'2025-09-09 08:35:24','2025-09-09 08:35:24'),(12606,13,NULL,'Mikrotik Router Up','✅ Hi Kazungu, your mikrotik router - La Zungu is back online.',0,'2025-09-09 08:36:24','2025-09-09 08:36:24'),(12607,13,NULL,'Mikrotik Router Up','✅ Hi Kazungu, your mikrotik router - La Zungu is back online.',0,'2025-09-09 08:37:24','2025-09-09 08:37:24'),(12608,13,NULL,'Mikrotik Router Up','✅ Hi Kazungu, your mikrotik router - La Zungu is back online.',0,'2025-09-09 08:38:24','2025-09-09 08:38:24'),(12609,13,NULL,'Mikrotik Router Up','✅ Hi Kazungu, your mikrotik router - La Zungu is back online.',0,'2025-09-09 08:39:24','2025-09-09 08:39:24'),(12610,13,NULL,'Mikrotik Router Up','✅ Hi Kazungu, your mikrotik router - La Zungu is back online.',0,'2025-09-09 08:40:24','2025-09-09 08:40:24'),(12611,13,NULL,'Mikrotik Router Up','✅ Hi Kazungu, your mikrotik router - La Zungu is back online.',0,'2025-09-09 08:41:24','2025-09-09 08:41:24'),(12612,13,NULL,'Mikrotik Router Up','✅ Hi Kazungu, your mikrotik router - La Zungu is back online.',0,'2025-09-09 08:42:24','2025-09-09 08:42:24'),(12613,13,NULL,'Mikrotik Router Up','✅ Hi Kazungu, your mikrotik router - La Zungu is back online.',0,'2025-09-09 08:43:24','2025-09-09 08:43:24'),(12614,13,NULL,'Mikrotik Router Up','✅ Hi Kazungu, your mikrotik router - La Zungu is back online.',0,'2025-09-09 08:44:24','2025-09-09 08:44:24'),(12615,13,NULL,'Mikrotik Router Up','✅ Hi Kazungu, your mikrotik router - La Zungu is back online.',0,'2025-09-09 08:45:24','2025-09-09 08:45:24'),(12616,13,NULL,'Mikrotik Router Up','✅ Hi Kazungu, your mikrotik router - La Zungu is back online.',0,'2025-09-09 08:46:24','2025-09-09 08:46:24'),(12617,13,NULL,'Mikrotik Router Up','✅ Hi Kazungu, your mikrotik router - La Zungu is back online.',0,'2025-09-09 08:47:28','2025-09-09 08:47:28'),(12618,13,NULL,'Mikrotik Router Up','✅ Hi Kazungu, your mikrotik router - La Zungu is back online.',0,'2025-09-09 08:48:23','2025-09-09 08:48:23'),(12619,13,NULL,'Mikrotik Router Up','✅ Hi Kazungu, your mikrotik router - La Zungu is back online.',0,'2025-09-09 08:49:27','2025-09-09 08:49:27'),(12620,13,NULL,'Mikrotik Router Up','✅ Hi Kazungu, your mikrotik router - La Zungu is back online.',0,'2025-09-09 08:50:25','2025-09-09 08:50:25'),(12621,13,NULL,'Mikrotik Router Up','✅ Hi Kazungu, your mikrotik router - La Zungu is back online.',0,'2025-09-09 08:51:24','2025-09-09 08:51:24'),(12622,13,NULL,'Mikrotik Router Up','✅ Hi Kazungu, your mikrotik router - La Zungu is back online.',0,'2025-09-09 08:52:24','2025-09-09 08:52:24'),(12623,13,NULL,'Mikrotik Router Up','✅ Hi Kazungu, your mikrotik router - La Zungu is back online.',0,'2025-09-09 08:53:24','2025-09-09 08:53:24'),(12624,16,NULL,'Mikrotik Router Down','⚠️ Hi Emmanuel, your mikrotik router - Street Mesh is offline. Please check it out.',0,'2025-09-09 08:54:30','2025-09-09 08:54:30'),(12625,16,NULL,'Mikrotik Router Down','⚠️ Hi Emmanuel, your mikrotik router - Street Mesh is offline. Please check it out.',0,'2025-09-09 08:55:30','2025-09-09 08:55:30'),(12626,16,NULL,'Mikrotik Router Down','⚠️ Hi Emmanuel, your mikrotik router - Street Mesh is offline. Please check it out.',0,'2025-09-09 08:56:30','2025-09-09 08:56:30'),(12627,16,NULL,'Mikrotik Router Down','⚠️ Hi Emmanuel, your mikrotik router - Street Mesh is offline. Please check it out.',0,'2025-09-09 08:57:29','2025-09-09 08:57:29'),(12628,16,NULL,'Mikrotik Router Down','⚠️ Hi Emmanuel, your mikrotik router - Street Mesh is offline. Please check it out.',0,'2025-09-09 08:58:29','2025-09-09 08:58:29'),(12629,16,NULL,'Mikrotik Router Down','⚠️ Hi Emmanuel, your mikrotik router - Street Mesh is offline. Please check it out.',0,'2025-09-09 08:59:30','2025-09-09 08:59:30'),(12630,16,NULL,'Mikrotik Router Down','⚠️ Hi Emmanuel, your mikrotik router - Street Mesh is offline. Please check it out.',0,'2025-09-09 09:00:34','2025-09-09 09:00:34'),(12631,16,NULL,'Mikrotik Router Down','⚠️ Hi Emmanuel, your mikrotik router - Street Mesh is offline. Please check it out.',0,'2025-09-09 09:01:29','2025-09-09 09:01:29'),(12632,16,NULL,'Mikrotik Router Down','⚠️ Hi Emmanuel, your mikrotik router - Street Mesh is offline. Please check it out.',0,'2025-09-09 09:02:30','2025-09-09 09:02:30'),(12633,16,NULL,'Mikrotik Router Down','⚠️ Hi Emmanuel, your mikrotik router - Street Mesh is offline. Please check it out.',0,'2025-09-09 09:03:29','2025-09-09 09:03:29'),(12634,16,NULL,'Mikrotik Router Down','⚠️ Hi Emmanuel, your mikrotik router - Street Mesh is offline. Please check it out.',0,'2025-09-09 09:04:30','2025-09-09 09:04:30'),(12635,16,NULL,'Mikrotik Router Down','⚠️ Hi Emmanuel, your mikrotik router - Street Mesh is offline. Please check it out.',0,'2025-09-09 09:05:31','2025-09-09 09:05:31'),(12636,16,NULL,'Mikrotik Router Down','⚠️ Hi Emmanuel, your mikrotik router - Street Mesh is offline. Please check it out.',0,'2025-09-09 09:06:30','2025-09-09 09:06:30'),(12637,16,NULL,'Mikrotik Router Down','⚠️ Hi Emmanuel, your mikrotik router - Street Mesh is offline. Please check it out.',0,'2025-09-09 09:07:29','2025-09-09 09:07:29'),(12638,16,NULL,'Mikrotik Router Down','⚠️ Hi Emmanuel, your mikrotik router - Street Mesh is offline. Please check it out.',0,'2025-09-09 09:08:29','2025-09-09 09:08:29'),(12639,16,NULL,'Mikrotik Router Down','⚠️ Hi Emmanuel, your mikrotik router - Street Mesh is offline. Please check it out.',0,'2025-09-09 09:09:34','2025-09-09 09:09:34'),(12640,16,NULL,'Mikrotik Router Down','⚠️ Hi Emmanuel, your mikrotik router - Street Mesh is offline. Please check it out.',0,'2025-09-09 09:10:30','2025-09-09 09:10:30'),(12641,16,NULL,'Mikrotik Router Down','⚠️ Hi Emmanuel, your mikrotik router - Street Mesh is offline. Please check it out.',0,'2025-09-09 09:11:30','2025-09-09 09:11:30'),(12642,16,NULL,'Mikrotik Router Down','⚠️ Hi Emmanuel, your mikrotik router - Street Mesh is offline. Please check it out.',0,'2025-09-09 09:12:30','2025-09-09 09:12:30'),(12643,16,NULL,'Mikrotik Router Down','⚠️ Hi Emmanuel, your mikrotik router - Street Mesh is offline. Please check it out.',0,'2025-09-09 09:13:30','2025-09-09 09:13:30'),(12644,16,NULL,'Mikrotik Router Down','⚠️ Hi Emmanuel, your mikrotik router - Street Mesh is offline. Please check it out.',0,'2025-09-09 09:14:30','2025-09-09 09:14:30'),(12645,16,NULL,'Mikrotik Router Down','⚠️ Hi Emmanuel, your mikrotik router - Street Mesh is offline. Please check it out.',0,'2025-09-09 09:15:31','2025-09-09 09:15:31'),(12646,16,NULL,'Mikrotik Router Down','⚠️ Hi Emmanuel, your mikrotik router - Street Mesh is offline. Please check it out.',0,'2025-09-09 09:16:30','2025-09-09 09:16:30'),(12647,16,NULL,'Mikrotik Router Down','⚠️ Hi Emmanuel, your mikrotik router - Street Mesh is offline. Please check it out.',0,'2025-09-09 09:17:32','2025-09-09 09:17:32'),(12648,16,NULL,'Mikrotik Router Down','⚠️ Hi Emmanuel, your mikrotik router - Street Mesh is offline. Please check it out.',0,'2025-09-09 09:18:30','2025-09-09 09:18:30'),(12649,16,NULL,'Mikrotik Router Down','⚠️ Hi Emmanuel, your mikrotik router - Street Mesh is offline. Please check it out.',0,'2025-09-09 09:19:30','2025-09-09 09:19:30'),(12650,16,NULL,'Mikrotik Router Down','⚠️ Hi Emmanuel, your mikrotik router - Street Mesh is offline. Please check it out.',0,'2025-09-09 09:20:30','2025-09-09 09:20:30'),(12651,16,NULL,'Mikrotik Router Down','⚠️ Hi Emmanuel, your mikrotik router - Street Mesh is offline. Please check it out.',0,'2025-09-09 09:21:30','2025-09-09 09:21:30'),(12652,16,NULL,'Mikrotik Router Down','⚠️ Hi Emmanuel, your mikrotik router - Street Mesh is offline. Please check it out.',0,'2025-09-09 09:22:30','2025-09-09 09:22:30'),(12653,16,NULL,'Mikrotik Router Down','⚠️ Hi Emmanuel, your mikrotik router - Street Mesh is offline. Please check it out.',0,'2025-09-09 09:23:30','2025-09-09 09:23:30'),(12654,16,NULL,'Mikrotik Router Down','⚠️ Hi Emmanuel, your mikrotik router - Street Mesh is offline. Please check it out.',0,'2025-09-09 09:24:30','2025-09-09 09:24:30'),(12655,16,NULL,'Mikrotik Router Down','⚠️ Hi Emmanuel, your mikrotik router - Street Mesh is offline. Please check it out.',0,'2025-09-09 09:25:31','2025-09-09 09:25:31'),(12656,16,NULL,'Mikrotik Router Down','⚠️ Hi Emmanuel, your mikrotik router - Street Mesh is offline. Please check it out.',0,'2025-09-09 09:26:30','2025-09-09 09:26:30'),(12657,16,NULL,'Mikrotik Router Down','⚠️ Hi Emmanuel, your mikrotik router - Street Mesh is offline. Please check it out.',0,'2025-09-09 09:27:30','2025-09-09 09:27:30'),(12658,16,NULL,'Mikrotik Router Down','⚠️ Hi Emmanuel, your mikrotik router - Street Mesh is offline. Please check it out.',0,'2025-09-09 09:28:30','2025-09-09 09:28:30'),(12659,16,NULL,'Mikrotik Router Down','⚠️ Hi Emmanuel, your mikrotik router - Street Mesh is offline. Please check it out.',0,'2025-09-09 09:29:30','2025-09-09 09:29:30'),(12660,16,NULL,'Mikrotik Router Down','⚠️ Hi Emmanuel, your mikrotik router - Street Mesh is offline. Please check it out.',0,'2025-09-09 09:30:34','2025-09-09 09:30:34'),(12661,16,NULL,'Mikrotik Router Down','⚠️ Hi Emmanuel, your mikrotik router - Street Mesh is offline. Please check it out.',0,'2025-09-09 09:31:30','2025-09-09 09:31:30'),(12662,16,NULL,'Mikrotik Router Down','⚠️ Hi Emmanuel, your mikrotik router - Street Mesh is offline. Please check it out.',0,'2025-09-09 09:32:30','2025-09-09 09:32:30'),(12663,16,NULL,'Mikrotik Router Down','⚠️ Hi Emmanuel, your mikrotik router - Street Mesh is offline. Please check it out.',0,'2025-09-09 09:33:30','2025-09-09 09:33:30'),(12664,16,NULL,'Mikrotik Router Down','⚠️ Hi Emmanuel, your mikrotik router - Street Mesh is offline. Please check it out.',0,'2025-09-09 09:34:30','2025-09-09 09:34:30'),(12665,16,NULL,'Mikrotik Router Down','⚠️ Hi Emmanuel, your mikrotik router - Street Mesh is offline. Please check it out.',0,'2025-09-09 09:35:30','2025-09-09 09:35:30'),(12666,16,NULL,'Mikrotik Router Down','⚠️ Hi Emmanuel, your mikrotik router - Street Mesh is offline. Please check it out.',0,'2025-09-09 09:36:33','2025-09-09 09:36:33'),(12667,16,NULL,'Mikrotik Router Down','⚠️ Hi Emmanuel, your mikrotik router - Street Mesh is offline. Please check it out.',0,'2025-09-09 09:37:30','2025-09-09 09:37:30'),(12668,16,NULL,'Mikrotik Router Down','⚠️ Hi Emmanuel, your mikrotik router - Street Mesh is offline. Please check it out.',0,'2025-09-09 09:38:30','2025-09-09 09:38:30'),(12669,16,NULL,'Mikrotik Router Down','⚠️ Hi Emmanuel, your mikrotik router - Street Mesh is offline. Please check it out.',0,'2025-09-09 09:39:30','2025-09-09 09:39:30'),(12670,16,NULL,'Mikrotik Router Down','⚠️ Hi Emmanuel, your mikrotik router - Street Mesh is offline. Please check it out.',0,'2025-09-09 09:40:31','2025-09-09 09:40:31'),(12671,16,NULL,'Mikrotik Router Down','⚠️ Hi Emmanuel, your mikrotik router - Street Mesh is offline. Please check it out.',0,'2025-09-09 09:41:30','2025-09-09 09:41:30'),(12672,16,NULL,'Mikrotik Router Down','⚠️ Hi Emmanuel, your mikrotik router - Street Mesh is offline. Please check it out.',0,'2025-09-09 09:42:30','2025-09-09 09:42:30'),(12673,16,NULL,'Mikrotik Router Down','⚠️ Hi Emmanuel, your mikrotik router - Street Mesh is offline. Please check it out.',0,'2025-09-09 09:43:30','2025-09-09 09:43:30'),(12674,16,NULL,'Mikrotik Router Down','⚠️ Hi Emmanuel, your mikrotik router - Street Mesh is offline. Please check it out.',0,'2025-09-09 09:44:29','2025-09-09 09:44:29'),(12675,16,NULL,'Mikrotik Router Down','⚠️ Hi Emmanuel, your mikrotik router - Street Mesh is offline. Please check it out.',0,'2025-09-09 09:45:30','2025-09-09 09:45:30'),(12676,16,NULL,'Mikrotik Router Down','⚠️ Hi Emmanuel, your mikrotik router - Street Mesh is offline. Please check it out.',0,'2025-09-09 09:46:30','2025-09-09 09:46:30'),(12677,16,NULL,'Mikrotik Router Down','⚠️ Hi Emmanuel, your mikrotik router - Street Mesh is offline. Please check it out.',0,'2025-09-09 09:47:29','2025-09-09 09:47:29'),(12678,16,NULL,'Mikrotik Router Down','⚠️ Hi Emmanuel, your mikrotik router - Street Mesh is offline. Please check it out.',0,'2025-09-09 09:48:29','2025-09-09 09:48:29'),(12679,8,NULL,'Mikrotik Router Down','⚠️ Hi Erick, your mikrotik router - Machinga Complex is offline. Please check it out.',0,'2025-09-09 09:49:24','2025-09-09 09:49:24'),(12680,8,NULL,'Mikrotik Router Down','⚠️ Hi Erick, your mikrotik router - Machinga Complex is offline. Please check it out.',0,'2025-09-09 09:50:24','2025-09-09 09:50:24'),(12681,8,NULL,'Mikrotik Router Down','⚠️ Hi Erick, your mikrotik router - Machinga Complex is offline. Please check it out.',0,'2025-09-09 09:51:24','2025-09-09 09:51:24'),(12682,8,NULL,'Mikrotik Router Down','⚠️ Hi Erick, your mikrotik router - Machinga Complex is offline. Please check it out.',0,'2025-09-09 09:52:24','2025-09-09 09:52:24'),(12683,8,NULL,'Mikrotik Router Down','⚠️ Hi Erick, your mikrotik router - Machinga Complex is offline. Please check it out.',0,'2025-09-09 09:53:23','2025-09-09 09:53:23'),(12684,8,NULL,'Mikrotik Router Down','⚠️ Hi Erick, your mikrotik router - Machinga Complex is offline. Please check it out.',0,'2025-09-09 09:54:24','2025-09-09 09:54:24'),(12685,8,NULL,'Mikrotik Router Down','⚠️ Hi Erick, your mikrotik router - Machinga Complex is offline. Please check it out.',0,'2025-09-09 09:55:24','2025-09-09 09:55:24'),(12686,8,NULL,'Mikrotik Router Down','⚠️ Hi Erick, your mikrotik router - Machinga Complex is offline. Please check it out.',0,'2025-09-09 09:56:24','2025-09-09 09:56:24'),(12687,8,NULL,'Mikrotik Router Down','⚠️ Hi Erick, your mikrotik router - Machinga Complex is offline. Please check it out.',0,'2025-09-09 09:57:23','2025-09-09 09:57:23'),(12688,8,NULL,'Mikrotik Router Down','⚠️ Hi Erick, your mikrotik router - Machinga Complex is offline. Please check it out.',0,'2025-09-09 09:58:23','2025-09-09 09:58:23'),(12689,8,NULL,'Mikrotik Router Down','⚠️ Hi Erick, your mikrotik router - Machinga Complex is offline. Please check it out.',0,'2025-09-09 09:59:24','2025-09-09 09:59:24'),(12690,8,NULL,'Mikrotik Router Down','⚠️ Hi Erick, your mikrotik router - Machinga Complex is offline. Please check it out.',0,'2025-09-09 10:00:24','2025-09-09 10:00:24'),(12691,8,NULL,'Mikrotik Router Down','⚠️ Hi Erick, your mikrotik router - Machinga Complex is offline. Please check it out.',0,'2025-09-09 10:01:24','2025-09-09 10:01:24'),(12692,8,NULL,'Mikrotik Router Down','⚠️ Hi Erick, your mikrotik router - Machinga Complex is offline. Please check it out.',0,'2025-09-09 10:02:24','2025-09-09 10:02:24'),(12693,8,NULL,'Mikrotik Router Down','⚠️ Hi Erick, your mikrotik router - Machinga Complex is offline. Please check it out.',0,'2025-09-09 10:03:24','2025-09-09 10:03:24'),(12694,8,NULL,'Mikrotik Router Down','⚠️ Hi Erick, your mikrotik router - Machinga Complex is offline. Please check it out.',0,'2025-09-09 10:04:23','2025-09-09 10:04:23'),(12695,8,NULL,'Mikrotik Router Down','⚠️ Hi Erick, your mikrotik router - Machinga Complex is offline. Please check it out.',0,'2025-09-09 10:05:24','2025-09-09 10:05:24'),(12696,8,NULL,'Mikrotik Router Down','⚠️ Hi Erick, your mikrotik router - Machinga Complex is offline. Please check it out.',0,'2025-09-09 10:06:23','2025-09-09 10:06:23'),(12697,8,NULL,'Mikrotik Router Down','⚠️ Hi Erick, your mikrotik router - Machinga Complex is offline. Please check it out.',0,'2025-09-09 10:07:23','2025-09-09 10:07:23'),(12698,8,NULL,'Mikrotik Router Down','⚠️ Hi Erick, your mikrotik router - Machinga Complex is offline. Please check it out.',0,'2025-09-09 10:08:24','2025-09-09 10:08:24'),(12699,8,NULL,'Mikrotik Router Down','⚠️ Hi Erick, your mikrotik router - Machinga Complex is offline. Please check it out.',0,'2025-09-09 10:09:24','2025-09-09 10:09:24'),(12700,8,NULL,'Mikrotik Router Down','⚠️ Hi Erick, your mikrotik router - Machinga Complex is offline. Please check it out.',0,'2025-09-09 10:10:24','2025-09-09 10:10:24'),(12701,8,NULL,'Mikrotik Router Down','⚠️ Hi Erick, your mikrotik router - Machinga Complex is offline. Please check it out.',0,'2025-09-09 10:11:24','2025-09-09 10:11:24'),(12702,16,NULL,'Mikrotik Router Down','⚠️ Hi Emmanuel, your mikrotik router - Street Mesh is offline. Please check it out.',0,'2025-09-09 10:12:29','2025-09-09 10:12:29'),(12703,16,NULL,'Mikrotik Router Down','⚠️ Hi Emmanuel, your mikrotik router - Street Mesh is offline. Please check it out.',0,'2025-09-09 10:13:30','2025-09-09 10:13:30'),(12704,16,NULL,'Mikrotik Router Down','⚠️ Hi Emmanuel, your mikrotik router - Street Mesh is offline. Please check it out.',0,'2025-09-09 10:14:29','2025-09-09 10:14:29'),(12705,16,NULL,'Mikrotik Router Down','⚠️ Hi Emmanuel, your mikrotik router - Street Mesh is offline. Please check it out.',0,'2025-09-09 10:15:30','2025-09-09 10:15:30'),(12706,16,NULL,'Mikrotik Router Down','⚠️ Hi Emmanuel, your mikrotik router - Street Mesh is offline. Please check it out.',0,'2025-09-09 10:16:29','2025-09-09 10:16:29'),(12707,8,NULL,'Mikrotik Router Down','⚠️ Hi Erick, your mikrotik router - Machinga Complex is offline. Please check it out.',0,'2025-09-09 10:17:25','2025-09-09 10:17:25'),(12708,8,NULL,'Mikrotik Router Down','⚠️ Hi Erick, your mikrotik router - Machinga Complex is offline. Please check it out.',0,'2025-09-09 10:18:24','2025-09-09 10:18:24'),(12709,8,NULL,'Mikrotik Router Down','⚠️ Hi Erick, your mikrotik router - Machinga Complex is offline. Please check it out.',0,'2025-09-09 10:19:23','2025-09-09 10:19:23'),(12710,16,NULL,'Mikrotik Router Down','⚠️ Hi Emmanuel, your mikrotik router - Street Mesh is offline. Please check it out.',0,'2025-09-09 10:20:30','2025-09-09 10:20:30'),(12711,16,NULL,'Mikrotik Router Down','⚠️ Hi Emmanuel, your mikrotik router - Street Mesh is offline. Please check it out.',0,'2025-09-09 10:21:29','2025-09-09 10:21:29'),(12712,16,NULL,'Mikrotik Router Down','⚠️ Hi Emmanuel, your mikrotik router - Street Mesh is offline. Please check it out.',0,'2025-09-09 10:22:30','2025-09-09 10:22:30'),(12713,16,NULL,'Mikrotik Router Down','⚠️ Hi Emmanuel, your mikrotik router - Street Mesh is offline. Please check it out.',0,'2025-09-09 10:23:30','2025-09-09 10:23:30'),(12714,16,NULL,'Mikrotik Router Down','⚠️ Hi Emmanuel, your mikrotik router - Street Mesh is offline. Please check it out.',0,'2025-09-09 10:24:30','2025-09-09 10:24:30'),(12715,16,NULL,'Mikrotik Router Down','⚠️ Hi Emmanuel, your mikrotik router - Street Mesh is offline. Please check it out.',0,'2025-09-09 10:25:30','2025-09-09 10:25:30'),(12716,16,NULL,'Mikrotik Router Down','⚠️ Hi Emmanuel, your mikrotik router - Street Mesh is offline. Please check it out.',0,'2025-09-09 10:26:30','2025-09-09 10:26:30'),(12717,16,NULL,'Mikrotik Router Down','⚠️ Hi Emmanuel, your mikrotik router - Street Mesh is offline. Please check it out.',0,'2025-09-09 10:27:30','2025-09-09 10:27:30'),(12718,16,NULL,'Mikrotik Router Down','⚠️ Hi Emmanuel, your mikrotik router - Street Mesh is offline. Please check it out.',0,'2025-09-09 10:28:29','2025-09-09 10:28:29'),(12719,16,NULL,'Mikrotik Router Down','⚠️ Hi Emmanuel, your mikrotik router - Street Mesh is offline. Please check it out.',0,'2025-09-09 10:29:29','2025-09-09 10:29:29'),(12720,16,NULL,'Mikrotik Router Down','⚠️ Hi Emmanuel, your mikrotik router - Street Mesh is offline. Please check it out.',0,'2025-09-09 10:30:30','2025-09-09 10:30:30');

--
-- Table structure for table `out_messages`
--

CREATE TABLE `out_messages` (
  `id` bigint unsigned NOT NULL AUTO_INCREMENT,
  `message_mode_id` bigint unsigned NOT NULL,
  `phone` varchar(191) COLLATE utf8mb4_unicode_ci DEFAULT NULL,
  `email` varchar(191) COLLATE utf8mb4_unicode_ci DEFAULT NULL,
  `title` varchar(191) COLLATE utf8mb4_unicode_ci DEFAULT NULL,
  `content` longtext COLLATE utf8mb4_unicode_ci NOT NULL,
  `filename` varchar(191) COLLATE utf8mb4_unicode_ci DEFAULT NULL,
  `created_at` timestamp NULL DEFAULT NULL,
  `updated_at` timestamp NULL DEFAULT NULL,
  PRIMARY KEY (`id`),
  KEY `out_messages_message_mode_id_foreign` (`message_mode_id`),
  CONSTRAINT `out_messages_message_mode_id_foreign` FOREIGN KEY (`message_mode_id`) REFERENCES `message_modes` (`id`) ON DELETE CASCADE
) ENGINE=InnoDB DEFAULT CHARSET=utf8mb4 COLLATE=utf8mb4_unicode_ci;

--
-- Dumping data for table `out_messages`
--


--
-- Table structure for table `outgoing_transaction_entities`
--

CREATE TABLE `outgoing_transaction_entities` (
  `id` bigint unsigned NOT NULL AUTO_INCREMENT,
  `outgoing_transaction_id` int NOT NULL,
  `company_grouped_transaction_id` int NOT NULL,
  `amount` decimal(8,2) NOT NULL DEFAULT '0.00',
  `created_at` timestamp NULL DEFAULT NULL,
  `updated_at` timestamp NULL DEFAULT NULL,
  `deleted_at` timestamp NULL DEFAULT NULL,
  PRIMARY KEY (`id`)
) ENGINE=InnoDB AUTO_INCREMENT=13 DEFAULT CHARSET=utf8mb4 COLLATE=utf8mb4_unicode_ci;

--
-- Dumping data for table `outgoing_transaction_entities`
--

INSERT INTO `outgoing_transaction_entities` VALUES (1,1,3,210.00,'2025-08-05 19:03:36','2025-08-05 19:03:36',NULL),(2,2,4,210.00,'2025-08-06 20:02:48','2025-08-06 20:02:48',NULL),(3,3,5,1000.00,'2025-08-07 18:53:54','2025-08-07 18:53:54',NULL),(4,4,6,500.00,'2025-08-08 15:56:03','2025-08-08 15:56:03',NULL),(5,5,7,1000.00,'2025-08-09 11:05:18','2025-08-09 11:05:18',NULL),(6,6,8,500.00,'2025-08-09 13:37:14','2025-08-09 13:37:14',NULL),(7,7,9,1000.00,'2025-08-09 15:21:56','2025-08-09 15:21:56',NULL),(8,8,10,1000.00,'2025-08-10 19:09:47','2025-08-10 19:09:47',NULL),(9,9,11,1000.00,'2025-08-11 18:56:22','2025-08-11 18:56:22',NULL),(10,10,12,1000.00,'2025-08-11 19:33:37','2025-08-11 19:33:37',NULL),(11,11,13,210.00,'2025-08-14 20:20:46','2025-08-14 20:20:46',NULL),(12,12,14,1000.00,'2025-08-16 06:35:15','2025-08-16 06:35:15',NULL);

--
-- Table structure for table `outgoing_transactions`
--

CREATE TABLE `outgoing_transactions` (
  `id` bigint unsigned NOT NULL AUTO_INCREMENT,
  `ref_no` varchar(191) COLLATE utf8mb4_unicode_ci NOT NULL,
  `company_router_id` int DEFAULT NULL,
  `director_share_id` int DEFAULT NULL,
  `company_customer_invocie_id` int DEFAULT NULL,
  `user_id` int DEFAULT NULL,
  `transaction_code` varchar(191) COLLATE utf8mb4_unicode_ci NOT NULL,
  `amount` decimal(8,2) NOT NULL DEFAULT '0.00',
  `recipient` varchar(191) COLLATE utf8mb4_unicode_ci NOT NULL,
  `description` longtext COLLATE utf8mb4_unicode_ci,
  `checkout_id` varchar(191) COLLATE utf8mb4_unicode_ci DEFAULT NULL,
  `created_at` timestamp NULL DEFAULT NULL,
  `updated_at` timestamp NULL DEFAULT NULL,
  `deleted_at` timestamp NULL DEFAULT NULL,
  PRIMARY KEY (`id`)
) ENGINE=InnoDB AUTO_INCREMENT=13 DEFAULT CHARSET=utf8mb4 COLLATE=utf8mb4_unicode_ci;

--
-- Dumping data for table `outgoing_transactions`
--

INSERT INTO `outgoing_transactions` VALUES (1,'GA8S5U',2,NULL,NULL,NULL,'0964383972',210.00,'123456','Money sent to 123456 on account number 123456 ','514066','2025-08-05 19:03:36','2025-08-05 19:03:36',NULL),(2,'7YL9KT',2,NULL,NULL,NULL,'0964774233',210.00,'123456','Money sent to 123456 on account number 123456 ','151783','2025-08-06 20:02:48','2025-08-06 20:02:48',NULL),(3,'K9BH8E',2,NULL,NULL,NULL,'1307377571',1000.00,'123456','Money sent to 123456 on account number 123456 ','788624','2025-08-07 18:53:54','2025-08-07 18:53:54',NULL),(4,'8EPQ27',2,NULL,NULL,NULL,'1308639764',500.00,'123456','Money sent to 123456 on account number 123456 ','762516','2025-08-08 15:56:03','2025-08-08 15:56:03',NULL),(5,'OZP260',2,NULL,NULL,NULL,'1309788641',1000.00,'123456','Money sent to 123456 on account number 123456 ','465166','2025-08-09 11:05:18','2025-08-09 11:05:18',NULL),(6,'0ME2JD',2,NULL,NULL,NULL,'1309940132',500.00,'123456','Money sent to 123456 on account number 123456 ','320618','2025-08-09 13:37:14','2025-08-09 13:37:14',NULL),(7,'JU3FQ6',2,NULL,NULL,NULL,'1310045490',1000.00,'123456','Money sent to 123456 on account number 123456 ','184295','2025-08-09 15:21:56','2025-08-09 15:21:56',NULL),(8,'R0PHAV',2,NULL,NULL,NULL,'1311713416',1000.00,'123456','Money sent to 123456 on account number 123456 ','792168','2025-08-10 19:09:47','2025-08-10 19:09:47',NULL),(9,'Y4CP6J',2,NULL,NULL,NULL,'1313139026',1000.00,'123456','Money sent to 123456 on account number 123456 ','431003','2025-08-11 18:56:22','2025-08-11 18:56:22',NULL),(10,'58RHPU',2,NULL,NULL,NULL,'1313175196',1000.00,'123456','Money sent to 123456 on account number 123456 ','021868','2025-08-11 19:33:37','2025-08-11 19:33:37',NULL),(11,'E4FVO2',2,NULL,NULL,NULL,'0967592079',210.00,'123456','Money sent to 123456 on account number 123456 ','118106','2025-08-14 20:20:46','2025-08-14 20:20:46',NULL),(12,'1CKLJO',2,NULL,NULL,NULL,'1319598138',1000.00,'123456','Money sent to 123456 on account number 123456 ','580259','2025-08-16 06:35:15','2025-08-16 06:35:15',NULL);

--
-- Table structure for table `paid_users`
--

CREATE TABLE `paid_users` (
  `id` bigint unsigned NOT NULL AUTO_INCREMENT,
  `company_router_id` bigint unsigned DEFAULT NULL,
  `company_grouped_transaction_id` int DEFAULT NULL,
  `mac_address` varchar(191) COLLATE utf8mb4_unicode_ci NOT NULL,
  `username` varchar(191) COLLATE utf8mb4_unicode_ci NOT NULL,
  `password` varchar(191) COLLATE utf8mb4_unicode_ci NOT NULL,
  `phone` varchar(191) COLLATE utf8mb4_unicode_ci DEFAULT NULL,
  `message` longtext COLLATE utf8mb4_unicode_ci,
  `created_at` timestamp NULL DEFAULT NULL,
  `updated_at` timestamp NULL DEFAULT NULL,
  PRIMARY KEY (`id`),
  KEY `paid_users_company_router_id_foreign` (`company_router_id`),
  CONSTRAINT `paid_users_company_router_id_foreign` FOREIGN KEY (`company_router_id`) REFERENCES `company_routers` (`id`) ON DELETE CASCADE
) ENGINE=InnoDB AUTO_INCREMENT=331 DEFAULT CHARSET=utf8mb4 COLLATE=utf8mb4_unicode_ci;

--
-- Dumping data for table `paid_users`
--

INSERT INTO `paid_users` VALUES (129,7,140,'DE:FE:99:B9:7F:F5','749353','4130','255785581266','Greetings, thank you for purchasing [plan] plan worthy 200.00. Please use [username] as the username and 4130 as your password to reconnect yourself. Your subscription expires at [expiry_date].','2025-09-01 10:47:58','2025-09-01 10:47:58'),(174,2,185,'FE:02:BF:6C:60:89','702460','7336','255611299495','Greetings, thank you for purchasing [plan] plan worthy 210.00. Please use [username] as the username and 7336 as your password to reconnect yourself. Your subscription expires at [expiry_date].','2025-09-02 23:31:28','2025-09-02 23:31:28'),(301,2,315,'92:9C:38:2D:F4:86','251231','7529','255761028792','Greetings, thank you for purchasing [plan] plan worthy 300.00. Please use [username] as the username and 7529 as your password to reconnect yourself. Your subscription expires at [expiry_date].','2025-09-07 19:53:13','2025-09-07 19:53:13'),(319,2,333,'E6:94:D2:8C:72:72','561186','2151','255654759552','Greetings, thank you for purchasing [plan] plan worthy 1000.00. Please use [username] as the username and 2151 as your password to reconnect yourself. Your subscription expires at [expiry_date].','2025-09-08 19:04:13','2025-09-08 19:04:13'),(321,2,335,'92:85:32:EB:61:BE','419522','7533','255627921037','Greetings, thank you for purchasing [plan] plan worthy 500.00. Please use [username] as the username and 7533 as your password to reconnect yourself. Your subscription expires at [expiry_date].','2025-09-08 19:24:02','2025-09-08 19:24:02'),(330,2,344,'FE:06:92:FA:87:6B','579784','1032','255753338233','Greetings, thank you for purchasing [plan] plan worthy 300.00. Please use [username] as the username and 1032 as your password to reconnect yourself. Your subscription expires at [expiry_date].','2025-09-09 10:24:24','2025-09-09 10:24:24');

--
-- Table structure for table `password_reset_tokens`
--

CREATE TABLE `password_reset_tokens` (
  `email` varchar(191) COLLATE utf8mb4_unicode_ci NOT NULL,
  `token` varchar(191) COLLATE utf8mb4_unicode_ci NOT NULL,
  `created_at` timestamp NULL DEFAULT NULL,
  PRIMARY KEY (`email`)
) ENGINE=InnoDB DEFAULT CHARSET=utf8mb4 COLLATE=utf8mb4_unicode_ci;

--
-- Dumping data for table `password_reset_tokens`
--


--
-- Table structure for table `paybill_transactions`
--

CREATE TABLE `paybill_transactions` (
  `id` bigint unsigned NOT NULL AUTO_INCREMENT,
  `ref_no` varchar(191) COLLATE utf8mb4_unicode_ci NOT NULL,
  `payment_mode_id` bigint unsigned NOT NULL,
  `phone_used` varchar(191) COLLATE utf8mb4_unicode_ci DEFAULT NULL,
  `transaction_code` varchar(191) COLLATE utf8mb4_unicode_ci DEFAULT NULL,
  `amount` decimal(8,2) NOT NULL DEFAULT '0.00',
  `checkout_id` varchar(191) COLLATE utf8mb4_unicode_ci DEFAULT NULL,
  `account_number` varchar(191) COLLATE utf8mb4_unicode_ci DEFAULT NULL,
  `created_at` timestamp NULL DEFAULT NULL,
  `updated_at` timestamp NULL DEFAULT NULL,
  `deleted_at` timestamp NULL DEFAULT NULL,
  PRIMARY KEY (`id`),
  KEY `paybill_transactions_payment_mode_id_foreign` (`payment_mode_id`),
  CONSTRAINT `paybill_transactions_payment_mode_id_foreign` FOREIGN KEY (`payment_mode_id`) REFERENCES `payment_modes` (`id`) ON DELETE CASCADE
) ENGINE=InnoDB DEFAULT CHARSET=utf8mb4 COLLATE=utf8mb4_unicode_ci;

--
-- Dumping data for table `paybill_transactions`
--


--
-- Table structure for table `payment_methods`
--

CREATE TABLE `payment_methods` (
  `id` bigint unsigned NOT NULL AUTO_INCREMENT,
  `ref_no` varchar(191) COLLATE utf8mb4_unicode_ci NOT NULL,
  `name` varchar(191) COLLATE utf8mb4_unicode_ci NOT NULL,
  `status` int NOT NULL DEFAULT '1' COMMENT '0=inactive, 1=active',
  `created_at` timestamp NULL DEFAULT NULL,
  `updated_at` timestamp NULL DEFAULT NULL,
  `deleted_at` timestamp NULL DEFAULT NULL,
  PRIMARY KEY (`id`)
) ENGINE=InnoDB AUTO_INCREMENT=3 DEFAULT CHARSET=utf8mb4 COLLATE=utf8mb4_unicode_ci;

--
-- Dumping data for table `payment_methods`
--

INSERT INTO `payment_methods` VALUES (1,'0001','Selcom',1,'2025-08-03 19:10:06','2025-08-03 19:10:06',NULL);

--
-- Table structure for table `payment_modes`
--

CREATE TABLE `payment_modes` (
  `id` bigint unsigned NOT NULL AUTO_INCREMENT,
  `ref_no` varchar(191) COLLATE utf8mb4_unicode_ci NOT NULL,
  `name` varchar(191) COLLATE utf8mb4_unicode_ci NOT NULL,
  `status` int NOT NULL DEFAULT '1' COMMENT '0=inactive, 1=active',
  `created_at` timestamp NULL DEFAULT NULL,
  `updated_at` timestamp NULL DEFAULT NULL,
  `deleted_at` timestamp NULL DEFAULT NULL,
  PRIMARY KEY (`id`)
) ENGINE=InnoDB AUTO_INCREMENT=4 DEFAULT CHARSET=utf8mb4 COLLATE=utf8mb4_unicode_ci;

--
-- Dumping data for table `payment_modes`
--

INSERT INTO `payment_modes` VALUES (1,'0001','M-PESA',1,'2025-08-03 19:10:05','2025-08-03 19:10:05',NULL),(2,'0002','M-PESA (Manually)',1,'2025-08-03 19:10:05','2025-08-03 19:10:05',NULL),(3,'0003','Cash',1,'2025-08-03 19:10:05','2025-08-03 19:10:05',NULL);

--
-- Table structure for table `payment_types`
--

CREATE TABLE `payment_types` (
  `id` bigint unsigned NOT NULL AUTO_INCREMENT,
  `name` varchar(191) COLLATE utf8mb4_unicode_ci NOT NULL,
  `created_at` timestamp NULL DEFAULT NULL,
  `updated_at` timestamp NULL DEFAULT NULL,
  `deleted_at` timestamp NULL DEFAULT NULL,
  PRIMARY KEY (`id`)
) ENGINE=InnoDB AUTO_INCREMENT=3 DEFAULT CHARSET=utf8mb4 COLLATE=utf8mb4_unicode_ci;

--
-- Dumping data for table `payment_types`
--

INSERT INTO `payment_types` VALUES (1,'Fixed Amount','2025-08-03 19:10:01','2025-08-03 19:10:01',NULL),(2,'Commission Based','2025-08-03 19:10:01','2025-08-03 19:10:01',NULL);

--
-- Table structure for table `permissions`
--

CREATE TABLE `permissions` (
  `id` bigint unsigned NOT NULL AUTO_INCREMENT,
  `name` varchar(191) COLLATE utf8mb4_unicode_ci NOT NULL,
  `group` varchar(191) COLLATE utf8mb4_unicode_ci DEFAULT NULL,
  `guard_name` varchar(191) COLLATE utf8mb4_unicode_ci NOT NULL,
  `created_at` timestamp NULL DEFAULT NULL,
  `updated_at` timestamp NULL DEFAULT NULL,
  PRIMARY KEY (`id`),
  UNIQUE KEY `permissions_name_guard_name_unique` (`name`,`guard_name`)
) ENGINE=InnoDB AUTO_INCREMENT=3 DEFAULT CHARSET=utf8mb4 COLLATE=utf8mb4_unicode_ci;

--
-- Dumping data for table `permissions`
--

INSERT INTO `permissions` VALUES (1,'Administer Company',NULL,'web','2025-08-03 19:10:01','2025-08-03 19:10:01'),(2,'Staff',NULL,'web','2025-08-03 19:10:01','2025-08-03 19:10:01');

--
-- Table structure for table `personal_access_tokens`
--

CREATE TABLE `personal_access_tokens` (
  `id` bigint unsigned NOT NULL AUTO_INCREMENT,
  `tokenable_type` varchar(191) COLLATE utf8mb4_unicode_ci NOT NULL,
  `tokenable_id` bigint unsigned NOT NULL,
  `name` varchar(191) COLLATE utf8mb4_unicode_ci NOT NULL,
  `token` varchar(64) COLLATE utf8mb4_unicode_ci NOT NULL,
  `abilities` text COLLATE utf8mb4_unicode_ci,
  `last_used_at` timestamp NULL DEFAULT NULL,
  `expires_at` timestamp NULL DEFAULT NULL,
  `created_at` timestamp NULL DEFAULT NULL,
  `updated_at` timestamp NULL DEFAULT NULL,
  PRIMARY KEY (`id`),
  UNIQUE KEY `personal_access_tokens_token_unique` (`token`),
  KEY `personal_access_tokens_tokenable_type_tokenable_id_index` (`tokenable_type`,`tokenable_id`)
) ENGINE=InnoDB DEFAULT CHARSET=utf8mb4 COLLATE=utf8mb4_unicode_ci;

--
-- Dumping data for table `personal_access_tokens`
--


--
-- Table structure for table `plan_validity_types`
--

CREATE TABLE `plan_validity_types` (
  `id` bigint unsigned NOT NULL AUTO_INCREMENT,
  `ref_no` varchar(191) COLLATE utf8mb4_unicode_ci NOT NULL,
  `name` varchar(191) COLLATE utf8mb4_unicode_ci NOT NULL,
  `entity` varchar(191) COLLATE utf8mb4_unicode_ci NOT NULL,
  `created_at` timestamp NULL DEFAULT NULL,
  `updated_at` timestamp NULL DEFAULT NULL,
  `deleted_at` timestamp NULL DEFAULT NULL,
  PRIMARY KEY (`id`)
) ENGINE=InnoDB AUTO_INCREMENT=4 DEFAULT CHARSET=utf8mb4 COLLATE=utf8mb4_unicode_ci;

--
-- Dumping data for table `plan_validity_types`
--

INSERT INTO `plan_validity_types` VALUES (1,'0001','Minutes','m','2025-08-03 19:10:02','2025-08-03 19:10:02',NULL),(2,'0002','Hours','h','2025-08-03 19:10:02','2025-08-03 19:10:02',NULL),(3,'0003','Days','d','2025-08-03 19:10:02','2025-08-03 19:10:02',NULL);

--
-- Table structure for table `potential_customers`
--

CREATE TABLE `potential_customers` (
  `id` bigint unsigned NOT NULL AUTO_INCREMENT,
  `company_id` int DEFAULT NULL,
  `names` varchar(191) COLLATE utf8mb4_unicode_ci DEFAULT NULL,
  `phone` varchar(191) COLLATE utf8mb4_unicode_ci NOT NULL,
  `description` longtext COLLATE utf8mb4_unicode_ci,
  `created_at` timestamp NULL DEFAULT NULL,
  `updated_at` timestamp NULL DEFAULT NULL,
  PRIMARY KEY (`id`)
) ENGINE=InnoDB DEFAULT CHARSET=utf8mb4 COLLATE=utf8mb4_unicode_ci;

--
-- Dumping data for table `potential_customers`
--


--
-- Table structure for table `role_has_permissions`
--

CREATE TABLE `role_has_permissions` (
  `permission_id` bigint unsigned NOT NULL,
  `role_id` bigint unsigned NOT NULL,
  PRIMARY KEY (`permission_id`,`role_id`),
  KEY `role_has_permissions_role_id_foreign` (`role_id`),
  CONSTRAINT `role_has_permissions_permission_id_foreign` FOREIGN KEY (`permission_id`) REFERENCES `permissions` (`id`) ON DELETE CASCADE,
  CONSTRAINT `role_has_permissions_role_id_foreign` FOREIGN KEY (`role_id`) REFERENCES `roles` (`id`) ON DELETE CASCADE
) ENGINE=InnoDB DEFAULT CHARSET=utf8mb4 COLLATE=utf8mb4_unicode_ci;

--
-- Dumping data for table `role_has_permissions`
--


--
-- Table structure for table `roles`
--

CREATE TABLE `roles` (
  `id` bigint unsigned NOT NULL AUTO_INCREMENT,
  `name` varchar(191) COLLATE utf8mb4_unicode_ci NOT NULL,
  `guard_name` varchar(191) COLLATE utf8mb4_unicode_ci NOT NULL,
  `created_at` timestamp NULL DEFAULT NULL,
  `updated_at` timestamp NULL DEFAULT NULL,
  PRIMARY KEY (`id`),
  UNIQUE KEY `roles_name_guard_name_unique` (`name`,`guard_name`)
) ENGINE=InnoDB AUTO_INCREMENT=4 DEFAULT CHARSET=utf8mb4 COLLATE=utf8mb4_unicode_ci;

--
-- Dumping data for table `roles`
--

INSERT INTO `roles` VALUES (1,'Administrator','web','2025-08-03 19:10:01','2025-08-03 19:10:01'),(2,'Client','web','2025-08-03 19:10:01','2025-08-03 19:10:01'),(3,'Referrer','web','2025-08-03 19:10:01','2025-08-03 19:10:01');

--
-- Table structure for table `service_plans`
--

CREATE TABLE `service_plans` (
  `id` bigint unsigned NOT NULL AUTO_INCREMENT,
  `ref_no` varchar(191) COLLATE utf8mb4_unicode_ci NOT NULL,
  `name` varchar(191) COLLATE utf8mb4_unicode_ci NOT NULL,
  `status` int NOT NULL DEFAULT '1' COMMENT '0=inactive, 1=active',
  `created_at` timestamp NULL DEFAULT NULL,
  `updated_at` timestamp NULL DEFAULT NULL,
  `deleted_at` timestamp NULL DEFAULT NULL,
  PRIMARY KEY (`id`)
) ENGINE=InnoDB AUTO_INCREMENT=4 DEFAULT CHARSET=utf8mb4 COLLATE=utf8mb4_unicode_ci;

--
-- Dumping data for table `service_plans`
--

INSERT INTO `service_plans` VALUES (1,'0001','Hotspot Plans',1,'2025-08-03 19:10:02','2025-08-03 19:10:02',NULL),(2,'0002','PPPoE Plans',1,'2025-08-03 19:10:02','2025-08-03 19:10:02',NULL),(3,'0003','Static Plans',1,'2025-08-03 19:10:02','2025-08-03 19:10:02',NULL);

--
-- Table structure for table `sessions`
--

CREATE TABLE `sessions` (
  `id` varchar(191) COLLATE utf8mb4_unicode_ci NOT NULL,
  `user_id` bigint unsigned DEFAULT NULL,
  `ip_address` varchar(45) COLLATE utf8mb4_unicode_ci DEFAULT NULL,
  `user_agent` text COLLATE utf8mb4_unicode_ci,
  `payload` longtext COLLATE utf8mb4_unicode_ci NOT NULL,
  `last_activity` int NOT NULL,
  PRIMARY KEY (`id`),
  KEY `sessions_user_id_index` (`user_id`),
  KEY `sessions_last_activity_index` (`last_activity`)
) ENGINE=InnoDB DEFAULT CHARSET=utf8mb4 COLLATE=utf8mb4_unicode_ci;

--
-- Dumping data for table `sessions`
--

INSERT INTO `sessions` VALUES ('mnfDbxKrWIXrRRe0f6rINrozNQL2AgmgkPQHyZYO',NULL,'43.173.1.69','Mozilla/5.0 (iPhone; CPU iPhone OS 13_2_3 like Mac OS X) AppleWebKit/605.1.15 (KHTML, like Gecko) Version/13.0.3 Mobile/15E148 Safari/604.1','YTozOntzOjY6Il90b2tlbiI7czo0MDoiUjFaZlN2ZTh0MjNQYk5yaUxHTWN3bXNmMzNPOVFEanp0N1VwcEp5bSI7czo5OiJfcHJldmlvdXMiO2E6MTp7czozOiJ1cmwiO3M6NDA6Imh0dHA6Ly8xNjEtOTctMTc0LTAyMC5jcHJhcGlkLmNvbS9wdWJsaWMiO31zOjY6Il9mbGFzaCI7YToyOntzOjM6Im9sZCI7YTowOnt9czozOiJuZXciO2E6MDp7fX19',1757407080),('PELU3eVWpVkJuyMRIBWKDgELfD6w8MOAKLqgMuah',NULL,'154.159.237.48','Mozilla/5.0 (Windows NT 10.0; Win64; x64) AppleWebKit/537.36 (KHTML, like Gecko) Chrome/140.0.0.0 Safari/537.36','YTozOntzOjY6Il90b2tlbiI7czo0MDoiNXNFVXJySWt2Y1p0ZFpxM3N0VVp4Q09hQTJuc1BIcDNCeXBneEhLaSI7czo5OiJfcHJldmlvdXMiO2E6MTp7czozOiJ1cmwiO3M6MzY6Imh0dHBzOi8vaGVyaXRhZ2Vncm91cC5jby5rZS9mZWF0dXJlcyI7fXM6NjoiX2ZsYXNoIjthOjI6e3M6Mzoib2xkIjthOjA6e31zOjM6Im5ldyI7YTowOnt9fX0=',1757399662),('rp9HYn2GzavzqJ6ORW3sruZod9f5dBogxYrRGe9w',NULL,'43.156.232.190','Mozilla/5.0 (iPhone; CPU iPhone OS 13_2_3 like Mac OS X) AppleWebKit/605.1.15 (KHTML, like Gecko) Version/13.0.3 Mobile/15E148 Safari/604.1','YTozOntzOjY6Il90b2tlbiI7czo0MDoiekM4WTRzTHNqcUpCQjVLUzZxZDF3NkFXMzhaSkpIQUZUY2dUZk80biI7czo5OiJfcHJldmlvdXMiO2E6MTp7czozOiJ1cmwiO3M6Mjc6Imh0dHA6Ly8xNjEuOTcuMTc0LjIwL3B1YmxpYyI7fXM6NjoiX2ZsYXNoIjthOjI6e3M6Mzoib2xkIjthOjA6e31zOjM6Im5ldyI7YTowOnt9fX0=',1757407705),('SeJj1g9SBHQK3yycomtm6hoiEufiETbEGqol8nYS',1,'41.81.63.10','Mozilla/5.0 (Windows NT 10.0; Win64; x64) AppleWebKit/537.36 (KHTML, like Gecko) Chrome/140.0.0.0 Safari/537.36','YTo1OntzOjY6Il90b2tlbiI7czo0MDoiNVRGdU56UnVIWGU0dmRSVmZPbGgwRHZXcjlmRU44aFFMNmhteE4xVSI7czo5OiJfcHJldmlvdXMiO2E6MTp7czozOiJ1cmwiO3M6NDk6Imh0dHBzOi8vaGVyaXRhZ2Vncm91cC5jby5rZS9kb3dubG9hZC9jYUNydC9jYS5jcnQiO31zOjY6Il9mbGFzaCI7YToyOntzOjM6Im9sZCI7YTowOnt9czozOiJuZXciO2E6MDp7fX1zOjUwOiJsb2dpbl93ZWJfNTliYTM2YWRkYzJiMmY5NDAxNTgwZjAxNGM3ZjU4ZWE0ZTMwOTg5ZCI7aToxO3M6NDoiYXV0aCI7YToxOntzOjIxOiJwYXNzd29yZF9jb25maXJtZWRfYXQiO2k6MTc1NzQwNjcwMTt9fQ==',1757408735),('uf2m8ls51o1SCOarR9lk4TJTLieTeYnoMnYJCPcn',NULL,'43.166.255.122','Mozilla/5.0 (iPhone; CPU iPhone OS 13_2_3 like Mac OS X) AppleWebKit/605.1.15 (KHTML, like Gecko) Version/13.0.3 Mobile/15E148 Safari/604.1','YTozOntzOjY6Il90b2tlbiI7czo0MDoid1BYRTlQWWh6bmF0QnN3RDZaSXhaZk1KY2NrMnFsampwb3cyeGkzdCI7czo5OiJfcHJldmlvdXMiO2E6MTp7czozOiJ1cmwiO3M6MjY6Imh0dHA6Ly9oZXJpdGFnZWdyb3VwLmNvLmtlIjt9czo2OiJfZmxhc2giO2E6Mjp7czozOiJvbGQiO2E6MDp7fXM6MzoibmV3IjthOjA6e319fQ==',1757399698);

--
-- Table structure for table `sms_provider_requirements`
--

CREATE TABLE `sms_provider_requirements` (
  `id` bigint unsigned NOT NULL AUTO_INCREMENT,
  `sms_provider_id` bigint unsigned NOT NULL,
  `sms_requirement_id` bigint unsigned NOT NULL,
  `created_at` timestamp NULL DEFAULT NULL,
  `updated_at` timestamp NULL DEFAULT NULL,
  `deleted_at` timestamp NULL DEFAULT NULL,
  PRIMARY KEY (`id`),
  KEY `sms_provider_requirements_sms_provider_id_foreign` (`sms_provider_id`),
  KEY `sms_provider_requirements_sms_requirement_id_foreign` (`sms_requirement_id`),
  CONSTRAINT `sms_provider_requirements_sms_provider_id_foreign` FOREIGN KEY (`sms_provider_id`) REFERENCES `sms_providers` (`id`) ON DELETE CASCADE,
  CONSTRAINT `sms_provider_requirements_sms_requirement_id_foreign` FOREIGN KEY (`sms_requirement_id`) REFERENCES `sms_requirements` (`id`) ON DELETE CASCADE
) ENGINE=InnoDB AUTO_INCREMENT=9 DEFAULT CHARSET=utf8mb4 COLLATE=utf8mb4_unicode_ci;

--
-- Dumping data for table `sms_provider_requirements`
--

INSERT INTO `sms_provider_requirements` VALUES (1,1,1,'2025-08-03 19:10:04','2025-08-03 19:10:04',NULL),(2,1,3,'2025-08-03 19:10:04','2025-08-03 19:10:04',NULL),(3,1,4,'2025-08-03 19:10:04','2025-08-03 19:10:04',NULL),(4,2,1,'2025-08-03 19:10:04','2025-08-03 19:10:04',NULL),(5,2,5,'2025-08-03 19:10:04','2025-08-03 19:10:04',NULL),(6,2,2,'2025-08-03 19:10:04','2025-08-03 19:10:04',NULL),(7,4,1,'2025-08-03 19:10:04','2025-08-03 19:10:04',NULL),(8,4,2,'2025-08-03 19:10:04','2025-08-03 19:10:04',NULL);

--
-- Table structure for table `sms_providers`
--

CREATE TABLE `sms_providers` (
  `id` bigint unsigned NOT NULL AUTO_INCREMENT,
  `ref_no` varchar(191) COLLATE utf8mb4_unicode_ci NOT NULL,
  `name` varchar(191) COLLATE utf8mb4_unicode_ci NOT NULL,
  `status` int NOT NULL DEFAULT '1' COMMENT '0=inactive, 1=active',
  `created_at` timestamp NULL DEFAULT NULL,
  `updated_at` timestamp NULL DEFAULT NULL,
  `deleted_at` timestamp NULL DEFAULT NULL,
  PRIMARY KEY (`id`)
) ENGINE=InnoDB AUTO_INCREMENT=5 DEFAULT CHARSET=utf8mb4 COLLATE=utf8mb4_unicode_ci;

--
-- Dumping data for table `sms_providers`
--

INSERT INTO `sms_providers` VALUES (1,'1','Hostpinnacle',1,'2025-08-03 19:10:04','2025-08-03 19:10:04',NULL),(2,'2','Ujumbe SMS',1,'2025-08-03 19:10:04','2025-08-03 19:10:04',NULL),(3,'3','Africas Talking',1,'2025-08-03 19:10:04','2025-08-03 19:10:04',NULL),(4,'4','Talk Sasa',1,'2025-08-03 19:10:04','2025-08-03 19:10:04',NULL);

--
-- Table structure for table `sms_requirements`
--

CREATE TABLE `sms_requirements` (
  `id` bigint unsigned NOT NULL AUTO_INCREMENT,
  `name` varchar(191) COLLATE utf8mb4_unicode_ci NOT NULL,
  `input_field_name` varchar(191) COLLATE utf8mb4_unicode_ci NOT NULL,
  `created_at` timestamp NULL DEFAULT NULL,
  `updated_at` timestamp NULL DEFAULT NULL,
  `deleted_at` timestamp NULL DEFAULT NULL,
  PRIMARY KEY (`id`)
) ENGINE=InnoDB AUTO_INCREMENT=6 DEFAULT CHARSET=utf8mb4 COLLATE=utf8mb4_unicode_ci;

--
-- Dumping data for table `sms_requirements`
--

INSERT INTO `sms_requirements` VALUES (1,'Sender ID','sender_id','2025-08-03 19:10:04','2025-08-03 19:10:04',NULL),(2,'API Key','api_key','2025-08-03 19:10:04','2025-08-03 19:10:04',NULL),(3,'Sms User ID','sms_user_id','2025-08-03 19:10:04','2025-08-03 19:10:04',NULL),(4,'Password','password','2025-08-03 19:10:04','2025-08-03 19:10:04',NULL),(5,'Email','email','2025-08-03 19:10:04','2025-08-03 19:10:04',NULL);

--
-- Table structure for table `sms_template_types`
--

CREATE TABLE `sms_template_types` (
  `id` bigint unsigned NOT NULL AUTO_INCREMENT,
  `name` varchar(191) COLLATE utf8mb4_unicode_ci NOT NULL,
  `created_at` timestamp NULL DEFAULT NULL,
  `updated_at` timestamp NULL DEFAULT NULL,
  `deleted_at` timestamp NULL DEFAULT NULL,
  PRIMARY KEY (`id`)
) ENGINE=InnoDB AUTO_INCREMENT=13 DEFAULT CHARSET=utf8mb4 COLLATE=utf8mb4_unicode_ci;

--
-- Dumping data for table `sms_template_types`
--

INSERT INTO `sms_template_types` VALUES (1,'Upcoming plan/package expiry','2025-08-03 19:10:08','2025-08-03 19:10:08',NULL),(2,'Invoice notification','2025-08-03 19:10:08','2025-08-03 19:10:08',NULL),(3,'Payment confirmation','2025-08-03 19:10:08','2025-08-03 19:10:08',NULL),(4,'Payment reminder','2025-08-03 19:10:08','2025-08-03 19:10:08',NULL),(5,'Overdue payment warning','2025-08-03 19:10:08','2025-08-03 19:10:08',NULL),(6,'Service disconnection notice','2025-08-03 19:10:08','2025-08-03 19:10:08',NULL),(7,'Service restoration notification','2025-08-03 19:10:08','2025-08-03 19:10:08',NULL),(8,'New subscription confirmation','2025-08-03 19:10:08','2025-08-03 19:10:08',NULL),(9,'Plan upgrade or downgrade confirmation','2025-08-03 19:10:08','2025-08-03 19:10:08',NULL),(10,'Service maintenance notification','2025-08-03 19:10:08','2025-08-03 19:10:08',NULL),(11,'Service outage alert','2025-08-03 19:10:08','2025-08-03 19:10:08',NULL),(12,'Hotspot Plan Purchase','2025-08-03 19:10:08','2025-08-03 19:10:08',NULL);

--
-- Table structure for table `temporary_grouped_transactions`
--

CREATE TABLE `temporary_grouped_transactions` (
  `id` bigint unsigned NOT NULL AUTO_INCREMENT,
  `originator_conversation_id` varchar(191) COLLATE utf8mb4_unicode_ci NOT NULL,
  `grouped_transaction_id` int NOT NULL,
  `created_at` timestamp NULL DEFAULT NULL,
  `updated_at` timestamp NULL DEFAULT NULL,
  PRIMARY KEY (`id`)
) ENGINE=InnoDB DEFAULT CHARSET=utf8mb4 COLLATE=utf8mb4_unicode_ci;

--
-- Dumping data for table `temporary_grouped_transactions`
--


--
-- Table structure for table `temporary_transaction_checks`
--

CREATE TABLE `temporary_transaction_checks` (
  `id` bigint unsigned NOT NULL AUTO_INCREMENT,
  `company_service_plan_id` int DEFAULT NULL,
  `company_id` int DEFAULT NULL,
  `company_router_id` int DEFAULT NULL,
  `company_router_invoice_id` int DEFAULT NULL,
  `company_customer_id` int DEFAULT NULL,
  `mac_address` varchar(191) COLLATE utf8mb4_unicode_ci DEFAULT NULL,
  `checkout_id` varchar(191) COLLATE utf8mb4_unicode_ci NOT NULL,
  `amount` decimal(8,2) NOT NULL DEFAULT '0.00',
  `created_at` timestamp NULL DEFAULT NULL,
  `updated_at` timestamp NULL DEFAULT NULL,
  PRIMARY KEY (`id`)
) ENGINE=InnoDB AUTO_INCREMENT=733 DEFAULT CHARSET=utf8mb4 COLLATE=utf8mb4_unicode_ci;

--
-- Dumping data for table `temporary_transaction_checks`
--

INSERT INTO `temporary_transaction_checks` VALUES (1,6,NULL,NULL,NULL,NULL,'F6:2F:D5:3F:00:CE','046507',210.00,'2025-08-06 04:40:29','2025-08-06 04:40:29'),(2,6,NULL,NULL,NULL,NULL,'E8:B1:FC:9B:E3:7B','998553',210.00,'2025-08-06 18:32:33','2025-08-06 18:32:33'),(3,6,NULL,NULL,NULL,NULL,'16:54:CC:BC:13:7C','070146',210.00,'2025-08-06 19:59:25','2025-08-06 19:59:25'),(5,8,NULL,NULL,NULL,NULL,'C2:BC:EF:F6:65:29','918352',500.00,'2025-08-07 14:29:21','2025-08-07 14:29:21'),(6,9,NULL,NULL,NULL,NULL,'D4:67:D3:E3:17:BD','608888',1000.00,'2025-08-07 17:08:13','2025-08-07 17:08:13'),(7,9,NULL,NULL,NULL,NULL,'D4:67:D3:E3:17:BD','163593',1000.00,'2025-08-07 18:00:59','2025-08-07 18:00:59'),(9,8,NULL,NULL,NULL,NULL,'5E:32:CC:C1:11:35','995680',500.00,'2025-08-08 08:09:49','2025-08-08 08:09:49'),(11,9,NULL,NULL,NULL,NULL,'86:65:3C:6B:E1:84','586454',1000.00,'2025-08-08 21:53:41','2025-08-08 21:53:41'),(15,6,NULL,NULL,NULL,NULL,'72:4C:D3:24:6F:37','684402',210.00,'2025-08-10 11:52:17','2025-08-10 11:52:17'),(18,9,NULL,NULL,NULL,NULL,'86:65:3C:6B:E1:84','880636',1000.00,'2025-08-11 19:00:03','2025-08-11 19:00:03'),(20,9,NULL,NULL,NULL,NULL,'BE:9E:B9:04:25:17','410059',1000.00,'2025-08-13 19:39:06','2025-08-13 19:39:06'),(21,9,NULL,NULL,NULL,NULL,'BE:9E:B9:04:25:17','013420',1000.00,'2025-08-13 19:40:12','2025-08-13 19:40:12'),(23,7,NULL,NULL,NULL,NULL,'3A:C9:5E:87:3C:AA','964274',300.00,'2025-08-15 12:27:45','2025-08-15 12:27:45'),(25,8,NULL,NULL,NULL,NULL,'72:82:9F:D3:BA:72','228543',500.00,'2025-08-17 06:30:45','2025-08-17 06:30:45'),(26,9,NULL,NULL,NULL,NULL,'72:82:9F:D3:BA:72','040733',1000.00,'2025-08-17 06:32:48','2025-08-17 06:32:48'),(27,9,NULL,NULL,NULL,NULL,'72:82:9F:D3:BA:72','373924',1000.00,'2025-08-17 06:41:33','2025-08-17 06:41:33'),(28,9,NULL,NULL,NULL,NULL,'EA:58:A4:7A:3F:40','505401',1000.00,'2025-08-17 15:42:00','2025-08-17 15:42:00'),(29,6,NULL,NULL,NULL,NULL,'22:7F:8F:03:CE:EB','740885',210.00,'2025-08-17 15:42:42','2025-08-17 15:42:42'),(30,9,NULL,NULL,NULL,NULL,'EA:58:A4:7A:3F:40','713354',1000.00,'2025-08-17 15:43:07','2025-08-17 15:43:07'),(31,9,NULL,NULL,NULL,NULL,'86:65:3C:6B:E1:84','706706',1000.00,'2025-08-17 21:15:14','2025-08-17 21:15:14'),(32,9,NULL,NULL,NULL,NULL,'86:65:3C:6B:E1:84','933255',1000.00,'2025-08-17 21:16:49','2025-08-17 21:16:49'),(33,9,NULL,NULL,NULL,NULL,'BA:71:D2:D8:D2:D0','092509',1000.00,'2025-08-18 21:56:30','2025-08-18 21:56:30'),(34,8,NULL,NULL,NULL,NULL,'30:FC:EB:7A:0C:90','201884',500.00,'2025-08-19 09:08:32','2025-08-19 09:08:32'),(35,8,NULL,NULL,NULL,NULL,'20:2B:20:82:46:81','186315',500.00,'2025-08-19 09:33:30','2025-08-19 09:33:30'),(36,9,NULL,NULL,NULL,NULL,'EA:58:A4:7A:3F:40','416356',1000.00,'2025-08-19 12:57:38','2025-08-19 12:57:38'),(37,6,NULL,NULL,NULL,NULL,'CE:27:A9:53:A7:97','978587',210.00,'2025-08-19 15:40:10','2025-08-19 15:40:10'),(38,9,NULL,NULL,NULL,NULL,'72:82:9F:D3:BA:72','422101',1000.00,'2025-08-19 17:08:18','2025-08-19 17:08:18'),(39,24,NULL,NULL,NULL,NULL,'5A:90:84:47:BA:75','406449',2500.00,'2025-08-19 17:36:19','2025-08-19 17:36:19'),(40,24,NULL,NULL,NULL,NULL,'62:06:D0:8C:47:36','631740',2500.00,'2025-08-19 17:44:11','2025-08-19 17:44:11'),(41,24,NULL,NULL,NULL,NULL,'62:06:D0:8C:47:36','151565',2500.00,'2025-08-19 17:47:47','2025-08-19 17:47:47'),(42,7,NULL,NULL,NULL,NULL,'FE:96:EF:57:F0:70','545418',300.00,'2025-08-19 17:53:30','2025-08-19 17:53:30'),(43,6,NULL,NULL,NULL,NULL,'CE:74:22:E0:34:EE','641494',210.00,'2025-08-19 17:57:06','2025-08-19 17:57:06'),(44,9,NULL,NULL,NULL,NULL,'F6:15:EE:D6:C1:32','400618',1000.00,'2025-08-19 18:41:59','2025-08-19 18:41:59'),(45,7,NULL,NULL,NULL,NULL,'FE:96:EF:57:F0:70','571353',300.00,'2025-08-19 18:46:25','2025-08-19 18:46:25'),(46,23,NULL,NULL,NULL,NULL,'BE:1F:0E:C7:2C:2E','566876',15000.00,'2025-08-19 19:33:28','2025-08-19 19:33:28'),(47,23,NULL,NULL,NULL,NULL,'BE:1F:0E:C7:2C:2E','135696',15000.00,'2025-08-19 19:35:14','2025-08-19 19:35:14'),(48,23,NULL,NULL,NULL,NULL,'BE:1F:0E:C7:2C:2E','580077',15000.00,'2025-08-19 19:37:53','2025-08-19 19:37:53'),(49,9,NULL,NULL,NULL,NULL,'E6:12:A3:41:F4:AD','583196',1000.00,'2025-08-19 20:09:08','2025-08-19 20:09:08'),(50,9,NULL,NULL,NULL,NULL,'E6:12:A3:41:F4:AD','665552',1000.00,'2025-08-19 20:15:22','2025-08-19 20:15:22'),(51,6,NULL,NULL,NULL,NULL,'5A:18:AE:46:F0:9A','606383',210.00,'2025-08-19 20:31:12','2025-08-19 20:31:12'),(52,9,NULL,NULL,NULL,NULL,'E6:12:A3:41:F4:AD','951620',1000.00,'2025-08-19 20:40:37','2025-08-19 20:40:37'),(53,6,NULL,NULL,NULL,NULL,'7E:A5:C8:0E:3C:6A','666402',210.00,'2025-08-20 05:38:33','2025-08-20 05:38:33'),(54,8,NULL,NULL,NULL,NULL,'14:9F:3C:6B:96:77','798382',500.00,'2025-08-20 10:00:48','2025-08-20 10:00:48'),(55,9,NULL,NULL,NULL,NULL,'86:62:B2:00:7B:AC','340967',1000.00,'2025-08-20 12:57:26','2025-08-20 12:57:26'),(56,9,NULL,NULL,NULL,NULL,'86:62:B2:00:7B:AC','802864',1000.00,'2025-08-20 12:58:38','2025-08-20 12:58:38'),(57,8,NULL,NULL,NULL,NULL,'86:62:B2:00:7B:AC','092136',500.00,'2025-08-20 12:59:40','2025-08-20 12:59:40'),(58,9,NULL,NULL,NULL,NULL,'86:62:B2:00:7B:AC','000439',1000.00,'2025-08-20 13:00:47','2025-08-20 13:00:47'),(59,9,NULL,NULL,NULL,NULL,'86:62:B2:00:7B:AC','796661',1000.00,'2025-08-20 13:02:24','2025-08-20 13:02:24'),(60,8,NULL,NULL,NULL,NULL,'86:62:B2:00:7B:AC','817977',500.00,'2025-08-20 13:09:17','2025-08-20 13:09:17'),(61,8,NULL,NULL,NULL,NULL,'F2:50:95:0B:4B:27','172820',500.00,'2025-08-20 13:09:33','2025-08-20 13:09:33'),(62,8,NULL,NULL,NULL,NULL,'86:62:B2:00:7B:AC','346349',500.00,'2025-08-20 13:11:22','2025-08-20 13:11:22'),(63,8,NULL,NULL,NULL,NULL,'86:62:B2:00:7B:AC','174631',500.00,'2025-08-20 13:27:28','2025-08-20 13:27:28'),(64,9,NULL,NULL,NULL,NULL,'86:62:B2:00:7B:AC','758317',1000.00,'2025-08-20 13:30:07','2025-08-20 13:30:07'),(65,9,NULL,NULL,NULL,NULL,'0A:00:F5:20:D1:35','995988',1000.00,'2025-08-20 18:05:52','2025-08-20 18:05:52'),(66,9,NULL,NULL,NULL,NULL,'0A:00:F5:20:D1:35','658164',1000.00,'2025-08-20 18:10:03','2025-08-20 18:10:03'),(67,8,NULL,NULL,NULL,NULL,'5A:22:D6:25:36:E9','072790',500.00,'2025-08-20 18:25:35','2025-08-20 18:25:35'),(68,7,NULL,NULL,NULL,NULL,'CC:C0:79:8D:5E:35','198983',300.00,'2025-08-20 18:59:07','2025-08-20 18:59:07'),(69,9,NULL,NULL,NULL,NULL,'30:FC:EB:7A:0C:90','693194',1000.00,'2025-08-20 19:15:34','2025-08-20 19:15:34'),(70,9,NULL,NULL,NULL,NULL,'12:9B:F6:38:BA:E8','633183',1000.00,'2025-08-20 19:42:05','2025-08-20 19:42:05'),(71,9,NULL,NULL,NULL,NULL,'52:F8:FB:F8:E8:C6','478091',1000.00,'2025-08-20 19:46:17','2025-08-20 19:46:17'),(72,9,NULL,NULL,NULL,NULL,'12:9B:F6:38:BA:E8','801707',1000.00,'2025-08-20 19:51:26','2025-08-20 19:51:26'),(73,8,NULL,NULL,NULL,NULL,'CC:C0:79:8D:5E:35','516750',500.00,'2025-08-20 19:57:34','2025-08-20 19:57:34'),(74,7,NULL,NULL,NULL,NULL,'CC:C0:79:8D:5E:35','267320',300.00,'2025-08-20 20:00:12','2025-08-20 20:00:12'),(75,6,NULL,NULL,NULL,NULL,'1A:A9:97:24:0B:BF','994514',210.00,'2025-08-20 20:37:40','2025-08-20 20:37:40'),(76,6,NULL,NULL,NULL,NULL,'CA:CD:25:B3:8E:2B','069648',210.00,'2025-08-20 20:38:38','2025-08-20 20:38:38'),(77,9,NULL,NULL,NULL,NULL,'BE:FD:23:A1:58:ED','202311',1000.00,'2025-08-21 06:29:51','2025-08-21 06:29:51'),(78,8,NULL,NULL,NULL,NULL,'14:9F:3C:6B:96:77','030361',500.00,'2025-08-21 08:21:59','2025-08-21 08:21:59'),(79,8,NULL,NULL,NULL,NULL,'14:9F:3C:6B:96:77','243147',500.00,'2025-08-21 08:23:42','2025-08-21 08:23:42'),(80,8,NULL,NULL,NULL,NULL,'14:9F:3C:6B:96:77','163183',500.00,'2025-08-21 08:28:42','2025-08-21 08:28:42'),(81,7,NULL,NULL,NULL,NULL,'14:9F:3C:6B:96:77','932383',300.00,'2025-08-21 08:29:47','2025-08-21 08:29:47'),(82,8,NULL,NULL,NULL,NULL,'F2:14:5F:EE:3E:9B','472785',500.00,'2025-08-21 08:49:16','2025-08-21 08:49:16'),(83,8,NULL,NULL,NULL,NULL,'5A:22:D6:25:36:E9','098143',500.00,'2025-08-21 14:46:55','2025-08-21 14:46:55'),(84,8,NULL,NULL,NULL,NULL,'5A:22:D6:25:36:E9','551030',500.00,'2025-08-21 14:55:58','2025-08-21 14:55:58'),(85,8,NULL,NULL,NULL,NULL,'D4:67:D3:E3:17:BD','837890',500.00,'2025-08-21 16:13:23','2025-08-21 16:13:23'),(86,9,NULL,NULL,NULL,NULL,'D4:67:D3:E3:17:BD','866912',1000.00,'2025-08-21 16:16:11','2025-08-21 16:16:11'),(87,6,NULL,NULL,NULL,NULL,'7E:A5:C8:0E:3C:6A','219563',210.00,'2025-08-21 16:46:49','2025-08-21 16:46:49'),(88,8,NULL,NULL,NULL,NULL,'5A:22:D6:25:36:E9','758165',500.00,'2025-08-21 16:48:13','2025-08-21 16:48:13'),(89,8,NULL,NULL,NULL,NULL,'B2:24:D4:B2:3D:2D','359336',500.00,'2025-08-21 16:57:02','2025-08-21 16:57:02'),(90,8,NULL,NULL,NULL,NULL,'7E:A5:C8:0E:3C:6A','378712',500.00,'2025-08-21 16:58:13','2025-08-21 16:58:13'),(91,8,NULL,NULL,NULL,NULL,'7E:A5:C8:0E:3C:6A','410917',500.00,'2025-08-21 16:59:08','2025-08-21 16:59:08'),(92,8,NULL,NULL,NULL,NULL,'B2:24:D4:B2:3D:2D','187762',500.00,'2025-08-21 16:59:53','2025-08-21 16:59:53'),(93,26,NULL,NULL,NULL,NULL,'7E:A5:C8:0E:3C:6A','653469',7000.00,'2025-08-21 17:01:26','2025-08-21 17:01:26'),(94,8,NULL,NULL,NULL,NULL,'B2:24:D4:B2:3D:2D','982679',500.00,'2025-08-21 17:01:31','2025-08-21 17:01:31'),(95,8,NULL,NULL,NULL,NULL,'B2:24:D4:B2:3D:2D','513114',500.00,'2025-08-21 17:04:43','2025-08-21 17:04:43'),(96,8,NULL,NULL,NULL,NULL,'62:98:4F:47:C4:C9','015445',500.00,'2025-08-21 17:24:37','2025-08-21 17:24:37'),(97,8,NULL,NULL,NULL,NULL,'62:98:4F:47:C4:C9','434649',500.00,'2025-08-21 17:28:05','2025-08-21 17:28:05'),(98,8,NULL,NULL,NULL,NULL,'62:98:4F:47:C4:C9','465660',500.00,'2025-08-21 17:30:46','2025-08-21 17:30:46'),(99,8,NULL,NULL,NULL,NULL,'62:98:4F:47:C4:C9','429603',500.00,'2025-08-21 17:34:31','2025-08-21 17:34:31'),(100,8,NULL,NULL,NULL,NULL,'BE:B0:28:C2:D3:11','124047',500.00,'2025-08-21 17:40:48','2025-08-21 17:40:48'),(101,6,NULL,NULL,NULL,NULL,'06:9C:BA:9D:B1:E8','237769',210.00,'2025-08-21 18:03:42','2025-08-21 18:03:42'),(102,8,NULL,NULL,NULL,NULL,'CC:C0:79:8D:5E:35','949862',500.00,'2025-08-21 18:54:25','2025-08-21 18:54:25'),(103,26,NULL,NULL,NULL,NULL,'30:FC:EB:7A:0C:90','162886',7000.00,'2025-08-21 19:27:52','2025-08-21 19:27:52'),(104,8,NULL,NULL,NULL,NULL,'D6:12:9E:9D:91:0E','746427',500.00,'2025-08-21 19:37:38','2025-08-21 19:37:38'),(105,8,NULL,NULL,NULL,NULL,'14:9F:3C:6B:96:77','128942',500.00,'2025-08-21 19:49:23','2025-08-21 19:49:23'),(106,9,NULL,NULL,NULL,NULL,'0A:00:F5:20:D1:35','230315',1000.00,'2025-08-21 20:22:01','2025-08-21 20:22:01'),(107,8,NULL,NULL,NULL,NULL,'A2:E1:BA:8D:59:00','363486',500.00,'2025-08-22 06:45:38','2025-08-22 06:45:38'),(108,7,NULL,NULL,NULL,NULL,'5A:22:D6:25:36:E9','500624',300.00,'2025-08-22 07:24:39','2025-08-22 07:24:39'),(109,8,NULL,NULL,NULL,NULL,'14:9F:3C:6B:96:77','414063',500.00,'2025-08-22 10:13:26','2025-08-22 10:13:26'),(110,6,NULL,NULL,NULL,NULL,'7E:A5:C8:0E:3C:6A','973417',210.00,'2025-08-22 17:18:26','2025-08-22 17:18:26'),(111,9,NULL,NULL,NULL,NULL,'FE:96:EF:57:F0:70','564350',1000.00,'2025-08-22 17:26:11','2025-08-22 17:26:11'),(112,8,NULL,NULL,NULL,NULL,'5A:22:D6:25:36:E9','091414',500.00,'2025-08-22 18:59:54','2025-08-22 18:59:54'),(113,8,NULL,NULL,NULL,NULL,'F2:65:ED:BF:19:CD','246425',500.00,'2025-08-22 20:55:57','2025-08-22 20:55:57'),(114,8,NULL,NULL,NULL,NULL,'CC:C0:79:8D:5E:35','369937',500.00,'2025-08-22 21:30:02','2025-08-22 21:30:02'),(115,9,NULL,NULL,NULL,NULL,'0A:00:F5:20:D1:35','327234',1000.00,'2025-08-22 22:41:17','2025-08-22 22:41:17'),(116,7,NULL,NULL,NULL,NULL,'0A:00:F5:20:D1:35','836406',300.00,'2025-08-22 22:46:31','2025-08-22 22:46:31'),(117,6,NULL,NULL,NULL,NULL,'60:70:72:60:6A:C2','388319',210.00,'2025-08-22 23:20:13','2025-08-22 23:20:13'),(118,9,NULL,NULL,NULL,NULL,'4E:ED:DD:40:F3:A1','996468',1000.00,'2025-08-23 09:25:46','2025-08-23 09:25:46'),(119,24,NULL,NULL,NULL,NULL,'0A:00:F5:20:D1:35','540841',2500.00,'2025-08-23 12:30:39','2025-08-23 12:30:39'),(120,24,NULL,NULL,NULL,NULL,'0A:00:F5:20:D1:35','885814',2500.00,'2025-08-23 12:31:33','2025-08-23 12:31:33'),(121,24,NULL,NULL,NULL,NULL,'0A:00:F5:20:D1:35','282302',2500.00,'2025-08-23 12:31:36','2025-08-23 12:31:36'),(122,24,NULL,NULL,NULL,NULL,'0A:00:F5:20:D1:35','259503',2500.00,'2025-08-23 12:31:43','2025-08-23 12:31:43'),(123,24,NULL,NULL,NULL,NULL,'0A:00:F5:20:D1:35','522009',2500.00,'2025-08-23 12:32:26','2025-08-23 12:32:26'),(124,24,NULL,NULL,NULL,NULL,'0A:00:F5:20:D1:35','767316',2500.00,'2025-08-23 12:32:29','2025-08-23 12:32:29'),(125,24,NULL,NULL,NULL,NULL,'0A:00:F5:20:D1:35','556775',2500.00,'2025-08-23 12:32:33','2025-08-23 12:32:33'),(126,24,NULL,NULL,NULL,NULL,'0A:00:F5:20:D1:35','500414',2500.00,'2025-08-23 12:34:33','2025-08-23 12:34:33'),(127,24,NULL,NULL,NULL,NULL,'0A:00:F5:20:D1:35','109184',2500.00,'2025-08-23 12:34:36','2025-08-23 12:34:36'),(128,24,NULL,NULL,NULL,NULL,'0A:00:F5:20:D1:35','526822',2500.00,'2025-08-23 12:34:39','2025-08-23 12:34:39'),(129,9,NULL,NULL,NULL,NULL,'0A:00:F5:20:D1:35','842173',1000.00,'2025-08-23 12:35:16','2025-08-23 12:35:16'),(130,6,NULL,NULL,NULL,NULL,'D0:2A:AA:90:40:ED','280551',210.00,'2025-08-23 14:26:13','2025-08-23 14:26:13'),(131,6,NULL,NULL,NULL,NULL,'7E:A5:C8:0E:3C:6A','718557',210.00,'2025-08-23 16:39:08','2025-08-23 16:39:08'),(132,8,NULL,NULL,NULL,NULL,'F2:65:ED:BF:19:CD','924733',500.00,'2025-08-23 20:59:29','2025-08-23 20:59:29'),(133,7,NULL,NULL,NULL,NULL,'1E:1B:E0:50:5B:19','224566',300.00,'2025-08-24 04:03:34','2025-08-24 04:03:34'),(134,6,NULL,NULL,NULL,NULL,'1E:1B:E0:50:5B:19','594460',210.00,'2025-08-24 04:04:34','2025-08-24 04:04:34'),(135,6,NULL,NULL,NULL,NULL,'90:56:FC:DF:4A:E3','596434',210.00,'2025-08-24 07:15:26','2025-08-24 07:15:26'),(136,8,NULL,NULL,NULL,NULL,'5E:AB:0F:45:E5:21','577406',500.00,'2025-08-24 07:53:21','2025-08-24 07:53:21'),(137,8,NULL,NULL,NULL,NULL,'3E:A5:2D:34:21:C5','680604',500.00,'2025-08-24 08:24:03','2025-08-24 08:24:03'),(138,9,NULL,NULL,NULL,NULL,'16:E1:96:3C:2C:14','793156',1000.00,'2025-08-24 09:04:02','2025-08-24 09:04:02'),(139,7,NULL,NULL,NULL,NULL,'A6:85:AC:A3:94:CF','492517',300.00,'2025-08-24 09:27:55','2025-08-24 09:27:55'),(140,6,NULL,NULL,NULL,NULL,'A6:85:AC:A3:94:CF','402396',210.00,'2025-08-24 09:29:38','2025-08-24 09:29:38'),(141,9,NULL,NULL,NULL,NULL,'0E:C6:C3:E7:72:DB','156062',1000.00,'2025-08-24 13:11:18','2025-08-24 13:11:18'),(142,6,NULL,NULL,NULL,NULL,'2A:D7:59:12:C1:90','831234',210.00,'2025-08-24 15:34:15','2025-08-24 15:34:15'),(143,9,NULL,NULL,NULL,NULL,'5A:18:AE:46:F0:9A','580563',1000.00,'2025-08-24 17:57:20','2025-08-24 17:57:20'),(144,7,NULL,NULL,NULL,NULL,'F0:C7:45:88:DC:5D','691296',300.00,'2025-08-24 18:38:57','2025-08-24 18:38:57'),(145,7,NULL,NULL,NULL,NULL,'FC:AA:B6:3B:A0:48','301904',300.00,'2025-08-24 21:25:34','2025-08-24 21:25:34'),(146,7,NULL,NULL,NULL,NULL,'0A:00:F5:20:D1:35','274492',300.00,'2025-08-24 22:33:56','2025-08-24 22:33:56'),(147,8,NULL,NULL,NULL,NULL,'F2:65:ED:BF:19:CD','093513',500.00,'2025-08-24 22:36:13','2025-08-24 22:36:13'),(148,9,NULL,NULL,NULL,NULL,'66:BB:53:AB:22:4E','790430',1000.00,'2025-08-25 17:17:13','2025-08-25 17:17:13'),(149,8,NULL,NULL,NULL,NULL,'66:BB:53:AB:22:4E','639650',500.00,'2025-08-25 17:19:35','2025-08-25 17:19:35'),(150,8,NULL,NULL,NULL,NULL,'0E:06:50:49:08:C6','832104',500.00,'2025-08-25 17:19:43','2025-08-25 17:19:43'),(151,8,NULL,NULL,NULL,NULL,'0E:32:DD:A2:B3:84','629536',500.00,'2025-08-25 17:21:15','2025-08-25 17:21:15'),(152,9,NULL,NULL,NULL,NULL,'0E:32:DD:A2:B3:84','198458',1000.00,'2025-08-25 17:22:06','2025-08-25 17:22:06'),(153,9,NULL,NULL,NULL,NULL,'42:B6:CB:A6:FE:13','232501',1000.00,'2025-08-25 17:32:11','2025-08-25 17:32:11'),(154,8,NULL,NULL,NULL,NULL,'14:9F:3C:6B:96:77','364169',500.00,'2025-08-25 18:07:50','2025-08-25 18:07:50'),(155,8,NULL,NULL,NULL,NULL,'3E:A5:2D:34:21:C5','164429',500.00,'2025-08-25 18:27:58','2025-08-25 18:27:58'),(156,6,NULL,NULL,NULL,NULL,'0E:06:50:49:08:C6','337251',210.00,'2025-08-25 19:11:22','2025-08-25 19:11:22'),(157,9,NULL,NULL,NULL,NULL,'0E:06:50:49:08:C6','265677',1000.00,'2025-08-25 19:13:42','2025-08-25 19:13:42'),(158,6,NULL,NULL,NULL,NULL,'0E:06:50:49:08:C6','684657',210.00,'2025-08-25 19:14:42','2025-08-25 19:14:42'),(159,9,NULL,NULL,NULL,NULL,'0E:06:50:49:08:C6','950655',1000.00,'2025-08-25 19:15:38','2025-08-25 19:15:38'),(160,8,NULL,NULL,NULL,NULL,'FC:AA:B6:3B:A0:48','063636',500.00,'2025-08-25 20:53:38','2025-08-25 20:53:38'),(161,8,NULL,NULL,NULL,NULL,'F2:65:ED:BF:19:CD','678837',500.00,'2025-08-25 20:55:53','2025-08-25 20:55:53'),(162,8,NULL,NULL,NULL,NULL,'FC:AA:B6:3B:A0:48','485614',500.00,'2025-08-25 20:58:38','2025-08-25 20:58:38'),(163,8,NULL,NULL,NULL,NULL,'42:B6:CB:A6:FE:13','247889',500.00,'2025-08-26 12:03:24','2025-08-26 12:03:24'),(164,8,NULL,NULL,NULL,NULL,'5A:22:D6:25:36:E9','281061',500.00,'2025-08-26 14:50:55','2025-08-26 14:50:55'),(165,27,NULL,NULL,NULL,NULL,'82:B2:02:1D:E5:B8','212741',500.00,'2025-08-26 17:50:22','2025-08-26 17:50:22'),(166,27,NULL,NULL,NULL,NULL,'82:B2:02:1D:E5:B8','594517',500.00,'2025-08-26 17:51:22','2025-08-26 17:51:22'),(167,27,NULL,NULL,NULL,NULL,'82:B2:02:1D:E5:B8','943673',500.00,'2025-08-26 17:51:29','2025-08-26 17:51:29'),(168,27,NULL,NULL,NULL,NULL,'82:B2:02:1D:E5:B8','718710',500.00,'2025-08-26 17:51:34','2025-08-26 17:51:34'),(169,27,NULL,NULL,NULL,NULL,'82:B2:02:1D:E5:B8','717515',500.00,'2025-08-26 17:52:25','2025-08-26 17:52:25'),(170,36,NULL,NULL,NULL,NULL,'50:9A:4C:26:30:57','450158',8000.00,'2025-08-26 18:59:08','2025-08-26 18:59:08'),(171,8,NULL,NULL,NULL,NULL,'3E:A5:2D:34:21:C5','991841',500.00,'2025-08-26 19:10:11','2025-08-26 19:10:11'),(172,9,NULL,NULL,NULL,NULL,'42:BE:94:8E:99:FF','476738',1000.00,'2025-08-26 19:38:25','2025-08-26 19:38:25'),(173,38,NULL,NULL,NULL,NULL,'22:63:D2:CA:34:F3','398601',500.00,'2025-08-26 19:52:38','2025-08-26 19:52:38'),(174,39,NULL,NULL,NULL,NULL,'22:63:D2:CA:34:F3','630708',1000.00,'2025-08-26 19:54:02','2025-08-26 19:54:02'),(175,40,NULL,NULL,NULL,NULL,'22:63:D2:CA:34:F3','218373',5000.00,'2025-08-26 20:01:25','2025-08-26 20:01:25'),(176,38,NULL,NULL,NULL,NULL,'22:63:D2:CA:34:F3','396310',500.00,'2025-08-26 20:02:43','2025-08-26 20:02:43'),(177,38,NULL,NULL,NULL,NULL,'E2:23:F3:B5:17:BF','785888',500.00,'2025-08-26 20:04:39','2025-08-26 20:04:39'),(178,38,NULL,NULL,NULL,NULL,'82:B2:02:1D:E5:B8','790684',500.00,'2025-08-26 20:15:18','2025-08-26 20:15:18'),(179,40,NULL,NULL,NULL,NULL,'82:B2:02:1D:E5:B8','594457',5000.00,'2025-08-26 20:17:11','2025-08-26 20:17:11'),(180,8,NULL,NULL,NULL,NULL,'02:C0:AF:A7:33:40','191090',500.00,'2025-08-26 20:35:06','2025-08-26 20:35:06'),(181,8,NULL,NULL,NULL,NULL,'02:C0:AF:A7:33:40','484323',500.00,'2025-08-26 20:36:54','2025-08-26 20:36:54'),(182,8,NULL,NULL,NULL,NULL,'F2:65:ED:BF:19:CD','651226',500.00,'2025-08-26 20:44:17','2025-08-26 20:44:17'),(183,39,NULL,NULL,NULL,NULL,'82:B2:02:1D:E5:B8','983728',1000.00,'2025-08-26 20:49:45','2025-08-26 20:49:45'),(184,7,NULL,NULL,NULL,NULL,'F2:94:94:28:61:0A','537486',300.00,'2025-08-26 21:16:51','2025-08-26 21:16:51'),(185,6,NULL,NULL,NULL,NULL,'DE:C9:D5:36:F6:CE','044294',210.00,'2025-08-26 21:32:38','2025-08-26 21:32:38'),(186,26,NULL,NULL,NULL,NULL,'D6:23:01:B5:97:58','934000',7000.00,'2025-08-26 21:32:39','2025-08-26 21:32:39'),(187,8,NULL,NULL,NULL,NULL,'14:9F:3C:6B:96:77','967878',500.00,'2025-08-27 07:57:16','2025-08-27 07:57:16'),(188,8,NULL,NULL,NULL,NULL,'14:9F:3C:6B:96:77','258284',500.00,'2025-08-27 08:00:02','2025-08-27 08:00:02'),(189,7,NULL,NULL,NULL,NULL,'14:9F:3C:6B:96:77','996326',300.00,'2025-08-27 08:02:28','2025-08-27 08:02:28'),(190,38,NULL,NULL,NULL,NULL,'82:B2:02:1D:E5:B8','768142',500.00,'2025-08-27 08:55:25','2025-08-27 08:55:25'),(191,39,NULL,NULL,NULL,NULL,'22:63:D2:CA:34:F3','372001',1000.00,'2025-08-27 09:01:28','2025-08-27 09:01:28'),(192,40,NULL,NULL,NULL,NULL,'A2:84:7A:6A:65:C0','438871',5000.00,'2025-08-27 10:41:18','2025-08-27 10:41:18'),(193,39,NULL,NULL,NULL,NULL,'C2:14:39:F6:BE:64','051418',1000.00,'2025-08-27 10:41:41','2025-08-27 10:41:41'),(194,39,NULL,NULL,NULL,NULL,'A2:ED:93:63:1B:07','501012',1000.00,'2025-08-27 10:46:00','2025-08-27 10:46:00'),(195,39,NULL,NULL,NULL,NULL,'C2:14:39:F6:BE:64','068047',1000.00,'2025-08-27 10:47:31','2025-08-27 10:47:31'),(196,38,NULL,NULL,NULL,NULL,'C6:50:3F:D4:A6:76','252716',500.00,'2025-08-27 10:58:28','2025-08-27 10:58:28'),(197,39,NULL,NULL,NULL,NULL,'BA:FE:60:FB:62:6D','609856',1000.00,'2025-08-27 11:08:04','2025-08-27 11:08:04'),(198,38,NULL,NULL,NULL,NULL,'D4:38:9C:39:B2:30','726118',500.00,'2025-08-27 11:08:43','2025-08-27 11:08:43'),(199,38,NULL,NULL,NULL,NULL,'D4:38:9C:39:B2:30','788469',500.00,'2025-08-27 13:04:39','2025-08-27 13:04:39'),(200,38,NULL,NULL,NULL,NULL,'D4:38:9C:39:B2:30','097698',500.00,'2025-08-27 13:06:26','2025-08-27 13:06:26'),(201,38,NULL,NULL,NULL,NULL,'D4:38:9C:39:B2:30','552328',500.00,'2025-08-27 13:08:44','2025-08-27 13:08:44'),(202,38,NULL,NULL,NULL,NULL,'D4:38:9C:39:B2:30','971790',500.00,'2025-08-27 13:10:48','2025-08-27 13:10:48'),(203,38,NULL,NULL,NULL,NULL,'6E:1C:29:B1:62:47','957989',500.00,'2025-08-27 13:48:08','2025-08-27 13:48:08'),(204,6,NULL,NULL,NULL,NULL,'42:B6:CB:A6:FE:13','258068',210.00,'2025-08-27 14:39:12','2025-08-27 14:39:12'),(205,39,NULL,NULL,NULL,NULL,'A2:BA:54:80:E6:F0','523587',1000.00,'2025-08-27 17:07:33','2025-08-27 17:07:33'),(206,8,NULL,NULL,NULL,NULL,'5A:22:D6:25:36:E9','341224',500.00,'2025-08-27 17:34:36','2025-08-27 17:34:36'),(207,38,NULL,NULL,NULL,NULL,'D2:98:B5:52:54:DF','608258',500.00,'2025-08-27 17:46:05','2025-08-27 17:46:05'),(208,38,NULL,NULL,NULL,NULL,'D2:98:B5:52:54:DF','621893',500.00,'2025-08-27 17:53:42','2025-08-27 17:53:42'),(209,8,NULL,NULL,NULL,NULL,'CE:42:78:C4:E6:C9','802912',500.00,'2025-08-27 20:00:50','2025-08-27 20:00:50'),(210,8,NULL,NULL,NULL,NULL,'D6:12:9E:9D:91:0E','329466',500.00,'2025-08-27 20:03:22','2025-08-27 20:03:22'),(211,8,NULL,NULL,NULL,NULL,'D6:12:9E:9D:91:0E','050355',500.00,'2025-08-27 20:04:46','2025-08-27 20:04:46'),(212,8,NULL,NULL,NULL,NULL,'D6:12:9E:9D:91:0E','142624',500.00,'2025-08-27 20:08:09','2025-08-27 20:08:09'),(213,8,NULL,NULL,NULL,NULL,'02:C0:AF:A7:33:40','832478',500.00,'2025-08-27 20:32:32','2025-08-27 20:32:32'),(214,8,NULL,NULL,NULL,NULL,'3E:A5:2D:34:21:C5','988660',500.00,'2025-08-27 20:40:17','2025-08-27 20:40:17'),(215,9,NULL,NULL,NULL,NULL,'86:65:3C:6B:E1:84','800593',1000.00,'2025-08-27 23:25:10','2025-08-27 23:25:10'),(216,39,NULL,NULL,NULL,NULL,'A2:ED:93:63:1B:07','350839',1000.00,'2025-08-28 10:55:46','2025-08-28 10:55:46'),(217,8,NULL,NULL,NULL,NULL,'14:9F:3C:6B:96:77','711204',500.00,'2025-08-28 11:46:45','2025-08-28 11:46:45'),(222,9,NULL,NULL,NULL,NULL,'76:B4:55:80:75:CE','392335',1000.00,'2025-08-28 19:02:30','2025-08-28 19:02:30'),(226,8,NULL,NULL,NULL,NULL,'BE:B3:CB:9E:09:DC','642413',500.00,'2025-08-28 21:02:07','2025-08-28 21:02:07'),(231,9,NULL,NULL,NULL,NULL,'8E:CC:F9:80:BC:C7','799672',1000.00,'2025-08-29 07:09:48','2025-08-29 07:09:48'),(232,9,NULL,NULL,NULL,NULL,'8E:CC:F9:80:BC:C7','748127',1000.00,'2025-08-29 07:11:40','2025-08-29 07:11:40'),(233,39,NULL,NULL,NULL,NULL,'FE:0C:B3:5D:CE:B7','726438',1000.00,'2025-08-29 09:05:12','2025-08-29 09:05:12'),(235,38,NULL,NULL,NULL,NULL,'7A:39:BF:E7:E7:A8','724174',500.00,'2025-08-29 11:17:28','2025-08-29 11:17:28'),(237,8,NULL,NULL,NULL,NULL,'0E:32:DD:A2:B3:84','575913',500.00,'2025-08-29 12:22:42','2025-08-29 12:22:42'),(238,8,NULL,NULL,NULL,NULL,'0E:32:DD:A2:B3:84','037484',500.00,'2025-08-29 12:24:40','2025-08-29 12:24:40'),(239,8,NULL,NULL,NULL,NULL,'66:BB:53:AB:22:4E','354623',500.00,'2025-08-29 12:25:55','2025-08-29 12:25:55'),(240,8,NULL,NULL,NULL,NULL,'66:BB:53:AB:22:4E','818936',500.00,'2025-08-29 12:28:48','2025-08-29 12:28:48'),(241,6,NULL,NULL,NULL,NULL,'66:BB:53:AB:22:4E','620560',210.00,'2025-08-29 12:31:56','2025-08-29 12:31:56'),(243,9,NULL,NULL,NULL,NULL,'BE:B3:CB:9E:09:DC','786167',1000.00,'2025-08-29 12:38:47','2025-08-29 12:38:47'),(244,8,NULL,NULL,NULL,NULL,'DA:CB:3F:CA:8C:AE','244858',500.00,'2025-08-29 12:42:11','2025-08-29 12:42:11'),(245,8,NULL,NULL,NULL,NULL,'BE:B3:CB:9E:09:DC','531972',500.00,'2025-08-29 12:43:25','2025-08-29 12:43:25'),(248,6,NULL,NULL,NULL,NULL,'D2:04:68:63:50:42','938987',210.00,'2025-08-29 13:28:10','2025-08-29 13:28:10'),(250,8,NULL,NULL,NULL,NULL,'32:01:77:6B:D5:45','261180',500.00,'2025-08-29 14:21:17','2025-08-29 14:21:17'),(256,8,NULL,NULL,NULL,NULL,'42:B6:CB:A6:FE:13','575609',500.00,'2025-08-29 19:33:40','2025-08-29 19:33:40'),(258,7,NULL,NULL,NULL,NULL,'C6:C2:9D:CB:45:91','494153',300.00,'2025-08-29 20:30:42','2025-08-29 20:30:42'),(260,8,NULL,NULL,NULL,NULL,'02:C0:AF:A7:33:40','992403',500.00,'2025-08-29 21:14:04','2025-08-29 21:14:04'),(261,8,NULL,NULL,NULL,NULL,'02:C0:AF:A7:33:40','714852',500.00,'2025-08-29 21:14:47','2025-08-29 21:14:47'),(263,6,NULL,NULL,NULL,NULL,'32:01:77:6B:D5:45','147710',210.00,'2025-08-30 06:04:37','2025-08-30 06:04:37'),(264,6,NULL,NULL,NULL,NULL,'52:79:1D:E2:BB:02','340214',210.00,'2025-08-30 06:07:53','2025-08-30 06:07:53'),(268,8,NULL,NULL,NULL,NULL,'BE:B3:CB:9E:09:DC','525118',500.00,'2025-08-30 09:02:00','2025-08-30 09:02:00'),(271,9,NULL,NULL,NULL,NULL,'F6:15:EE:D6:C1:32','420328',1000.00,'2025-08-30 09:49:11','2025-08-30 09:49:11'),(274,9,NULL,NULL,NULL,NULL,'E2:CA:F4:73:20:C8','853181',1000.00,'2025-08-30 16:23:39','2025-08-30 16:23:39'),(279,8,NULL,NULL,NULL,NULL,'C6:C2:9D:CB:45:91','834756',500.00,'2025-08-31 05:20:09','2025-08-31 05:20:09'),(280,9,NULL,NULL,NULL,NULL,'16:E1:96:3C:2C:14','605455',1000.00,'2025-08-31 06:17:42','2025-08-31 06:17:42'),(281,9,NULL,NULL,NULL,NULL,'74:C1:7D:15:5A:9A','970356',1000.00,'2025-08-31 08:29:12','2025-08-31 08:29:12'),(282,9,NULL,NULL,NULL,NULL,'74:C1:7D:15:5A:9A','934713',1000.00,'2025-08-31 08:30:18','2025-08-31 08:30:18'),(285,39,NULL,NULL,NULL,NULL,'AA:22:0D:55:91:D7','998631',1000.00,'2025-08-31 10:40:01','2025-08-31 10:40:01'),(291,7,NULL,NULL,NULL,NULL,'8E:21:2C:35:94:48','597051',300.00,'2025-08-31 13:00:04','2025-08-31 13:00:04'),(294,9,NULL,NULL,NULL,NULL,'9A:0E:0A:D3:60:5E','719030',1000.00,'2025-08-31 16:11:29','2025-08-31 16:11:29'),(295,6,NULL,NULL,NULL,NULL,'2A:D7:59:12:C1:90','732626',210.00,'2025-08-31 17:10:29','2025-08-31 17:10:29'),(296,8,NULL,NULL,NULL,NULL,'FC:AA:B6:3B:A0:48','252046',500.00,'2025-08-31 17:47:43','2025-08-31 17:47:43'),(297,8,NULL,NULL,NULL,NULL,'FC:AA:B6:3B:A0:48','904794',500.00,'2025-08-31 17:51:15','2025-08-31 17:51:15'),(298,8,NULL,NULL,NULL,NULL,'FC:AA:B6:3B:A0:48','671848',500.00,'2025-08-31 17:55:48','2025-08-31 17:55:48'),(299,8,NULL,NULL,NULL,NULL,'FC:AA:B6:3B:A0:48','753859',500.00,'2025-08-31 17:58:39','2025-08-31 17:58:39'),(300,7,NULL,NULL,NULL,NULL,'FC:AA:B6:3B:A0:48','933783',300.00,'2025-08-31 18:00:05','2025-08-31 18:00:05'),(302,9,NULL,NULL,NULL,NULL,'42:B6:CB:A6:FE:13','926858',1000.00,'2025-08-31 18:19:09','2025-08-31 18:19:09'),(303,9,NULL,NULL,NULL,NULL,'FE:54:93:3B:80:42','926632',1000.00,'2025-08-31 18:21:07','2025-08-31 18:21:07'),(304,6,NULL,NULL,NULL,NULL,'2A:D7:59:12:C1:90','343354',210.00,'2025-08-31 18:44:39','2025-08-31 18:44:39'),(305,6,NULL,NULL,NULL,NULL,'FE:4C:C7:F9:76:78','188173',210.00,'2025-08-31 18:45:07','2025-08-31 18:45:07'),(306,9,NULL,NULL,NULL,NULL,'10:3F:44:60:C7:32','632868',1000.00,'2025-08-31 19:03:03','2025-08-31 19:03:03'),(309,6,NULL,NULL,NULL,NULL,'4E:63:7D:67:95:A8','009045',210.00,'2025-08-31 20:10:25','2025-08-31 20:10:25'),(310,7,NULL,NULL,NULL,NULL,'82:75:18:2D:C9:ED','611132',300.00,'2025-08-31 20:46:17','2025-08-31 20:46:17'),(313,8,NULL,NULL,NULL,NULL,'FC:AA:B6:3B:A0:48','068383',500.00,'2025-08-31 22:38:09','2025-08-31 22:38:09'),(314,8,NULL,NULL,NULL,NULL,'FC:AA:B6:3B:A0:48','684089',500.00,'2025-08-31 22:40:05','2025-08-31 22:40:05'),(317,6,NULL,NULL,NULL,NULL,'52:79:1D:E2:BB:02','757497',210.00,'2025-09-01 06:17:28','2025-09-01 06:17:28'),(319,7,NULL,NULL,NULL,NULL,'FE:06:92:FA:87:6B','258846',300.00,'2025-09-01 06:51:22','2025-09-01 06:51:22'),(321,44,NULL,NULL,NULL,NULL,'C6:F2:E7:AB:DB:E5','477982',200.00,'2025-09-01 08:22:59','2025-09-01 08:22:59'),(323,40,NULL,NULL,NULL,NULL,'BA:C8:C0:76:B0:F5','452423',5000.00,'2025-09-01 08:32:15','2025-09-01 08:32:15'),(324,52,NULL,NULL,NULL,NULL,'D0:F8:65:55:BE:78','860203',1000.00,'2025-09-01 08:38:24','2025-09-01 08:38:24'),(325,52,NULL,NULL,NULL,NULL,'D0:F8:65:55:BE:78','210026',1000.00,'2025-09-01 08:39:47','2025-09-01 08:39:47'),(327,9,NULL,NULL,NULL,NULL,'16:90:94:94:7D:93','223671',1000.00,'2025-09-01 10:09:59','2025-09-01 10:09:59'),(336,54,NULL,NULL,NULL,NULL,'62:CE:DD:1A:A7:3C','445924',2000.00,'2025-09-01 12:50:47','2025-09-01 12:50:47'),(339,52,NULL,NULL,NULL,NULL,'06:E0:47:00:C7:45','958893',1000.00,'2025-09-01 13:50:30','2025-09-01 13:50:30'),(340,47,NULL,NULL,NULL,NULL,'06:E0:47:00:C7:45','758626',500.00,'2025-09-01 13:54:02','2025-09-01 13:54:02'),(344,8,NULL,NULL,NULL,NULL,'A6:FE:2D:DE:CA:43','692732',500.00,'2025-09-01 15:20:54','2025-09-01 15:20:54'),(345,7,NULL,NULL,NULL,NULL,'A6:FE:2D:DE:CA:43','629480',300.00,'2025-09-01 15:24:01','2025-09-01 15:24:01'),(349,8,NULL,NULL,NULL,NULL,'82:75:18:2D:C9:ED','179134',500.00,'2025-09-01 16:42:18','2025-09-01 16:42:18'),(350,7,NULL,NULL,NULL,NULL,'82:75:18:2D:C9:ED','147568',300.00,'2025-09-01 16:44:49','2025-09-01 16:44:49'),(351,6,NULL,NULL,NULL,NULL,'82:75:18:2D:C9:ED','220332',210.00,'2025-09-01 16:46:35','2025-09-01 16:46:35'),(352,7,NULL,NULL,NULL,NULL,'06:18:57:F1:B9:90','919137',300.00,'2025-09-01 17:14:09','2025-09-01 17:14:09'),(354,9,NULL,NULL,NULL,NULL,'30:FC:EB:7A:0C:90','026804',1000.00,'2025-09-01 18:15:17','2025-09-01 18:15:17'),(355,44,NULL,NULL,NULL,NULL,'EE:48:7F:A1:D6:71','758010',200.00,'2025-09-01 18:16:49','2025-09-01 18:16:49'),(356,6,NULL,NULL,NULL,NULL,'4E:63:7D:67:95:A8','423566',210.00,'2025-09-01 18:35:00','2025-09-01 18:35:00'),(357,6,NULL,NULL,NULL,NULL,'4E:63:7D:67:95:A8','238394',210.00,'2025-09-01 18:36:01','2025-09-01 18:36:01'),(358,6,NULL,NULL,NULL,NULL,'20:26:81:EC:2E:02','179666',210.00,'2025-09-01 18:36:05','2025-09-01 18:36:05'),(359,6,NULL,NULL,NULL,NULL,'4E:63:7D:67:95:A8','418294',210.00,'2025-09-01 18:37:02','2025-09-01 18:37:02'),(360,6,NULL,NULL,NULL,NULL,'4E:63:7D:67:95:A8','159376',210.00,'2025-09-01 18:39:23','2025-09-01 18:39:23'),(361,6,NULL,NULL,NULL,NULL,'20:26:81:EC:2E:02','370250',210.00,'2025-09-01 18:39:52','2025-09-01 18:39:52'),(362,6,NULL,NULL,NULL,NULL,'20:26:81:EC:2E:02','219753',210.00,'2025-09-01 18:41:34','2025-09-01 18:41:34'),(363,6,NULL,NULL,NULL,NULL,'FE:02:BF:6C:60:89','920869',210.00,'2025-09-01 18:43:18','2025-09-01 18:43:18'),(364,6,NULL,NULL,NULL,NULL,'4E:63:7D:67:95:A8','397248',210.00,'2025-09-01 19:07:12','2025-09-01 19:07:12'),(371,9,NULL,NULL,NULL,NULL,'4E:63:7D:67:95:A8','949080',1000.00,'2025-09-01 22:16:28','2025-09-01 22:16:28'),(373,9,NULL,NULL,NULL,NULL,'86:87:D5:B9:81:15','142702',1000.00,'2025-09-02 06:46:11','2025-09-02 06:46:11'),(374,8,NULL,NULL,NULL,NULL,'86:87:D5:B9:81:15','301901',500.00,'2025-09-02 06:48:20','2025-09-02 06:48:20'),(375,8,NULL,NULL,NULL,NULL,'86:87:D5:B9:81:15','428142',500.00,'2025-09-02 06:50:22','2025-09-02 06:50:22'),(376,9,NULL,NULL,NULL,NULL,'86:87:D5:B9:81:15','087289',1000.00,'2025-09-02 06:51:29','2025-09-02 06:51:29'),(377,8,NULL,NULL,NULL,NULL,'86:87:D5:B9:81:15','496924',500.00,'2025-09-02 06:52:51','2025-09-02 06:52:51'),(378,8,NULL,NULL,NULL,NULL,'E6:94:D2:8C:72:72','522073',500.00,'2025-09-02 06:55:14','2025-09-02 06:55:14'),(379,9,NULL,NULL,NULL,NULL,'86:87:D5:B9:81:15','284755',1000.00,'2025-09-02 07:03:33','2025-09-02 07:03:33'),(380,10,NULL,NULL,NULL,NULL,'86:87:D5:B9:81:15','440425',5000.00,'2025-09-02 07:05:30','2025-09-02 07:05:30'),(381,8,NULL,NULL,NULL,NULL,'86:87:D5:B9:81:15','448724',500.00,'2025-09-02 07:06:57','2025-09-02 07:06:57'),(382,8,NULL,NULL,NULL,NULL,'E6:94:D2:8C:72:72','328924',500.00,'2025-09-02 07:07:50','2025-09-02 07:07:50'),(385,8,NULL,NULL,NULL,NULL,'86:87:D5:B9:81:15','373988',500.00,'2025-09-02 07:36:22','2025-09-02 07:36:22'),(386,9,NULL,NULL,NULL,NULL,'E2:CA:F4:73:20:C8','895641',1000.00,'2025-09-02 07:41:52','2025-09-02 07:41:52'),(387,9,NULL,NULL,NULL,NULL,'E2:CA:F4:73:20:C8','269692',1000.00,'2025-09-02 07:44:49','2025-09-02 07:44:49'),(389,9,NULL,NULL,NULL,NULL,'E2:CA:F4:73:20:C8','427473',1000.00,'2025-09-02 08:14:53','2025-09-02 08:14:53'),(390,44,NULL,NULL,NULL,NULL,'EA:31:B8:21:8D:26','513956',200.00,'2025-09-02 08:57:06','2025-09-02 08:57:06'),(391,8,NULL,NULL,NULL,NULL,'66:BB:53:AB:22:4E','387032',500.00,'2025-09-02 08:57:46','2025-09-02 08:57:46'),(394,47,NULL,NULL,NULL,NULL,'3C:57:6C:9D:5C:3B','613761',500.00,'2025-09-02 09:53:34','2025-09-02 09:53:34'),(395,47,NULL,NULL,NULL,NULL,'3C:57:6C:9D:5C:3B','621642',500.00,'2025-09-02 09:53:46','2025-09-02 09:53:46'),(396,47,NULL,NULL,NULL,NULL,'3C:57:6C:9D:5C:3B','505894',500.00,'2025-09-02 09:54:06','2025-09-02 09:54:06'),(397,47,NULL,NULL,NULL,NULL,'3C:57:6C:9D:5C:3B','728941',500.00,'2025-09-02 09:54:44','2025-09-02 09:54:44'),(401,6,NULL,NULL,NULL,NULL,'C2:48:65:4F:7C:BD','760613',210.00,'2025-09-02 12:27:11','2025-09-02 12:27:11'),(406,6,NULL,NULL,NULL,NULL,'3E:52:30:57:D8:D4','516421',210.00,'2025-09-02 15:35:44','2025-09-02 15:35:44'),(407,6,NULL,NULL,NULL,NULL,'86:66:FB:B5:73:00','906570',210.00,'2025-09-02 15:38:56','2025-09-02 15:38:56'),(408,6,NULL,NULL,NULL,NULL,'7E:A5:C8:0E:3C:6A','941024',210.00,'2025-09-02 16:31:41','2025-09-02 16:31:41'),(413,9,NULL,NULL,NULL,NULL,'14:9F:3C:6B:96:77','205629',1000.00,'2025-09-02 19:10:34','2025-09-02 19:10:34'),(414,6,NULL,NULL,NULL,NULL,'C6:82:84:09:10:28','898669',210.00,'2025-09-02 19:12:17','2025-09-02 19:12:17'),(416,7,NULL,NULL,NULL,NULL,'82:75:18:2D:C9:ED','106085',300.00,'2025-09-02 19:17:46','2025-09-02 19:17:46'),(418,8,NULL,NULL,NULL,NULL,'C2:08:B3:A8:F9:28','220151',500.00,'2025-09-02 19:29:17','2025-09-02 19:29:17'),(419,8,NULL,NULL,NULL,NULL,'82:75:18:2D:C9:ED','294308',500.00,'2025-09-02 19:29:21','2025-09-02 19:29:21'),(420,6,NULL,NULL,NULL,NULL,'C2:08:B3:A8:F9:28','710943',210.00,'2025-09-02 19:31:04','2025-09-02 19:31:04'),(421,8,NULL,NULL,NULL,NULL,'82:75:18:2D:C9:ED','492229',500.00,'2025-09-02 19:31:15','2025-09-02 19:31:15'),(422,7,NULL,NULL,NULL,NULL,'82:75:18:2D:C9:ED','104079',300.00,'2025-09-02 19:32:57','2025-09-02 19:32:57'),(424,8,NULL,NULL,NULL,NULL,'2E:86:96:AC:FF:06','219605',500.00,'2025-09-02 20:05:25','2025-09-02 20:05:25'),(425,8,NULL,NULL,NULL,NULL,'2E:86:96:AC:FF:06','732111',500.00,'2025-09-02 20:09:06','2025-09-02 20:09:06'),(426,8,NULL,NULL,NULL,NULL,'2E:86:96:AC:FF:06','386308',500.00,'2025-09-02 20:10:33','2025-09-02 20:10:33'),(429,9,NULL,NULL,NULL,NULL,'4E:3D:13:06:1F:4B','458902',1000.00,'2025-09-02 20:53:12','2025-09-02 20:53:12'),(430,9,NULL,NULL,NULL,NULL,'4E:3D:13:06:1F:4B','352835',1000.00,'2025-09-02 20:55:29','2025-09-02 20:55:29'),(431,9,NULL,NULL,NULL,NULL,'4E:3D:13:06:1F:4B','792287',1000.00,'2025-09-02 20:56:06','2025-09-02 20:56:06'),(433,9,NULL,NULL,NULL,NULL,'A0:CC:2B:B3:51:BB','924120',1000.00,'2025-09-02 21:38:04','2025-09-02 21:38:04'),(440,8,NULL,NULL,NULL,NULL,'F2:14:5F:EE:3E:9B','229121',500.00,'2025-09-03 06:46:40','2025-09-03 06:46:40'),(443,9,NULL,NULL,NULL,NULL,'CC:3D:82:C5:53:E6','289324',1000.00,'2025-09-03 08:46:20','2025-09-03 08:46:20'),(445,9,NULL,NULL,NULL,NULL,'E2:CA:F4:73:20:C8','465578',1000.00,'2025-09-03 09:11:13','2025-09-03 09:11:13'),(446,9,NULL,NULL,NULL,NULL,'BE:D8:5E:B0:49:F7','874639',1000.00,'2025-09-03 09:13:36','2025-09-03 09:13:36'),(447,8,NULL,NULL,NULL,NULL,'96:D4:9F:81:4D:92','762196',500.00,'2025-09-03 10:59:20','2025-09-03 10:59:20'),(448,8,NULL,NULL,NULL,NULL,'FE:54:93:3B:80:42','245299',500.00,'2025-09-03 11:03:07','2025-09-03 11:03:07'),(449,8,NULL,NULL,NULL,NULL,'FE:54:93:3B:80:42','158616',500.00,'2025-09-03 11:09:43','2025-09-03 11:09:43'),(450,8,NULL,NULL,NULL,NULL,'FE:54:93:3B:80:42','064416',500.00,'2025-09-03 11:40:28','2025-09-03 11:40:28'),(452,8,NULL,NULL,NULL,NULL,'FE:54:93:3B:80:42','152501',500.00,'2025-09-03 11:52:28','2025-09-03 11:52:28'),(453,8,NULL,NULL,NULL,NULL,'FE:54:93:3B:80:42','002330',500.00,'2025-09-03 11:54:00','2025-09-03 11:54:00'),(456,6,NULL,NULL,NULL,NULL,'92:85:32:EB:61:BE','816854',210.00,'2025-09-03 13:42:44','2025-09-03 13:42:44'),(457,6,NULL,NULL,NULL,NULL,'92:85:32:EB:61:BE','079627',210.00,'2025-09-03 13:43:54','2025-09-03 13:43:54'),(458,6,NULL,NULL,NULL,NULL,'92:85:32:EB:61:BE','296170',210.00,'2025-09-03 13:46:12','2025-09-03 13:46:12'),(464,9,NULL,NULL,NULL,NULL,'66:BB:53:AB:22:4E','958938',1000.00,'2025-09-03 17:56:45','2025-09-03 17:56:45'),(474,7,NULL,NULL,NULL,NULL,'82:75:18:2D:C9:ED','767383',300.00,'2025-09-03 20:04:06','2025-09-03 20:04:06'),(476,8,NULL,NULL,NULL,NULL,'82:75:18:2D:C9:ED','255468',500.00,'2025-09-03 20:07:08','2025-09-03 20:07:08'),(477,8,NULL,NULL,NULL,NULL,'82:75:18:2D:C9:ED','206454',500.00,'2025-09-03 20:08:51','2025-09-03 20:08:51'),(478,7,NULL,NULL,NULL,NULL,'9A:0E:0A:D3:60:5E','946263',300.00,'2025-09-03 20:12:58','2025-09-03 20:12:58'),(480,7,NULL,NULL,NULL,NULL,'9A:0E:0A:D3:60:5E','439901',300.00,'2025-09-03 20:16:47','2025-09-03 20:16:47'),(482,8,NULL,NULL,NULL,NULL,'DA:CB:3F:CA:8C:AE','878729',500.00,'2025-09-03 20:18:13','2025-09-03 20:18:13'),(484,9,NULL,NULL,NULL,NULL,'B2:C2:DD:A2:16:D9','613775',1000.00,'2025-09-03 20:47:37','2025-09-03 20:47:37'),(485,7,NULL,NULL,NULL,NULL,'B2:C2:DD:A2:16:D9','193246',300.00,'2025-09-03 20:49:25','2025-09-03 20:49:25'),(486,7,NULL,NULL,NULL,NULL,'B2:C2:DD:A2:16:D9','618213',300.00,'2025-09-03 20:52:14','2025-09-03 20:52:14'),(489,9,NULL,NULL,NULL,NULL,'30:FC:EB:7A:0C:90','167748',1000.00,'2025-09-04 01:29:38','2025-09-04 01:29:38'),(492,6,NULL,NULL,NULL,NULL,'B2:C2:DD:A2:16:D9','769544',210.00,'2025-09-04 08:07:58','2025-09-04 08:07:58'),(495,9,NULL,NULL,NULL,NULL,'08:ED:9D:3D:31:A6','004608',1000.00,'2025-09-04 08:52:11','2025-09-04 08:52:11'),(500,7,NULL,NULL,NULL,NULL,'C6:59:82:AA:84:89','286422',300.00,'2025-09-04 13:50:07','2025-09-04 13:50:07'),(502,9,NULL,NULL,NULL,NULL,'42:B6:CB:A6:FE:13','925000',1000.00,'2025-09-04 14:50:16','2025-09-04 14:50:16'),(504,7,NULL,NULL,NULL,NULL,'42:48:80:8D:93:A4','473237',300.00,'2025-09-04 15:01:57','2025-09-04 15:01:57'),(512,6,NULL,NULL,NULL,NULL,'74:C1:7D:15:5A:9A','058614',210.00,'2025-09-04 16:42:59','2025-09-04 16:42:59'),(514,8,NULL,NULL,NULL,NULL,'22:F0:CA:D5:AF:FC','939197',500.00,'2025-09-04 16:56:17','2025-09-04 16:56:17'),(515,7,NULL,NULL,NULL,NULL,'22:F0:CA:D5:AF:FC','495354',300.00,'2025-09-04 16:58:07','2025-09-04 16:58:07'),(516,6,NULL,NULL,NULL,NULL,'98:6F:60:F2:49:83','574457',210.00,'2025-09-04 17:04:39','2025-09-04 17:04:39'),(517,6,NULL,NULL,NULL,NULL,'98:6F:60:F2:49:83','114473',210.00,'2025-09-04 17:10:52','2025-09-04 17:10:52'),(519,6,NULL,NULL,NULL,NULL,'98:6F:60:F2:49:83','950394',210.00,'2025-09-04 17:15:52','2025-09-04 17:15:52'),(520,6,NULL,NULL,NULL,NULL,'98:6F:60:F2:49:83','662754',210.00,'2025-09-04 17:17:17','2025-09-04 17:17:17'),(521,8,NULL,NULL,NULL,NULL,'98:6F:60:F2:49:83','757580',500.00,'2025-09-04 17:23:18','2025-09-04 17:23:18'),(522,7,NULL,NULL,NULL,NULL,'98:6F:60:F2:49:83','007956',300.00,'2025-09-04 17:26:01','2025-09-04 17:26:01'),(523,8,NULL,NULL,NULL,NULL,'FE:06:92:FA:87:6B','594458',500.00,'2025-09-04 17:42:06','2025-09-04 17:42:06'),(524,8,NULL,NULL,NULL,NULL,'FE:06:92:FA:87:6B','241438',500.00,'2025-09-04 17:44:35','2025-09-04 17:44:35'),(526,10,NULL,NULL,NULL,NULL,'D6:12:9E:9D:91:0E','432972',5000.00,'2025-09-04 17:55:37','2025-09-04 17:55:37'),(528,8,NULL,NULL,NULL,NULL,'D6:12:9E:9D:91:0E','624912',500.00,'2025-09-04 18:01:07','2025-09-04 18:01:07'),(534,8,NULL,NULL,NULL,NULL,'FC:AA:B6:3B:A0:48','320014',500.00,'2025-09-04 20:20:42','2025-09-04 20:20:42'),(538,8,NULL,NULL,NULL,NULL,'3E:A5:2D:34:21:C5','075493',500.00,'2025-09-04 21:48:08','2025-09-04 21:48:08'),(543,6,NULL,NULL,NULL,NULL,'B2:08:B4:45:AA:47','830552',210.00,'2025-09-05 08:59:26','2025-09-05 08:59:26'),(545,6,NULL,NULL,NULL,NULL,'86:87:D5:B9:81:15','404713',210.00,'2025-09-05 10:00:19','2025-09-05 10:00:19'),(548,6,NULL,NULL,NULL,NULL,'36:C9:AA:48:C9:18','629744',210.00,'2025-09-05 11:10:39','2025-09-05 11:10:39'),(550,8,NULL,NULL,NULL,NULL,'6E:86:6A:C0:08:FA','250926',500.00,'2025-09-05 12:14:02','2025-09-05 12:14:02'),(552,9,NULL,NULL,NULL,NULL,'26:21:0C:1C:E5:48','129101',1000.00,'2025-09-05 13:00:27','2025-09-05 13:00:27'),(553,6,NULL,NULL,NULL,NULL,'92:85:32:EB:61:BE','844080',210.00,'2025-09-05 13:05:40','2025-09-05 13:05:40'),(554,9,NULL,NULL,NULL,NULL,'26:21:0C:1C:E5:48','549427',1000.00,'2025-09-05 13:06:15','2025-09-05 13:06:15'),(555,8,NULL,NULL,NULL,NULL,'D4:67:D3:E3:17:BD','269653',500.00,'2025-09-05 13:08:58','2025-09-05 13:08:58'),(556,9,NULL,NULL,NULL,NULL,'14:9F:3C:6B:96:77','488448',1000.00,'2025-09-05 13:45:00','2025-09-05 13:45:00'),(558,8,NULL,NULL,NULL,NULL,'F2:65:ED:BF:19:CD','434830',500.00,'2025-09-05 14:06:03','2025-09-05 14:06:03'),(559,8,NULL,NULL,NULL,NULL,'D4:67:D3:E3:17:BD','992848',500.00,'2025-09-05 14:29:34','2025-09-05 14:29:34'),(560,8,NULL,NULL,NULL,NULL,'10:3F:44:60:C7:32','347306',500.00,'2025-09-05 14:33:41','2025-09-05 14:33:41'),(562,9,NULL,NULL,NULL,NULL,'FA:0A:7A:6C:91:F4','954579',1000.00,'2025-09-05 14:59:39','2025-09-05 14:59:39'),(565,7,NULL,NULL,NULL,NULL,'42:48:80:8D:93:A4','029682',300.00,'2025-09-05 15:53:21','2025-09-05 15:53:21'),(566,7,NULL,NULL,NULL,NULL,'92:A1:9C:9F:90:B5','177376',300.00,'2025-09-05 16:15:36','2025-09-05 16:15:36'),(567,7,NULL,NULL,NULL,NULL,'92:A1:9C:9F:90:B5','887922',300.00,'2025-09-05 16:19:06','2025-09-05 16:19:06'),(568,7,NULL,NULL,NULL,NULL,'42:48:80:8D:93:A4','473872',300.00,'2025-09-05 16:23:05','2025-09-05 16:23:05'),(569,7,NULL,NULL,NULL,NULL,'92:A1:9C:9F:90:B5','182934',300.00,'2025-09-05 16:27:31','2025-09-05 16:27:31'),(570,7,NULL,NULL,NULL,NULL,'92:A1:9C:9F:90:B5','238179',300.00,'2025-09-05 16:29:28','2025-09-05 16:29:28'),(571,8,NULL,NULL,NULL,NULL,'FE:06:92:FA:87:6B','753913',500.00,'2025-09-05 18:12:36','2025-09-05 18:12:36'),(572,9,NULL,NULL,NULL,NULL,'EE:27:90:CF:93:40','164536',1000.00,'2025-09-05 18:42:30','2025-09-05 18:42:30'),(573,8,NULL,NULL,NULL,NULL,'F6:D1:00:86:57:E6','434195',500.00,'2025-09-05 18:43:44','2025-09-05 18:43:44'),(574,8,NULL,NULL,NULL,NULL,'F6:D1:00:86:57:E6','656101',500.00,'2025-09-05 18:55:18','2025-09-05 18:55:18'),(576,9,NULL,NULL,NULL,NULL,'D4:67:D3:E3:17:BD','690433',1000.00,'2025-09-05 19:17:12','2025-09-05 19:17:12'),(577,9,NULL,NULL,NULL,NULL,'D4:67:D3:E3:17:BD','374100',1000.00,'2025-09-05 19:18:49','2025-09-05 19:18:49'),(578,10,NULL,NULL,NULL,NULL,'16:90:94:94:7D:93','345079',5000.00,'2025-09-05 19:19:07','2025-09-05 19:19:07'),(579,8,NULL,NULL,NULL,NULL,'FE:06:92:FA:87:6B','900593',500.00,'2025-09-05 19:19:31','2025-09-05 19:19:31'),(580,8,NULL,NULL,NULL,NULL,'D4:67:D3:E3:17:BD','984494',500.00,'2025-09-05 19:20:51','2025-09-05 19:20:51'),(581,10,NULL,NULL,NULL,NULL,'16:90:94:94:7D:93','571890',5000.00,'2025-09-05 19:21:08','2025-09-05 19:21:08'),(582,9,NULL,NULL,NULL,NULL,'FE:06:92:FA:87:6B','071400',1000.00,'2025-09-05 19:21:44','2025-09-05 19:21:44'),(587,7,NULL,NULL,NULL,NULL,'0A:00:F5:20:D1:35','455226',300.00,'2025-09-05 22:04:31','2025-09-05 22:04:31'),(588,7,NULL,NULL,NULL,NULL,'0A:00:F5:20:D1:35','430446',300.00,'2025-09-05 22:05:24','2025-09-05 22:05:24'),(589,7,NULL,NULL,NULL,NULL,'0A:00:F5:20:D1:35','341126',300.00,'2025-09-05 22:06:44','2025-09-05 22:06:44'),(596,59,NULL,NULL,NULL,NULL,'F0:1F:AF:43:46:02','752769',1000.00,'2025-09-06 10:28:56','2025-09-06 10:28:56'),(597,59,NULL,NULL,NULL,NULL,'F0:1F:AF:43:46:02','123399',1000.00,'2025-09-06 10:29:55','2025-09-06 10:29:55'),(601,9,NULL,NULL,NULL,NULL,'2E:86:96:AC:FF:06','818822',1000.00,'2025-09-06 12:05:27','2025-09-06 12:05:27'),(605,7,NULL,NULL,NULL,NULL,'42:48:80:8D:93:A4','035815',300.00,'2025-09-06 13:19:18','2025-09-06 13:19:18'),(608,9,NULL,NULL,NULL,NULL,'9A:0E:0A:D3:60:5E','283640',1000.00,'2025-09-06 17:01:01','2025-09-06 17:01:01'),(610,23,NULL,NULL,NULL,NULL,'4E:37:21:D1:E9:69','982067',15000.00,'2025-09-06 17:10:18','2025-09-06 17:10:18'),(611,8,NULL,NULL,NULL,NULL,'0A:15:74:AF:16:87','532916',500.00,'2025-09-06 17:50:19','2025-09-06 17:50:19'),(612,7,NULL,NULL,NULL,NULL,'0A:15:74:AF:16:87','059154',300.00,'2025-09-06 17:52:41','2025-09-06 17:52:41'),(613,7,NULL,NULL,NULL,NULL,'22:F0:CA:D5:AF:FC','647772',300.00,'2025-09-06 18:05:35','2025-09-06 18:05:35'),(615,6,NULL,NULL,NULL,NULL,'3A:13:89:8C:B7:66','025855',210.00,'2025-09-06 18:16:21','2025-09-06 18:16:21'),(621,8,NULL,NULL,NULL,NULL,'3E:A5:2D:34:21:C5','725241',500.00,'2025-09-06 19:37:15','2025-09-06 19:37:15'),(622,7,NULL,NULL,NULL,NULL,'C6:82:84:09:10:28','129782',300.00,'2025-09-06 19:47:35','2025-09-06 19:47:35'),(625,7,NULL,NULL,NULL,NULL,'9A:0E:0A:D3:60:5E','137778',300.00,'2025-09-06 20:22:45','2025-09-06 20:22:45'),(626,6,NULL,NULL,NULL,NULL,'9A:0E:0A:D3:60:5E','101648',210.00,'2025-09-06 20:23:58','2025-09-06 20:23:58'),(627,8,NULL,NULL,NULL,NULL,'F2:65:ED:BF:19:CD','371440',500.00,'2025-09-06 20:49:46','2025-09-06 20:49:46'),(628,8,NULL,NULL,NULL,NULL,'F2:65:ED:BF:19:CD','881600',500.00,'2025-09-06 20:52:21','2025-09-06 20:52:21'),(630,8,NULL,NULL,NULL,NULL,'FE:06:92:FA:87:6B','734831',500.00,'2025-09-06 21:03:06','2025-09-06 21:03:06'),(631,8,NULL,NULL,NULL,NULL,'FE:06:92:FA:87:6B','543007',500.00,'2025-09-06 21:04:56','2025-09-06 21:04:56'),(632,8,NULL,NULL,NULL,NULL,'FE:06:92:FA:87:6B','392350',500.00,'2025-09-06 21:09:16','2025-09-06 21:09:16'),(633,8,NULL,NULL,NULL,NULL,'FE:06:92:FA:87:6B','139247',500.00,'2025-09-06 21:22:39','2025-09-06 21:22:39'),(635,8,NULL,NULL,NULL,NULL,'4E:AC:71:9B:AA:D8','570919',500.00,'2025-09-06 22:16:04','2025-09-06 22:16:04'),(636,8,NULL,NULL,NULL,NULL,'FA:EE:D5:8C:58:74','459201',500.00,'2025-09-06 22:17:45','2025-09-06 22:17:45'),(637,8,NULL,NULL,NULL,NULL,'4E:AC:71:9B:AA:D8','906762',500.00,'2025-09-06 22:19:09','2025-09-06 22:19:09'),(638,8,NULL,NULL,NULL,NULL,'FA:EE:D5:8C:58:74','029415',500.00,'2025-09-06 22:20:43','2025-09-06 22:20:43'),(639,8,NULL,NULL,NULL,NULL,'FA:EE:D5:8C:58:74','798804',500.00,'2025-09-06 22:22:40','2025-09-06 22:22:40'),(641,8,NULL,NULL,NULL,NULL,'F2:65:ED:BF:19:CD','316227',500.00,'2025-09-07 03:30:40','2025-09-07 03:30:40'),(645,6,NULL,NULL,NULL,NULL,'98:6F:60:F2:49:83','139863',210.00,'2025-09-07 06:46:05','2025-09-07 06:46:05'),(648,6,NULL,NULL,NULL,NULL,'44:91:60:EA:98:8E','427305',210.00,'2025-09-07 10:14:14','2025-09-07 10:14:14'),(651,10,NULL,NULL,NULL,NULL,'BE:B3:CB:9E:09:DC','101057',5000.00,'2025-09-07 10:46:51','2025-09-07 10:46:51'),(652,8,NULL,NULL,NULL,NULL,'5A:89:1E:4F:60:20','838115',500.00,'2025-09-07 10:51:37','2025-09-07 10:51:37'),(653,8,NULL,NULL,NULL,NULL,'BE:B3:CB:9E:09:DC','149085',500.00,'2025-09-07 10:56:54','2025-09-07 10:56:54'),(655,8,NULL,NULL,NULL,NULL,'5A:89:1E:4F:60:20','665093',500.00,'2025-09-07 11:11:46','2025-09-07 11:11:46'),(657,8,NULL,NULL,NULL,NULL,'5A:89:1E:4F:60:20','879217',500.00,'2025-09-07 11:12:34','2025-09-07 11:12:34'),(659,8,NULL,NULL,NULL,NULL,'82:75:18:2D:C9:ED','428447',500.00,'2025-09-07 13:51:52','2025-09-07 13:51:52'),(660,8,NULL,NULL,NULL,NULL,'9A:0E:0A:D3:60:5E','196591',500.00,'2025-09-07 13:52:43','2025-09-07 13:52:43'),(664,7,NULL,NULL,NULL,NULL,'9A:0E:0A:D3:60:5E','431661',300.00,'2025-09-07 16:28:30','2025-09-07 16:28:30'),(665,7,NULL,NULL,NULL,NULL,'9A:0E:0A:D3:60:5E','014698',300.00,'2025-09-07 16:30:27','2025-09-07 16:30:27'),(666,7,NULL,NULL,NULL,NULL,'9A:0E:0A:D3:60:5E','041865',300.00,'2025-09-07 16:35:02','2025-09-07 16:35:02'),(667,7,NULL,NULL,NULL,NULL,'9A:0E:0A:D3:60:5E','971495',300.00,'2025-09-07 16:36:23','2025-09-07 16:36:23'),(668,8,NULL,NULL,NULL,NULL,'9A:0E:0A:D3:60:5E','908369',500.00,'2025-09-07 16:41:14','2025-09-07 16:41:14'),(672,8,NULL,NULL,NULL,NULL,'2E:02:FF:6E:4D:83','674139',500.00,'2025-09-07 17:49:02','2025-09-07 17:49:02'),(678,8,NULL,NULL,NULL,NULL,'82:75:18:2D:C9:ED','192251',500.00,'2025-09-07 19:09:02','2025-09-07 19:09:02'),(679,8,NULL,NULL,NULL,NULL,'9A:0E:0A:D3:60:5E','999920',500.00,'2025-09-07 19:13:44','2025-09-07 19:13:44'),(683,7,NULL,NULL,NULL,NULL,'C6:82:84:09:10:28','855035',300.00,'2025-09-07 20:04:26','2025-09-07 20:04:26'),(685,7,NULL,NULL,NULL,NULL,'C6:82:84:09:10:28','568633',300.00,'2025-09-07 20:15:41','2025-09-07 20:15:41'),(688,8,NULL,NULL,NULL,NULL,'FE:06:92:FA:87:6B','937268',500.00,'2025-09-07 21:06:03','2025-09-07 21:06:03'),(689,10,NULL,NULL,NULL,NULL,'54:72:0D:21:02:90','991377',5000.00,'2025-09-08 06:43:50','2025-09-08 06:43:50'),(690,10,NULL,NULL,NULL,NULL,'54:72:0D:21:02:90','681026',5000.00,'2025-09-08 06:51:28','2025-09-08 06:51:28'),(691,9,NULL,NULL,NULL,NULL,'BA:39:52:5C:0D:F2','235200',1000.00,'2025-09-08 08:34:33','2025-09-08 08:34:33'),(692,9,NULL,NULL,NULL,NULL,'6A:8D:55:4F:DE:15','857474',1000.00,'2025-09-08 08:40:07','2025-09-08 08:40:07'),(693,9,NULL,NULL,NULL,NULL,'62:98:4F:47:C4:C9','672440',1000.00,'2025-09-08 09:33:38','2025-09-08 09:33:38'),(696,8,NULL,NULL,NULL,NULL,'5A:22:D6:25:36:E9','519889',500.00,'2025-09-08 11:22:48','2025-09-08 11:22:48'),(699,8,NULL,NULL,NULL,NULL,'CA:72:22:4C:C5:32','888176',500.00,'2025-09-08 11:24:10','2025-09-08 11:24:10'),(701,8,NULL,NULL,NULL,NULL,'FE:06:92:FA:87:6B','489638',500.00,'2025-09-08 15:51:12','2025-09-08 15:51:12'),(702,8,NULL,NULL,NULL,NULL,'FE:06:92:FA:87:6B','065117',500.00,'2025-09-08 15:53:59','2025-09-08 15:53:59'),(703,8,NULL,NULL,NULL,NULL,'FE:06:92:FA:87:6B','754110',500.00,'2025-09-08 15:56:52','2025-09-08 15:56:52'),(708,9,NULL,NULL,NULL,NULL,'20:26:81:EC:2E:02','997050',1000.00,'2025-09-08 17:42:06','2025-09-08 17:42:06'),(712,8,NULL,NULL,NULL,NULL,'D6:12:9E:9D:91:0E','402499',500.00,'2025-09-08 18:58:07','2025-09-08 18:58:07'),(714,7,NULL,NULL,NULL,NULL,'80:79:5D:85:E3:B1','904842',300.00,'2025-09-08 19:01:23','2025-09-08 19:01:23'),(717,9,NULL,NULL,NULL,NULL,'0A:00:F5:20:D1:35','157486',1000.00,'2025-09-08 19:04:11','2025-09-08 19:04:11'),(718,8,NULL,NULL,NULL,NULL,'92:85:32:EB:61:BE','891641',500.00,'2025-09-08 19:12:57','2025-09-08 19:12:57'),(722,7,NULL,NULL,NULL,NULL,'C6:82:84:09:10:28','993842',300.00,'2025-09-08 19:30:49','2025-09-08 19:30:49'),(724,9,NULL,NULL,NULL,NULL,'14:9F:3C:6B:96:77','759058',1000.00,'2025-09-08 19:52:13','2025-09-08 19:52:13'),(729,10,NULL,NULL,NULL,NULL,'54:72:0D:21:02:90','502662',5000.00,'2025-09-09 06:24:24','2025-09-09 06:24:24');

--
-- Table structure for table `tickets`
--

CREATE TABLE `tickets` (
  `id` bigint unsigned NOT NULL AUTO_INCREMENT,
  `ref_no` varchar(191) COLLATE utf8mb4_unicode_ci NOT NULL,
  `company_id` bigint unsigned NOT NULL,
  `company_router_id` bigint unsigned NOT NULL,
  `user_id` bigint unsigned NOT NULL,
  `issue_title` varchar(191) COLLATE utf8mb4_unicode_ci NOT NULL,
  `description` text COLLATE utf8mb4_unicode_ci NOT NULL,
  `reminder` datetime NOT NULL,
  `stage` enum('Open','In Progress','Resolved','Closed') COLLATE utf8mb4_unicode_ci NOT NULL DEFAULT 'Open',
  `status` int NOT NULL DEFAULT '1' COMMENT '0=Inactive, 1=Active',
  `created_at` timestamp NULL DEFAULT NULL,
  `updated_at` timestamp NULL DEFAULT NULL,
  `deleted_at` timestamp NULL DEFAULT NULL,
  PRIMARY KEY (`id`),
  KEY `tickets_company_id_foreign` (`company_id`),
  KEY `tickets_company_router_id_foreign` (`company_router_id`),
  KEY `tickets_user_id_foreign` (`user_id`),
  CONSTRAINT `tickets_company_id_foreign` FOREIGN KEY (`company_id`) REFERENCES `companies` (`id`) ON DELETE CASCADE,
  CONSTRAINT `tickets_company_router_id_foreign` FOREIGN KEY (`company_router_id`) REFERENCES `company_routers` (`id`) ON DELETE CASCADE,
  CONSTRAINT `tickets_user_id_foreign` FOREIGN KEY (`user_id`) REFERENCES `users` (`id`) ON DELETE CASCADE
) ENGINE=InnoDB DEFAULT CHARSET=utf8mb4 COLLATE=utf8mb4_unicode_ci;

--
-- Dumping data for table `tickets`
--


--
-- Table structure for table `transaction_frequencies`
--

CREATE TABLE `transaction_frequencies` (
  `id` bigint unsigned NOT NULL AUTO_INCREMENT,
  `name` varchar(191) COLLATE utf8mb4_unicode_ci NOT NULL,
  `number_of_days` int NOT NULL,
  `created_at` timestamp NULL DEFAULT NULL,
  `updated_at` timestamp NULL DEFAULT NULL,
  `deleted_at` timestamp NULL DEFAULT NULL,
  PRIMARY KEY (`id`)
) ENGINE=InnoDB AUTO_INCREMENT=6 DEFAULT CHARSET=utf8mb4 COLLATE=utf8mb4_unicode_ci;

--
-- Dumping data for table `transaction_frequencies`
--

INSERT INTO `transaction_frequencies` VALUES (1,'Instantly',0,'2025-08-03 19:10:02','2025-08-03 19:10:02',NULL),(2,'Daily',1,'2025-08-03 19:10:02','2025-08-03 19:10:02',NULL),(3,'Three Days',3,'2025-08-03 19:10:02','2025-08-03 19:10:02',NULL),(4,'Weekly',7,'2025-08-03 19:10:02','2025-08-03 19:10:02',NULL),(5,'Monthly',30,'2025-08-03 19:10:02','2025-08-03 19:10:02',NULL);

--
-- Table structure for table `user_verification_codes`
--

CREATE TABLE `user_verification_codes` (
  `id` bigint unsigned NOT NULL AUTO_INCREMENT,
  `user_id` bigint unsigned DEFAULT NULL,
  `phone_code` varchar(191) COLLATE utf8mb4_unicode_ci NOT NULL,
  `email_code` varchar(191) COLLATE utf8mb4_unicode_ci NOT NULL,
  `created_at` timestamp NULL DEFAULT NULL,
  `updated_at` timestamp NULL DEFAULT NULL,
  `deleted_at` timestamp NULL DEFAULT NULL,
  PRIMARY KEY (`id`),
  KEY `user_verification_codes_user_id_foreign` (`user_id`),
  CONSTRAINT `user_verification_codes_user_id_foreign` FOREIGN KEY (`user_id`) REFERENCES `users` (`id`) ON DELETE CASCADE
) ENGINE=InnoDB DEFAULT CHARSET=utf8mb4 COLLATE=utf8mb4_unicode_ci;

--
-- Dumping data for table `user_verification_codes`
--


--
-- Table structure for table `users`
--

CREATE TABLE `users` (
  `id` bigint unsigned NOT NULL AUTO_INCREMENT,
  `ref_no` varchar(191) COLLATE utf8mb4_unicode_ci NOT NULL,
  `username` varchar(191) COLLATE utf8mb4_unicode_ci NOT NULL,
  `phone` varchar(191) COLLATE utf8mb4_unicode_ci NOT NULL,
  `referrer_phone` varchar(191) COLLATE utf8mb4_unicode_ci DEFAULT NULL,
  `email` varchar(191) COLLATE utf8mb4_unicode_ci DEFAULT NULL,
  `email_verified_at` timestamp NULL DEFAULT NULL,
  `phone_verified_at` timestamp NULL DEFAULT NULL,
  `password` varchar(191) COLLATE utf8mb4_unicode_ci NOT NULL,
  `status` int NOT NULL DEFAULT '1' COMMENT '0=inactive, 1=active',
  `remember_token` varchar(100) COLLATE utf8mb4_unicode_ci DEFAULT NULL,
  `created_at` timestamp NULL DEFAULT NULL,
  `updated_at` timestamp NULL DEFAULT NULL,
  `deleted_at` timestamp NULL DEFAULT NULL,
  PRIMARY KEY (`id`),
  UNIQUE KEY `users_phone_unique` (`phone`),
  UNIQUE KEY `users_email_unique` (`email`)
) ENGINE=InnoDB AUTO_INCREMENT=28 DEFAULT CHARSET=utf8mb4 COLLATE=utf8mb4_unicode_ci;

--
-- Dumping data for table `users`
--

INSERT INTO `users` VALUES (1,'HF4Y6D','Super Admin','0712345678',NULL,'superadmin@gmail.com','2025-07-30 21:26:20','2025-07-30 21:26:20','$2y$12$sL9rLDiCAscrNQ.NY2RztOzzU0.cSCW6B5rNjnvO4i8ICYnXXnIbG',1,NULL,'2025-07-30 21:26:20','2025-08-13 09:20:47',NULL),(14,'H0ERF2','Ben','0745678',NULL,NULL,'2025-08-05 15:16:00','2025-08-05 15:16:00','$2y$12$mgPvt.LZISWEj4nKuYXv6urRN3LvIt1dML13T/snulGiRoOuGWkUq',1,NULL,'2025-08-05 15:16:00','2025-08-05 15:16:00',NULL),(15,'9E8FYP','Erick','0763752350',NULL,'sirnjovu86@gmail.com','2025-08-05 16:56:56','2025-08-05 16:56:56','$2y$12$t28h8a0Wo1XrJk0XZHrmS.zJKIvU002din28wiRKlPKVeRdv.Z10e',1,NULL,'2025-08-05 16:56:56','2025-08-09 11:59:27',NULL),(16,'5NGAQV','Admin','0712345679',NULL,NULL,'2025-08-12 12:25:52','2025-08-12 12:25:52','$2y$12$kuyPB0V6yohwp/aAz4epeO5VQrnpwnW7jJk9KLPTpKxBIfis8CiR2',1,NULL,'2025-08-12 12:25:52','2025-08-12 12:25:52',NULL),(17,'SGC5QD','Te','0694214936',NULL,'test@hmail.com','2025-08-13 07:21:07','2025-08-13 07:21:07','$2y$12$oIxyMmt3CSWOD/v2CEIzH..mKvXm0N61/x7IIMZ0x9Godd0pkXMYK',0,NULL,'2025-08-13 07:21:07','2025-08-13 20:48:18',NULL),(18,'W19D5P','Test','0693058471',NULL,'test@gmail.com','2025-08-13 07:21:55','2025-08-13 07:21:55','$2y$12$LE8vKzwYDwZHpw.hRN7oyuY4XhagL0O4oPpffvuNDZC70Vmt3lkkC',0,NULL,'2025-08-13 07:21:55','2025-08-13 20:48:00',NULL),(19,'2SZ35Y','Admin','0787109988',NULL,NULL,'2025-08-13 19:46:16','2025-08-13 19:46:16','$2y$12$tyfHnsegYuJzDVVrUGjj.eseTN4v2R2TCUmHZ/B09O6XeMd8Vc3bO',0,NULL,'2025-08-13 19:46:16','2025-08-13 20:47:46',NULL),(20,'Q3B8YT','Mwamba Cosmetics','0786000803',NULL,'export@fotini.com','2025-08-26 13:06:13','2025-08-26 13:06:13','$2y$12$h0Nfh6j2Mx0foH/6aLc6jOQE2C8Bzurd2Mf3XN5/miuSlz/HpYvNm',1,NULL,'2025-08-26 13:06:13','2025-09-01 11:07:14',NULL),(22,'UTR7BK','Kazungu','0754578434',NULL,'karnsonkazy@gmail.com','2025-08-29 19:10:58','2025-08-29 19:10:58','$2y$12$lzHpyUqns/kIE35ylRwzX.FFrmfGM9WYMOLdYnwbod8jzYYJmCjDS',1,NULL,'2025-08-29 19:10:58','2025-08-31 10:13:34',NULL),(23,'89B4PI','Alex','0696849400',NULL,NULL,'2025-08-30 06:58:45','2025-08-30 06:58:45','$2y$12$MI56zu0nxXUNc7ruSGvtcOPsls1OcGmkDBBylFHmKEGS80o5zjJHG',1,NULL,'2025-08-30 06:58:45','2025-08-30 06:58:45',NULL),(24,'VF1AK0','jack','0714504348',NULL,NULL,'2025-08-31 22:17:44','2025-08-31 22:17:44','$2y$12$.t49VYTvG2.HsbEoS1Wxiuva1ap.Tg3SRLWa7ebHdc8UR44Moy.5K',1,NULL,'2025-08-31 22:17:44','2025-08-31 22:17:44',NULL),(25,'V4PJR7','Emmanuel','0747777710',NULL,'maluliemmanuel.me@gmail.com','2025-09-06 06:09:37','2025-09-06 06:09:37','$2y$12$wUBGv2AUQ1C6K3EgJDXX1u6FUa0rRZ7AYYazUM/fRsXgELWwv0mvy',1,NULL,'2025-09-06 06:09:37','2025-09-06 13:02:38',NULL),(26,'5DLG6S','maluli','0714797942',NULL,'dextercryptog@gmail.com','2025-09-06 13:01:40','2025-09-06 13:01:40','$2y$12$rZ58zpkXV5p8qA5hjPZj7.lmsLYFdMWtCYAv1e59gJY81qRQgaKd6',1,NULL,'2025-09-06 13:01:40','2025-09-06 13:02:24',NULL),(27,'GM7EX8','Emmanuel Mgedela','0780601042',NULL,'mgendelaemmanuel20@gmail.com','2025-09-09 09:33:08','2025-09-09 09:33:08','$2y$12$ASltY/qSQAE/1IbHU1sUKOAypsr/Rb6EnZCz/Kxo20kw.sl.Gpx2e',1,NULL,'2025-09-09 09:33:08','2025-09-09 09:33:08',NULL);


