(11218,13,NULL,'Mikrotik Router Up','✅ Hi Kazungu, your mikrotik router - La Zungu is back online.',0,'2025-09-08 09:27:25','2025-09-08 09:27:25'),(11219,13,NULL,'Mikrotik Router Up','✅ Hi Kazungu, your mikrotik router - La Zungu is back online.',0,'2025-09-08 09:28:24','2025-09-08 09:28:24'),(11220,13,NULL,'Mikrotik Router Up','✅ Hi Kazungu, your mikrotik router - La Zungu is back online.',0,'2025-09-08 09:29:24','2025-09-08 09:29:24'),(11221,13,NULL,'Mikrotik Router Up','✅ Hi Kazungu, your mikrotik router - La Zungu is back online.',0,'2025-09-08 09:30:30','2025-09-08 09:30:30'),(11222,13,NULL,'Mikrotik Router Up','✅ Hi Kazungu, your mikrotik router - La Zungu is back online.',0,'2025-09-08 09:31:24','2025-09-08 09:31:24'),(11223,13,NULL,'Mikrotik Router Up','✅ Hi Kazungu, your mikrotik router - La Zungu is back online.',0,'2025-09-08 09:32:24','2025-09-08 09:32:24'),(11224,13,NULL,'Mikrotik Router Up','✅ Hi Kazungu, your mikrotik router - La Zungu is back online.',0,'2025-09-08 09:33:24','2025-09-08 09:33:24'),(11225,13,NULL,'Mikrotik Router Up','✅ Hi Kazungu, your mikrotik router - La Zungu is back online.',0,'2025-09-08 09:34:24','2025-09-08 09:34:24'),(11226,13,NULL,'Mikrotik Router Up','✅ Hi Kazungu, your mikrotik router - La Zungu is back online.',0,'2025-09-08 09:35:25','2025-09-08 09:35:25'),(11227,13,NULL,'Mikrotik Router Up','✅ Hi Kazungu, your mikrotik router - La Zungu is back online.',0,'2025-09-08 09:36:29','2025-09-08 09:36:29'),(11228,13,NULL,'Mikrotik Router Up','✅ Hi Kazungu, your mikrotik router - La Zungu is back online.',0,'2025-09-08 09:37:24','2025-09-08 09:37:24'),(11229,13,NULL,'Mikrotik Router Up','✅ Hi Kazungu, your mikrotik router - La Zungu is back online.',0,'2025-09-08 09:38:24','2025-09-08 09:38:24'),(11230,13,NULL,'Mikrotik Router Up','✅ Hi Kazungu, your mikrotik router - La Zungu is back online.',0,'2025-09-08 09:39:24','2025-09-08 09:39:24'),(11231,13,NULL,'Mikrotik Router Up','✅ Hi Kazungu, your mikrotik router - La Zungu is back online.',0,'2025-09-08 09:40:25','2025-09-08 09:40:25'),(11232,13,NULL,'Mikrotik Router Up','✅ Hi Kazungu, your mikrotik router - La Zungu is back online.',0,'2025-09-08 09:41:24','2025-09-08 09:41:24'),(11233,13,NULL,'Mikrotik Router Up','✅ Hi Kazungu, your mikrotik router - La Zungu is back online.',0,'2025-09-08 09:42:24','2025-09-08 09:42:24'),(11234,13,NULL,'Mikrotik Router Up','✅ Hi Kazungu, your mikrotik router - La Zungu is back online.',0,'2025-09-08 09:43:24','2025-09-08 09:43:24'),(11235,13,NULL,'Mikrotik Router Up','✅ Hi Kazungu, your mikrotik router - La Zungu is back online.',0,'2025-09-08 09:44:24','2025-09-08 09:44:24'),(11236,13,NULL,'Mikrotik Router Up','✅ Hi Kazungu, your mikrotik router - La Zungu is back online.',0,'2025-09-08 09:45:25','2025-09-08 09:45:25'),(11237,13,NULL,'Mikrotik Router Up','✅ Hi Kazungu, your mikrotik router - La Zungu is back online.',0,'2025-09-08 09:46:24','2025-09-08 09:46:24'),(11238,13,NULL,'Mikrotik Router Up','✅ Hi Kazungu, your mikrotik router - La Zungu is back online.',0,'2025-09-08 09:47:24','2025-09-08 09:47:24'),(11239,13,NULL,'Mikrotik Router Up','✅ Hi Kazungu, your mikrotik router - La Zungu is back online.',0,'2025-09-08 09:48:24','2025-09-08 09:48:24'),(11240,13,NULL,'Mikrotik Router Up','✅ Hi Kazungu, your mikrotik router - La Zungu is back online.',0,'2025-09-08 09:49:24','2025-09-08 09:49:24'),(11241,13,NULL,'Mikrotik Router Up','✅ Hi Kazungu, your mikrotik router - La Zungu is back online.',0,'2025-09-08 09:50:25','2025-09-08 09:50:25'),(11242,13,NULL,'Mikrotik Router Up','✅ Hi Kazungu, your mikrotik router - La Zungu is back online.',0,'2025-09-08 09:51:24','2025-09-08 09:51:24'),(11243,13,NULL,'Mikrotik Router Up','✅ Hi Kazungu, your mikrotik router - La Zungu is back online.',0,'2025-09-08 09:52:24','2025-09-08 09:52:24'),(11244,13,NULL,'Mikrotik Router Up','✅ Hi Kazungu, your mikrotik router - La Zungu is back online.',0,'2025-09-08 09:53:24','2025-09-08 09:53:24'),(11245,13,NULL,'Mikrotik Router Up','✅ Hi Kazungu, your mikrotik router - La Zungu is back online.',0,'2025-09-08 09:54:25','2025-09-08 09:54:25'),(11246,13,NULL,'Mikrotik Router Up','✅ Hi Kazungu, your mikrotik router - La Zungu is back online.',0,'2025-09-08 09:55:24','2025-09-08 09:55:24'),(11247,13,NULL,'Mikrotik Router Up','✅ Hi Kazungu, your mikrotik router - La Zungu is back online.',0,'2025-09-08 09:56:24','2025-09-08 09:56:24'),(11248,13,NULL,'Mikrotik Router Up','✅ Hi Kazungu, your mikrotik router - La Zungu is back online.',0,'2025-09-08 09:57:24','2025-09-08 09:57:24'),(11249,13,NULL,'Mikrotik Router Up','✅ Hi Kazungu, your mikrotik router - La Zungu is back online.',0,'2025-09-08 09:58:24','2025-09-08 09:58:24'),(11250,13,NULL,'Mikrotik Router Up','✅ Hi Kazungu, your mikrotik router - La Zungu is back online.',0,'2025-09-08 09:59:24','2025-09-08 09:59:24'),(11251,13,NULL,'Mikrotik Router Up','✅ Hi Kazungu, your mikrotik router - La Zungu is back online.',0,'2025-09-08 10:00:25','2025-09-08 10:00:25'),(11252,13,NULL,'Mikrotik Router Up','✅ Hi Kazungu, your mikrotik router - La Zungu is back online.',0,'2025-09-08 10:01:25','2025-09-08 10:01:25'),(11253,13,NULL,'Mikrotik Router Up','✅ Hi Kazungu, your mikrotik router - La Zungu is back online.',0,'2025-09-08 10:02:24','2025-09-08 10:02:24'),(11254,13,NULL,'Mikrotik Router Up','✅ Hi Kazungu, your mikrotik router - La Zungu is back online.',0,'2025-09-08 10:03:24','2025-09-08 10:03:24'),(11255,13,NULL,'Mikrotik Router Up','✅ Hi Kazungu, your mikrotik router - La Zungu is back online.',0,'2025-09-08 10:04:24','2025-09-08 10:04:24'),(11256,13,NULL,'Mikrotik Router Up','✅ Hi Kazungu, your mikrotik router - La Zungu is back online.',0,'2025-09-08 10:05:24','2025-09-08 10:05:24'),(11257,13,NULL,'Mikrotik Router Up','✅ Hi Kazungu, your mikrotik router - La Zungu is back online.',0,'2025-09-08 10:06:24','2025-09-08 10:06:24'),(11258,13,NULL,'Mikrotik Router Up','✅ Hi Kazungu, your mikrotik router - La Zungu is back online.',0,'2025-09-08 10:07:24','2025-09-08 10:07:24'),(11259,13,NULL,'Mikrotik Router Up','✅ Hi Kazungu, your mikrotik router - La Zungu is back online.',0,'2025-09-08 10:08:24','2025-09-08 10:08:24'),(11260,13,NULL,'Mikrotik Router Up','✅ Hi Kazungu, your mikrotik router - La Zungu is back online.',0,'2025-09-08 10:09:25','2025-09-08 10:09:25'),(11261,13,NULL,'Mikrotik Router Up','✅ Hi Kazungu, your mikrotik router - La Zungu is back online.',0,'2025-09-08 10:10:24','2025-09-08 10:10:24'),(11262,13,NULL,'Mikrotik Router Up','✅ Hi Kazungu, your mikrotik router - La Zungu is back online.',0,'2025-09-08 10:11:25','2025-09-08 10:11:25'),(11263,13,NULL,'Mikrotik Router Up','✅ Hi Kazungu, your mikrotik router - La Zungu is back online.',0,'2025-09-08 10:12:24','2025-09-08 10:12:24'),(11264,13,NULL,'Mikrotik Router Up','✅ Hi Kazungu, your mikrotik router - La Zungu is back online.',0,'2025-09-08 10:13:24','2025-09-08 10:13:24'),(11265,13,NULL,'Mikrotik Router Up','✅ Hi Kazungu, your mikrotik router - La Zungu is back online.',0,'2025-09-08 10:14:24','2025-09-08 10:14:24'),(11266,13,NULL,'Mikrotik Router Up','✅ Hi Kazungu, your mikrotik router - La Zungu is back online.',0,'2025-09-08 10:15:25','2025-09-08 10:15:25'),(11267,13,NULL,'Mikrotik Router Up','✅ Hi Kazungu, your mikrotik router - La Zungu is back online.',0,'2025-09-08 10:16:24','2025-09-08 10:16:24'),(11268,13,NULL,'Mikrotik Router Up','✅ Hi Kazungu, your mikrotik router - La Zungu is back online.',0,'2025-09-08 10:17:26','2025-09-08 10:17:26'),(11269,13,NULL,'Mikrotik Router Up','✅ Hi Kazungu, your mikrotik router - La Zungu is back online.',0,'2025-09-08 10:18:24','2025-09-08 10:18:24'),(11270,13,NULL,'Mikrotik Router Up','✅ Hi Kazungu, your mikrotik router - La Zungu is back online.',0,'2025-09-08 10:19:24','2025-09-08 10:19:24'),(11271,13,NULL,'Mikrotik Router Up','✅ Hi Kazungu, your mikrotik router - La Zungu is back online.',0,'2025-09-08 10:20:31','2025-09-08 10:20:31'),(11272,13,NULL,'Mikrotik Router Up','✅ Hi Kazungu, your mikrotik router - La Zungu is back online.',0,'2025-09-08 10:21:24','2025-09-08 10:21:24'),(11273,13,NULL,'Mikrotik Router Up','✅ Hi Kazungu, your mikrotik router - La Zungu is back online.',0,'2025-09-08 10:22:24','2025-09-08 10:22:24'),(11274,13,NULL,'Mikrotik Router Up','✅ Hi Kazungu, your mikrotik router - La Zungu is back online.',0,'2025-09-08 10:23:24','2025-09-08 10:23:24'),(11275,13,NULL,'Mikrotik Router Up','✅ Hi Kazungu, your mikrotik router - La Zungu is back online.',0,'2025-09-08 10:24:24','2025-09-08 10:24:24'),(11276,13,NULL,'Mikrotik Router Up','✅ Hi Kazungu, your mikrotik router - La Zungu is back online.',0,'2025-09-08 10:25:24','2025-09-08 10:25:24'),(11277,13,NULL,'Mikrotik Router Up','✅ Hi Kazungu, your mikrotik router - La Zungu is back online.',0,'2025-09-08 10:26:24','2025-09-08 10:26:24'),(11278,13,NULL,'Mikrotik Router Up','✅ Hi Kazungu, your mikrotik router - La Zungu is back online.',0,'2025-09-08 10:27:24','2025-09-08 10:27:24'),(11279,13,NULL,'Mikrotik Router Up','✅ Hi Kazungu, your mikrotik router - La Zungu is back online.',0,'2025-09-08 10:28:24','2025-09-08 10:28:24'),(11280,13,NULL,'Mikrotik Router Up','✅ Hi Kazungu, your mikrotik router - La Zungu is back online.',0,'2025-09-08 10:29:24','2025-09-08 10:29:24'),(11281,13,NULL,'Mikrotik Router Up','✅ Hi Kazungu, your mikrotik router - La Zungu is back online.',0,'2025-09-08 10:30:25','2025-09-08 10:30:25'),(11282,13,NULL,'Mikrotik Router Up','✅ Hi Kazungu, your mikrotik router - La Zungu is back online.',0,'2025-09-08 10:31:24','2025-09-08 10:31:24'),(11283,13,NULL,'Mikrotik Router Up','✅ Hi Kazungu, your mikrotik router - La Zungu is back online.',0,'2025-09-08 10:32:24','2025-09-08 10:32:24'),(11284,13,NULL,'Mikrotik Router Up','✅ Hi Kazungu, your mikrotik router - La Zungu is back online.',0,'2025-09-08 10:33:24','2025-09-08 10:33:24'),(11285,13,NULL,'Mikrotik Router Up','✅ Hi Kazungu, your mikrotik router - La Zungu is back online.',0,'2025-09-08 10:34:24','2025-09-08 10:34:24'),(11286,13,NULL,'Mikrotik Router Up','✅ Hi Kazungu, your mikrotik router - La Zungu is back online.',0,'2025-09-08 10:35:24','2025-09-08 10:35:24'),(11287,13,NULL,'Mikrotik Router Up','✅ Hi Kazungu, your mikrotik router - La Zungu is back online.',0,'2025-09-08 10:36:24','2025-09-08 10:36:24'),(11288,13,NULL,'Mikrotik Router Up','✅ Hi Kazungu, your mikrotik router - La Zungu is back online.',0,'2025-09-08 10:37:24','2025-09-08 10:37:24'),(11289,13,NULL,'Mikrotik Router Up','✅ Hi Kazungu, your mikrotik router - La Zungu is back online.',0,'2025-09-08 10:38:25','2025-09-08 10:38:25'),(11290,13,NULL,'Mikrotik Router Up','✅ Hi Kazungu, your mikrotik router - La Zungu is back online.',0,'2025-09-08 10:39:24','2025-09-08 10:39:24'),(11291,13,NULL,'Mikrotik Router Up','✅ Hi Kazungu, your mikrotik router - La Zungu is back online.',0,'2025-09-08 10:40:25','2025-09-08 10:40:25'),(11292,13,NULL,'Mikrotik Router Up','✅ Hi Kazungu, your mikrotik router - La Zungu is back online.',0,'2025-09-08 10:41:30','2025-09-08 10:41:30'),(11293,13,NULL,'Mikrotik Router Up','✅ Hi Kazungu, your mikrotik router - La Zungu is back online.',0,'2025-09-08 10:42:24','2025-09-08 10:42:24'),(11294,13,NULL,'Mikrotik Router Up','✅ Hi Kazungu, your mikrotik router - La Zungu is back online.',0,'2025-09-08 10:43:24','2025-09-08 10:43:24'),(11295,13,NULL,'Mikrotik Router Up','✅ Hi Kazungu, your mikrotik router - La Zungu is back online.',0,'2025-09-08 10:44:24','2025-09-08 10:44:24'),(11296,13,NULL,'Mikrotik Router Up','✅ Hi Kazungu, your mikrotik router - La Zungu is back online.',0,'2025-09-08 10:45:24','2025-09-08 10:45:24'),(11297,13,NULL,'Mikrotik Router Up','✅ Hi Kazungu, your mikrotik router - La Zungu is back online.',0,'2025-09-08 10:46:24','2025-09-08 10:46:24'),(11298,13,NULL,'Mikrotik Router Up','✅ Hi Kazungu, your mikrotik router - La Zungu is back online.',0,'2025-09-08 10:47:25','2025-09-08 10:47:25'),(11299,13,NULL,'Mikrotik Router Up','✅ Hi Kazungu, your mikrotik router - La Zungu is back online.',0,'2025-09-08 10:48:24','2025-09-08 10:48:24'),(11300,13,NULL,'Mikrotik Router Up','✅ Hi Kazungu, your mikrotik router - La Zungu is back online.',0,'2025-09-08 10:49:24','2025-09-08 10:49:24'),(11301,13,NULL,'Mikrotik Router Up','✅ Hi Kazungu, your mikrotik router - La Zungu is back online.',0,'2025-09-08 10:50:25','2025-09-08 10:50:25'),(11302,13,NULL,'Mikrotik Router Up','✅ Hi Kazungu, your mikrotik router - La Zungu is back online.',0,'2025-09-08 10:51:24','2025-09-08 10:51:24'),(11303,13,NULL,'Mikrotik Router Up','✅ Hi Kazungu, your mikrotik router - La Zungu is back online.',0,'2025-09-08 10:52:24','2025-09-08 10:52:24'),(11304,13,NULL,'Mikrotik Router Up','✅ Hi Kazungu, your mikrotik router - La Zungu is back online.',0,'2025-09-08 10:53:24','2025-09-08 10:53:24'),(11305,13,NULL,'Mikrotik Router Up','✅ Hi Kazungu, your mikrotik router - La Zungu is back online.',0,'2025-09-08 10:54:24','2025-09-08 10:54:24'),(11306,13,NULL,'Mikrotik Router Up','✅ Hi Kazungu, your mikrotik router - La Zungu is back online.',0,'2025-09-08 10:55:24','2025-09-08 10:55:24'),(11307,13,NULL,'Mikrotik Router Up','✅ Hi Kazungu, your mikrotik router - La Zungu is back online.',0,'2025-09-08 10:56:24','2025-09-08 10:56:24'),(11308,13,NULL,'Mikrotik Router Up','✅ Hi Kazungu, your mikrotik router - La Zungu is back online.',0,'2025-09-08 10:57:24','2025-09-08 10:57:24'),(11309,13,NULL,'Mikrotik Router Up','✅ Hi Kazungu, your mikrotik router - La Zungu is back online.',0,'2025-09-08 10:58:24','2025-09-08 10:58:24'),(11310,13,NULL,'Mikrotik Router Up','✅ Hi Kazungu, your mikrotik router - La Zungu is back online.',0,'2025-09-08 10:59:24','2025-09-08 10:59:24'),(11311,8,NULL,'Mikrotik Router Down','⚠️ Hi Erick, your mikrotik router - Ngoni Net 1 is offline. Please check it out.',1,'2025-09-08 11:00:26','2025-09-08 13:41:36'),(11312,8,NULL,'Mikrotik Router Down','⚠️ Hi Erick, your mikrotik router - Ngoni Net 1 is offline. Please check it out.',1,'2025-09-08 11:01:25','2025-09-08 13:41:36'),(11313,13,NULL,'Mikrotik Router Up','✅ Hi Kazungu, your mikrotik router - La Zungu is back online.',0,'2025-09-08 11:02:24','2025-09-08 11:02:24'),(11314,13,NULL,'Mikrotik Router Up','✅ Hi Kazungu, your mikrotik router - La Zungu is back online.',0,'2025-09-08 11:03:24','2025-09-08 11:03:24'),(11315,13,NULL,'Mikrotik Router Up','✅ Hi Kazungu, your mikrotik router - La Zungu is back online.',0,'2025-09-08 11:04:25','2025-09-08 11:04:25'),(11316,13,NULL,'Mikrotik Router Up','✅ Hi Kazungu, your mikrotik router - La Zungu is back online.',0,'2025-09-08 11:05:35','2025-09-08 11:05:35'),(11317,13,NULL,'Mikrotik Router Up','✅ Hi Kazungu, your mikrotik router - La Zungu is back online.',0,'2025-09-08 11:06:25','2025-09-08 11:06:25'),(11318,13,NULL,'Mikrotik Router Up','✅ Hi Kazungu, your mikrotik router - La Zungu is back online.',0,'2025-09-08 11:07:24','2025-09-08 11:07:24'),(11319,13,NULL,'Mikrotik Router Up','✅ Hi Kazungu, your mikrotik router - La Zungu is back online.',0,'2025-09-08 11:08:24','2025-09-08 11:08:24'),(11320,13,NULL,'Mikrotik Router Up','✅ Hi Kazungu, your mikrotik router - La Zungu is back online.',0,'2025-09-08 11:09:24','2025-09-08 11:09:24'),(11321,13,NULL,'Mikrotik Router Up','✅ Hi Kazungu, your mikrotik router - La Zungu is back online.',0,'2025-09-08 11:10:24','2025-09-08 11:10:24'),(11322,13,NULL,'Mikrotik Router Up','✅ Hi Kazungu, your mikrotik router - La Zungu is back online.',0,'2025-09-08 11:11:24','2025-09-08 11:11:24'),(11323,13,NULL,'Mikrotik Router Up','✅ Hi Kazungu, your mikrotik router - La Zungu is back online.',0,'2025-09-08 11:12:24','2025-09-08 11:12:24'),(11324,13,NULL,'Mikrotik Router Up','✅ Hi Kazungu, your mikrotik router - La Zungu is back online.',0,'2025-09-08 11:13:29','2025-09-08 11:13:29'),(11325,13,NULL,'Mikrotik Router Up','✅ Hi Kazungu, your mikrotik router - La Zungu is back online.',0,'2025-09-08 11:14:24','2025-09-08 11:14:24'),(11326,13,NULL,'Mikrotik Router Up','✅ Hi Kazungu, your mikrotik router - La Zungu is back online.',0,'2025-09-08 11:15:25','2025-09-08 11:15:25'),(11327,13,NULL,'Mikrotik Router Up','✅ Hi Kazungu, your mikrotik router - La Zungu is back online.',0,'2025-09-08 11:16:30','2025-09-08 11:16:30'),(11328,13,NULL,'Mikrotik Router Up','✅ Hi Kazungu, your mikrotik router - La Zungu is back online.',0,'2025-09-08 11:17:26','2025-09-08 11:17:26'),(11329,13,NULL,'Mikrotik Router Up','✅ Hi Kazungu, your mikrotik router - La Zungu is back online.',0,'2025-09-08 11:18:24','2025-09-08 11:18:24'),(11330,13,NULL,'Mikrotik Router Up','✅ Hi Kazungu, your mikrotik router - La Zungu is back online.',0,'2025-09-08 11:19:24','2025-09-08 11:19:24'),(11331,13,NULL,'Mikrotik Router Up','✅ Hi Kazungu, your mikrotik router - La Zungu is back online.',0,'2025-09-08 11:20:25','2025-09-08 11:20:25'),(11332,13,NULL,'Mikrotik Router Up','✅ Hi Kazungu, your mikrotik router - La Zungu is back online.',0,'2025-09-08 11:21:24','2025-09-08 11:21:24'),(11333,13,NULL,'Mikrotik Router Up','✅ Hi Kazungu, your mikrotik router - La Zungu is back online.',0,'2025-09-08 11:22:24','2025-09-08 11:22:24'),(11334,13,NULL,'Mikrotik Router Up','✅ Hi Kazungu, your mikrotik router - La Zungu is back online.',0,'2025-09-08 11:23:24','2025-09-08 11:23:24'),(11335,13,NULL,'Mikrotik Router Up','✅ Hi Kazungu, your mikrotik router - La Zungu is back online.',0,'2025-09-08 11:24:25','2025-09-08 11:24:25'),(11336,8,NULL,'Mikrotik Router Down','⚠️ Hi Erick, your mikrotik router - Machinga Complex is offline. Please check it out.',1,'2025-09-08 11:25:24','2025-09-08 13:41:36'),(11337,13,NULL,'Mikrotik Router Up','✅ Hi Kazungu, your mikrotik router - La Zungu is back online.',0,'2025-09-08 11:26:24','2025-09-08 11:26:24'),(11338,13,NULL,'Mikrotik Router Up','✅ Hi Kazungu, your mikrotik router - La Zungu is back online.',0,'2025-09-08 11:27:24','2025-09-08 11:27:24'),(11339,13,NULL,'Mikrotik Router Up','✅ Hi Kazungu, your mikrotik router - La Zungu is back online.',0,'2025-09-08 11:28:24','2025-09-08 11:28:24'),(11340,13,NULL,'Mikrotik Router Up','✅ Hi Kazungu, your mikrotik router - La Zungu is back online.',0,'2025-09-08 11:29:24','2025-09-08 11:29:24'),(11341,13,NULL,'Mikrotik Router Up','✅ Hi Kazungu, your mikrotik router - La Zungu is back online.',0,'2025-09-08 11:30:25','2025-09-08 11:30:25'),(11342,13,NULL,'Mikrotik Router Up','✅ Hi Kazungu, your mikrotik router - La Zungu is back online.',0,'2025-09-08 11:31:24','2025-09-08 11:31:24'),(11343,13,NULL,'Mikrotik Router Up','✅ Hi Kazungu, your mikrotik router - La Zungu is back online.',0,'2025-09-08 11:32:24','2025-09-08 11:32:24'),(11344,13,NULL,'Mikrotik Router Up','✅ Hi Kazungu, your mikrotik router - La Zungu is back online.',0,'2025-09-08 11:33:24','2025-09-08 11:33:24'),(11345,13,NULL,'Mikrotik Router Up','✅ Hi Kazungu, your mikrotik router - La Zungu is back online.',0,'2025-09-08 11:34:25','2025-09-08 11:34:25'),(11346,13,NULL,'Mikrotik Router Up','✅ Hi Kazungu, your mikrotik router - La Zungu is back online.',0,'2025-09-08 11:35:24','2025-09-08 11:35:24'),(11347,13,NULL,'Mikrotik Router Up','✅ Hi Kazungu, your mikrotik router - La Zungu is back online.',0,'2025-09-08 11:36:24','2025-09-08 11:36:24'),(11348,13,NULL,'Mikrotik Router Up','✅ Hi Kazungu, your mikrotik router - La Zungu is back online.',0,'2025-09-08 11:37:24','2025-09-08 11:37:24'),(11349,13,NULL,'Mikrotik Router Up','✅ Hi Kazungu, your mikrotik router - La Zungu is back online.',0,'2025-09-08 11:38:24','2025-09-08 11:38:24'),(11350,13,NULL,'Mikrotik Router Up','✅ Hi Kazungu, your mikrotik router - La Zungu is back online.',0,'2025-09-08 11:39:24','2025-09-08 11:39:24'),(11351,13,NULL,'Mikrotik Router Up','✅ Hi Kazungu, your mikrotik router - La Zungu is back online.',0,'2025-09-08 11:40:24','2025-09-08 11:40:24'),(11352,13,NULL,'Mikrotik Router Up','✅ Hi Kazungu, your mikrotik router - La Zungu is back online.',0,'2025-09-08 11:41:23','2025-09-08 11:41:23'),(11353,13,NULL,'Mikrotik Router Up','✅ Hi Kazungu, your mikrotik router - La Zungu is back online.',0,'2025-09-08 11:42:24','2025-09-08 11:42:24'),(11354,13,NULL,'Mikrotik Router Up','✅ Hi Kazungu, your mikrotik router - La Zungu is back online.',0,'2025-09-08 11:43:24','2025-09-08 11:43:24'),(11355,13,NULL,'Mikrotik Router Up','✅ Hi Kazungu, your mikrotik router - La Zungu is back online.',0,'2025-09-08 11:44:24','2025-09-08 11:44:24'),(11356,13,NULL,'Mikrotik Router Up','✅ Hi Kazungu, your mikrotik router - La Zungu is back online.',0,'2025-09-08 11:45:30','2025-09-08 11:45:30'),(11357,13,NULL,'Mikrotik Router Up','✅ Hi Kazungu, your mikrotik router - La Zungu is back online.',0,'2025-09-08 11:46:24','2025-09-08 11:46:24'),(11358,13,NULL,'Mikrotik Router Up','✅ Hi Kazungu, your mikrotik router - La Zungu is back online.',0,'2025-09-08 11:47:24','2025-09-08 11:47:24'),(11359,13,NULL,'Mikrotik Router Up','✅ Hi Kazungu, your mikrotik router - La Zungu is back online.',0,'2025-09-08 11:48:24','2025-09-08 11:48:24'),(11360,13,NULL,'Mikrotik Router Up','✅ Hi Kazungu, your mikrotik router - La Zungu is back online.',0,'2025-09-08 11:49:24','2025-09-08 11:49:24'),(11361,13,NULL,'Mikrotik Router Up','✅ Hi Kazungu, your mikrotik router - La Zungu is back online.',0,'2025-09-08 11:50:24','2025-09-08 11:50:24'),(11362,13,NULL,'Mikrotik Router Up','✅ Hi Kazungu, your mikrotik router - La Zungu is back online.',0,'2025-09-08 11:51:24','2025-09-08 11:51:24'),(11363,13,NULL,'Mikrotik Router Up','✅ Hi Kazungu, your mikrotik router - La Zungu is back online.',0,'2025-09-08 11:52:24','2025-09-08 11:52:24'),(11364,13,NULL,'Mikrotik Router Up','✅ Hi Kazungu, your mikrotik router - La Zungu is back online.',0,'2025-09-08 11:53:24','2025-09-08 11:53:24'),(11365,13,NULL,'Mikrotik Router Up','✅ Hi Kazungu, your mikrotik router - La Zungu is back online.',0,'2025-09-08 11:54:25','2025-09-08 11:54:25'),(11366,13,NULL,'Mikrotik Router Up','✅ Hi Kazungu, your mikrotik router - La Zungu is back online.',0,'2025-09-08 11:55:24','2025-09-08 11:55:24'),(11367,13,NULL,'Mikrotik Router Up','✅ Hi Kazungu, your mikrotik router - La Zungu is back online.',0,'2025-09-08 11:56:24','2025-09-08 11:56:24'),(11368,13,NULL,'Mikrotik Router Up','✅ Hi Kazungu, your mikrotik router - La Zungu is back online.',0,'2025-09-08 11:57:24','2025-09-08 11:57:24'),(11369,13,NULL,'Mikrotik Router Up','✅ Hi Kazungu, your mikrotik router - La Zungu is back online.',0,'2025-09-08 11:58:24','2025-09-08 11:58:24'),(11370,13,NULL,'Mikrotik Router Up','✅ Hi Kazungu, your mikrotik router - La Zungu is back online.',0,'2025-09-08 11:59:24','2025-09-08 11:59:24'),(11371,13,NULL,'Mikrotik Router Up','✅ Hi Kazungu, your mikrotik router - La Zungu is back online.',0,'2025-09-08 12:00:25','2025-09-08 12:00:25'),(11372,13,NULL,'Mikrotik Router Up','✅ Hi Kazungu, your mikrotik router - La Zungu is back online.',0,'2025-09-08 12:01:24','2025-09-08 12:01:24'),(11373,13,NULL,'Mikrotik Router Up','✅ Hi Kazungu, your mikrotik router - La Zungu is back online.',0,'2025-09-08 12:02:24','2025-09-08 12:02:24'),(11374,13,NULL,'Mikrotik Router Up','✅ Hi Kazungu, your mikrotik router - La Zungu is back online.',0,'2025-09-08 12:03:24','2025-09-08 12:03:24'),(11375,13,NULL,'Mikrotik Router Up','✅ Hi Kazungu, your mikrotik router - La Zungu is back online.',0,'2025-09-08 12:04:24','2025-09-08 12:04:24'),(11376,13,NULL,'Mikrotik Router Up','✅ Hi Kazungu, your mikrotik router - La Zungu is back online.',0,'2025-09-08 12:05:24','2025-09-08 12:05:24'),(11377,13,NULL,'Mikrotik Router Up','✅ Hi Kazungu, your mikrotik router - La Zungu is back online.',0,'2025-09-08 12:06:23','2025-09-08 12:06:23'),(11378,13,NULL,'Mikrotik Router Up','✅ Hi Kazungu, your mikrotik router - La Zungu is back online.',0,'2025-09-08 12:07:24','2025-09-08 12:07:24'),(11379,13,NULL,'Mikrotik Router Up','✅ Hi Kazungu, your mikrotik router - La Zungu is back online.',0,'2025-09-08 12:08:24','2025-09-08 12:08:24'),(11380,13,NULL,'Mikrotik Router Up','✅ Hi Kazungu, your mikrotik router - La Zungu is back online.',0,'2025-09-08 12:09:24','2025-09-08 12:09:24'),(11381,13,NULL,'Mikrotik Router Up','✅ Hi Kazungu, your mikrotik router - La Zungu is back online.',0,'2025-09-08 12:10:25','2025-09-08 12:10:25'),(11382,13,NULL,'Mikrotik Router Up','✅ Hi Kazungu, your mikrotik router - La Zungu is back online.',0,'2025-09-08 12:11:24','2025-09-08 12:11:24'),(11383,13,NULL,'Mikrotik Router Up','✅ Hi Kazungu, your mikrotik router - La Zungu is back online.',0,'2025-09-08 12:12:24','2025-09-08 12:12:24'),(11384,13,NULL,'Mikrotik Router Up','✅ Hi Kazungu, your mikrotik router - La Zungu is back online.',0,'2025-09-08 12:13:25','2025-09-08 12:13:25'),(11385,13,NULL,'Mikrotik Router Up','✅ Hi Kazungu, your mikrotik router - La Zungu is back online.',0,'2025-09-08 12:14:24','2025-09-08 12:14:24'),(11386,13,NULL,'Mikrotik Router Up','✅ Hi Kazungu, your mikrotik router - La Zungu is back online.',0,'2025-09-08 12:15:25','2025-09-08 12:15:25'),(11387,13,NULL,'Mikrotik Router Up','✅ Hi Kazungu, your mikrotik router - La Zungu is back online.',0,'2025-09-08 12:16:24','2025-09-08 12:16:24'),(11388,13,NULL,'Mikrotik Router Up','✅ Hi Kazungu, your mikrotik router - La Zungu is back online.',0,'2025-09-08 12:17:26','2025-09-08 12:17:26'),(11389,13,NULL,'Mikrotik Router Up','✅ Hi Kazungu, your mikrotik router - La Zungu is back online.',0,'2025-09-08 12:18:24','2025-09-08 12:18:24'),(11390,13,NULL,'Mikrotik Router Up','✅ Hi Kazungu, your mikrotik router - La Zungu is back online.',0,'2025-09-08 12:19:24','2025-09-08 12:19:24'),(11391,13,NULL,'Mikrotik Router Up','✅ Hi Kazungu, your mikrotik router - La Zungu is back online.',0,'2025-09-08 12:20:25','2025-09-08 12:20:25'),(11392,13,NULL,'Mikrotik Router Up','✅ Hi Kazungu, your mikrotik router - La Zungu is back online.',0,'2025-09-08 12:21:24','2025-09-08 12:21:24'),(11393,13,NULL,'Mikrotik Router Up','✅ Hi Kazungu, your mikrotik router - La Zungu is back online.',0,'2025-09-08 12:22:24','2025-09-08 12:22:24'),(11394,13,NULL,'Mikrotik Router Up','✅ Hi Kazungu, your mikrotik router - La Zungu is back online.',0,'2025-09-08 12:23:25','2025-09-08 12:23:25'),(11395,13,NULL,'Mikrotik Router Up','✅ Hi Kazungu, your mikrotik router - La Zungu is back online.',0,'2025-09-08 12:24:24','2025-09-08 12:24:24'),(11396,13,NULL,'Mikrotik Router Up','✅ Hi Kazungu, your mikrotik router - La Zungu is back online.',0,'2025-09-08 12:25:24','2025-09-08 12:25:24'),(11397,13,NULL,'Mikrotik Router Up','✅ Hi Kazungu, your mikrotik router - La Zungu is back online.',0,'2025-09-08 12:26:25','2025-09-08 12:26:25'),(11398,13,NULL,'Mikrotik Router Up','✅ Hi Kazungu, your mikrotik router - La Zungu is back online.',0,'2025-09-08 12:27:24','2025-09-08 12:27:24'),(11399,13,NULL,'Mikrotik Router Up','✅ Hi Kazungu, your mikrotik router - La Zungu is back online.',0,'2025-09-08 12:28:24','2025-09-08 12:28:24'),(11400,13,NULL,'Mikrotik Router Up','✅ Hi Kazungu, your mikrotik router - La Zungu is back online.',0,'2025-09-08 12:29:24','2025-09-08 12:29:24'),(11401,13,NULL,'Mikrotik Router Up','✅ Hi Kazungu, your mikrotik router - La Zungu is back online.',0,'2025-09-08 12:30:24','2025-09-08 12:30:24'),(11402,13,NULL,'Mikrotik Router Up','✅ Hi Kazungu, your mikrotik router - La Zungu is back online.',0,'2025-09-08 12:31:25','2025-09-08 12:31:25'),(11403,13,NULL,'Mikrotik Router Up','✅ Hi Kazungu, your mikrotik router - La Zungu is back online.',0,'2025-09-08 12:32:24','2025-09-08 12:32:24'),(11404,13,NULL,'Mikrotik Router Up','✅ Hi Kazungu, your mikrotik router - La Zungu is back online.',0,'2025-09-08 12:33:24','2025-09-08 12:33:24'),(11405,13,NULL,'Mikrotik Router Up','✅ Hi Kazungu, your mikrotik router - La Zungu is back online.',0,'2025-09-08 12:34:25','2025-09-08 12:34:25'),(11406,13,NULL,'Mikrotik Router Up','✅ Hi Kazungu, your mikrotik router - La Zungu is back online.',0,'2025-09-08 12:35:24','2025-09-08 12:35:24'),(11407,13,NULL,'Mikrotik Router Up','✅ Hi Kazungu, your mikrotik router - La Zungu is back online.',0,'2025-09-08 12:36:24','2025-09-08 12:36:24'),(11408,13,NULL,'Mikrotik Router Up','✅ Hi Kazungu, your mikrotik router - La Zungu is back online.',0,'2025-09-08 12:37:25','2025-09-08 12:37:25'),(11409,13,NULL,'Mikrotik Router Up','✅ Hi Kazungu, your mikrotik router - La Zungu is back online.',0,'2025-09-08 12:38:24','2025-09-08 12:38:24'),(11410,13,NULL,'Mikrotik Router Up','✅ Hi Kazungu, your mikrotik router - La Zungu is back online.',0,'2025-09-08 12:39:24','2025-09-08 12:39:24'),(11411,13,NULL,'Mikrotik Router Up','✅ Hi Kazungu, your mikrotik router - La Zungu is back online.',0,'2025-09-08 12:40:24','2025-09-08 12:40:24'),(11412,13,NULL,'Mikrotik Router Up','✅ Hi Kazungu, your mikrotik router - La Zungu is back online.',0,'2025-09-08 12:41:24','2025-09-08 12:41:24'),(11413,13,NULL,'Mikrotik Router Up','✅ Hi Kazungu, your mikrotik router - La Zungu is back online.',0,'2025-09-08 12:42:24','2025-09-08 12:42:24'),(11414,13,NULL,'Mikrotik Router Up','✅ Hi Kazungu, your mikrotik router - La Zungu is back online.',0,'2025-09-08 12:43:24','2025-09-08 12:43:24'),(11415,13,NULL,'Mikrotik Router Up','✅ Hi Kazungu, your mikrotik router - La Zungu is back online.',0,'2025-09-08 12:44:24','2025-09-08 12:44:24'),(11416,13,NULL,'Mikrotik Router Up','✅ Hi Kazungu, your mikrotik router - La Zungu is back online.',0,'2025-09-08 12:45:25','2025-09-08 12:45:25'),(11417,13,NULL,'Mikrotik Router Up','✅ Hi Kazungu, your mikrotik router - La Zungu is back online.',0,'2025-09-08 12:46:24','2025-09-08 12:46:24'),(11418,13,NULL,'Mikrotik Router Up','✅ Hi Kazungu, your mikrotik router - La Zungu is back online.',0,'2025-09-08 12:47:24','2025-09-08 12:47:24'),(11419,13,NULL,'Mikrotik Router Up','✅ Hi Kazungu, your mikrotik router - La Zungu is back online.',0,'2025-09-08 12:48:24','2025-09-08 12:48:24'),(11420,13,NULL,'Mikrotik Router Up','✅ Hi Kazungu, your mikrotik router - La Zungu is back online.',0,'2025-09-08 12:49:24','2025-09-08 12:49:24'),(11421,13,NULL,'Mikrotik Router Up','✅ Hi Kazungu, your mikrotik router - La Zungu is back online.',0,'2025-09-08 12:50:24','2025-09-08 12:50:24'),(11422,13,NULL,'Mikrotik Router Up','✅ Hi Kazungu, your mikrotik router - La Zungu is back online.',0,'2025-09-08 12:51:30','2025-09-08 12:51:30'),(11423,13,NULL,'Mikrotik Router Up','✅ Hi Kazungu, your mikrotik router - La Zungu is back online.',0,'2025-09-08 12:52:24','2025-09-08 12:52:24'),(11424,13,NULL,'Mikrotik Router Up','✅ Hi Kazungu, your mikrotik router - La Zungu is back online.',0,'2025-09-08 12:53:25','2025-09-08 12:53:25'),(11425,13,NULL,'Mikrotik Router Up','✅ Hi Kazungu, your mikrotik router - La Zungu is back online.',0,'2025-09-08 12:54:24','2025-09-08 12:54:24'),(11426,13,NULL,'Mikrotik Router Up','✅ Hi Kazungu, your mikrotik router - La Zungu is back online.',0,'2025-09-08 12:55:24','2025-09-08 12:55:24'),(11427,13,NULL,'Mikrotik Router Up','✅ Hi Kazungu, your mikrotik router - La Zungu is back online.',0,'2025-09-08 12:56:24','2025-09-08 12:56:24'),(11428,13,NULL,'Mikrotik Router Up','✅ Hi Kazungu, your mikrotik router - La Zungu is back online.',0,'2025-09-08 12:57:24','2025-09-08 12:57:24'),(11429,13,NULL,'Mikrotik Router Up','✅ Hi Kazungu, your mikrotik router - La Zungu is back online.',0,'2025-09-08 12:58:25','2025-09-08 12:58:25'),(11430,13,NULL,'Mikrotik Router Up','✅ Hi Kazungu, your mikrotik router - La Zungu is back online.',0,'2025-09-08 12:59:24','2025-09-08 12:59:24'),(11431,13,NULL,'Mikrotik Router Up','✅ Hi Kazungu, your mikrotik router - La Zungu is back online.',0,'2025-09-08 13:00:25','2025-09-08 13:00:25'),(11432,13,NULL,'Mikrotik Router Up','✅ Hi Kazungu, your mikrotik router - La Zungu is back online.',0,'2025-09-08 13:01:24','2025-09-08 13:01:24'),(11433,13,NULL,'Mikrotik Router Up','✅ Hi Kazungu, your mikrotik router - La Zungu is back online.',0,'2025-09-08 13:02:25','2025-09-08 13:02:25'),(11434,13,NULL,'Mikrotik Router Up','✅ Hi Kazungu, your mikrotik router - La Zungu is back online.',0,'2025-09-08 13:03:24','2025-09-08 13:03:24'),(11435,13,NULL,'Mikrotik Router Up','✅ Hi Kazungu, your mikrotik router - La Zungu is back online.',0,'2025-09-08 13:04:24','2025-09-08 13:04:24'),(11436,13,NULL,'Mikrotik Router Up','✅ Hi Kazungu, your mikrotik router - La Zungu is back online.',0,'2025-09-08 13:05:25','2025-09-08 13:05:25'),(11437,13,NULL,'Mikrotik Router Up','✅ Hi Kazungu, your mikrotik router - La Zungu is back online.',0,'2025-09-08 13:06:24','2025-09-08 13:06:24'),(11438,13,NULL,'Mikrotik Router Up','✅ Hi Kazungu, your mikrotik router - La Zungu is back online.',0,'2025-09-08 13:07:24','2025-09-08 13:07:24'),(11439,13,NULL,'Mikrotik Router Up','✅ Hi Kazungu, your mikrotik router - La Zungu is back online.',0,'2025-09-08 13:08:24','2025-09-08 13:08:24'),(11440,13,NULL,'Mikrotik Router Up','✅ Hi Kazungu, your mikrotik router - La Zungu is back online.',0,'2025-09-08 13:09:24','2025-09-08 13:09:24'),(11441,13,NULL,'Mikrotik Router Up','✅ Hi Kazungu, your mikrotik router - La Zungu is back online.',0,'2025-09-08 13:10:25','2025-09-08 13:10:25'),(11442,13,NULL,'Mikrotik Router Up','✅ Hi Kazungu, your mikrotik router - La Zungu is back online.',0,'2025-09-08 13:11:24','2025-09-08 13:11:24'),(11443,13,NULL,'Mikrotik Router Up','✅ Hi Kazungu, your mikrotik router - La Zungu is back online.',0,'2025-09-08 13:12:24','2025-09-08 13:12:24'),(11444,13,NULL,'Mikrotik Router Up','✅ Hi Kazungu, your mikrotik router - La Zungu is back online.',0,'2025-09-08 13:13:24','2025-09-08 13:13:24'),(11445,13,NULL,'Mikrotik Router Up','✅ Hi Kazungu, your mikrotik router - La Zungu is back online.',0,'2025-09-08 13:14:24','2025-09-08 13:14:24'),(11446,13,NULL,'Mikrotik Router Up','✅ Hi Kazungu, your mikrotik router - La Zungu is back online.',0,'2025-09-08 13:15:24','2025-09-08 13:15:24'),(11447,13,NULL,'Mikrotik Router Up','✅ Hi Kazungu, your mikrotik router - La Zungu is back online.',0,'2025-09-08 13:16:25','2025-09-08 13:16:25'),(11448,13,NULL,'Mikrotik Router Up','✅ Hi Kazungu, your mikrotik router - La Zungu is back online.',0,'2025-09-08 13:17:26','2025-09-08 13:17:26'),(11449,13,NULL,'Mikrotik Router Up','✅ Hi Kazungu, your mikrotik router - La Zungu is back online.',0,'2025-09-08 13:18:24','2025-09-08 13:18:24'),(11450,13,NULL,'Mikrotik Router Up','✅ Hi Kazungu, your mikrotik router - La Zungu is back online.',0,'2025-09-08 13:19:25','2025-09-08 13:19:25'),(11451,13,NULL,'Mikrotik Router Up','✅ Hi Kazungu, your mikrotik router - La Zungu is back online.',0,'2025-09-08 13:20:24','2025-09-08 13:20:24'),(11452,13,NULL,'Mikrotik Router Up','✅ Hi Kazungu, your mikrotik router - La Zungu is back online.',0,'2025-09-08 13:21:24','2025-09-08 13:21:24'),(11453,13,NULL,'Mikrotik Router Up','✅ Hi Kazungu, your mikrotik router - La Zungu is back online.',0,'2025-09-08 13:22:25','2025-09-08 13:22:25'),(11454,13,NULL,'Mikrotik Router Up','✅ Hi Kazungu, your mikrotik router - La Zungu is back online.',0,'2025-09-08 13:23:24','2025-09-08 13:23:24'),(11455,13,NULL,'Mikrotik Router Up','✅ Hi Kazungu, your mikrotik router - La Zungu is back online.',0,'2025-09-08 13:24:24','2025-09-08 13:24:24'),(11456,13,NULL,'Mikrotik Router Up','✅ Hi Kazungu, your mikrotik router - La Zungu is back online.',0,'2025-09-08 13:25:24','2025-09-08 13:25:24'),(11457,13,NULL,'Mikrotik Router Up','✅ Hi Kazungu, your mikrotik router - La Zungu is back online.',0,'2025-09-08 13:26:24','2025-09-08 13:26:24'),(11458,13,NULL,'Mikrotik Router Up','✅ Hi Kazungu, your mikrotik router - La Zungu is back online.',0,'2025-09-08 13:27:24','2025-09-08 13:27:24'),(11459,13,NULL,'Mikrotik Router Up','✅ Hi Kazungu, your mikrotik router - La Zungu is back online.',0,'2025-09-08 13:28:24','2025-09-08 13:28:24'),(11460,13,NULL,'Mikrotik Router Up','✅ Hi Kazungu, your mikrotik router - La Zungu is back online.',0,'2025-09-08 13:29:25','2025-09-08 13:29:25'),(11461,13,NULL,'Mikrotik Router Up','✅ Hi Kazungu, your mikrotik router - La Zungu is back online.',0,'2025-09-08 13:30:24','2025-09-08 13:30:24'),(11462,13,NULL,'Mikrotik Router Up','✅ Hi Kazungu, your mikrotik router - La Zungu is back online.',0,'2025-09-08 13:31:24','2025-09-08 13:31:24'),(11463,13,NULL,'Mikrotik Router Up','✅ Hi Kazungu, your mikrotik router - La Zungu is back online.',0,'2025-09-08 13:32:24','2025-09-08 13:32:24'),(11464,13,NULL,'Mikrotik Router Up','✅ Hi Kazungu, your mikrotik router - La Zungu is back online.',0,'2025-09-08 13:33:24','2025-09-08 13:33:24'),(11465,13,NULL,'Mikrotik Router Up','✅ Hi Kazungu, your mikrotik router - La Zungu is back online.',0,'2025-09-08 13:34:24','2025-09-08 13:34:24'),(11466,13,NULL,'Mikrotik Router Up','✅ Hi Kazungu, your mikrotik router - La Zungu is back online.',0,'2025-09-08 13:35:25','2025-09-08 13:35:25'),(11467,13,NULL,'Mikrotik Router Up','✅ Hi Kazungu, your mikrotik router - La Zungu is back online.',0,'2025-09-08 13:36:24','2025-09-08 13:36:24'),(11468,13,NULL,'Mikrotik Router Up','✅ Hi Kazungu, your mikrotik router - La Zungu is back online.',0,'2025-09-08 13:37:24','2025-09-08 13:37:24'),(11469,13,NULL,'Mikrotik Router Up','✅ Hi Kazungu, your mikrotik router - La Zungu is back online.',0,'2025-09-08 13:38:24','2025-09-08 13:38:24'),(11470,13,NULL,'Mikrotik Router Up','✅ Hi Kazungu, your mikrotik router - La Zungu is back online.',0,'2025-09-08 13:39:24','2025-09-08 13:39:24'),(11471,13,NULL,'Mikrotik Router Up','✅ Hi Kazungu, your mikrotik router - La Zungu is back online.',0,'2025-09-08 13:40:24','2025-09-08 13:40:24'),(11472,13,NULL,'Mikrotik Router Up','✅ Hi Kazungu, your mikrotik router - La Zungu is back online.',0,'2025-09-08 13:41:24','2025-09-08 13:41:24'),(11473,13,NULL,'Mikrotik Router Up','✅ Hi Kazungu, your mikrotik router - La Zungu is back online.',0,'2025-09-08 13:42:24','2025-09-08 13:42:24'),(11474,13,NULL,'Mikrotik Router Up','✅ Hi Kazungu, your mikrotik router - La Zungu is back online.',0,'2025-09-08 13:43:24','2025-09-08 13:43:24'),(11475,13,NULL,'Mikrotik Router Up','✅ Hi Kazungu, your mikrotik router - La Zungu is back online.',0,'2025-09-08 13:44:24','2025-09-08 13:44:24'),(11476,13,NULL,'Mikrotik Router Up','✅ Hi Kazungu, your mikrotik router - La Zungu is back online.',0,'2025-09-08 13:45:24','2025-09-08 13:45:24'),(11477,13,NULL,'Mikrotik Router Up','✅ Hi Kazungu, your mikrotik router - La Zungu is back online.',0,'2025-09-08 13:46:24','2025-09-08 13:46:24'),(11478,13,NULL,'Mikrotik Router Up','✅ Hi Kazungu, your mikrotik router - La Zungu is back online.',0,'2025-09-08 13:47:24','2025-09-08 13:47:24'),(11479,13,NULL,'Mikrotik Router Up','✅ Hi Kazungu, your mikrotik router - La Zungu is back online.',0,'2025-09-08 13:48:24','2025-09-08 13:48:24'),(11480,13,NULL,'Mikrotik Router Up','✅ Hi Kazungu, your mikrotik router - La Zungu is back online.',0,'2025-09-08 13:49:24','2025-09-08 13:49:24'),(11481,13,NULL,'Mikrotik Router Up','✅ Hi Kazungu, your mikrotik router - La Zungu is back online.',0,'2025-09-08 13:50:25','2025-09-08 13:50:25'),(11482,13,NULL,'Mikrotik Router Up','✅ Hi Kazungu, your mikrotik router - La Zungu is back online.',0,'2025-09-08 13:51:24','2025-09-08 13:51:24'),(11483,13,NULL,'Mikrotik Router Up','✅ Hi Kazungu, your mikrotik router - La Zungu is back online.',0,'2025-09-08 13:52:24','2025-09-08 13:52:24'),(11484,13,NULL,'Mikrotik Router Up','✅ Hi Kazungu, your mikrotik router - La Zungu is back online.',0,'2025-09-08 13:53:24','2025-09-08 13:53:24'),(11485,13,NULL,'Mikrotik Router Up','✅ Hi Kazungu, your mikrotik router - La Zungu is back online.',0,'2025-09-08 13:54:24','2025-09-08 13:54:24'),(11486,13,NULL,'Mikrotik Router Up','✅ Hi Kazungu, your mikrotik router - La Zungu is back online.',0,'2025-09-08 13:55:24','2025-09-08 13:55:24'),(11487,13,NULL,'Mikrotik Router Up','✅ Hi Kazungu, your mikrotik router - La Zungu is back online.',0,'2025-09-08 13:56:24','2025-09-08 13:56:24'),(11488,13,NULL,'Mikrotik Router Up','✅ Hi Kazungu, your mikrotik router - La Zungu is back online.',0,'2025-09-08 13:57:24','2025-09-08 13:57:24'),(11489,13,NULL,'Mikrotik Router Up','✅ Hi Kazungu, your mikrotik router - La Zungu is back online.',0,'2025-09-08 13:58:24','2025-09-08 13:58:24'),(11490,13,NULL,'Mikrotik Router Up','✅ Hi Kazungu, your mikrotik router - La Zungu is back online.',0,'2025-09-08 13:59:24','2025-09-08 13:59:24'),(11491,13,NULL,'Mikrotik Router Up','✅ Hi Kazungu, your mikrotik router - La Zungu is back online.',0,'2025-09-08 14:00:25','2025-09-08 14:00:25'),(11492,13,NULL,'Mikrotik Router Up','✅ Hi Kazungu, your mikrotik router - La Zungu is back online.',0,'2025-09-08 14:01:24','2025-09-08 14:01:24'),(11493,13,NULL,'Mikrotik Router Up','✅ Hi Kazungu, your mikrotik router - La Zungu is back online.',0,'2025-09-08 14:02:24','2025-09-08 14:02:24'),(11494,13,NULL,'Mikrotik Router Up','✅ Hi Kazungu, your mikrotik router - La Zungu is back online.',0,'2025-09-08 14:03:24','2025-09-08 14:03:24'),(11495,13,NULL,'Mikrotik Router Up','✅ Hi Kazungu, your mikrotik router - La Zungu is back online.',0,'2025-09-08 14:04:24','2025-09-08 14:04:24'),(11496,13,NULL,'Mikrotik Router Up','✅ Hi Kazungu, your mikrotik router - La Zungu is back online.',0,'2025-09-08 14:05:24','2025-09-08 14:05:24'),(11497,13,NULL,'Mikrotik Router Up','✅ Hi Kazungu, your mikrotik router - La Zungu is back online.',0,'2025-09-08 14:06:23','2025-09-08 14:06:23'),(11498,13,NULL,'Mikrotik Router Up','✅ Hi Kazungu, your mikrotik router - La Zungu is back online.',0,'2025-09-08 14:07:24','2025-09-08 14:07:24'),(11499,13,NULL,'Mikrotik Router Up','✅ Hi Kazungu, your mikrotik router - La Zungu is back online.',0,'2025-09-08 14:08:24','2025-09-08 14:08:24'),(11500,13,NULL,'Mikrotik Router Up','✅ Hi Kazungu, your mikrotik router - La Zungu is back online.',0,'2025-09-08 14:09:23','2025-09-08 14:09:23'),(11501,13,NULL,'Mikrotik Router Up','✅ Hi Kazungu, your mikrotik router - La Zungu is back online.',0,'2025-09-08 14:10:24','2025-09-08 14:10:24'),(11502,13,NULL,'Mikrotik Router Up','✅ Hi Kazungu, your mikrotik router - La Zungu is back online.',0,'2025-09-08 14:11:24','2025-09-08 14:11:24'),(11503,13,NULL,'Mikrotik Router Up','✅ Hi Kazungu, your mikrotik router - La Zungu is back online.',0,'2025-09-08 14:12:24','2025-09-08 14:12:24'),(11504,13,NULL,'Mikrotik Router Up','✅ Hi Kazungu, your mikrotik router - La Zungu is back online.',0,'2025-09-08 14:13:29','2025-09-08 14:13:29'),(11505,13,NULL,'Mikrotik Router Up','✅ Hi Kazungu, your mikrotik router - La Zungu is back online.',0,'2025-09-08 14:14:24','2025-09-08 14:14:24'),(11506,13,NULL,'Mikrotik Router Up','✅ Hi Kazungu, your mikrotik router - La Zungu is back online.',0,'2025-09-08 14:15:25','2025-09-08 14:15:25'),(11507,13,NULL,'Mikrotik Router Up','✅ Hi Kazungu, your mikrotik router - La Zungu is back online.',0,'2025-09-08 14:16:23','2025-09-08 14:16:23'),(11508,13,NULL,'Mikrotik Router Up','✅ Hi Kazungu, your mikrotik router - La Zungu is back online.',0,'2025-09-08 14:17:26','2025-09-08 14:17:26'),(11509,13,NULL,'Mikrotik Router Up','✅ Hi Kazungu, your mikrotik router - La Zungu is back online.',0,'2025-09-08 14:18:24','2025-09-08 14:18:24'),(11510,13,NULL,'Mikrotik Router Up','✅ Hi Kazungu, your mikrotik router - La Zungu is back online.',0,'2025-09-08 14:19:24','2025-09-08 14:19:24'),(11511,13,NULL,'Mikrotik Router Up','✅ Hi Kazungu, your mikrotik router - La Zungu is back online.',0,'2025-09-08 14:20:24','2025-09-08 14:20:24'),(11512,13,NULL,'Mikrotik Router Up','✅ Hi Kazungu, your mikrotik router - La Zungu is back online.',0,'2025-09-08 14:21:24','2025-09-08 14:21:24'),(11513,13,NULL,'Mikrotik Router Up','✅ Hi Kazungu, your mikrotik router - La Zungu is back online.',0,'2025-09-08 14:22:24','2025-09-08 14:22:24'),(11514,13,NULL,'Mikrotik Router Up','✅ Hi Kazungu, your mikrotik router - La Zungu is back online.',0,'2025-09-08 14:23:24','2025-09-08 14:23:24'),(11515,13,NULL,'Mikrotik Router Up','✅ Hi Kazungu, your mikrotik router - La Zungu is back online.',0,'2025-09-08 14:24:24','2025-09-08 14:24:24'),(11516,13,NULL,'Mikrotik Router Up','✅ Hi Kazungu, your mikrotik router - La Zungu is back online.',0,'2025-09-08 14:25:24','2025-09-08 14:25:24'),(11517,13,NULL,'Mikrotik Router Up','✅ Hi Kazungu, your mikrotik router - La Zungu is back online.',0,'2025-09-08 14:26:24','2025-09-08 14:26:24'),(11518,13,NULL,'Mikrotik Router Up','✅ Hi Kazungu, your mikrotik router - La Zungu is back online.',0,'2025-09-08 14:27:24','2025-09-08 14:27:24'),(11519,13,NULL,'Mikrotik Router Up','✅ Hi Kazungu, your mikrotik router - La Zungu is back online.',0,'2025-09-08 14:28:25','2025-09-08 14:28:25'),(11520,13,NULL,'Mikrotik Router Up','✅ Hi Kazungu, your mikrotik router - La Zungu is back online.',0,'2025-09-08 14:29:24','2025-09-08 14:29:24'),(11521,13,NULL,'Mikrotik Router Up','✅ Hi Kazungu, your mikrotik router - La Zungu is back online.',0,'2025-09-08 14:30:24','2025-09-08 14:30:24'),(11522,13,NULL,'Mikrotik Router Up','✅ Hi Kazungu, your mikrotik router - La Zungu is back online.',0,'2025-09-08 14:31:24','2025-09-08 14:31:24'),(11523,13,NULL,'Mikrotik Router Up','✅ Hi Kazungu, your mikrotik router - La Zungu is back online.',0,'2025-09-08 14:32:24','2025-09-08 14:32:24'),(11524,13,NULL,'Mikrotik Router Up','✅ Hi Kazungu, your mikrotik router - La Zungu is back online.',0,'2025-09-08 14:33:24','2025-09-08 14:33:24'),(11525,13,NULL,'Mikrotik Router Up','✅ Hi Kazungu, your mikrotik router - La Zungu is back online.',0,'2025-09-08 14:34:24','2025-09-08 14:34:24'),(11526,13,NULL,'Mikrotik Router Up','✅ Hi Kazungu, your mikrotik router - La Zungu is back online.',0,'2025-09-08 14:35:25','2025-09-08 14:35:25'),(11527,13,NULL,'Mikrotik Router Up','✅ Hi Kazungu, your mikrotik router - La Zungu is back online.',0,'2025-09-08 14:36:24','2025-09-08 14:36:24'),(11528,13,NULL,'Mikrotik Router Up','✅ Hi Kazungu, your mikrotik router - La Zungu is back online.',0,'2025-09-08 14:37:24','2025-09-08 14:37:24'),(11529,13,NULL,'Mikrotik Router Up','✅ Hi Kazungu, your mikrotik router - La Zungu is back online.',0,'2025-09-08 14:38:24','2025-09-08 14:38:24'),(11530,13,NULL,'Mikrotik Router Up','✅ Hi Kazungu, your mikrotik router - La Zungu is back online.',0,'2025-09-08 14:39:24','2025-09-08 14:39:24'),(11531,13,NULL,'Mikrotik Router Up','✅ Hi Kazungu, your mikrotik router - La Zungu is back online.',0,'2025-09-08 14:40:24','2025-09-08 14:40:24'),(11532,13,NULL,'Mikrotik Router Up','✅ Hi Kazungu, your mikrotik router - La Zungu is back online.',0,'2025-09-08 14:41:24','2025-09-08 14:41:24'),(11533,13,NULL,'Mikrotik Router Up','✅ Hi Kazungu, your mikrotik router - La Zungu is back online.',0,'2025-09-08 14:42:24','2025-09-08 14:42:24'),(11534,13,NULL,'Mikrotik Router Up','✅ Hi Kazungu, your mikrotik router - La Zungu is back online.',0,'2025-09-08 14:43:24','2025-09-08 14:43:24'),(11535,13,NULL,'Mikrotik Router Up','✅ Hi Kazungu, your mikrotik router - La Zungu is back online.',0,'2025-09-08 14:44:24','2025-09-08 14:44:24'),(11536,13,NULL,'Mikrotik Router Up','✅ Hi Kazungu, your mikrotik router - La Zungu is back online.',0,'2025-09-08 14:45:25','2025-09-08 14:45:25'),(11537,13,NULL,'Mikrotik Router Up','✅ Hi Kazungu, your mikrotik router - La Zungu is back online.',0,'2025-09-08 14:46:24','2025-09-08 14:46:24'),(11538,13,NULL,'Mikrotik Router Up','✅ Hi Kazungu, your mikrotik router - La Zungu is back online.',0,'2025-09-08 14:47:24','2025-09-08 14:47:24'),(11539,13,NULL,'Mikrotik Router Up','✅ Hi Kazungu, your mikrotik router - La Zungu is back online.',0,'2025-09-08 14:48:24','2025-09-08 14:48:24'),(11540,13,NULL,'Mikrotik Router Up','✅ Hi Kazungu, your mikrotik router - La Zungu is back online.',0,'2025-09-08 14:49:24','2025-09-08 14:49:24'),(11541,13,NULL,'Mikrotik Router Up','✅ Hi Kazungu, your mikrotik router - La Zungu is back online.',0,'2025-09-08 14:50:24','2025-09-08 14:50:24'),(11542,13,NULL,'Mikrotik Router Up','✅ Hi Kazungu, your mikrotik router - La Zungu is back online.',0,'2025-09-08 14:51:24','2025-09-08 14:51:24'),(11543,13,NULL,'Mikrotik Router Up','✅ Hi Kazungu, your mikrotik router - La Zungu is back online.',0,'2025-09-08 14:52:24','2025-09-08 14:52:24'),(11544,13,NULL,'Mikrotik Router Up','✅ Hi Kazungu, your mikrotik router - La Zungu is back online.',0,'2025-09-08 14:53:24','2025-09-08 14:53:24'),(11545,13,NULL,'Mikrotik Router Up','✅ Hi Kazungu, your mikrotik router - La Zungu is back online.',0,'2025-09-08 14:54:24','2025-09-08 14:54:24'),(11546,13,NULL,'Mikrotik Router Up','✅ Hi Kazungu, your mikrotik router - La Zungu is back online.',0,'2025-09-08 14:55:24','2025-09-08 14:55:24'),(11547,13,NULL,'Mikrotik Router Up','✅ Hi Kazungu, your mikrotik router - La Zungu is back online.',0,'2025-09-08 14:56:24','2025-09-08 14:56:24'),(11548,13,NULL,'Mikrotik Router Up','✅ Hi Kazungu, your mikrotik router - La Zungu is back online.',0,'2025-09-08 14:57:24','2025-09-08 14:57:24'),(11549,13,NULL,'Mikrotik Router Up','✅ Hi Kazungu, your mikrotik router - La Zungu is back online.',0,'2025-09-08 14:58:24','2025-09-08 14:58:24'),(11550,13,NULL,'Mikrotik Router Up','✅ Hi Kazungu, your mikrotik router - La Zungu is back online.',0,'2025-09-08 14:59:24','2025-09-08 14:59:24'),(11551,13,NULL,'Mikrotik Router Up','✅ Hi Kazungu, your mikrotik router - La Zungu is back online.',0,'2025-09-08 15:00:25','2025-09-08 15:00:25'),(11552,13,NULL,'Mikrotik Router Up','✅ Hi Kazungu, your mikrotik router - La Zungu is back online.',0,'2025-09-08 15:01:24','2025-09-08 15:01:24'),(11553,13,NULL,'Mikrotik Router Up','✅ Hi Kazungu, your mikrotik router - La Zungu is back online.',0,'2025-09-08 15:02:24','2025-09-08 15:02:24'),(11554,13,NULL,'Mikrotik Router Up','✅ Hi Kazungu, your mikrotik router - La Zungu is back online.',0,'2025-09-08 15:03:24','2025-09-08 15:03:24'),(11555,13,NULL,'Mikrotik Router Up','✅ Hi Kazungu, your mikrotik router - La Zungu is back online.',0,'2025-09-08 15:04:24','2025-09-08 15:04:24'),(11556,13,NULL,'Mikrotik Router Up','✅ Hi Kazungu, your mikrotik router - La Zungu is back online.',0,'2025-09-08 15:05:24','2025-09-08 15:05:24'),(11557,13,NULL,'Mikrotik Router Up','✅ Hi Kazungu, your mikrotik router - La Zungu is back online.',0,'2025-09-08 15:06:28','2025-09-08 15:06:28'),(11558,13,NULL,'Mikrotik Router Up','✅ Hi Kazungu, your mikrotik router - La Zungu is back online.',0,'2025-09-08 15:07:24','2025-09-08 15:07:24'),(11559,13,NULL,'Mikrotik Router Up','✅ Hi Kazungu, your mikrotik router - La Zungu is back online.',0,'2025-09-08 15:08:24','2025-09-08 15:08:24'),(11560,13,NULL,'Mikrotik Router Up','✅ Hi Kazungu, your mikrotik router - La Zungu is back online.',0,'2025-09-08 15:09:24','2025-09-08 15:09:24'),(11561,13,NULL,'Mikrotik Router Up','✅ Hi Kazungu, your mikrotik router - La Zungu is back online.',0,'2025-09-08 15:10:25','2025-09-08 15:10:25'),(11562,13,NULL,'Mikrotik Router Up','✅ Hi Kazungu, your mikrotik router - La Zungu is back online.',0,'2025-09-08 15:11:24','2025-09-08 15:11:24'),(11563,13,NULL,'Mikrotik Router Up','✅ Hi Kazungu, your mikrotik router - La Zungu is back online.',0,'2025-09-08 15:12:24','2025-09-08 15:12:24'),(11564,13,NULL,'Mikrotik Router Up','✅ Hi Kazungu, your mikrotik router - La Zungu is back online.',0,'2025-09-08 15:13:28','2025-09-08 15:13:28'),(11565,13,NULL,'Mikrotik Router Up','✅ Hi Kazungu, your mikrotik router - La Zungu is back online.',0,'2025-09-08 15:14:24','2025-09-08 15:14:24'),(11566,13,NULL,'Mikrotik Router Up','✅ Hi Kazungu, your mikrotik router - La Zungu is back online.',0,'2025-09-08 15:15:25','2025-09-08 15:15:25'),(11567,13,NULL,'Mikrotik Router Up','✅ Hi Kazungu, your mikrotik router - La Zungu is back online.',0,'2025-09-08 15:16:24','2025-09-08 15:16:24'),(11568,13,NULL,'Mikrotik Router Up','✅ Hi Kazungu, your mikrotik router - La Zungu is back online.',0,'2025-09-08 15:17:26','2025-09-08 15:17:26'),(11569,13,NULL,'Mikrotik Router Up','✅ Hi Kazungu, your mikrotik router - La Zungu is back online.',0,'2025-09-08 15:18:25','2025-09-08 15:18:25'),(11570,13,NULL,'Mikrotik Router Up','✅ Hi Kazungu, your mikrotik router - La Zungu is back online.',0,'2025-09-08 15:19:24','2025-09-08 15:19:24'),(11571,13,NULL,'Mikrotik Router Up','✅ Hi Kazungu, your mikrotik router - La Zungu is back online.',0,'2025-09-08 15:20:24','2025-09-08 15:20:24'),(11572,13,NULL,'Mikrotik Router Up','✅ Hi Kazungu, your mikrotik router - La Zungu is back online.',0,'2025-09-08 15:21:24','2025-09-08 15:21:24'),(11573,13,NULL,'Mikrotik Router Up','✅ Hi Kazungu, your mikrotik router - La Zungu is back online.',0,'2025-09-08 15:22:24','2025-09-08 15:22:24'),(11574,13,NULL,'Mikrotik Router Up','✅ Hi Kazungu, your mikrotik router - La Zungu is back online.',0,'2025-09-08 15:23:24','2025-09-08 15:23:24'),(11575,13,NULL,'Mikrotik Router Up','✅ Hi Kazungu, your mikrotik router - La Zungu is back online.',0,'2025-09-08 15:24:24','2025-09-08 15:24:24'),(11576,13,NULL,'Mikrotik Router Up','✅ Hi Kazungu, your mikrotik router - La Zungu is back online.',0,'2025-09-08 15:25:24','2025-09-08 15:25:24'),(11577,13,NULL,'Mikrotik Router Up','✅ Hi Kazungu, your mikrotik router - La Zungu is back online.',0,'2025-09-08 15:26:24','2025-09-08 15:26:24'),(11578,13,NULL,'Mikrotik Router Up','✅ Hi Kazungu, your mikrotik router - La Zungu is back online.',0,'2025-09-08 15:27:24','2025-09-08 15:27:24'),(11579,13,NULL,'Mikrotik Router Up','✅ Hi Kazungu, your mikrotik router - La Zungu is back online.',0,'2025-09-08 15:28:24','2025-09-08 15:28:24'),(11580,13,NULL,'Mikrotik Router Up','✅ Hi Kazungu, your mikrotik router - La Zungu is back online.',0,'2025-09-08 15:29:24','2025-09-08 15:29:24'),(11581,13,NULL,'Mikrotik Router Up','✅ Hi Kazungu, your mikrotik router - La Zungu is back online.',0,'2025-09-08 15:30:25','2025-09-08 15:30:25'),(11582,13,NULL,'Mikrotik Router Up','✅ Hi Kazungu, your mikrotik router - La Zungu is back online.',0,'2025-09-08 15:31:24','2025-09-08 15:31:24'),(11583,13,NULL,'Mikrotik Router Up','✅ Hi Kazungu, your mikrotik router - La Zungu is back online.',0,'2025-09-08 15:32:24','2025-09-08 15:32:24'),(11584,13,NULL,'Mikrotik Router Up','✅ Hi Kazungu, your mikrotik router - La Zungu is back online.',0,'2025-09-08 15:33:24','2025-09-08 15:33:24'),(11585,13,NULL,'Mikrotik Router Up','✅ Hi Kazungu, your mikrotik router - La Zungu is back online.',0,'2025-09-08 15:34:24','2025-09-08 15:34:24'),(11586,13,NULL,'Mikrotik Router Up','✅ Hi Kazungu, your mikrotik router - La Zungu is back online.',0,'2025-09-08 15:35:25','2025-09-08 15:35:25'),(11587,13,NULL,'Mikrotik Router Up','✅ Hi Kazungu, your mikrotik router - La Zungu is back online.',0,'2025-09-08 15:36:24','2025-09-08 15:36:24'),(11588,13,NULL,'Mikrotik Router Up','✅ Hi Kazungu, your mikrotik router - La Zungu is back online.',0,'2025-09-08 15:37:23','2025-09-08 15:37:23'),(11589,13,NULL,'Mikrotik Router Up','✅ Hi Kazungu, your mikrotik router - La Zungu is back online.',0,'2025-09-08 15:38:24','2025-09-08 15:38:24'),(11590,13,NULL,'Mikrotik Router Up','✅ Hi Kazungu, your mikrotik router - La Zungu is back online.',0,'2025-09-08 15:39:24','2025-09-08 15:39:24'),(11591,13,NULL,'Mikrotik Router Up','✅ Hi Kazungu, your mikrotik router - La Zungu is back online.',0,'2025-09-08 15:40:24','2025-09-08 15:40:24'),(11592,13,NULL,'Mikrotik Router Up','✅ Hi Kazungu, your mikrotik router - La Zungu is back online.',0,'2025-09-08 15:41:23','2025-09-08 15:41:23'),(11593,13,NULL,'Mikrotik Router Up','✅ Hi Kazungu, your mikrotik router - La Zungu is back online.',0,'2025-09-08 15:42:24','2025-09-08 15:42:24'),(11594,13,NULL,'Mikrotik Router Up','✅ Hi Kazungu, your mikrotik router - La Zungu is back online.',0,'2025-09-08 15:43:24','2025-09-08 15:43:24'),(11595,13,NULL,'Mikrotik Router Up','✅ Hi Kazungu, your mikrotik router - La Zungu is back online.',0,'2025-09-08 15:44:24','2025-09-08 15:44:24'),(11596,13,NULL,'Mikrotik Router Up','✅ Hi Kazungu, your mikrotik router - La Zungu is back online.',0,'2025-09-08 15:45:25','2025-09-08 15:45:25'),(11597,13,NULL,'Mikrotik Router Up','✅ Hi Kazungu, your mikrotik router - La Zungu is back online.',0,'2025-09-08 15:46:25','2025-09-08 15:46:25'),(11598,13,NULL,'Mikrotik Router Up','✅ Hi Kazungu, your mikrotik router - La Zungu is back online.',0,'2025-09-08 15:47:24','2025-09-08 15:47:24'),(11599,13,NULL,'Mikrotik Router Up','✅ Hi Kazungu, your mikrotik router - La Zungu is back online.',0,'2025-09-08 15:48:24','2025-09-08 15:48:24'),(11600,13,NULL,'Mikrotik Router Up','✅ Hi Kazungu, your mikrotik router - La Zungu is back online.',0,'2025-09-08 15:49:24','2025-09-08 15:49:24'),(11601,13,NULL,'Mikrotik Router Up','✅ Hi Kazungu, your mikrotik router - La Zungu is back online.',0,'2025-09-08 15:50:24','2025-09-08 15:50:24'),(11602,13,NULL,'Mikrotik Router Up','✅ Hi Kazungu, your mikrotik router - La Zungu is back online.',0,'2025-09-08 15:51:24','2025-09-08 15:51:24'),(11603,13,NULL,'Mikrotik Router Up','✅ Hi Kazungu, your mikrotik router - La Zungu is back online.',0,'2025-09-08 15:52:24','2025-09-08 15:52:24'),(11604,13,NULL,'Mikrotik Router Up','✅ Hi Kazungu, your mikrotik router - La Zungu is back online.',0,'2025-09-08 15:53:24','2025-09-08 15:53:24'),(11605,13,NULL,'Mikrotik Router Up','✅ Hi Kazungu, your mikrotik router - La Zungu is back online.',0,'2025-09-08 15:54:24','2025-09-08 15:54:24'),(11606,13,NULL,'Mikrotik Router Up','✅ Hi Kazungu, your mikrotik router - La Zungu is back online.',0,'2025-09-08 15:55:25','2025-09-08 15:55:25'),(11607,13,NULL,'Mikrotik Router Up','✅ Hi Kazungu, your mikrotik router - La Zungu is back online.',0,'2025-09-08 15:56:24','2025-09-08 15:56:24'),(11608,13,NULL,'Mikrotik Router Up','✅ Hi Kazungu, your mikrotik router - La Zungu is back online.',0,'2025-09-08 15:57:24','2025-09-08 15:57:24'),(11609,13,NULL,'Mikrotik Router Up','✅ Hi Kazungu, your mikrotik router - La Zungu is back online.',0,'2025-09-08 15:58:24','2025-09-08 15:58:24'),(11610,13,NULL,'Mikrotik Router Up','✅ Hi Kazungu, your mikrotik router - La Zungu is back online.',0,'2025-09-08 15:59:24','2025-09-08 15:59:24'),(11611,13,NULL,'Mikrotik Router Up','✅ Hi Kazungu, your mikrotik router - La Zungu is back online.',0,'2025-09-08 16:00:25','2025-09-08 16:00:25'),(11612,13,NULL,'Mikrotik Router Up','✅ Hi Kazungu, your mikrotik router - La Zungu is back online.',0,'2025-09-08 16:01:24','2025-09-08 16:01:24'),(11613,13,NULL,'Mikrotik Router Up','✅ Hi Kazungu, your mikrotik router - La Zungu is back online.',0,'2025-09-08 16:02:24','2025-09-08 16:02:24'),(11614,13,NULL,'Mikrotik Router Up','✅ Hi Kazungu, your mikrotik router - La Zungu is back online.',0,'2025-09-08 16:03:24','2025-09-08 16:03:24'),(11615,13,NULL,'Mikrotik Router Up','✅ Hi Kazungu, your mikrotik router - La Zungu is back online.',0,'2025-09-08 16:04:24','2025-09-08 16:04:24'),(11616,13,NULL,'Mikrotik Router Up','✅ Hi Kazungu, your mikrotik router - La Zungu is back online.',0,'2025-09-08 16:05:24','2025-09-08 16:05:24'),(11617,13,NULL,'Mikrotik Router Up','✅ Hi Kazungu, your mikrotik router - La Zungu is back online.',0,'2025-09-08 16:06:24','2025-09-08 16:06:24'),(11618,13,NULL,'Mikrotik Router Up','✅ Hi Kazungu, your mikrotik router - La Zungu is back online.',0,'2025-09-08 16:07:24','2025-09-08 16:07:24'),(11619,13,NULL,'Mikrotik Router Up','✅ Hi Kazungu, your mikrotik router - La Zungu is back online.',0,'2025-09-08 16:08:24','2025-09-08 16:08:24'),(11620,13,NULL,'Mikrotik Router Up','✅ Hi Kazungu, your mikrotik router - La Zungu is back online.',0,'2025-09-08 16:09:24','2025-09-08 16:09:24'),(11621,13,NULL,'Mikrotik Router Up','✅ Hi Kazungu, your mikrotik router - La Zungu is back online.',0,'2025-09-08 16:10:24','2025-09-08 16:10:24'),(11622,13,NULL,'Mikrotik Router Up','✅ Hi Kazungu, your mikrotik router - La Zungu is back online.',0,'2025-09-08 16:11:24','2025-09-08 16:11:24'),(11623,13,NULL,'Mikrotik Router Up','✅ Hi Kazungu, your mikrotik router - La Zungu is back online.',0,'2025-09-08 16:12:25','2025-09-08 16:12:25'),(11624,13,NULL,'Mikrotik Router Up','✅ Hi Kazungu, your mikrotik router - La Zungu is back online.',0,'2025-09-08 16:13:24','2025-09-08 16:13:24'),(11625,13,NULL,'Mikrotik Router Up','✅ Hi Kazungu, your mikrotik router - La Zungu is back online.',0,'2025-09-08 16:14:24','2025-09-08 16:14:24'),(11626,13,NULL,'Mikrotik Router Up','✅ Hi Kazungu, your mikrotik router - La Zungu is back online.',0,'2025-09-08 16:15:24','2025-09-08 16:15:24'),(11627,13,NULL,'Mikrotik Router Up','✅ Hi Kazungu, your mikrotik router - La Zungu is back online.',0,'2025-09-08 16:16:24','2025-09-08 16:16:24'),(11628,13,NULL,'Mikrotik Router Up','✅ Hi Kazungu, your mikrotik router - La Zungu is back online.',0,'2025-09-08 16:17:26','2025-09-08 16:17:26'),(11629,13,NULL,'Mikrotik Router Up','✅ Hi Kazungu, your mikrotik router - La Zungu is back online.',0,'2025-09-08 16:18:24','2025-09-08 16:18:24'),(11630,13,NULL,'Mikrotik Router Up','✅ Hi Kazungu, your mikrotik router - La Zungu is back online.',0,'2025-09-08 16:19:24','2025-09-08 16:19:24'),(11631,13,NULL,'Mikrotik Router Up','✅ Hi Kazungu, your mikrotik router - La Zungu is back online.',0,'2025-09-08 16:20:24','2025-09-08 16:20:24'),(11632,13,NULL,'Mikrotik Router Up','✅ Hi Kazungu, your mikrotik router - La Zungu is back online.',0,'2025-09-08 16:21:24','2025-09-08 16:21:24'),(11633,13,NULL,'Mikrotik Router Up','✅ Hi Kazungu, your mikrotik router - La Zungu is back online.',0,'2025-09-08 16:22:24','2025-09-08 16:22:24'),(11634,13,NULL,'Mikrotik Router Up','✅ Hi Kazungu, your mikrotik router - La Zungu is back online.',0,'2025-09-08 16:23:24','2025-09-08 16:23:24'),(11635,13,NULL,'Mikrotik Router Up','✅ Hi Kazungu, your mikrotik router - La Zungu is back online.',0,'2025-09-08 16:24:24','2025-09-08 16:24:24'),(11636,13,NULL,'Mikrotik Router Up','✅ Hi Kazungu, your mikrotik router - La Zungu is back online.',0,'2025-09-08 16:25:24','2025-09-08 16:25:24'),(11637,13,NULL,'Mikrotik Router Up','✅ Hi Kazungu, your mikrotik router - La Zungu is back online.',0,'2025-09-08 16:26:24','2025-09-08 16:26:24'),(11638,13,NULL,'Mikrotik Router Up','✅ Hi Kazungu, your mikrotik router - La Zungu is back online.',0,'2025-09-08 16:27:29','2025-09-08 16:27:29'),(11639,13,NULL,'Mikrotik Router Up','✅ Hi Kazungu, your mikrotik router - La Zungu is back online.',0,'2025-09-08 16:28:24','2025-09-08 16:28:24'),(11640,13,NULL,'Mikrotik Router Up','✅ Hi Kazungu, your mikrotik router - La Zungu is back online.',0,'2025-09-08 16:29:24','2025-09-08 16:29:24'),(11641,13,NULL,'Mikrotik Router Up','✅ Hi Kazungu, your mikrotik router - La Zungu is back online.',0,'2025-09-08 16:30:24','2025-09-08 16:30:24'),(11642,13,NULL,'Mikrotik Router Up','✅ Hi Kazungu, your mikrotik router - La Zungu is back online.',0,'2025-09-08 16:31:24','2025-09-08 16:31:24'),(11643,13,NULL,'Mikrotik Router Up','✅ Hi Kazungu, your mikrotik router - La Zungu is back online.',0,'2025-09-08 16:32:24','2025-09-08 16:32:24'),(11644,13,NULL,'Mikrotik Router Up','✅ Hi Kazungu, your mikrotik router - La Zungu is back online.',0,'2025-09-08 16:33:24','2025-09-08 16:33:24'),(11645,13,NULL,'Mikrotik Router Up','✅ Hi Kazungu, your mikrotik router - La Zungu is back online.',0,'2025-09-08 16:34:24','2025-09-08 16:34:24'),(11646,13,NULL,'Mikrotik Router Up','✅ Hi Kazungu, your mikrotik router - La Zungu is back online.',0,'2025-09-08 16:35:24','2025-09-08 16:35:24'),(11647,13,NULL,'Mikrotik Router Up','✅ Hi Kazungu, your mikrotik router - La Zungu is back online.',0,'2025-09-08 16:36:24','2025-09-08 16:36:24'),(11648,13,NULL,'Mikrotik Router Up','✅ Hi Kazungu, your mikrotik router - La Zungu is back online.',0,'2025-09-08 16:37:24','2025-09-08 16:37:24'),(11649,13,NULL,'Mikrotik Router Up','✅ Hi Kazungu, your mikrotik router - La Zungu is back online.',0,'2025-09-08 16:38:25','2025-09-08 16:38:25'),(11650,13,NULL,'Mikrotik Router Up','✅ Hi Kazungu, your mikrotik router - La Zungu is back online.',0,'2025-09-08 16:39:24','2025-09-08 16:39:24'),(11651,13,NULL,'Mikrotik Router Up','✅ Hi Kazungu, your mikrotik router - La Zungu is back online.',0,'2025-09-08 16:40:25','2025-09-08 16:40:25'),(11652,13,NULL,'Mikrotik Router Up','✅ Hi Kazungu, your mikrotik router - La Zungu is back online.',0,'2025-09-08 16:41:24','2025-09-08 16:41:24'),(11653,13,NULL,'Mikrotik Router Up','✅ Hi Kazungu, your mikrotik router - La Zungu is back online.',0,'2025-09-08 16:42:24','2025-09-08 16:42:24'),(11654,13,NULL,'Mikrotik Router Up','✅ Hi Kazungu, your mikrotik router - La Zungu is back online.',0,'2025-09-08 16:43:24','2025-09-08 16:43:24'),(11655,13,NULL,'Mikrotik Router Up','✅ Hi Kazungu, your mikrotik router - La Zungu is back online.',0,'2025-09-08 16:44:24','2025-09-08 16:44:24'),(11656,13,NULL,'Mikrotik Router Up','✅ Hi Kazungu, your mikrotik router - La Zungu is back online.',0,'2025-09-08 16:45:25','2025-09-08 16:45:25'),(11657,13,NULL,'Mikrotik Router Up','✅ Hi Kazungu, your mikrotik router - La Zungu is back online.',0,'2025-09-08 16:46:24','2025-09-08 16:46:24'),(11658,13,NULL,'Mikrotik Router Up','✅ Hi Kazungu, your mikrotik router - La Zungu is back online.',0,'2025-09-08 16:47:24','2025-09-08 16:47:24'),(11659,13,NULL,'Mikrotik Router Up','✅ Hi Kazungu, your mikrotik router - La Zungu is back online.',0,'2025-09-08 16:48:24','2025-09-08 16:48:24'),(11660,13,NULL,'Mikrotik Router Up','✅ Hi Kazungu, your mikrotik router - La Zungu is back online.',0,'2025-09-08 16:49:24','2025-09-08 16:49:24'),(11661,13,NULL,'Mikrotik Router Up','✅ Hi Kazungu, your mikrotik router - La Zungu is back online.',0,'2025-09-08 16:50:25','2025-09-08 16:50:25'),(11662,13,NULL,'Mikrotik Router Up','✅ Hi Kazungu, your mikrotik router - La Zungu is back online.',0,'2025-09-08 16:51:24','2025-09-08 16:51:24'),(11663,13,NULL,'Mikrotik Router Up','✅ Hi Kazungu, your mikrotik router - La Zungu is back online.',0,'2025-09-08 16:52:24','2025-09-08 16:52:24'),(11664,13,NULL,'Mikrotik Router Up','✅ Hi Kazungu, your mikrotik router - La Zungu is back online.',0,'2025-09-08 16:53:24','2025-09-08 16:53:24'),(11665,13,NULL,'Mikrotik Router Up','✅ Hi Kazungu, your mikrotik router - La Zungu is back online.',0,'2025-09-08 16:54:24','2025-09-08 16:54:24'),(11666,13,NULL,'Mikrotik Router Up','✅ Hi Kazungu, your mikrotik router - La Zungu is back online.',0,'2025-09-08 16:55:24','2025-09-08 16:55:24'),(11667,13,NULL,'Mikrotik Router Up','✅ Hi Kazungu, your mikrotik router - La Zungu is back online.',0,'2025-09-08 16:56:24','2025-09-08 16:56:24'),(11668,13,NULL,'Mikrotik Router Up','✅ Hi Kazungu, your mikrotik router - La Zungu is back online.',0,'2025-09-08 16:57:24','2025-09-08 16:57:24'),(11669,13,NULL,'Mikrotik Router Up','✅ Hi Kazungu, your mikrotik router - La Zungu is back online.',0,'2025-09-08 16:58:24','2025-09-08 16:58:24'),(11670,13,NULL,'Mikrotik Router Up','✅ Hi Kazungu, your mikrotik router - La Zungu is back online.',0,'2025-09-08 16:59:24','2025-09-08 16:59:24'),(11671,13,NULL,'Mikrotik Router Up','✅ Hi Kazungu, your mikrotik router - La Zungu is back online.',0,'2025-09-08 17:00:24','2025-09-08 17:00:24'),(11672,13,NULL,'Mikrotik Router Up','✅ Hi Kazungu, your mikrotik router - La Zungu is back online.',0,'2025-09-08 17:01:24','2025-09-08 17:01:24'),(11673,13,NULL,'Mikrotik Router Up','✅ Hi Kazungu, your mikrotik router - La Zungu is back online.',0,'2025-09-08 17:02:24','2025-09-08 17:02:24'),(11674,13,NULL,'Mikrotik Router Up','✅ Hi Kazungu, your mikrotik router - La Zungu is back online.',0,'2025-09-08 17:03:24','2025-09-08 17:03:24'),(11675,8,NULL,'Mikrotik Router Down','⚠️ Hi Erick, your mikrotik router - Machinga Complex is offline. Please check it out.',0,'2025-09-08 17:04:24','2025-09-08 17:04:24'),(11676,13,NULL,'Mikrotik Router Up','✅ Hi Kazungu, your mikrotik router - La Zungu is back online.',0,'2025-09-08 17:05:24','2025-09-08 17:05:24'),(11677,13,NULL,'Mikrotik Router Up','✅ Hi Kazungu, your mikrotik router - La Zungu is back online.',0,'2025-09-08 17:06:24','2025-09-08 17:06:24'),(11678,13,NULL,'Mikrotik Router Up','✅ Hi Kazungu, your mikrotik router - La Zungu is back online.',0,'2025-09-08 17:07:24','2025-09-08 17:07:24'),(11679,13,NULL,'Mikrotik Router Up','✅ Hi Kazungu, your mikrotik router - La Zungu is back online.',0,'2025-09-08 17:08:24','2025-09-08 17:08:24'),(11680,13,NULL,'Mikrotik Router Up','✅ Hi Kazungu, your mikrotik router - La Zungu is back online.',0,'2025-09-08 17:09:24','2025-09-08 17:09:24'),(11681,13,NULL,'Mikrotik Router Up','✅ Hi Kazungu, your mikrotik router - La Zungu is back online.',0,'2025-09-08 17:10:25','2025-09-08 17:10:25'),(11682,13,NULL,'Mikrotik Router Up','✅ Hi Kazungu, your mikrotik router - La Zungu is back online.',0,'2025-09-08 17:11:24','2025-09-08 17:11:24'),(11683,13,NULL,'Mikrotik Router Up','✅ Hi Kazungu, your mikrotik router - La Zungu is back online.',0,'2025-09-08 17:12:24','2025-09-08 17:12:24'),(11684,13,NULL,'Mikrotik Router Up','✅ Hi Kazungu, your mikrotik router - La Zungu is back online.',0,'2025-09-08 17:13:24','2025-09-08 17:13:24'),(11685,13,NULL,'Mikrotik Router Up','✅ Hi Kazungu, your mikrotik router - La Zungu is back online.',0,'2025-09-08 17:14:24','2025-09-08 17:14:24'),(11686,13,NULL,'Mikrotik Router Up','✅ Hi Kazungu, your mikrotik router - La Zungu is back online.',0,'2025-09-08 17:15:24','2025-09-08 17:15:24'),(11687,13,NULL,'Mikrotik Router Up','✅ Hi Kazungu, your mikrotik router - La Zungu is back online.',0,'2025-09-08 17:16:24','2025-09-08 17:16:24'),(11688,13,NULL,'Mikrotik Router Up','✅ Hi Kazungu, your mikrotik router - La Zungu is back online.',0,'2025-09-08 17:17:26','2025-09-08 17:17:26'),(11689,13,NULL,'Mikrotik Router Up','✅ Hi Kazungu, your mikrotik router - La Zungu is back online.',0,'2025-09-08 17:18:29','2025-09-08 17:18:29'),(11690,13,NULL,'Mikrotik Router Up','✅ Hi Kazungu, your mikrotik router - La Zungu is back online.',0,'2025-09-08 17:19:24','2025-09-08 17:19:24'),(11691,13,NULL,'Mikrotik Router Up','✅ Hi Kazungu, your mikrotik router - La Zungu is back online.',0,'2025-09-08 17:20:25','2025-09-08 17:20:25'),(11692,13,NULL,'Mikrotik Router Up','✅ Hi Kazungu, your mikrotik router - La Zungu is back online.',0,'2025-09-08 17:21:24','2025-09-08 17:21:24'),(11693,13,NULL,'Mikrotik Router Up','✅ Hi Kazungu, your mikrotik router - La Zungu is back online.',0,'2025-09-08 17:22:24','2025-09-08 17:22:24'),(11694,13,NULL,'Mikrotik Router Up','✅ Hi Kazungu, your mikrotik router - La Zungu is back online.',0,'2025-09-08 17:23:24','2025-09-08 17:23:24'),(11695,13,NULL,'Mikrotik Router Up','✅ Hi Kazungu, your mikrotik router - La Zungu is back online.',0,'2025-09-08 17:24:29','2025-09-08 17:24:29'),(11696,13,NULL,'Mikrotik Router Up','✅ Hi Kazungu, your mikrotik router - La Zungu is back online.',0,'2025-09-08 17:25:24','2025-09-08 17:25:24'),(11697,13,NULL,'Mikrotik Router Up','✅ Hi Kazungu, your mikrotik router - La Zungu is back online.',0,'2025-09-08 17:26:24','2025-09-08 17:26:24'),(11698,13,NULL,'Mikrotik Router Up','✅ Hi Kazungu, your mikrotik router - La Zungu is back online.',0,'2025-09-08 17:27:24','2025-09-08 17:27:24'),(11699,13,NULL,'Mikrotik Router Up','✅ Hi Kazungu, your mikrotik router - La Zungu is back online.',0,'2025-09-08 17:28:24','2025-09-08 17:28:24'),(11700,13,NULL,'Mikrotik Router Up','✅ Hi Kazungu, your mikrotik router - La Zungu is back online.',0,'2025-09-08 17:29:24','2025-09-08 17:29:24'),(11701,13,NULL,'Mikrotik Router Up','✅ Hi Kazungu, your mikrotik router - La Zungu is back online.',0,'2025-09-08 17:30:25','2025-09-08 17:30:25'),(11702,13,NULL,'Mikrotik Router Up','✅ Hi Kazungu, your mikrotik router - La Zungu is back online.',0,'2025-09-08 17:31:24','2025-09-08 17:31:24'),(11703,13,NULL,'Mikrotik Router Up','✅ Hi Kazungu, your mikrotik router - La Zungu is back online.',0,'2025-09-08 17:32:24','2025-09-08 17:32:24'),(11704,13,NULL,'Mikrotik Router Up','✅ Hi Kazungu, your mikrotik router - La Zungu is back online.',0,'2025-09-08 17:33:24','2025-09-08 17:33:24'),(11705,13,NULL,'Mikrotik Router Up','✅ Hi Kazungu, your mikrotik router - La Zungu is back online.',0,'2025-09-08 17:34:24','2025-09-08 17:34:24'),(11706,13,NULL,'Mikrotik Router Up','✅ Hi Kazungu, your mikrotik router - La Zungu is back online.',0,'2025-09-08 17:35:24','2025-09-08 17:35:24'),(11707,13,NULL,'Mikrotik Router Up','✅ Hi Kazungu, your mikrotik router - La Zungu is back online.',0,'2025-09-08 17:36:24','2025-09-08 17:36:24'),(11708,13,NULL,'Mikrotik Router Up','✅ Hi Kazungu, your mikrotik router - La Zungu is back online.',0,'2025-09-08 17:37:29','2025-09-08 17:37:29'),(11709,13,NULL,'Mikrotik Router Up','✅ Hi Kazungu, your mikrotik router - La Zungu is back online.',0,'2025-09-08 17:38:24','2025-09-08 17:38:24'),(11710,13,NULL,'Mikrotik Router Up','✅ Hi Kazungu, your mikrotik router - La Zungu is back online.',0,'2025-09-08 17:39:24','2025-09-08 17:39:24'),(11711,13,NULL,'Mikrotik Router Up','✅ Hi Kazungu, your mikrotik router - La Zungu is back online.',0,'2025-09-08 17:40:24','2025-09-08 17:40:24'),(11712,13,NULL,'Mikrotik Router Up','✅ Hi Kazungu, your mikrotik router - La Zungu is back online.',0,'2025-09-08 17:41:24','2025-09-08 17:41:24'),(11713,13,NULL,'Mikrotik Router Up','✅ Hi Kazungu, your mikrotik router - La Zungu is back online.',0,'2025-09-08 17:42:24','2025-09-08 17:42:24'),(11714,13,NULL,'Mikrotik Router Up','✅ Hi Kazungu, your mikrotik router - La Zungu is back online.',0,'2025-09-08 17:43:24','2025-09-08 17:43:24'),(11715,13,NULL,'Mikrotik Router Up','✅ Hi Kazungu, your mikrotik router - La Zungu is back online.',0,'2025-09-08 17:44:24','2025-09-08 17:44:24'),(11716,13,NULL,'Mikrotik Router Up','✅ Hi Kazungu, your mikrotik router - La Zungu is back online.',0,'2025-09-08 17:45:25','2025-09-08 17:45:25'),(11717,13,NULL,'Mikrotik Router Up','✅ Hi Kazungu, your mikrotik router - La Zungu is back online.',0,'2025-09-08 17:46:24','2025-09-08 17:46:24'),(11718,13,NULL,'Mikrotik Router Up','✅ Hi Kazungu, your mikrotik router - La Zungu is back online.',0,'2025-09-08 17:47:24','2025-09-08 17:47:24'),(11719,13,NULL,'Mikrotik Router Up','✅ Hi Kazungu, your mikrotik router - La Zungu is back online.',0,'2025-09-08 17:48:24','2025-09-08 17:48:24'),(11720,13,NULL,'Mikrotik Router Up','✅ Hi Kazungu, your mikrotik router - La Zungu is back online.',0,'2025-09-08 17:49:24','2025-09-08 17:49:24'),(11721,13,NULL,'Mikrotik Router Up','✅ Hi Kazungu, your mikrotik router - La Zungu is back online.',0,'2025-09-08 17:50:24','2025-09-08 17:50:24'),(11722,13,NULL,'Mikrotik Router Up','✅ Hi Kazungu, your mikrotik router - La Zungu is back online.',0,'2025-09-08 17:51:23','2025-09-08 17:51:23'),(11723,13,NULL,'Mikrotik Router Up','✅ Hi Kazungu, your mikrotik router - La Zungu is back online.',0,'2025-09-08 17:52:24','2025-09-08 17:52:24'),(11724,13,NULL,'Mikrotik Router Up','✅ Hi Kazungu, your mikrotik router - La Zungu is back online.',0,'2025-09-08 17:53:24','2025-09-08 17:53:24'),(11725,13,NULL,'Mikrotik Router Up','✅ Hi Kazungu, your mikrotik router - La Zungu is back online.',0,'2025-09-08 17:54:24','2025-09-08 17:54:24'),(11726,13,NULL,'Mikrotik Router Up','✅ Hi Kazungu, your mikrotik router - La Zungu is back online.',0,'2025-09-08 17:55:24','2025-09-08 17:55:24'),(11727,13,NULL,'Mikrotik Router Up','✅ Hi Kazungu, your mikrotik router - La Zungu is back online.',0,'2025-09-08 17:56:24','2025-09-08 17:56:24'),(11728,13,NULL,'Mikrotik Router Up','✅ Hi Kazungu, your mikrotik router - La Zungu is back online.',0,'2025-09-08 17:57:24','2025-09-08 17:57:24'),(11729,13,NULL,'Mikrotik Router Up','✅ Hi Kazungu, your mikrotik router - La Zungu is back online.',0,'2025-09-08 17:58:24','2025-09-08 17:58:24'),(11730,13,NULL,'Mikrotik Router Up','✅ Hi Kazungu, your mikrotik router - La Zungu is back online.',0,'2025-09-08 17:59:24','2025-09-08 17:59:24'),(11731,13,NULL,'Mikrotik Router Up','✅ Hi Kazungu, your mikrotik router - La Zungu is back online.',0,'2025-09-08 18:00:25','2025-09-08 18:00:25'),(11732,13,NULL,'Mikrotik Router Up','✅ Hi Kazungu, your mikrotik router - La Zungu is back online.',0,'2025-09-08 18:01:24','2025-09-08 18:01:24'),(11733,13,NULL,'Mikrotik Router Up','✅ Hi Kazungu, your mikrotik router - La Zungu is back online.',0,'2025-09-08 18:02:24','2025-09-08 18:02:24'),(11734,13,NULL,'Mikrotik Router Up','✅ Hi Kazungu, your mikrotik router - La Zungu is back online.',0,'2025-09-08 18:03:24','2025-09-08 18:03:24'),(11735,13,NULL,'Mikrotik Router Up','✅ Hi Kazungu, your mikrotik router - La Zungu is back online.',0,'2025-09-08 18:04:24','2025-09-08 18:04:24'),(11736,8,NULL,'Mikrotik Router Down','⚠️ Hi Erick, your mikrotik router - Ngoni Net 1 is offline. Please check it out.',0,'2025-09-08 18:05:25','2025-09-08 18:05:25'),(11737,8,NULL,'Mikrotik Router Down','⚠️ Hi Erick, your mikrotik router - Ngoni Net 1 is offline. Please check it out.',0,'2025-09-08 18:06:25','2025-09-08 18:06:25'),(11738,8,NULL,'Mikrotik Router Down','⚠️ Hi Erick, your mikrotik router - Ngoni Net 1 is offline. Please check it out.',0,'2025-09-08 18:07:25','2025-09-08 18:07:25'),(11739,8,NULL,'Mikrotik Router Down','⚠️ Hi Erick, your mikrotik router - Ngoni Net 1 is offline. Please check it out.',0,'2025-09-08 18:08:25','2025-09-08 18:08:25'),(11740,8,NULL,'Mikrotik Router Down','⚠️ Hi Erick, your mikrotik router - Ngoni Net 1 is offline. Please check it out.',0,'2025-09-08 18:09:26','2025-09-08 18:09:26'),(11741,8,NULL,'Mikrotik Router Down','⚠️ Hi Erick, your mikrotik router - Ngoni Net 1 is offline. Please check it out.',0,'2025-09-08 18:10:26','2025-09-08 18:10:26'),(11742,8,NULL,'Mikrotik Router Down','⚠️ Hi Erick, your mikrotik router - Ngoni Net 1 is offline. Please check it out.',0,'2025-09-08 18:11:25','2025-09-08 18:11:25'),(11743,8,NULL,'Mikrotik Router Down','⚠️ Hi Erick, your mikrotik router - Ngoni Net 1 is offline. Please check it out.',0,'2025-09-08 18:12:25','2025-09-08 18:12:25'),(11744,8,NULL,'Mikrotik Router Down','⚠️ Hi Erick, your mikrotik router - Ngoni Net 1 is offline. Please check it out.',0,'2025-09-08 18:13:26','2025-09-08 18:13:26'),(11745,8,NULL,'Mikrotik Router Down','⚠️ Hi Erick, your mikrotik router - Ngoni Net 1 is offline. Please check it out.',0,'2025-09-08 18:14:26','2025-09-08 18:14:26'),(11746,8,NULL,'Mikrotik Router Down','⚠️ Hi Erick, your mikrotik router - Ngoni Net 1 is offline. Please check it out.',0,'2025-09-08 18:15:26','2025-09-08 18:15:26'),(11747,8,NULL,'Mikrotik Router Down','⚠️ Hi Erick, your mikrotik router - Ngoni Net 1 is offline. Please check it out.',0,'2025-09-08 18:16:25','2025-09-08 18:16:25'),(11748,8,NULL,'Mikrotik Router Down','⚠️ Hi Erick, your mikrotik router - Ngoni Net 1 is offline. Please check it out.',0,'2025-09-08 18:17:26','2025-09-08 18:17:26'),(11749,8,NULL,'Mikrotik Router Down','⚠️ Hi Erick, your mikrotik router - Ngoni Net 1 is offline. Please check it out.',0,'2025-09-08 18:18:26','2025-09-08 18:18:26'),(11750,8,NULL,'Mikrotik Router Down','⚠️ Hi Erick, your mikrotik router - Ngoni Net 1 is offline. Please check it out.',0,'2025-09-08 18:19:26','2025-09-08 18:19:26'),(11751,8,NULL,'Mikrotik Router Down','⚠️ Hi Erick, your mikrotik router - Ngoni Net 1 is offline. Please check it out.',0,'2025-09-08 18:20:26','2025-09-08 18:20:26'),(11752,8,NULL,'Mikrotik Router Down','⚠️ Hi Erick, your mikrotik router - Ngoni Net 1 is offline. Please check it out.',0,'2025-09-08 18:21:25','2025-09-08 18:21:25'),(11753,8,NULL,'Mikrotik Router Down','⚠️ Hi Erick, your mikrotik router - Ngoni Net 1 is offline. Please check it out.',0,'2025-09-08 18:22:26','2025-09-08 18:22:26'),(11754,8,NULL,'Mikrotik Router Down','⚠️ Hi Erick, your mikrotik router - Ngoni Net 1 is offline. Please check it out.',0,'2025-09-08 18:23:25','2025-09-08 18:23:25'),(11755,8,NULL,'Mikrotik Router Down','⚠️ Hi Erick, your mikrotik router - Ngoni Net 1 is offline. Please check it out.',0,'2025-09-08 18:24:25','2025-09-08 18:24:25'),(11756,8,NULL,'Mikrotik Router Down','⚠️ Hi Erick, your mikrotik router - Ngoni Net 1 is offline. Please check it out.',0,'2025-09-08 18:25:26','2025-09-08 18:25:26'),(11757,8,NULL,'Mikrotik Router Down','⚠️ Hi Erick, your mikrotik router - Ngoni Net 1 is offline. Please check it out.',0,'2025-09-08 18:26:25','2025-09-08 18:26:25'),(11758,8,NULL,'Mikrotik Router Down','⚠️ Hi Erick, your mikrotik router - Ngoni Net 1 is offline. Please check it out.',0,'2025-09-08 18:27:25','2025-09-08 18:27:25'),(11759,8,NULL,'Mikrotik Router Down','⚠️ Hi Erick, your mikrotik router - Ngoni Net 1 is offline. Please check it out.',0,'2025-09-08 18:28:25','2025-09-08 18:28:25'),(11760,8,NULL,'Mikrotik Router Down','⚠️ Hi Erick, your mikrotik router - Ngoni Net 1 is offline. Please check it out.',0,'2025-09-08 18:29:25','2025-09-08 18:29:25'),(11761,8,NULL,'Mikrotik Router Down','⚠️ Hi Erick, your mikrotik router - Ngoni Net 1 is offline. Please check it out.',0,'2025-09-08 18:30:25','2025-09-08 18:30:25'),(11762,8,NULL,'Mikrotik Router Down','⚠️ Hi Erick, your mikrotik router - Ngoni Net 1 is offline. Please check it out.',0,'2025-09-08 18:31:28','2025-09-08 18:31:28'),(11763,13,NULL,'Mikrotik Router Up','✅ Hi Kazungu, your mikrotik router - La Zungu is back online.',0,'2025-09-08 18:32:33','2025-09-08 18:32:33'),(11764,13,NULL,'Mikrotik Router Up','✅ Hi Kazungu, your mikrotik router - La Zungu is back online.',0,'2025-09-08 18:33:28','2025-09-08 18:33:28'),(11765,13,NULL,'Mikrotik Router Up','✅ Hi Kazungu, your mikrotik router - La Zungu is back online.',0,'2025-09-08 18:34:24','2025-09-08 18:34:24'),(11766,13,NULL,'Mikrotik Router Up','✅ Hi Kazungu, your mikrotik router - La Zungu is back online.',0,'2025-09-08 18:35:28','2025-09-08 18:35:28'),(11767,13,NULL,'Mikrotik Router Up','✅ Hi Kazungu, your mikrotik router - La Zungu is back online.',0,'2025-09-08 18:36:24','2025-09-08 18:36:24'),(11768,13,NULL,'Mikrotik Router Up','✅ Hi Kazungu, your mikrotik router - La Zungu is back online.',0,'2025-09-08 18:37:23','2025-09-08 18:37:23'),(11769,13,NULL,'Mikrotik Router Up','✅ Hi Kazungu, your mikrotik router - La Zungu is back online.',0,'2025-09-08 18:38:24','2025-09-08 18:38:24'),(11770,13,NULL,'Mikrotik Router Up','✅ Hi Kazungu, your mikrotik router - La Zungu is back online.',0,'2025-09-08 18:39:25','2025-09-08 18:39:25'),(11771,13,NULL,'Mikrotik Router Up','✅ Hi Kazungu, your mikrotik router - La Zungu is back online.',0,'2025-09-08 18:40:25','2025-09-08 18:40:25'),(11772,13,NULL,'Mikrotik Router Up','✅ Hi Kazungu, your mikrotik router - La Zungu is back online.',0,'2025-09-08 18:41:24','2025-09-08 18:41:24'),(11773,13,NULL,'Mikrotik Router Up','✅ Hi Kazungu, your mikrotik router - La Zungu is back online.',0,'2025-09-08 18:42:24','2025-09-08 18:42:24'),(11774,13,NULL,'Mikrotik Router Up','✅ Hi Kazungu, your mikrotik router - La Zungu is back online.',0,'2025-09-08 18:43:24','2025-09-08 18:43:24'),(11775,13,NULL,'Mikrotik Router Up','✅ Hi Kazungu, your mikrotik router - La Zungu is back online.',0,'2025-09-08 18:44:23','2025-09-08 18:44:23'),(11776,13,NULL,'Mikrotik Router Up','✅ Hi Kazungu, your mikrotik router - La Zungu is back online.',0,'2025-09-08 18:45:24','2025-09-08 18:45:24'),(11777,13,NULL,'Mikrotik Router Up','✅ Hi Kazungu, your mikrotik router - La Zungu is back online.',0,'2025-09-08 18:46:24','2025-09-08 18:46:24'),(11778,13,NULL,'Mikrotik Router Up','✅ Hi Kazungu, your mikrotik router - La Zungu is back online.',0,'2025-09-08 18:47:24','2025-09-08 18:47:24'),(11779,13,NULL,'Mikrotik Router Up','✅ Hi Kazungu, your mikrotik router - La Zungu is back online.',0,'2025-09-08 18:48:25','2025-09-08 18:48:25'),(11780,13,NULL,'Mikrotik Router Up','✅ Hi Kazungu, your mikrotik router - La Zungu is back online.',0,'2025-09-08 18:49:25','2025-09-08 18:49:25'),(11781,13,NULL,'Mikrotik Router Up','✅ Hi Kazungu, your mikrotik router - La Zungu is back online.',0,'2025-09-08 18:50:25','2025-09-08 18:50:25'),(11782,13,NULL,'Mikrotik Router Up','✅ Hi Kazungu, your mikrotik router - La Zungu is back online.',0,'2025-09-08 18:51:24','2025-09-08 18:51:24'),(11783,13,NULL,'Mikrotik Router Up','✅ Hi Kazungu, your mikrotik router - La Zungu is back online.',0,'2025-09-08 18:52:24','2025-09-08 18:52:24'),(11784,13,NULL,'Mikrotik Router Up','✅ Hi Kazungu, your mikrotik router - La Zungu is back online.',0,'2025-09-08 18:53:24','2025-09-08 18:53:24'),(11785,13,NULL,'Mikrotik Router Up','✅ Hi Kazungu, your mikrotik router - La Zungu is back online.',0,'2025-09-08 18:54:24','2025-09-08 18:54:24'),(11786,13,NULL,'Mikrotik Router Up','✅ Hi Kazungu, your mikrotik router - La Zungu is back online.',0,'2025-09-08 18:55:24','2025-09-08 18:55:24'),(11787,13,NULL,'Mikrotik Router Up','✅ Hi Kazungu, your mikrotik router - La Zungu is back online.',0,'2025-09-08 18:56:24','2025-09-08 18:56:24'),(11788,13,NULL,'Mikrotik Router Up','✅ Hi Kazungu, your mikrotik router - La Zungu is back online.',0,'2025-09-08 18:57:24','2025-09-08 18:57:24'),(11789,13,NULL,'Mikrotik Router Up','✅ Hi Kazungu, your mikrotik router - La Zungu is back online.',0,'2025-09-08 18:58:24','2025-09-08 18:58:24'),(11790,13,NULL,'Mikrotik Router Up','✅ Hi Kazungu, your mikrotik router - La Zungu is back online.',0,'2025-09-08 18:59:24','2025-09-08 18:59:24'),(11791,13,NULL,'Mikrotik Router Up','✅ Hi Kazungu, your mikrotik router - La Zungu is back online.',0,'2025-09-08 19:00:29','2025-09-08 19:00:29'),(11792,13,NULL,'Mikrotik Router Up','✅ Hi Kazungu, your mikrotik router - La Zungu is back online.',0,'2025-09-08 19:01:24','2025-09-08 19:01:24'),(11793,13,NULL,'Mikrotik Router Up','✅ Hi Kazungu, your mikrotik router - La Zungu is back online.',0,'2025-09-08 19:02:24','2025-09-08 19:02:24'),(11794,13,NULL,'Mikrotik Router Up','✅ Hi Kazungu, your mikrotik router - La Zungu is back online.',0,'2025-09-08 19:03:24','2025-09-08 19:03:24'),(11795,13,NULL,'Mikrotik Router Up','✅ Hi Kazungu, your mikrotik router - La Zungu is back online.',0,'2025-09-08 19:04:24','2025-09-08 19:04:24'),(11796,13,NULL,'Mikrotik Router Up','✅ Hi Kazungu, your mikrotik router - La Zungu is back online.',0,'2025-09-08 19:05:24','2025-09-08 19:05:24'),(11797,13,NULL,'Mikrotik Router Up','✅ Hi Kazungu, your mikrotik router - La Zungu is back online.',0,'2025-09-08 19:06:24','2025-09-08 19:06:24'),(11798,13,NULL,'Mikrotik Router Up','✅ Hi Kazungu, your mikrotik router - La Zungu is back online.',0,'2025-09-08 19:07:24','2025-09-08 19:07:24'),(11799,13,NULL,'Mikrotik Router Up','✅ Hi Kazungu, your mikrotik router - La Zungu is back online.',0,'2025-09-08 19:08:24','2025-09-08 19:08:24'),(11800,13,NULL,'Mikrotik Router Up','✅ Hi Kazungu, your mikrotik router - La Zungu is back online.',0,'2025-09-08 19:09:24','2025-09-08 19:09:24'),(11801,13,NULL,'Mikrotik Router Up','✅ Hi Kazungu, your mikrotik router - La Zungu is back online.',0,'2025-09-08 19:10:24','2025-09-08 19:10:24'),(11802,13,NULL,'Mikrotik Router Up','✅ Hi Kazungu, your mikrotik router - La Zungu is back online.',0,'2025-09-08 19:11:24','2025-09-08 19:11:24'),(11803,13,NULL,'Mikrotik Router Up','✅ Hi Kazungu, your mikrotik router - La Zungu is back online.',0,'2025-09-08 19:12:24','2025-09-08 19:12:24'),(11804,13,NULL,'Mikrotik Router Up','✅ Hi Kazungu, your mikrotik router - La Zungu is back online.',0,'2025-09-08 19:13:24','2025-09-08 19:13:24'),(11805,13,NULL,'Mikrotik Router Up','✅ Hi Kazungu, your mikrotik router - La Zungu is back online.',0,'2025-09-08 19:14:24','2025-09-08 19:14:24'),(11806,13,NULL,'Mikrotik Router Up','✅ Hi Kazungu, your mikrotik router - La Zungu is back online.',0,'2025-09-08 19:15:24','2025-09-08 19:15:24'),(11807,13,NULL,'Mikrotik Router Up','✅ Hi Kazungu, your mikrotik router - La Zungu is back online.',0,'2025-09-08 19:16:24','2025-09-08 19:16:24'),(11808,13,NULL,'Mikrotik Router Up','✅ Hi Kazungu, your mikrotik router - La Zungu is back online.',0,'2025-09-08 19:17:26','2025-09-08 19:17:26'),(11809,13,NULL,'Mikrotik Router Up','✅ Hi Kazungu, your mikrotik router - La Zungu is back online.',0,'2025-09-08 19:18:24','2025-09-08 19:18:24'),(11810,13,NULL,'Mikrotik Router Up','✅ Hi Kazungu, your mikrotik router - La Zungu is back online.',0,'2025-09-08 19:19:24','2025-09-08 19:19:24'),(11811,13,NULL,'Mikrotik Router Up','✅ Hi Kazungu, your mikrotik router - La Zungu is back online.',0,'2025-09-08 19:20:25','2025-09-08 19:20:25'),(11812,13,NULL,'Mikrotik Router Up','✅ Hi Kazungu, your mikrotik router - La Zungu is back online.',0,'2025-09-08 19:21:24','2025-09-08 19:21:24'),(11813,13,NULL,'Mikrotik Router Up','✅ Hi Kazungu, your mikrotik router - La Zungu is back online.',0,'2025-09-08 19:22:24','2025-09-08 19:22:24'),(11814,13,NULL,'Mikrotik Router Up','✅ Hi Kazungu, your mikrotik router - La Zungu is back online.',0,'2025-09-08 19:23:24','2025-09-08 19:23:24'),(11815,13,NULL,'Mikrotik Router Up','✅ Hi Kazungu, your mikrotik router - La Zungu is back online.',0,'2025-09-08 19:24:24','2025-09-08 19:24:24'),(11816,13,NULL,'Mikrotik Router Up','✅ Hi Kazungu, your mikrotik router - La Zungu is back online.',0,'2025-09-08 19:25:24','2025-09-08 19:25:24'),(11817,13,NULL,'Mikrotik Router Up','✅ Hi Kazungu, your mikrotik router - La Zungu is back online.',0,'2025-09-08 19:26:24','2025-09-08 19:26:24'),(11818,13,NULL,'Mikrotik Router Up','✅ Hi Kazungu, your mikrotik router - La Zungu is back online.',0,'2025-09-08 19:27:24','2025-09-08 19:27:24'),(11819,13,NULL,'Mikrotik Router Up','✅ Hi Kazungu, your mikrotik router - La Zungu is back online.',0,'2025-09-08 19:28:24','2025-09-08 19:28:24'),(11820,13,NULL,'Mikrotik Router Up','✅ Hi Kazungu, your mikrotik router - La Zungu is back online.',0,'2025-09-08 19:29:24','2025-09-08 19:29:24'),(11821,13,NULL,'Mikrotik Router Up','✅ Hi Kazungu, your mikrotik router - La Zungu is back online.',0,'2025-09-08 19:30:24','2025-09-08 19:30:24'),(11822,13,NULL,'Mikrotik Router Up','✅ Hi Kazungu, your mikrotik router - La Zungu is back online.',0,'2025-09-08 19:31:23','2025-09-08 19:31:23'),(11823,13,NULL,'Mikrotik Router Up','✅ Hi Kazungu, your mikrotik router - La Zungu is back online.',0,'2025-09-08 19:32:24','2025-09-08 19:32:24'),(11824,13,NULL,'Mikrotik Router Up','✅ Hi Kazungu, your mikrotik router - La Zungu is back online.',0,'2025-09-08 19:33:24','2025-09-08 19:33:24'),(11825,13,NULL,'Mikrotik Router Up','✅ Hi Kazungu, your mikrotik router - La Zungu is back online.',0,'2025-09-08 19:34:24','2025-09-08 19:34:24'),(11826,13,NULL,'Mikrotik Router Up','✅ Hi Kazungu, your mikrotik router - La Zungu is back online.',0,'2025-09-08 19:35:24','2025-09-08 19:35:24'),(11827,13,NULL,'Mikrotik Router Up','✅ Hi Kazungu, your mikrotik router - La Zungu is back online.',0,'2025-09-08 19:36:24','2025-09-08 19:36:24'),(11828,13,NULL,'Mikrotik Router Up','✅ Hi Kazungu, your mikrotik router - La Zungu is back online.',0,'2025-09-08 19:37:24','2025-09-08 19:37:24'),(11829,13,NULL,'Mikrotik Router Up','✅ Hi Kazungu, your mikrotik router - La Zungu is back online.',0,'2025-09-08 19:38:24','2025-09-08 19:38:24'),(11830,13,NULL,'Mikrotik Router Up','✅ Hi Kazungu, your mikrotik router - La Zungu is back online.',0,'2025-09-08 19:39:23','2025-09-08 19:39:23'),(11831,13,NULL,'Mikrotik Router Up','✅ Hi Kazungu, your mikrotik router - La Zungu is back online.',0,'2025-09-08 19:40:24','2025-09-08 19:40:24'),(11832,13,NULL,'Mikrotik Router Up','✅ Hi Kazungu, your mikrotik router - La Zungu is back online.',0,'2025-09-08 19:41:24','2025-09-08 19:41:24'),(11833,13,NULL,'Mikrotik Router Up','✅ Hi Kazungu, your mikrotik router - La Zungu is back online.',0,'2025-09-08 19:42:24','2025-09-08 19:42:24'),(11834,13,NULL,'Mikrotik Router Up','✅ Hi Kazungu, your mikrotik router - La Zungu is back online.',0,'2025-09-08 19:43:24','2025-09-08 19:43:24'),(11835,13,NULL,'Mikrotik Router Up','✅ Hi Kazungu, your mikrotik router - La Zungu is back online.',0,'2025-09-08 19:44:24','2025-09-08 19:44:24'),(11836,13,NULL,'Mikrotik Router Up','✅ Hi Kazungu, your mikrotik router - La Zungu is back online.',0,'2025-09-08 19:45:24','2025-09-08 19:45:24'),(11837,13,NULL,'Mikrotik Router Up','✅ Hi Kazungu, your mikrotik router - La Zungu is back online.',0,'2025-09-08 19:46:24','2025-09-08 19:46:24'),(11838,13,NULL,'Mikrotik Router Up','✅ Hi Kazungu, your mikrotik router - La Zungu is back online.',0,'2025-09-08 19:47:24','2025-09-08 19:47:24'),(11839,13,NULL,'Mikrotik Router Up','✅ Hi Kazungu, your mikrotik router - La Zungu is back online.',0,'2025-09-08 19:48:23','2025-09-08 19:48:23'),(11840,13,NULL,'Mikrotik Router Up','✅ Hi Kazungu, your mikrotik router - La Zungu is back online.',0,'2025-09-08 19:49:24','2025-09-08 19:49:24'),(11841,13,NULL,'Mikrotik Router Up','✅ Hi Kazungu, your mikrotik router - La Zungu is back online.',0,'2025-09-08 19:50:24','2025-09-08 19:50:24'),(11842,13,NULL,'Mikrotik Router Up','✅ Hi Kazungu, your mikrotik router - La Zungu is back online.',0,'2025-09-08 19:51:24','2025-09-08 19:51:24'),(11843,13,NULL,'Mikrotik Router Up','✅ Hi Kazungu, your mikrotik router - La Zungu is back online.',0,'2025-09-08 19:52:24','2025-09-08 19:52:24'),(11844,13,NULL,'Mikrotik Router Up','✅ Hi Kazungu, your mikrotik router - La Zungu is back online.',0,'2025-09-08 19:53:24','2025-09-08 19:53:24'),(11845,13,NULL,'Mikrotik Router Up','✅ Hi Kazungu, your mikrotik router - La Zungu is back online.',0,'2025-09-08 19:54:24','2025-09-08 19:54:24'),(11846,13,NULL,'Mikrotik Router Up','✅ Hi Kazungu, your mikrotik router - La Zungu is back online.',0,'2025-09-08 19:55:24','2025-09-08 19:55:24'),(11847,13,NULL,'Mikrotik Router Up','✅ Hi Kazungu, your mikrotik router - La Zungu is back online.',0,'2025-09-08 19:56:23','2025-09-08 19:56:23'),(11848,13,NULL,'Mikrotik Router Up','✅ Hi Kazungu, your mikrotik router - La Zungu is back online.',0,'2025-09-08 19:57:24','2025-09-08 19:57:24'),(11849,13,NULL,'Mikrotik Router Up','✅ Hi Kazungu, your mikrotik router - La Zungu is back online.',0,'2025-09-08 19:58:24','2025-09-08 19:58:24'),(11850,13,NULL,'Mikrotik Router Up','✅ Hi Kazungu, your mikrotik router - La Zungu is back online.',0,'2025-09-08 19:59:24','2025-09-08 19:59:24'),(11851,8,NULL,'Mikrotik Router Down','⚠️ Hi Erick, your mikrotik router - Machinga Complex is offline. Please check it out.',0,'2025-09-08 20:00:24','2025-09-08 20:00:24'),(11852,13,NULL,'Mikrotik Router Up','✅ Hi Kazungu, your mikrotik router - La Zungu is back online.',0,'2025-09-08 20:01:24','2025-09-08 20:01:24'),(11853,13,NULL,'Mikrotik Router Up','✅ Hi Kazungu, your mikrotik router - La Zungu is back online.',0,'2025-09-08 20:02:23','2025-09-08 20:02:23'),(11854,13,NULL,'Mikrotik Router Up','✅ Hi Kazungu, your mikrotik router - La Zungu is back online.',0,'2025-09-08 20:03:24','2025-09-08 20:03:24'),(11855,13,NULL,'Mikrotik Router Up','✅ Hi Kazungu, your mikrotik router - La Zungu is back online.',0,'2025-09-08 20:04:24','2025-09-08 20:04:24'),(11856,13,NULL,'Mikrotik Router Up','✅ Hi Kazungu, your mikrotik router - La Zungu is back online.',0,'2025-09-08 20:05:25','2025-09-08 20:05:25'),(11857,13,NULL,'Mikrotik Router Up','✅ Hi Kazungu, your mikrotik router - La Zungu is back online.',0,'2025-09-08 20:06:24','2025-09-08 20:06:24'),(11858,13,NULL,'Mikrotik Router Up','✅ Hi Kazungu, your mikrotik router - La Zungu is back online.',0,'2025-09-08 20:07:24','2025-09-08 20:07:24'),(11859,13,NULL,'Mikrotik Router Up','✅ Hi Kazungu, your mikrotik router - La Zungu is back online.',0,'2025-09-08 20:08:23','2025-09-08 20:08:23'),(11860,13,NULL,'Mikrotik Router Up','✅ Hi Kazungu, your mikrotik router - La Zungu is back online.',0,'2025-09-08 20:09:24','2025-09-08 20:09:24'),(11861,13,NULL,'Mikrotik Router Up','✅ Hi Kazungu, your mikrotik router - La Zungu is back online.',0,'2025-09-08 20:10:24','2025-09-08 20:10:24'),(11862,13,NULL,'Mikrotik Router Up','✅ Hi Kazungu, your mikrotik router - La Zungu is back online.',0,'2025-09-08 20:11:24','2025-09-08 20:11:24'),(11863,13,NULL,'Mikrotik Router Up','✅ Hi Kazungu, your mikrotik router - La Zungu is back online.',0,'2025-09-08 20:12:24','2025-09-08 20:12:24'),(11864,13,NULL,'Mikrotik Router Up','✅ Hi Kazungu, your mikrotik router - La Zungu is back online.',0,'2025-09-08 20:13:24','2025-09-08 20:13:24'),(11865,16,NULL,'Mikrotik Router Down','⚠️ Hi Emmanuel, your mikrotik router - Street Mesh is offline. Please check it out.',0,'2025-09-08 20:15:30','2025-09-08 20:15:30'),(11866,16,NULL,'Mikrotik Router Down','⚠️ Hi Emmanuel, your mikrotik router - Street Mesh is offline. Please check it out.',0,'2025-09-08 20:16:29','2025-09-08 20:16:29'),(11867,16,NULL,'Mikrotik Router Down','⚠️ Hi Emmanuel, your mikrotik router - Street Mesh is offline. Please check it out.',0,'2025-09-08 20:17:32','2025-09-08 20:17:32'),(11868,16,NULL,'Mikrotik Router Down','⚠️ Hi Emmanuel, your mikrotik router - Street Mesh is offline. Please check it out.',0,'2025-09-08 20:18:30','2025-09-08 20:18:30'),(11869,13,NULL,'Mikrotik Router Up','✅ Hi Kazungu, your mikrotik router - La Zungu is back online.',0,'2025-09-08 20:19:24','2025-09-08 20:19:24'),(11870,13,NULL,'Mikrotik Router Up','✅ Hi Kazungu, your mikrotik router - La Zungu is back online.',0,'2025-09-08 20:20:24','2025-09-08 20:20:24'),(11871,13,NULL,'Mikrotik Router Up','✅ Hi Kazungu, your mikrotik router - La Zungu is back online.',0,'2025-09-08 20:21:24','2025-09-08 20:21:24'),(11872,13,NULL,'Mikrotik Router Up','✅ Hi Kazungu, your mikrotik router - La Zungu is back online.',0,'2025-09-08 20:22:24','2025-09-08 20:22:24'),(11873,13,NULL,'Mikrotik Router Up','✅ Hi Kazungu, your mikrotik router - La Zungu is back online.',0,'2025-09-08 20:23:24','2025-09-08 20:23:24'),(11874,13,NULL,'Mikrotik Router Up','✅ Hi Kazungu, your mikrotik router - La Zungu is back online.',0,'2025-09-08 20:24:23','2025-09-08 20:24:23'),(11875,13,NULL,'Mikrotik Router Up','✅ Hi Kazungu, your mikrotik router - La Zungu is back online.',0,'2025-09-08 20:25:24','2025-09-08 20:25:24'),(11876,13,NULL,'Mikrotik Router Up','✅ Hi Kazungu, your mikrotik router - La Zungu is back online.',0,'2025-09-08 20:26:24','2025-09-08 20:26:24'),(11877,13,NULL,'Mikrotik Router Up','✅ Hi Kazungu, your mikrotik router - La Zungu is back online.',0,'2025-09-08 20:27:24','2025-09-08 20:27:24'),(11878,13,NULL,'Mikrotik Router Up','✅ Hi Kazungu, your mikrotik router - La Zungu is back online.',0,'2025-09-08 20:28:24','2025-09-08 20:28:24'),(11879,13,NULL,'Mikrotik Router Up','✅ Hi Kazungu, your mikrotik router - La Zungu is back online.',0,'2025-09-08 20:29:24','2025-09-08 20:29:24'),(11880,13,NULL,'Mikrotik Router Up','✅ Hi Kazungu, your mikrotik router - La Zungu is back online.',0,'2025-09-08 20:30:24','2025-09-08 20:30:24'),(11881,13,NULL,'Mikrotik Router Up','✅ Hi Kazungu, your mikrotik router - La Zungu is back online.',0,'2025-09-08 20:31:24','2025-09-08 20:31:24'),(11882,13,NULL,'Mikrotik Router Up','✅ Hi Kazungu, your mikrotik router - La Zungu is back online.',0,'2025-09-08 20:32:24','2025-09-08 20:32:24'),(11883,13,NULL,'Mikrotik Router Up','✅ Hi Kazungu, your mikrotik router - La Zungu is back online.',0,'2025-09-08 20:33:24','2025-09-08 20:33:24'),(11884,13,NULL,'Mikrotik Router Up','✅ Hi Kazungu, your mikrotik router - La Zungu is back online.',0,'2025-09-08 20:34:24','2025-09-08 20:34:24'),(11885,13,NULL,'Mikrotik Router Up','✅ Hi Kazungu, your mikrotik router - La Zungu is back online.',0,'2025-09-08 20:35:24','2025-09-08 20:35:24'),(11886,13,NULL,'Mikrotik Router Up','✅ Hi Kazungu, your mikrotik router - La Zungu is back online.',0,'2025-09-08 20:36:24','2025-09-08 20:36:24'),(11887,13,NULL,'Mikrotik Router Up','✅ Hi Kazungu, your mikrotik router - La Zungu is back online.',0,'2025-09-08 20:37:24','2025-09-08 20:37:24'),(11888,13,NULL,'Mikrotik Router Up','✅ Hi Kazungu, your mikrotik router - La Zungu is back online.',0,'2025-09-08 20:38:23','2025-09-08 20:38:23'),(11889,13,NULL,'Mikrotik Router Up','✅ Hi Kazungu, your mikrotik router - La Zungu is back online.',0,'2025-09-08 20:39:24','2025-09-08 20:39:24'),(11890,13,NULL,'Mikrotik Router Up','✅ Hi Kazungu, your mikrotik router - La Zungu is back online.',0,'2025-09-08 20:40:24','2025-09-08 20:40:24'),(11891,13,NULL,'Mikrotik Router Up','✅ Hi Kazungu, your mikrotik router - La Zungu is back online.',0,'2025-09-08 20:41:23','2025-09-08 20:41:23'),(11892,13,NULL,'Mikrotik Router Up','✅ Hi Kazungu, your mikrotik router - La Zungu is back online.',0,'2025-09-08 20:42:24','2025-09-08 20:42:24'),(11893,13,NULL,'Mikrotik Router Up','✅ Hi Kazungu, your mikrotik router - La Zungu is back online.',0,'2025-09-08 20:43:23','2025-09-08 20:43:23'),(11894,13,NULL,'Mikrotik Router Up','✅ Hi Kazungu, your mikrotik router - La Zungu is back online.',0,'2025-09-08 20:44:24','2025-09-08 20:44:24'),(11895,13,NULL,'Mikrotik Router Up','✅ Hi Kazungu, your mikrotik router - La Zungu is back online.',0,'2025-09-08 20:45:24','2025-09-08 20:45:24'),(11896,13,NULL,'Mikrotik Router Up','✅ Hi Kazungu, your mikrotik router - La Zungu is back online.',0,'2025-09-08 20:46:24','2025-09-08 20:46:24'),(11897,13,NULL,'Mikrotik Router Up','✅ Hi Kazungu, your mikrotik router - La Zungu is back online.',0,'2025-09-08 20:47:24','2025-09-08 20:47:24'),(11898,13,NULL,'Mikrotik Router Up','✅ Hi Kazungu, your mikrotik router - La Zungu is back online.',0,'2025-09-08 20:48:24','2025-09-08 20:48:24'),(11899,13,NULL,'Mikrotik Router Up','✅ Hi Kazungu, your mikrotik router - La Zungu is back online.',0,'2025-09-08 20:49:23','2025-09-08 20:49:23'),(11900,13,NULL,'Mikrotik Router Up','✅ Hi Kazungu, your mikrotik router - La Zungu is back online.',0,'2025-09-08 20:50:24','2025-09-08 20:50:24'),(11901,13,NULL,'Mikrotik Router Up','✅ Hi Kazungu, your mikrotik router - La Zungu is back online.',0,'2025-09-08 20:51:24','2025-09-08 20:51:24'),(11902,13,NULL,'Mikrotik Router Up','✅ Hi Kazungu, your mikrotik router - La Zungu is back online.',0,'2025-09-08 20:52:24','2025-09-08 20:52:24'),(11903,13,NULL,'Mikrotik Router Up','✅ Hi Kazungu, your mikrotik router - La Zungu is back online.',0,'2025-09-08 20:53:23','2025-09-08 20:53:23'),(11904,13,NULL,'Mikrotik Router Up','✅ Hi Kazungu, your mikrotik router - La Zungu is back online.',0,'2025-09-08 20:54:24','2025-09-08 20:54:24'),(11905,13,NULL,'Mikrotik Router Up','✅ Hi Kazungu, your mikrotik router - La Zungu is back online.',0,'2025-09-08 20:55:24','2025-09-08 20:55:24'),(11906,13,NULL,'Mikrotik Router Up','✅ Hi Kazungu, your mikrotik router - La Zungu is back online.',0,'2025-09-08 20:56:23','2025-09-08 20:56:23'),(11907,13,NULL,'Mikrotik Router Up','✅ Hi Kazungu, your mikrotik router - La Zungu is back online.',0,'2025-09-08 20:57:24','2025-09-08 20:57:24'),(11908,13,NULL,'Mikrotik Router Up','✅ Hi Kazungu, your mikrotik router - La Zungu is back online.',0,'2025-09-08 20:58:24','2025-09-08 20:58:24'),(11909,13,NULL,'Mikrotik Router Up','✅ Hi Kazungu, your mikrotik router - La Zungu is back online.',0,'2025-09-08 20:59:24','2025-09-08 20:59:24'),(11910,13,NULL,'Mikrotik Router Up','✅ Hi Kazungu, your mikrotik router - La Zungu is back online.',0,'2025-09-08 21:00:25','2025-09-08 21:00:25'),(11911,13,NULL,'Mikrotik Router Up','✅ Hi Kazungu, your mikrotik router - La Zungu is back online.',0,'2025-09-08 21:01:24','2025-09-08 21:01:24'),(11912,13,NULL,'Mikrotik Router Up','✅ Hi Kazungu, your mikrotik router - La Zungu is back online.',0,'2025-09-08 21:02:24','2025-09-08 21:02:24'),(11913,13,NULL,'Mikrotik Router Up','✅ Hi Kazungu, your mikrotik router - La Zungu is back online.',0,'2025-09-08 21:03:23','2025-09-08 21:03:23'),(11914,13,NULL,'Mikrotik Router Up','✅ Hi Kazungu, your mikrotik router - La Zungu is back online.',0,'2025-09-08 21:04:28','2025-09-08 21:04:28'),(11915,13,NULL,'Mikrotik Router Up','✅ Hi Kazungu, your mikrotik router - La Zungu is back online.',0,'2025-09-08 21:05:24','2025-09-08 21:05:24'),(11916,13,NULL,'Mikrotik Router Up','✅ Hi Kazungu, your mikrotik router - La Zungu is back online.',0,'2025-09-08 21:06:28','2025-09-08 21:06:28'),(11917,13,NULL,'Mikrotik Router Up','✅ Hi Kazungu, your mikrotik router - La Zungu is back online.',0,'2025-09-08 21:07:24','2025-09-08 21:07:24'),(11918,13,NULL,'Mikrotik Router Up','✅ Hi Kazungu, your mikrotik router - La Zungu is back online.',0,'2025-09-08 21:08:23','2025-09-08 21:08:23'),(11919,13,NULL,'Mikrotik Router Up','✅ Hi Kazungu, your mikrotik router - La Zungu is back online.',0,'2025-09-08 21:09:24','2025-09-08 21:09:24'),(11920,13,NULL,'Mikrotik Router Up','✅ Hi Kazungu, your mikrotik router - La Zungu is back online.',0,'2025-09-08 21:10:24','2025-09-08 21:10:24'),(11921,13,NULL,'Mikrotik Router Up','✅ Hi Kazungu, your mikrotik router - La Zungu is back online.',0,'2025-09-08 21:11:24','2025-09-08 21:11:24'),(11922,13,NULL,'Mikrotik Router Up','✅ Hi Kazungu, your mikrotik router - La Zungu is back online.',0,'2025-09-08 21:12:24','2025-09-08 21:12:24'),(11923,13,NULL,'Mikrotik Router Up','✅ Hi Kazungu, your mikrotik router - La Zungu is back online.',0,'2025-09-08 21:13:24','2025-09-08 21:13:24'),(11924,13,NULL,'Mikrotik Router Up','✅ Hi Kazungu, your mikrotik router - La Zungu is back online.',0,'2025-09-08 21:14:27','2025-09-08 21:14:27'),(11925,13,NULL,'Mikrotik Router Up','✅ Hi Kazungu, your mikrotik router - La Zungu is back online.',0,'2025-09-08 21:15:24','2025-09-08 21:15:24'),(11926,13,NULL,'Mikrotik Router Up','✅ Hi Kazungu, your mikrotik router - La Zungu is back online.',0,'2025-09-08 21:16:23','2025-09-08 21:16:23'),(11927,13,NULL,'Mikrotik Router Up','✅ Hi Kazungu, your mikrotik router - La Zungu is back online.',0,'2025-09-08 21:17:26','2025-09-08 21:17:26'),(11928,13,NULL,'Mikrotik Router Up','✅ Hi Kazungu, your mikrotik router - La Zungu is back online.',0,'2025-09-08 21:18:24','2025-09-08 21:18:24'),(11929,13,NULL,'Mikrotik Router Up','✅ Hi Kazungu, your mikrotik router - La Zungu is back online.',0,'2025-09-08 21:19:24','2025-09-08 21:19:24'),(11930,13,NULL,'Mikrotik Router Up','✅ Hi Kazungu, your mikrotik router - La Zungu is back online.',0,'2025-09-08 21:20:25','2025-09-08 21:20:25'),(11931,13,NULL,'Mikrotik Router Up','✅ Hi Kazungu, your mikrotik router - La Zungu is back online.',0,'2025-09-08 21:21:24','2025-09-08 21:21:24'),(11932,13,NULL,'Mikrotik Router Up','✅ Hi Kazungu, your mikrotik router - La Zungu is back online.',0,'2025-09-08 21:22:23','2025-09-08 21:22:23'),(11933,13,NULL,'Mikrotik Router Up','✅ Hi Kazungu, your mikrotik router - La Zungu is back online.',0,'2025-09-08 21:23:24','2025-09-08 21:23:24'),(11934,13,NULL,'Mikrotik Router Up','✅ Hi Kazungu, your mikrotik router - La Zungu is back online.',0,'2025-09-08 21:24:24','2025-09-08 21:24:24'),(11935,13,NULL,'Mikrotik Router Up','✅ Hi Kazungu, your mikrotik router - La Zungu is back online.',0,'2025-09-08 21:25:24','2025-09-08 21:25:24'),(11936,13,NULL,'Mikrotik Router Up','✅ Hi Kazungu, your mikrotik router - La Zungu is back online.',0,'2025-09-08 21:26:24','2025-09-08 21:26:24'),(11937,13,NULL,'Mikrotik Router Up','✅ Hi Kazungu, your mikrotik router - La Zungu is back online.',0,'2025-09-08 21:27:24','2025-09-08 21:27:24'),(11938,13,NULL,'Mikrotik Router Up','✅ Hi Kazungu, your mikrotik router - La Zungu is back online.',0,'2025-09-08 21:28:23','2025-09-08 21:28:23'),(11939,13,NULL,'Mikrotik Router Up','✅ Hi Kazungu, your mikrotik router - La Zungu is back online.',0,'2025-09-08 21:29:24','2025-09-08 21:29:24'),(11940,13,NULL,'Mikrotik Router Up','✅ Hi Kazungu, your mikrotik router - La Zungu is back online.',0,'2025-09-08 21:30:24','2025-09-08 21:30:24'),(11941,13,NULL,'Mikrotik Router Up','✅ Hi Kazungu, your mikrotik router - La Zungu is back online.',0,'2025-09-08 21:31:24','2025-09-08 21:31:24'),(11942,13,NULL,'Mikrotik Router Up','✅ Hi Kazungu, your mikrotik router - La Zungu is back online.',0,'2025-09-08 21:32:23','2025-09-08 21:32:23'),(11943,13,NULL,'Mikrotik Router Up','✅ Hi Kazungu, your mikrotik router - La Zungu is back online.',0,'2025-09-08 21:33:24','2025-09-08 21:33:24'),(11944,13,NULL,'Mikrotik Router Up','✅ Hi Kazungu, your mikrotik router - La Zungu is back online.',0,'2025-09-08 21:34:23','2025-09-08 21:34:23'),(11945,13,NULL,'Mikrotik Router Up','✅ Hi Kazungu, your mikrotik router - La Zungu is back online.',0,'2025-09-08 21:35:24','2025-09-08 21:35:24'),(11946,13,NULL,'Mikrotik Router Up','✅ Hi Kazungu, your mikrotik router - La Zungu is back online.',0,'2025-09-08 21:36:24','2025-09-08 21:36:24'),(11947,13,NULL,'Mikrotik Router Up','✅ Hi Kazungu, your mikrotik router - La Zungu is back online.',0,'2025-09-08 21:37:24','2025-09-08 21:37:24'),(11948,13,NULL,'Mikrotik Router Up','✅ Hi Kazungu, your mikrotik router - La Zungu is back online.',0,'2025-09-08 21:38:24','2025-09-08 21:38:24'),(11949,13,NULL,'Mikrotik Router Up','✅ Hi Kazungu, your mikrotik router - La Zungu is back online.',0,'2025-09-08 21:39:24','2025-09-08 21:39:24'),(11950,13,NULL,'Mikrotik Router Up','✅ Hi Kazungu, your mikrotik router - La Zungu is back online.',0,'2025-09-08 21:40:24','2025-09-08 21:40:24'),(11951,13,NULL,'Mikrotik Router Up','✅ Hi Kazungu, your mikrotik router - La Zungu is back online.',0,'2025-09-08 21:41:23','2025-09-08 21:41:23'),(11952,13,NULL,'Mikrotik Router Up','✅ Hi Kazungu, your mikrotik router - La Zungu is back online.',0,'2025-09-08 21:42:24','2025-09-08 21:42:24'),(11953,13,NULL,'Mikrotik Router Up','✅ Hi Kazungu, your mikrotik router - La Zungu is back online.',0,'2025-09-08 21:43:23','2025-09-08 21:43:23'),(11954,13,NULL,'Mikrotik Router Up','✅ Hi Kazungu, your mikrotik router - La Zungu is back online.',0,'2025-09-08 21:44:24','2025-09-08 21:44:24'),(11955,13,NULL,'Mikrotik Router Up','✅ Hi Kazungu, your mikrotik router - La Zungu is back online.',0,'2025-09-08 21:45:24','2025-09-08 21:45:24'),(11956,13,NULL,'Mikrotik Router Up','✅ Hi Kazungu, your mikrotik router - La Zungu is back online.',0,'2025-09-08 21:46:24','2025-09-08 21:46:24'),(11957,13,NULL,'Mikrotik Router Up','✅ Hi Kazungu, your mikrotik router - La Zungu is back online.',0,'2025-09-08 21:47:24','2025-09-08 21:47:24'),(11958,13,NULL,'Mikrotik Router Up','✅ Hi Kazungu, your mikrotik router - La Zungu is back online.',0,'2025-09-08 21:48:24','2025-09-08 21:48:24'),(11959,13,NULL,'Mikrotik Router Up','✅ Hi Kazungu, your mikrotik router - La Zungu is back online.',0,'2025-09-08 21:49:24','2025-09-08 21:49:24'),(11960,13,NULL,'Mikrotik Router Up','✅ Hi Kazungu, your mikrotik router - La Zungu is back online.',0,'2025-09-08 21:50:24','2025-09-08 21:50:24'),(11961,13,NULL,'Mikrotik Router Up','✅ Hi Kazungu, your mikrotik router - La Zungu is back online.',0,'2025-09-08 21:51:24','2025-09-08 21:51:24'),(11962,13,NULL,'Mikrotik Router Up','✅ Hi Kazungu, your mikrotik router - La Zungu is back online.',0,'2025-09-08 21:52:23','2025-09-08 21:52:23'),(11963,13,NULL,'Mikrotik Router Up','✅ Hi Kazungu, your mikrotik router - La Zungu is back online.',0,'2025-09-08 21:53:24','2025-09-08 21:53:24'),(11964,13,NULL,'Mikrotik Router Up','✅ Hi Kazungu, your mikrotik router - La Zungu is back online.',0,'2025-09-08 21:54:24','2025-09-08 21:54:24'),(11965,13,NULL,'Mikrotik Router Up','✅ Hi Kazungu, your mikrotik router - La Zungu is back online.',0,'2025-09-08 21:55:24','2025-09-08 21:55:24'),(11966,13,NULL,'Mikrotik Router Up','✅ Hi Kazungu, your mikrotik router - La Zungu is back online.',0,'2025-09-08 21:56:23','2025-09-08 21:56:23'),(11967,13,NULL,'Mikrotik Router Up','✅ Hi Kazungu, your mikrotik router - La Zungu is back online.',0,'2025-09-08 21:57:24','2025-09-08 21:57:24'),(11968,8,NULL,'Mikrotik Router Down','⚠️ Hi Erick, your mikrotik router - Machinga Complex is offline. Please check it out.',0,'2025-09-08 21:58:24','2025-09-08 21:58:24'),(11969,13,NULL,'Mikrotik Router Up','✅ Hi Kazungu, your mikrotik router - La Zungu is back online.',0,'2025-09-08 21:59:24','2025-09-08 21:59:24'),(11970,13,NULL,'Mikrotik Router Up','✅ Hi Kazungu, your mikrotik router - La Zungu is back online.',0,'2025-09-08 22:00:25','2025-09-08 22:00:25'),(11971,13,NULL,'Mikrotik Router Up','✅ Hi Kazungu, your mikrotik router - La Zungu is back online.',0,'2025-09-08 22:01:24','2025-09-08 22:01:24'),(11972,13,NULL,'Mikrotik Router Up','✅ Hi Kazungu, your mikrotik router - La Zungu is back online.',0,'2025-09-08 22:02:24','2025-09-08 22:02:24'),(11973,13,NULL,'Mikrotik Router Up','✅ Hi Kazungu, your mikrotik router - La Zungu is back online.',0,'2025-09-08 22:03:24','2025-09-08 22:03:24'),(11974,13,NULL,'Mikrotik Router Up','✅ Hi Kazungu, your mikrotik router - La Zungu is back online.',0,'2025-09-08 22:04:24','2025-09-08 22:04:24'),(11975,13,NULL,'Mikrotik Router Up','✅ Hi Kazungu, your mikrotik router - La Zungu is back online.',0,'2025-09-08 22:05:24','2025-09-08 22:05:24'),(11976,13,NULL,'Mikrotik Router Up','✅ Hi Kazungu, your mikrotik router - La Zungu is back online.',0,'2025-09-08 22:06:24','2025-09-08 22:06:24'),(11977,13,NULL,'Mikrotik Router Up','✅ Hi Kazungu, your mikrotik router - La Zungu is back online.',0,'2025-09-08 22:07:23','2025-09-08 22:07:23'),(11978,13,NULL,'Mikrotik Router Up','✅ Hi Kazungu, your mikrotik router - La Zungu is back online.',0,'2025-09-08 22:08:24','2025-09-08 22:08:24'),(11979,13,NULL,'Mikrotik Router Up','✅ Hi Kazungu, your mikrotik router - La Zungu is back online.',0,'2025-09-08 22:09:23','2025-09-08 22:09:23'),(11980,13,NULL,'Mikrotik Router Up','✅ Hi Kazungu, your mikrotik router - La Zungu is back online.',0,'2025-09-08 22:10:25','2025-09-08 22:10:25'),(11981,13,NULL,'Mikrotik Router Up','✅ Hi Kazungu, your mikrotik router - La Zungu is back online.',0,'2025-09-08 22:11:24','2025-09-08 22:11:24'),(11982,13,NULL,'Mikrotik Router Up','✅ Hi Kazungu, your mikrotik router - La Zungu is back online.',0,'2025-09-08 22:12:23','2025-09-08 22:12:23'),(11983,13,NULL,'Mikrotik Router Up','✅ Hi Kazungu, your mikrotik router - La Zungu is back online.',0,'2025-09-08 22:13:24','2025-09-08 22:13:24'),(11984,13,NULL,'Mikrotik Router Up','✅ Hi Kazungu, your mikrotik router - La Zungu is back online.',0,'2025-09-08 22:14:24','2025-09-08 22:14:24'),(11985,13,NULL,'Mikrotik Router Up','✅ Hi Kazungu, your mikrotik router - La Zungu is back online.',0,'2025-09-08 22:15:24','2025-09-08 22:15:24'),(11986,13,NULL,'Mikrotik Router Up','✅ Hi Kazungu, your mikrotik router - La Zungu is back online.',0,'2025-09-08 22:16:24','2025-09-08 22:16:24'),(11987,13,NULL,'Mikrotik Router Up','✅ Hi Kazungu, your mikrotik router - La Zungu is back online.',0,'2025-09-08 22:17:25','2025-09-08 22:17:25'),(11988,13,NULL,'Mikrotik Router Up','✅ Hi Kazungu, your mikrotik router - La Zungu is back online.',0,'2025-09-08 22:18:23','2025-09-08 22:18:23'),(11989,13,NULL,'Mikrotik Router Up','✅ Hi Kazungu, your mikrotik router - La Zungu is back online.',0,'2025-09-08 22:19:23','2025-09-08 22:19:23'),(11990,13,NULL,'Mikrotik Router Up','✅ Hi Kazungu, your mikrotik router - La Zungu is back online.',0,'2025-09-08 22:20:24','2025-09-08 22:20:24'),(11991,13,NULL,'Mikrotik Router Up','✅ Hi Kazungu, your mikrotik router - La Zungu is back online.',0,'2025-09-08 22:21:23','2025-09-08 22:21:23'),(11992,13,NULL,'Mikrotik Router Up','✅ Hi Kazungu, your mikrotik router - La Zungu is back online.',0,'2025-09-08 22:22:24','2025-09-08 22:22:24'),(11993,13,NULL,'Mikrotik Router Up','✅ Hi Kazungu, your mikrotik router - La Zungu is back online.',0,'2025-09-08 22:23:23','2025-09-08 22:23:23'),(11994,13,NULL,'Mikrotik Router Up','✅ Hi Kazungu, your mikrotik router - La Zungu is back online.',0,'2025-09-08 22:24:24','2025-09-08 22:24:24'),(11995,13,NULL,'Mikrotik Router Up','✅ Hi Kazungu, your mikrotik router - La Zungu is back online.',0,'2025-09-08 22:25:24','2025-09-08 22:25:24'),(11996,13,NULL,'Mikrotik Router Up','✅ Hi Kazungu, your mikrotik router - La Zungu is back online.',0,'2025-09-08 22:26:24','2025-09-08 22:26:24'),(11997,13,NULL,'Mikrotik Router Up','✅ Hi Kazungu, your mikrotik router - La Zungu is back online.',0,'2025-09-08 22:27:24','2025-09-08 22:27:24'),(11998,13,NULL,'Mikrotik Router Up','✅ Hi Kazungu, your mikrotik router - La Zungu is back online.',0,'2025-09-08 22:28:24','2025-09-08 22:28:24'),(11999,13,NULL,'Mikrotik Router Up','✅ Hi Kazungu, your mikrotik router - La Zungu is back online.',0,'2025-09-08 22:29:24','2025-09-08 22:29:24'),(12000,13,NULL,'Mikrotik Router Up','✅ Hi Kazungu, your mikrotik router - La Zungu is back online.',0,'2025-09-08 22:30:24','2025-09-08 22:30:24');

--
-- Table structure for table `out_messages`
--

CREATE TABLE `out_messages` (
  `id` bigint unsigned NOT NULL AUTO_INCREMENT,
  `message_mode_id` bigint unsigned NOT NULL,
  `phone` varchar(191) COLLATE utf8mb4_unicode_ci DEFAULT NULL,
  `email` varchar(191) COLLATE utf8mb4_unicode_ci DEFAULT NULL,
  `title` varchar(191) COLLATE utf8mb4_unicode_ci DEFAULT NULL,
  `content` longtext COLLATE utf8mb4_unicode_ci NOT NULL,
  `filename` varchar(191) COLLATE utf8mb4_unicode_ci DEFAULT NULL,
  `created_at` timestamp NULL DEFAULT NULL,
  `updated_at` timestamp NULL DEFAULT NULL,
  PRIMARY KEY (`id`),
  KEY `out_messages_message_mode_id_foreign` (`message_mode_id`),
  CONSTRAINT `out_messages_message_mode_id_foreign` FOREIGN KEY (`message_mode_id`) REFERENCES `message_modes` (`id`) ON DELETE CASCADE
) ENGINE=InnoDB DEFAULT CHARSET=utf8mb4 COLLATE=utf8mb4_unicode_ci;

--
-- Dumping data for table `out_messages`
--


--
-- Table structure for table `outgoing_transaction_entities`
--

CREATE TABLE `outgoing_transaction_entities` (
  `id` bigint unsigned NOT NULL AUTO_INCREMENT,
  `outgoing_transaction_id` int NOT NULL,
  `company_grouped_transaction_id` int NOT NULL,
  `amount` decimal(8,2) NOT NULL DEFAULT '0.00',
  `created_at` timestamp NULL DEFAULT NULL,
  `updated_at` timestamp NULL DEFAULT NULL,
  `deleted_at` timestamp NULL DEFAULT NULL,
  PRIMARY KEY (`id`)
) ENGINE=InnoDB AUTO_INCREMENT=13 DEFAULT CHARSET=utf8mb4 COLLATE=utf8mb4_unicode_ci;

--
-- Dumping data for table `outgoing_transaction_entities`
--

INSERT INTO `outgoing_transaction_entities` VALUES (1,1,3,210.00,'2025-08-05 19:03:36','2025-08-05 19:03:36',NULL),(2,2,4,210.00,'2025-08-06 20:02:48','2025-08-06 20:02:48',NULL),(3,3,5,1000.00,'2025-08-07 18:53:54','2025-08-07 18:53:54',NULL),(4,4,6,500.00,'2025-08-08 15:56:03','2025-08-08 15:56:03',NULL),(5,5,7,1000.00,'2025-08-09 11:05:18','2025-08-09 11:05:18',NULL),(6,6,8,500.00,'2025-08-09 13:37:14','2025-08-09 13:37:14',NULL),(7,7,9,1000.00,'2025-08-09 15:21:56','2025-08-09 15:21:56',NULL),(8,8,10,1000.00,'2025-08-10 19:09:47','2025-08-10 19:09:47',NULL),(9,9,11,1000.00,'2025-08-11 18:56:22','2025-08-11 18:56:22',NULL),(10,10,12,1000.00,'2025-08-11 19:33:37','2025-08-11 19:33:37',NULL),(11,11,13,210.00,'2025-08-14 20:20:46','2025-08-14 20:20:46',NULL),(12,12,14,1000.00,'2025-08-16 06:35:15','2025-08-16 06:35:15',NULL);

--
-- Table structure for table `outgoing_transactions`
--

CREATE TABLE `outgoing_transactions` (
  `id` bigint unsigned NOT NULL AUTO_INCREMENT,
  `ref_no` varchar(191) COLLATE utf8mb4_unicode_ci NOT NULL,
  `company_router_id` int DEFAULT NULL,
  `director_share_id` int DEFAULT NULL,
  `company_customer_invocie_id` int DEFAULT NULL,
  `user_id` int DEFAULT NULL,
  `transaction_code` varchar(191) COLLATE utf8mb4_unicode_ci NOT NULL,
  `amount` decimal(8,2) NOT NULL DEFAULT '0.00',
  `recipient` varchar(191) COLLATE utf8mb4_unicode_ci NOT NULL,
  `description` longtext COLLATE utf8mb4_unicode_ci,
  `checkout_id` varchar(191) COLLATE utf8mb4_unicode_ci DEFAULT NULL,
  `created_at` timestamp NULL DEFAULT NULL,
  `updated_at` timestamp NULL DEFAULT NULL,
  `deleted_at` timestamp NULL DEFAULT NULL,
  PRIMARY KEY (`id`)
) ENGINE=InnoDB AUTO_INCREMENT=13 DEFAULT CHARSET=utf8mb4 COLLATE=utf8mb4_unicode_ci;

--
-- Dumping data for table `outgoing_transactions`
--

INSERT INTO `outgoing_transactions` VALUES (1,'GA8S5U',2,NULL,NULL,NULL,'0964383972',210.00,'123456','Money sent to 123456 on account number 123456 ','514066','2025-08-05 19:03:36','2025-08-05 19:03:36',NULL),(2,'7YL9KT',2,NULL,NULL,NULL,'0964774233',210.00,'123456','Money sent to 123456 on account number 123456 ','151783','2025-08-06 20:02:48','2025-08-06 20:02:48',NULL),(3,'K9BH8E',2,NULL,NULL,NULL,'1307377571',1000.00,'123456','Money sent to 123456 on account number 123456 ','788624','2025-08-07 18:53:54','2025-08-07 18:53:54',NULL),(4,'8EPQ27',2,NULL,NULL,NULL,'1308639764',500.00,'123456','Money sent to 123456 on account number 123456 ','762516','2025-08-08 15:56:03','2025-08-08 15:56:03',NULL),(5,'OZP260',2,NULL,NULL,NULL,'1309788641',1000.00,'123456','Money sent to 123456 on account number 123456 ','465166','2025-08-09 11:05:18','2025-08-09 11:05:18',NULL),(6,'0ME2JD',2,NULL,NULL,NULL,'1309940132',500.00,'123456','Money sent to 123456 on account number 123456 ','320618','2025-08-09 13:37:14','2025-08-09 13:37:14',NULL),(7,'JU3FQ6',2,NULL,NULL,NULL,'1310045490',1000.00,'123456','Money sent to 123456 on account number 123456 ','184295','2025-08-09 15:21:56','2025-08-09 15:21:56',NULL),(8,'R0PHAV',2,NULL,NULL,NULL,'1311713416',1000.00,'123456','Money sent to 123456 on account number 123456 ','792168','2025-08-10 19:09:47','2025-08-10 19:09:47',NULL),(9,'Y4CP6J',2,NULL,NULL,NULL,'1313139026',1000.00,'123456','Money sent to 123456 on account number 123456 ','431003','2025-08-11 18:56:22','2025-08-11 18:56:22',NULL),(10,'58RHPU',2,NULL,NULL,NULL,'1313175196',1000.00,'123456','Money sent to 123456 on account number 123456 ','021868','2025-08-11 19:33:37','2025-08-11 19:33:37',NULL),(11,'E4FVO2',2,NULL,NULL,NULL,'0967592079',210.00,'123456','Money sent to 123456 on account number 123456 ','118106','2025-08-14 20:20:46','2025-08-14 20:20:46',NULL),(12,'1CKLJO',2,NULL,NULL,NULL,'1319598138',1000.00,'123456','Money sent to 123456 on account number 123456 ','580259','2025-08-16 06:35:15','2025-08-16 06:35:15',NULL);

--
-- Table structure for table `paid_users`
--

CREATE TABLE `paid_users` (
  `id` bigint unsigned NOT NULL AUTO_INCREMENT,
  `company_router_id` bigint unsigned DEFAULT NULL,
  `company_grouped_transaction_id` int DEFAULT NULL,
  `mac_address` varchar(191) COLLATE utf8mb4_unicode_ci NOT NULL,
  `username` varchar(191) COLLATE utf8mb4_unicode_ci NOT NULL,
  `password` varchar(191) COLLATE utf8mb4_unicode_ci NOT NULL,
  `phone` varchar(191) COLLATE utf8mb4_unicode_ci DEFAULT NULL,
  `message` longtext COLLATE utf8mb4_unicode_ci,
  `created_at` timestamp NULL DEFAULT NULL,
  `updated_at` timestamp NULL DEFAULT NULL,
  PRIMARY KEY (`id`),
  KEY `paid_users_company_router_id_foreign` (`company_router_id`),
  CONSTRAINT `paid_users_company_router_id_foreign` FOREIGN KEY (`company_router_id`) REFERENCES `company_routers` (`id`) ON DELETE CASCADE
) ENGINE=InnoDB AUTO_INCREMENT=327 DEFAULT CHARSET=utf8mb4 COLLATE=utf8mb4_unicode_ci;

--
-- Dumping data for table `paid_users`
--

INSERT INTO `paid_users` VALUES (129,7,140,'DE:FE:99:B9:7F:F5','749353','4130','255785581266','Greetings, thank you for purchasing [plan] plan worthy 200.00. Please use [username] as the username and 4130 as your password to reconnect yourself. Your subscription expires at [expiry_date].','2025-09-01 10:47:58','2025-09-01 10:47:58'),(174,2,185,'FE:02:BF:6C:60:89','702460','7336','255611299495','Greetings, thank you for purchasing [plan] plan worthy 210.00. Please use [username] as the username and 7336 as your password to reconnect yourself. Your subscription expires at [expiry_date].','2025-09-02 23:31:28','2025-09-02 23:31:28'),(301,2,315,'92:9C:38:2D:F4:86','251231','7529','255761028792','Greetings, thank you for purchasing [plan] plan worthy 300.00. Please use [username] as the username and 7529 as your password to reconnect yourself. Your subscription expires at [expiry_date].','2025-09-07 19:53:13','2025-09-07 19:53:13'),(319,2,333,'E6:94:D2:8C:72:72','561186','2151','255654759552','Greetings, thank you for purchasing [plan] plan worthy 1000.00. Please use [username] as the username and 2151 as your password to reconnect yourself. Your subscription expires at [expiry_date].','2025-09-08 19:04:13','2025-09-08 19:04:13'),(321,2,335,'92:85:32:EB:61:BE','419522','7533','255627921037','Greetings, thank you for purchasing [plan] plan worthy 500.00. Please use [username] as the username and 7533 as your password to reconnect yourself. Your subscription expires at [expiry_date].','2025-09-08 19:24:02','2025-09-08 19:24:02');

--
-- Table structure for table `password_reset_tokens`
--

CREATE TABLE `password_reset_tokens` (
  `email` varchar(191) COLLATE utf8mb4_unicode_ci NOT NULL,
  `token` varchar(191) COLLATE utf8mb4_unicode_ci NOT NULL,
  `created_at` timestamp NULL DEFAULT NULL,
  PRIMARY KEY (`email`)
) ENGINE=InnoDB DEFAULT CHARSET=utf8mb4 COLLATE=utf8mb4_unicode_ci;

--
-- Dumping data for table `password_reset_tokens`
--


--
-- Table structure for table `paybill_transactions`
--

CREATE TABLE `paybill_transactions` (
  `id` bigint unsigned NOT NULL AUTO_INCREMENT,
  `ref_no` varchar(191) COLLATE utf8mb4_unicode_ci NOT NULL,
  `payment_mode_id` bigint unsigned NOT NULL,
  `phone_used` varchar(191) COLLATE utf8mb4_unicode_ci DEFAULT NULL,
  `transaction_code` varchar(191) COLLATE utf8mb4_unicode_ci DEFAULT NULL,
  `amount` decimal(8,2) NOT NULL DEFAULT '0.00',
  `checkout_id` varchar(191) COLLATE utf8mb4_unicode_ci DEFAULT NULL,
  `account_number` varchar(191) COLLATE utf8mb4_unicode_ci DEFAULT NULL,
  `created_at` timestamp NULL DEFAULT NULL,
  `updated_at` timestamp NULL DEFAULT NULL,
  `deleted_at` timestamp NULL DEFAULT NULL,
  PRIMARY KEY (`id`),
  KEY `paybill_transactions_payment_mode_id_foreign` (`payment_mode_id`),
  CONSTRAINT `paybill_transactions_payment_mode_id_foreign` FOREIGN KEY (`payment_mode_id`) REFERENCES `payment_modes` (`id`) ON DELETE CASCADE
) ENGINE=InnoDB DEFAULT CHARSET=utf8mb4 COLLATE=utf8mb4_unicode_ci;

--
-- Dumping data for table `paybill_transactions`
--


--
-- Table structure for table `payment_methods`
--

CREATE TABLE `payment_methods` (
  `id` bigint unsigned NOT NULL AUTO_INCREMENT,
  `ref_no` varchar(191) COLLATE utf8mb4_unicode_ci NOT NULL,
  `name` varchar(191) COLLATE utf8mb4_unicode_ci NOT NULL,
  `status` int NOT NULL DEFAULT '1' COMMENT '0=inactive, 1=active',
  `created_at` timestamp NULL DEFAULT NULL,
  `updated_at` timestamp NULL DEFAULT NULL,
  `deleted_at` timestamp NULL DEFAULT NULL,
  PRIMARY KEY (`id`)
) ENGINE=InnoDB AUTO_INCREMENT=3 DEFAULT CHARSET=utf8mb4 COLLATE=utf8mb4_unicode_ci;

--
-- Dumping data for table `payment_methods`
--

INSERT INTO `payment_methods` VALUES (1,'0001','Selcom',1,'2025-08-03 19:10:06','2025-08-03 19:10:06',NULL);

--
-- Table structure for table `payment_modes`
--

CREATE TABLE `payment_modes` (
  `id` bigint unsigned NOT NULL AUTO_INCREMENT,
  `ref_no` varchar(191) COLLATE utf8mb4_unicode_ci NOT NULL,
  `name` varchar(191) COLLATE utf8mb4_unicode_ci NOT NULL,
  `status` int NOT NULL DEFAULT '1' COMMENT '0=inactive, 1=active',
  `created_at` timestamp NULL DEFAULT NULL,
  `updated_at` timestamp NULL DEFAULT NULL,
  `deleted_at` timestamp NULL DEFAULT NULL,
  PRIMARY KEY (`id`)
) ENGINE=InnoDB AUTO_INCREMENT=4 DEFAULT CHARSET=utf8mb4 COLLATE=utf8mb4_unicode_ci;

--
-- Dumping data for table `payment_modes`
--

INSERT INTO `payment_modes` VALUES (1,'0001','M-PESA',1,'2025-08-03 19:10:05','2025-08-03 19:10:05',NULL),(2,'0002','M-PESA (Manually)',1,'2025-08-03 19:10:05','2025-08-03 19:10:05',NULL),(3,'0003','Cash',1,'2025-08-03 19:10:05','2025-08-03 19:10:05',NULL);

--
-- Table structure for table `payment_types`
--

CREATE TABLE `payment_types` (
  `id` bigint unsigned NOT NULL AUTO_INCREMENT,
  `name` varchar(191) COLLATE utf8mb4_unicode_ci NOT NULL,
  `created_at` timestamp NULL DEFAULT NULL,
  `updated_at` timestamp NULL DEFAULT NULL,
  `deleted_at` timestamp NULL DEFAULT NULL,
  PRIMARY KEY (`id`)
) ENGINE=InnoDB AUTO_INCREMENT=3 DEFAULT CHARSET=utf8mb4 COLLATE=utf8mb4_unicode_ci;

--
-- Dumping data for table `payment_types`
--

INSERT INTO `payment_types` VALUES (1,'Fixed Amount','2025-08-03 19:10:01','2025-08-03 19:10:01',NULL),(2,'Commission Based','2025-08-03 19:10:01','2025-08-03 19:10:01',NULL);

--
-- Table structure for table `permissions`
--

CREATE TABLE `permissions` (
  `id` bigint unsigned NOT NULL AUTO_INCREMENT,
  `name` varchar(191) COLLATE utf8mb4_unicode_ci NOT NULL,
  `group` varchar(191) COLLATE utf8mb4_unicode_ci DEFAULT NULL,
  `guard_name` varchar(191) COLLATE utf8mb4_unicode_ci NOT NULL,
  `created_at` timestamp NULL DEFAULT NULL,
  `updated_at` timestamp NULL DEFAULT NULL,
  PRIMARY KEY (`id`),
  UNIQUE KEY `permissions_name_guard_name_unique` (`name`,`guard_name`)
) ENGINE=InnoDB AUTO_INCREMENT=3 DEFAULT CHARSET=utf8mb4 COLLATE=utf8mb4_unicode_ci;

--
-- Dumping data for table `permissions`
--

INSERT INTO `permissions` VALUES (1,'Administer Company',NULL,'web','2025-08-03 19:10:01','2025-08-03 19:10:01'),(2,'Staff',NULL,'web','2025-08-03 19:10:01','2025-08-03 19:10:01');

--
-- Table structure for table `personal_access_tokens`
--

CREATE TABLE `personal_access_tokens` (
  `id` bigint unsigned NOT NULL AUTO_INCREMENT,
  `tokenable_type` varchar(191) COLLATE utf8mb4_unicode_ci NOT NULL,
  `tokenable_id` bigint unsigned NOT NULL,
  `name` varchar(191) COLLATE utf8mb4_unicode_ci NOT NULL,
  `token` varchar(64) COLLATE utf8mb4_unicode_ci NOT NULL,
  `abilities` text COLLATE utf8mb4_unicode_ci,
  `last_used_at` timestamp NULL DEFAULT NULL,
  `expires_at` timestamp NULL DEFAULT NULL,
  `created_at` timestamp NULL DEFAULT NULL,
  `updated_at` timestamp NULL DEFAULT NULL,
  PRIMARY KEY (`id`),
  UNIQUE KEY `personal_access_tokens_token_unique` (`token`),
  KEY `personal_access_tokens_tokenable_type_tokenable_id_index` (`tokenable_type`,`tokenable_id`)
) ENGINE=InnoDB DEFAULT CHARSET=utf8mb4 COLLATE=utf8mb4_unicode_ci;

--
-- Dumping data for table `personal_access_tokens`
--


--
-- Table structure for table `plan_validity_types`
--

CREATE TABLE `plan_validity_types` (
  `id` bigint unsigned NOT NULL AUTO_INCREMENT,
  `ref_no` varchar(191) COLLATE utf8mb4_unicode_ci NOT NULL,
  `name` varchar(191) COLLATE utf8mb4_unicode_ci NOT NULL,
  `entity` varchar(191) COLLATE utf8mb4_unicode_ci NOT NULL,
  `created_at` timestamp NULL DEFAULT NULL,
  `updated_at` timestamp NULL DEFAULT NULL,
  `deleted_at` timestamp NULL DEFAULT NULL,
  PRIMARY KEY (`id`)
) ENGINE=InnoDB AUTO_INCREMENT=4 DEFAULT CHARSET=utf8mb4 COLLATE=utf8mb4_unicode_ci;

--
-- Dumping data for table `plan_validity_types`
--

INSERT INTO `plan_validity_types` VALUES (1,'0001','Minutes','m','2025-08-03 19:10:02','2025-08-03 19:10:02',NULL),(2,'0002','Hours','h','2025-08-03 19:10:02','2025-08-03 19:10:02',NULL),(3,'0003','Days','d','2025-08-03 19:10:02','2025-08-03 19:10:02',NULL);

--
-- Table structure for table `potential_customers`
--

CREATE TABLE `potential_customers` (
  `id` bigint unsigned NOT NULL AUTO_INCREMENT,
  `company_id` int DEFAULT NULL,
  `names` varchar(191) COLLATE utf8mb4_unicode_ci DEFAULT NULL,
  `phone` varchar(191) COLLATE utf8mb4_unicode_ci NOT NULL,
  `description` longtext COLLATE utf8mb4_unicode_ci,
  `created_at` timestamp NULL DEFAULT NULL,
  `updated_at` timestamp NULL DEFAULT NULL,
  PRIMARY KEY (`id`)
) ENGINE=InnoDB DEFAULT CHARSET=utf8mb4 COLLATE=utf8mb4_unicode_ci;

--
-- Dumping data for table `potential_customers`
--


--
-- Table structure for table `role_has_permissions`
--

CREATE TABLE `role_has_permissions` (
  `permission_id` bigint unsigned NOT NULL,
  `role_id` bigint unsigned NOT NULL,
  PRIMARY KEY (`permission_id`,`role_id`),
  KEY `role_has_permissions_role_id_foreign` (`role_id`),
  CONSTRAINT `role_has_permissions_permission_id_foreign` FOREIGN KEY (`permission_id`) REFERENCES `permissions` (`id`) ON DELETE CASCADE,
  CONSTRAINT `role_has_permissions_role_id_foreign` FOREIGN KEY (`role_id`) REFERENCES `roles` (`id`) ON DELETE CASCADE
) ENGINE=InnoDB DEFAULT CHARSET=utf8mb4 COLLATE=utf8mb4_unicode_ci;

--
-- Dumping data for table `role_has_permissions`
--


--
-- Table structure for table `roles`
--

CREATE TABLE `roles` (
  `id` bigint unsigned NOT NULL AUTO_INCREMENT,
  `name` varchar(191) COLLATE utf8mb4_unicode_ci NOT NULL,
  `guard_name` varchar(191) COLLATE utf8mb4_unicode_ci NOT NULL,
  `created_at` timestamp NULL DEFAULT NULL,
  `updated_at` timestamp NULL DEFAULT NULL,
  PRIMARY KEY (`id`),
  UNIQUE KEY `roles_name_guard_name_unique` (`name`,`guard_name`)
) ENGINE=InnoDB AUTO_INCREMENT=4 DEFAULT CHARSET=utf8mb4 COLLATE=utf8mb4_unicode_ci;

--
-- Dumping data for table `roles`
--

INSERT INTO `roles` VALUES (1,'Administrator','web','2025-08-03 19:10:01','2025-08-03 19:10:01'),(2,'Client','web','2025-08-03 19:10:01','2025-08-03 19:10:01'),(3,'Referrer','web','2025-08-03 19:10:01','2025-08-03 19:10:01');

--
-- Table structure for table `service_plans`
--

CREATE TABLE `service_plans` (
  `id` bigint unsigned NOT NULL AUTO_INCREMENT,
  `ref_no` varchar(191) COLLATE utf8mb4_unicode_ci NOT NULL,
  `name` varchar(191) COLLATE utf8mb4_unicode_ci NOT NULL,
  `status` int NOT NULL DEFAULT '1' COMMENT '0=inactive, 1=active',
  `created_at` timestamp NULL DEFAULT NULL,
  `updated_at` timestamp NULL DEFAULT NULL,
  `deleted_at` timestamp NULL DEFAULT NULL,
  PRIMARY KEY (`id`)
) ENGINE=InnoDB AUTO_INCREMENT=4 DEFAULT CHARSET=utf8mb4 COLLATE=utf8mb4_unicode_ci;

--
-- Dumping data for table `service_plans`
--

INSERT INTO `service_plans` VALUES (1,'0001','Hotspot Plans',1,'2025-08-03 19:10:02','2025-08-03 19:10:02',NULL),(2,'0002','PPPoE Plans',1,'2025-08-03 19:10:02','2025-08-03 19:10:02',NULL),(3,'0003','Static Plans',1,'2025-08-03 19:10:02','2025-08-03 19:10:02',NULL);

--
-- Table structure for table `sessions`
--

CREATE TABLE `sessions` (
  `id` varchar(191) COLLATE utf8mb4_unicode_ci NOT NULL,
  `user_id` bigint unsigned DEFAULT NULL,
  `ip_address` varchar(45) COLLATE utf8mb4_unicode_ci DEFAULT NULL,
  `user_agent` text COLLATE utf8mb4_unicode_ci,
  `payload` longtext COLLATE utf8mb4_unicode_ci NOT NULL,
  `last_activity` int NOT NULL,
  PRIMARY KEY (`id`),
  KEY `sessions_user_id_index` (`user_id`),
  KEY `sessions_last_activity_index` (`last_activity`)
) ENGINE=InnoDB DEFAULT CHARSET=utf8mb4 COLLATE=utf8mb4_unicode_ci;

--
-- Dumping data for table `sessions`
--

INSERT INTO `sessions` VALUES ('1t6Xr7yScb931kOwJJHMsRZM0Ut4oCoo5Ovmjez0',NULL,'64.23.167.46','Mozilla/5.0 (X11; Linux x86_64; rv:139.0) Gecko/20100101 Firefox/139.0','YTozOntzOjY6Il90b2tlbiI7czo0MDoiNEtqMGRnS3pUaFk4V281Zk9OSzFCOU5zdkhBd0FUS1M3YmVRM3l2ZSI7czo5OiJfcHJldmlvdXMiO2E6MTp7czozOiJ1cmwiO3M6Mjc6Imh0dHBzOi8vaGVyaXRhZ2Vncm91cC5jby5rZSI7fXM6NjoiX2ZsYXNoIjthOjI6e3M6Mzoib2xkIjthOjA6e31zOjM6Im5ldyI7YTowOnt9fX0=',1757354909),('BDa66hlig1hCEd5ZZBRgNV4WBDvSu6Uo74AhLp5T',15,'41.59.52.157','Mozilla/5.0 (Windows NT 10.0; Win64; x64) AppleWebKit/537.36 (KHTML, like Gecko) Chrome/140.0.0.0 Safari/537.36','[encoded data, 191160 characters]',1757358378),('L6zLlpaDapB2SHCvO5mC6CUiqwqb1izSk5Lowd2x',NULL,'51.68.247.203','Mozilla/5.0 (compatible; AhrefsBot/7.0; +http://ahrefs.com/robot/)','YTozOntzOjY6Il90b2tlbiI7czo0MDoibFRnYTR3dU1QNmRwRUVpMmFBZFNISHlYMjJqWXpXZVBoVFpERm5RSSI7czo5OiJfcHJldmlvdXMiO2E6MTp7czozOiJ1cmwiO3M6MzY6Imh0dHBzOi8vaGVyaXRhZ2Vncm91cC5jby5rZS9yZWdpc3RlciI7fXM6NjoiX2ZsYXNoIjthOjI6e3M6Mzoib2xkIjthOjA6e31zOjM6Im5ldyI7YTowOnt9fX0=',1757366855),('nHj1qW2CjJTBpx89XstOR3pz0JCkm9T8D7CcZQ4k',NULL,'43.159.140.236','Mozilla/5.0 (iPhone; CPU iPhone OS 13_2_3 like Mac OS X) AppleWebKit/605.1.15 (KHTML, like Gecko) Version/13.0.3 Mobile/15E148 Safari/604.1','YTozOntzOjY6Il90b2tlbiI7czo0MDoianFnMERwQWF5RHVydk1UeXhYNE81M0xXM20wVXptYlNncU1JMEJVUiI7czo5OiJfcHJldmlvdXMiO2E6MTp7czozOiJ1cmwiO3M6MjY6Imh0dHA6Ly9oZXJpdGFnZWdyb3VwLmNvLmtlIjt9czo2OiJfZmxhc2giO2E6Mjp7czozOiJvbGQiO2E6MDp7fXM6MzoibmV3IjthOjA6e319fQ==',1757354957),('On6CTwtUsCklzDwQQSaWGQyeLN7FG6sDxzXFCHva',NULL,'64.23.167.46','Mozilla/5.0 (X11; Linux x86_64; rv:139.0) Gecko/20100101 Firefox/139.0','YTozOntzOjY6Il90b2tlbiI7czo0MDoiOFNsSmszQnBSQ1ZzSFh5WUcxOXBhd2VINm1VdGdvc2ZicDFyQ1BjTSI7czo5OiJfcHJldmlvdXMiO2E6MTp7czozOiJ1cmwiO3M6MjY6Imh0dHA6Ly9oZXJpdGFnZWdyb3VwLmNvLmtlIjt9czo2OiJfZmxhc2giO2E6Mjp7czozOiJvbGQiO2E6MDp7fXM6MzoibmV3IjthOjA6e319fQ==',1757354908),('q0l4o56n93NZdOyEb73UokkEq8KNgb6bVZ3wcb9w',15,'41.59.52.157','Mozilla/5.0 (Windows NT 10.0; Win64; x64; rv:142.0) Gecko/20100101 Firefox/142.0','[encoded data, 191044 characters]