(8522,13,NULL,'Mikrotik Router Up','✅ Hi Kazungu, your mikrotik router - La Zungu is back online.',0,'2025-09-06 12:30:19','2025-09-06 12:30:19'),(8523,13,NULL,'Mikrotik Router Up','✅ Hi Kazungu, your mikrotik router - La Zungu is back online.',0,'2025-09-06 12:31:18','2025-09-06 12:31:18'),(8524,13,NULL,'Mikrotik Router Up','✅ Hi Kazungu, your mikrotik router - La Zungu is back online.',0,'2025-09-06 12:32:18','2025-09-06 12:32:18'),(8525,13,NULL,'Mikrotik Router Up','✅ Hi Kazungu, your mikrotik router - La Zungu is back online.',0,'2025-09-06 12:33:18','2025-09-06 12:33:18'),(8526,13,NULL,'Mikrotik Router Up','✅ Hi Kazungu, your mikrotik router - La Zungu is back online.',0,'2025-09-06 12:34:18','2025-09-06 12:34:18'),(8527,13,NULL,'Mikrotik Router Up','✅ Hi Kazungu, your mikrotik router - La Zungu is back online.',0,'2025-09-06 12:35:19','2025-09-06 12:35:19'),(8528,13,NULL,'Mikrotik Router Up','✅ Hi Kazungu, your mikrotik router - La Zungu is back online.',0,'2025-09-06 12:36:24','2025-09-06 12:36:24'),(8529,13,NULL,'Mikrotik Router Up','✅ Hi Kazungu, your mikrotik router - La Zungu is back online.',0,'2025-09-06 12:37:18','2025-09-06 12:37:18'),(8530,13,NULL,'Mikrotik Router Up','✅ Hi Kazungu, your mikrotik router - La Zungu is back online.',0,'2025-09-06 12:38:18','2025-09-06 12:38:18'),(8531,13,NULL,'Mikrotik Router Up','✅ Hi Kazungu, your mikrotik router - La Zungu is back online.',0,'2025-09-06 12:39:18','2025-09-06 12:39:18'),(8532,13,NULL,'Mikrotik Router Up','✅ Hi Kazungu, your mikrotik router - La Zungu is back online.',0,'2025-09-06 12:40:18','2025-09-06 12:40:18'),(8533,8,NULL,'Mikrotik Router Down','⚠️ Hi Erick, your mikrotik router - Ngoni Net 1 is offline. Please check it out.',1,'2025-09-06 12:41:20','2025-09-06 17:15:11'),(8534,8,NULL,'Mikrotik Router Down','⚠️ Hi Erick, your mikrotik router - Ngoni Net 1 is offline. Please check it out.',1,'2025-09-06 12:42:20','2025-09-06 17:15:11'),(8535,13,NULL,'Mikrotik Router Up','✅ Hi Kazungu, your mikrotik router - La Zungu is back online.',0,'2025-09-06 12:43:18','2025-09-06 12:43:18'),(8536,13,NULL,'Mikrotik Router Up','✅ Hi Kazungu, your mikrotik router - La Zungu is back online.',0,'2025-09-06 12:44:18','2025-09-06 12:44:18'),(8537,13,NULL,'Mikrotik Router Up','✅ Hi Kazungu, your mikrotik router - La Zungu is back online.',0,'2025-09-06 12:45:19','2025-09-06 12:45:19'),(8538,13,NULL,'Mikrotik Router Up','✅ Hi Kazungu, your mikrotik router - La Zungu is back online.',0,'2025-09-06 12:46:18','2025-09-06 12:46:18'),(8539,13,NULL,'Mikrotik Router Up','✅ Hi Kazungu, your mikrotik router - La Zungu is back online.',0,'2025-09-06 12:47:22','2025-09-06 12:47:22'),(8540,13,NULL,'Mikrotik Router Up','✅ Hi Kazungu, your mikrotik router - La Zungu is back online.',0,'2025-09-06 12:48:18','2025-09-06 12:48:18'),(8541,13,NULL,'Mikrotik Router Up','✅ Hi Kazungu, your mikrotik router - La Zungu is back online.',0,'2025-09-06 12:49:18','2025-09-06 12:49:18'),(8542,13,NULL,'Mikrotik Router Up','✅ Hi Kazungu, your mikrotik router - La Zungu is back online.',0,'2025-09-06 12:50:19','2025-09-06 12:50:19'),(8543,13,NULL,'Mikrotik Router Up','✅ Hi Kazungu, your mikrotik router - La Zungu is back online.',0,'2025-09-06 12:51:18','2025-09-06 12:51:18'),(8544,13,NULL,'Mikrotik Router Up','✅ Hi Kazungu, your mikrotik router - La Zungu is back online.',0,'2025-09-06 12:52:18','2025-09-06 12:52:18'),(8545,13,NULL,'Mikrotik Router Up','✅ Hi Kazungu, your mikrotik router - La Zungu is back online.',0,'2025-09-06 12:53:18','2025-09-06 12:53:18'),(8546,13,NULL,'Mikrotik Router Up','✅ Hi Kazungu, your mikrotik router - La Zungu is back online.',0,'2025-09-06 12:54:18','2025-09-06 12:54:18'),(8547,13,NULL,'Mikrotik Router Up','✅ Hi Kazungu, your mikrotik router - La Zungu is back online.',0,'2025-09-06 12:55:19','2025-09-06 12:55:19'),(8548,13,NULL,'Mikrotik Router Up','✅ Hi Kazungu, your mikrotik router - La Zungu is back online.',0,'2025-09-06 12:56:19','2025-09-06 12:56:19'),(8549,13,NULL,'Mikrotik Router Up','✅ Hi Kazungu, your mikrotik router - La Zungu is back online.',0,'2025-09-06 12:57:18','2025-09-06 12:57:18'),(8550,13,NULL,'Mikrotik Router Up','✅ Hi Kazungu, your mikrotik router - La Zungu is back online.',0,'2025-09-06 12:58:19','2025-09-06 12:58:19'),(8551,13,NULL,'Mikrotik Router Up','✅ Hi Kazungu, your mikrotik router - La Zungu is back online.',0,'2025-09-06 12:59:18','2025-09-06 12:59:18'),(8552,13,NULL,'Mikrotik Router Up','✅ Hi Kazungu, your mikrotik router - La Zungu is back online.',0,'2025-09-06 13:00:20','2025-09-06 13:00:20'),(8553,13,NULL,'Mikrotik Router Up','✅ Hi Kazungu, your mikrotik router - La Zungu is back online.',0,'2025-09-06 13:01:18','2025-09-06 13:01:18'),(8554,13,NULL,'Mikrotik Router Up','✅ Hi Kazungu, your mikrotik router - La Zungu is back online.',0,'2025-09-06 13:02:19','2025-09-06 13:02:19'),(8555,13,NULL,'Mikrotik Router Up','✅ Hi Kazungu, your mikrotik router - La Zungu is back online.',0,'2025-09-06 13:03:18','2025-09-06 13:03:18'),(8556,13,NULL,'Mikrotik Router Up','✅ Hi Kazungu, your mikrotik router - La Zungu is back online.',0,'2025-09-06 13:04:18','2025-09-06 13:04:18'),(8557,13,NULL,'Mikrotik Router Up','✅ Hi Kazungu, your mikrotik router - La Zungu is back online.',0,'2025-09-06 13:05:19','2025-09-06 13:05:19'),(8558,13,NULL,'Mikrotik Router Up','✅ Hi Kazungu, your mikrotik router - La Zungu is back online.',0,'2025-09-06 13:06:18','2025-09-06 13:06:18'),(8559,13,NULL,'Mikrotik Router Up','✅ Hi Kazungu, your mikrotik router - La Zungu is back online.',0,'2025-09-06 13:07:18','2025-09-06 13:07:18'),(8560,13,NULL,'Mikrotik Router Up','✅ Hi Kazungu, your mikrotik router - La Zungu is back online.',0,'2025-09-06 13:08:18','2025-09-06 13:08:18'),(8561,13,NULL,'Mikrotik Router Up','✅ Hi Kazungu, your mikrotik router - La Zungu is back online.',0,'2025-09-06 13:09:18','2025-09-06 13:09:18'),(8562,13,NULL,'Mikrotik Router Up','✅ Hi Kazungu, your mikrotik router - La Zungu is back online.',0,'2025-09-06 13:10:18','2025-09-06 13:10:18'),(8563,13,NULL,'Mikrotik Router Up','✅ Hi Kazungu, your mikrotik router - La Zungu is back online.',0,'2025-09-06 13:11:18','2025-09-06 13:11:18'),(8564,13,NULL,'Mikrotik Router Up','✅ Hi Kazungu, your mikrotik router - La Zungu is back online.',0,'2025-09-06 13:12:18','2025-09-06 13:12:18'),(8565,13,NULL,'Mikrotik Router Up','✅ Hi Kazungu, your mikrotik router - La Zungu is back online.',0,'2025-09-06 13:13:19','2025-09-06 13:13:19'),(8566,13,NULL,'Mikrotik Router Up','✅ Hi Kazungu, your mikrotik router - La Zungu is back online.',0,'2025-09-06 13:14:18','2025-09-06 13:14:18'),(8567,13,NULL,'Mikrotik Router Up','✅ Hi Kazungu, your mikrotik router - La Zungu is back online.',0,'2025-09-06 13:15:19','2025-09-06 13:15:19'),(8568,13,NULL,'Mikrotik Router Up','✅ Hi Kazungu, your mikrotik router - La Zungu is back online.',0,'2025-09-06 13:16:18','2025-09-06 13:16:18'),(8569,13,NULL,'Mikrotik Router Up','✅ Hi Kazungu, your mikrotik router - La Zungu is back online.',0,'2025-09-06 13:17:23','2025-09-06 13:17:23'),(8570,13,NULL,'Mikrotik Router Up','✅ Hi Kazungu, your mikrotik router - La Zungu is back online.',0,'2025-09-06 13:18:18','2025-09-06 13:18:18'),(8571,13,NULL,'Mikrotik Router Up','✅ Hi Kazungu, your mikrotik router - La Zungu is back online.',0,'2025-09-06 13:19:19','2025-09-06 13:19:19'),(8572,13,NULL,'Mikrotik Router Up','✅ Hi Kazungu, your mikrotik router - La Zungu is back online.',0,'2025-09-06 13:20:19','2025-09-06 13:20:19'),(8573,13,NULL,'Mikrotik Router Up','✅ Hi Kazungu, your mikrotik router - La Zungu is back online.',0,'2025-09-06 13:21:18','2025-09-06 13:21:18'),(8574,13,NULL,'Mikrotik Router Up','✅ Hi Kazungu, your mikrotik router - La Zungu is back online.',0,'2025-09-06 13:22:18','2025-09-06 13:22:18'),(8575,13,NULL,'Mikrotik Router Up','✅ Hi Kazungu, your mikrotik router - La Zungu is back online.',0,'2025-09-06 13:23:18','2025-09-06 13:23:18'),(8576,13,NULL,'Mikrotik Router Up','✅ Hi Kazungu, your mikrotik router - La Zungu is back online.',0,'2025-09-06 13:24:18','2025-09-06 13:24:18'),(8577,13,NULL,'Mikrotik Router Up','✅ Hi Kazungu, your mikrotik router - La Zungu is back online.',0,'2025-09-06 13:25:18','2025-09-06 13:25:18'),(8578,13,NULL,'Mikrotik Router Up','✅ Hi Kazungu, your mikrotik router - La Zungu is back online.',0,'2025-09-06 13:26:17','2025-09-06 13:26:17'),(8579,13,NULL,'Mikrotik Router Up','✅ Hi Kazungu, your mikrotik router - La Zungu is back online.',0,'2025-09-06 13:27:18','2025-09-06 13:27:18'),(8580,13,NULL,'Mikrotik Router Up','✅ Hi Kazungu, your mikrotik router - La Zungu is back online.',0,'2025-09-06 13:28:21','2025-09-06 13:28:21'),(8581,13,NULL,'Mikrotik Router Up','✅ Hi Kazungu, your mikrotik router - La Zungu is back online.',0,'2025-09-06 13:29:19','2025-09-06 13:29:19'),(8582,13,NULL,'Mikrotik Router Up','✅ Hi Kazungu, your mikrotik router - La Zungu is back online.',0,'2025-09-06 13:30:18','2025-09-06 13:30:18'),(8583,13,NULL,'Mikrotik Router Up','✅ Hi Kazungu, your mikrotik router - La Zungu is back online.',0,'2025-09-06 13:31:18','2025-09-06 13:31:18'),(8584,13,NULL,'Mikrotik Router Up','✅ Hi Kazungu, your mikrotik router - La Zungu is back online.',0,'2025-09-06 13:32:17','2025-09-06 13:32:17'),(8585,13,NULL,'Mikrotik Router Up','✅ Hi Kazungu, your mikrotik router - La Zungu is back online.',0,'2025-09-06 13:33:18','2025-09-06 13:33:18'),(8586,13,NULL,'Mikrotik Router Up','✅ Hi Kazungu, your mikrotik router - La Zungu is back online.',0,'2025-09-06 13:34:18','2025-09-06 13:34:18'),(8587,13,NULL,'Mikrotik Router Up','✅ Hi Kazungu, your mikrotik router - La Zungu is back online.',0,'2025-09-06 13:35:19','2025-09-06 13:35:19'),(8588,13,NULL,'Mikrotik Router Up','✅ Hi Kazungu, your mikrotik router - La Zungu is back online.',0,'2025-09-06 13:36:18','2025-09-06 13:36:18'),(8589,13,NULL,'Mikrotik Router Up','✅ Hi Kazungu, your mikrotik router - La Zungu is back online.',0,'2025-09-06 13:37:18','2025-09-06 13:37:18'),(8590,13,NULL,'Mikrotik Router Up','✅ Hi Kazungu, your mikrotik router - La Zungu is back online.',0,'2025-09-06 13:38:18','2025-09-06 13:38:18'),(8591,13,NULL,'Mikrotik Router Up','✅ Hi Kazungu, your mikrotik router - La Zungu is back online.',0,'2025-09-06 13:39:18','2025-09-06 13:39:18'),(8592,13,NULL,'Mikrotik Router Up','✅ Hi Kazungu, your mikrotik router - La Zungu is back online.',0,'2025-09-06 13:40:19','2025-09-06 13:40:19'),(8593,13,NULL,'Mikrotik Router Up','✅ Hi Kazungu, your mikrotik router - La Zungu is back online.',0,'2025-09-06 13:41:18','2025-09-06 13:41:18'),(8594,13,NULL,'Mikrotik Router Up','✅ Hi Kazungu, your mikrotik router - La Zungu is back online.',0,'2025-09-06 13:42:18','2025-09-06 13:42:18'),(8595,13,NULL,'Mikrotik Router Up','✅ Hi Kazungu, your mikrotik router - La Zungu is back online.',0,'2025-09-06 13:43:18','2025-09-06 13:43:18'),(8596,13,NULL,'Mikrotik Router Up','✅ Hi Kazungu, your mikrotik router - La Zungu is back online.',0,'2025-09-06 13:44:18','2025-09-06 13:44:18'),(8597,13,NULL,'Mikrotik Router Up','✅ Hi Kazungu, your mikrotik router - La Zungu is back online.',0,'2025-09-06 13:45:18','2025-09-06 13:45:18'),(8598,13,NULL,'Mikrotik Router Up','✅ Hi Kazungu, your mikrotik router - La Zungu is back online.',0,'2025-09-06 13:46:18','2025-09-06 13:46:18'),(8599,13,NULL,'Mikrotik Router Up','✅ Hi Kazungu, your mikrotik router - La Zungu is back online.',0,'2025-09-06 13:47:18','2025-09-06 13:47:18'),(8600,13,NULL,'Mikrotik Router Up','✅ Hi Kazungu, your mikrotik router - La Zungu is back online.',0,'2025-09-06 13:48:18','2025-09-06 13:48:18'),(8601,13,NULL,'Mikrotik Router Up','✅ Hi Kazungu, your mikrotik router - La Zungu is back online.',0,'2025-09-06 13:49:18','2025-09-06 13:49:18'),(8602,13,NULL,'Mikrotik Router Up','✅ Hi Kazungu, your mikrotik router - La Zungu is back online.',0,'2025-09-06 13:50:18','2025-09-06 13:50:18'),(8603,13,NULL,'Mikrotik Router Up','✅ Hi Kazungu, your mikrotik router - La Zungu is back online.',0,'2025-09-06 13:51:18','2025-09-06 13:51:18'),(8604,13,NULL,'Mikrotik Router Up','✅ Hi Kazungu, your mikrotik router - La Zungu is back online.',0,'2025-09-06 13:52:23','2025-09-06 13:52:23'),(8605,13,NULL,'Mikrotik Router Up','✅ Hi Kazungu, your mikrotik router - La Zungu is back online.',0,'2025-09-06 13:53:18','2025-09-06 13:53:18'),(8606,13,NULL,'Mikrotik Router Up','✅ Hi Kazungu, your mikrotik router - La Zungu is back online.',0,'2025-09-06 13:54:18','2025-09-06 13:54:18'),(8607,13,NULL,'Mikrotik Router Up','✅ Hi Kazungu, your mikrotik router - La Zungu is back online.',0,'2025-09-06 13:55:19','2025-09-06 13:55:19'),(8608,13,NULL,'Mikrotik Router Up','✅ Hi Kazungu, your mikrotik router - La Zungu is back online.',0,'2025-09-06 13:56:18','2025-09-06 13:56:18'),(8609,13,NULL,'Mikrotik Router Up','✅ Hi Kazungu, your mikrotik router - La Zungu is back online.',0,'2025-09-06 13:57:18','2025-09-06 13:57:18'),(8610,13,NULL,'Mikrotik Router Up','✅ Hi Kazungu, your mikrotik router - La Zungu is back online.',0,'2025-09-06 13:58:18','2025-09-06 13:58:18'),(8611,13,NULL,'Mikrotik Router Up','✅ Hi Kazungu, your mikrotik router - La Zungu is back online.',0,'2025-09-06 13:59:18','2025-09-06 13:59:18'),(8612,13,NULL,'Mikrotik Router Up','✅ Hi Kazungu, your mikrotik router - La Zungu is back online.',0,'2025-09-06 14:00:19','2025-09-06 14:00:19'),(8613,13,NULL,'Mikrotik Router Up','✅ Hi Kazungu, your mikrotik router - La Zungu is back online.',0,'2025-09-06 14:01:18','2025-09-06 14:01:18'),(8614,13,NULL,'Mikrotik Router Up','✅ Hi Kazungu, your mikrotik router - La Zungu is back online.',0,'2025-09-06 14:02:18','2025-09-06 14:02:18'),(8615,13,NULL,'Mikrotik Router Up','✅ Hi Kazungu, your mikrotik router - La Zungu is back online.',0,'2025-09-06 14:03:18','2025-09-06 14:03:18'),(8616,13,NULL,'Mikrotik Router Up','✅ Hi Kazungu, your mikrotik router - La Zungu is back online.',0,'2025-09-06 14:04:19','2025-09-06 14:04:19'),(8617,13,NULL,'Mikrotik Router Up','✅ Hi Kazungu, your mikrotik router - La Zungu is back online.',0,'2025-09-06 14:05:19','2025-09-06 14:05:19'),(8618,13,NULL,'Mikrotik Router Up','✅ Hi Kazungu, your mikrotik router - La Zungu is back online.',0,'2025-09-06 14:06:18','2025-09-06 14:06:18'),(8619,13,NULL,'Mikrotik Router Up','✅ Hi Kazungu, your mikrotik router - La Zungu is back online.',0,'2025-09-06 14:07:18','2025-09-06 14:07:18'),(8620,13,NULL,'Mikrotik Router Up','✅ Hi Kazungu, your mikrotik router - La Zungu is back online.',0,'2025-09-06 14:08:18','2025-09-06 14:08:18'),(8621,13,NULL,'Mikrotik Router Up','✅ Hi Kazungu, your mikrotik router - La Zungu is back online.',0,'2025-09-06 14:09:18','2025-09-06 14:09:18'),(8622,13,NULL,'Mikrotik Router Up','✅ Hi Kazungu, your mikrotik router - La Zungu is back online.',0,'2025-09-06 14:10:18','2025-09-06 14:10:18'),(8623,13,NULL,'Mikrotik Router Up','✅ Hi Kazungu, your mikrotik router - La Zungu is back online.',0,'2025-09-06 14:11:18','2025-09-06 14:11:18'),(8624,13,NULL,'Mikrotik Router Up','✅ Hi Kazungu, your mikrotik router - La Zungu is back online.',0,'2025-09-06 14:12:18','2025-09-06 14:12:18'),(8625,13,NULL,'Mikrotik Router Up','✅ Hi Kazungu, your mikrotik router - La Zungu is back online.',0,'2025-09-06 14:13:18','2025-09-06 14:13:18'),(8626,13,NULL,'Mikrotik Router Up','✅ Hi Kazungu, your mikrotik router - La Zungu is back online.',0,'2025-09-06 14:14:18','2025-09-06 14:14:18'),(8627,13,NULL,'Mikrotik Router Up','✅ Hi Kazungu, your mikrotik router - La Zungu is back online.',0,'2025-09-06 14:15:18','2025-09-06 14:15:18'),(8628,13,NULL,'Mikrotik Router Up','✅ Hi Kazungu, your mikrotik router - La Zungu is back online.',0,'2025-09-06 14:16:18','2025-09-06 14:16:18'),(8629,13,NULL,'Mikrotik Router Up','✅ Hi Kazungu, your mikrotik router - La Zungu is back online.',0,'2025-09-06 14:17:20','2025-09-06 14:17:20'),(8630,13,NULL,'Mikrotik Router Up','✅ Hi Kazungu, your mikrotik router - La Zungu is back online.',0,'2025-09-06 14:18:18','2025-09-06 14:18:18'),(8631,13,NULL,'Mikrotik Router Up','✅ Hi Kazungu, your mikrotik router - La Zungu is back online.',0,'2025-09-06 14:19:18','2025-09-06 14:19:18'),(8632,13,NULL,'Mikrotik Router Up','✅ Hi Kazungu, your mikrotik router - La Zungu is back online.',0,'2025-09-06 14:20:19','2025-09-06 14:20:19'),(8633,13,NULL,'Mikrotik Router Up','✅ Hi Kazungu, your mikrotik router - La Zungu is back online.',0,'2025-09-06 14:21:23','2025-09-06 14:21:23'),(8634,13,NULL,'Mikrotik Router Up','✅ Hi Kazungu, your mikrotik router - La Zungu is back online.',0,'2025-09-06 14:22:18','2025-09-06 14:22:18'),(8635,13,NULL,'Mikrotik Router Up','✅ Hi Kazungu, your mikrotik router - La Zungu is back online.',0,'2025-09-06 14:23:18','2025-09-06 14:23:18'),(8636,13,NULL,'Mikrotik Router Up','✅ Hi Kazungu, your mikrotik router - La Zungu is back online.',0,'2025-09-06 14:24:18','2025-09-06 14:24:18'),(8637,13,NULL,'Mikrotik Router Up','✅ Hi Kazungu, your mikrotik router - La Zungu is back online.',0,'2025-09-06 14:25:19','2025-09-06 14:25:19'),(8638,13,NULL,'Mikrotik Router Up','✅ Hi Kazungu, your mikrotik router - La Zungu is back online.',0,'2025-09-06 14:26:18','2025-09-06 14:26:18'),(8639,13,NULL,'Mikrotik Router Up','✅ Hi Kazungu, your mikrotik router - La Zungu is back online.',0,'2025-09-06 14:27:18','2025-09-06 14:27:18'),(8640,13,NULL,'Mikrotik Router Up','✅ Hi Kazungu, your mikrotik router - La Zungu is back online.',0,'2025-09-06 14:28:18','2025-09-06 14:28:18'),(8641,13,NULL,'Mikrotik Router Up','✅ Hi Kazungu, your mikrotik router - La Zungu is back online.',0,'2025-09-06 14:29:18','2025-09-06 14:29:18'),(8642,13,NULL,'Mikrotik Router Up','✅ Hi Kazungu, your mikrotik router - La Zungu is back online.',0,'2025-09-06 14:30:19','2025-09-06 14:30:19'),(8643,13,NULL,'Mikrotik Router Up','✅ Hi Kazungu, your mikrotik router - La Zungu is back online.',0,'2025-09-06 14:31:18','2025-09-06 14:31:18'),(8644,13,NULL,'Mikrotik Router Up','✅ Hi Kazungu, your mikrotik router - La Zungu is back online.',0,'2025-09-06 14:32:18','2025-09-06 14:32:18'),(8645,13,NULL,'Mikrotik Router Up','✅ Hi Kazungu, your mikrotik router - La Zungu is back online.',0,'2025-09-06 14:33:18','2025-09-06 14:33:18'),(8646,13,NULL,'Mikrotik Router Up','✅ Hi Kazungu, your mikrotik router - La Zungu is back online.',0,'2025-09-06 14:34:18','2025-09-06 14:34:18'),(8647,13,NULL,'Mikrotik Router Up','✅ Hi Kazungu, your mikrotik router - La Zungu is back online.',0,'2025-09-06 14:35:18','2025-09-06 14:35:18'),(8648,13,NULL,'Mikrotik Router Up','✅ Hi Kazungu, your mikrotik router - La Zungu is back online.',0,'2025-09-06 14:36:19','2025-09-06 14:36:19'),(8649,13,NULL,'Mikrotik Router Up','✅ Hi Kazungu, your mikrotik router - La Zungu is back online.',0,'2025-09-06 14:37:18','2025-09-06 14:37:18'),(8650,13,NULL,'Mikrotik Router Up','✅ Hi Kazungu, your mikrotik router - La Zungu is back online.',0,'2025-09-06 14:38:19','2025-09-06 14:38:19'),(8651,13,NULL,'Mikrotik Router Up','✅ Hi Kazungu, your mikrotik router - La Zungu is back online.',0,'2025-09-06 14:39:19','2025-09-06 14:39:19'),(8652,13,NULL,'Mikrotik Router Up','✅ Hi Kazungu, your mikrotik router - La Zungu is back online.',0,'2025-09-06 14:40:19','2025-09-06 14:40:19'),(8653,13,NULL,'Mikrotik Router Up','✅ Hi Kazungu, your mikrotik router - La Zungu is back online.',0,'2025-09-06 14:41:18','2025-09-06 14:41:18'),(8654,13,NULL,'Mikrotik Router Up','✅ Hi Kazungu, your mikrotik router - La Zungu is back online.',0,'2025-09-06 14:42:18','2025-09-06 14:42:18'),(8655,13,NULL,'Mikrotik Router Up','✅ Hi Kazungu, your mikrotik router - La Zungu is back online.',0,'2025-09-06 14:43:18','2025-09-06 14:43:18'),(8656,13,NULL,'Mikrotik Router Up','✅ Hi Kazungu, your mikrotik router - La Zungu is back online.',0,'2025-09-06 14:44:18','2025-09-06 14:44:18'),(8657,13,NULL,'Mikrotik Router Up','✅ Hi Kazungu, your mikrotik router - La Zungu is back online.',0,'2025-09-06 14:45:19','2025-09-06 14:45:19'),(8658,13,NULL,'Mikrotik Router Up','✅ Hi Kazungu, your mikrotik router - La Zungu is back online.',0,'2025-09-06 14:46:18','2025-09-06 14:46:18'),(8659,13,NULL,'Mikrotik Router Up','✅ Hi Kazungu, your mikrotik router - La Zungu is back online.',0,'2025-09-06 14:47:18','2025-09-06 14:47:18'),(8660,13,NULL,'Mikrotik Router Up','✅ Hi Kazungu, your mikrotik router - La Zungu is back online.',0,'2025-09-06 14:48:18','2025-09-06 14:48:18'),(8661,13,NULL,'Mikrotik Router Up','✅ Hi Kazungu, your mikrotik router - La Zungu is back online.',0,'2025-09-06 14:49:19','2025-09-06 14:49:19'),(8662,13,NULL,'Mikrotik Router Up','✅ Hi Kazungu, your mikrotik router - La Zungu is back online.',0,'2025-09-06 14:50:19','2025-09-06 14:50:19'),(8663,13,NULL,'Mikrotik Router Up','✅ Hi Kazungu, your mikrotik router - La Zungu is back online.',0,'2025-09-06 14:51:18','2025-09-06 14:51:18'),(8664,13,NULL,'Mikrotik Router Up','✅ Hi Kazungu, your mikrotik router - La Zungu is back online.',0,'2025-09-06 14:52:18','2025-09-06 14:52:18'),(8665,13,NULL,'Mikrotik Router Up','✅ Hi Kazungu, your mikrotik router - La Zungu is back online.',0,'2025-09-06 14:53:18','2025-09-06 14:53:18'),(8666,13,NULL,'Mikrotik Router Up','✅ Hi Kazungu, your mikrotik router - La Zungu is back online.',0,'2025-09-06 14:54:18','2025-09-06 14:54:18'),(8667,13,NULL,'Mikrotik Router Up','✅ Hi Kazungu, your mikrotik router - La Zungu is back online.',0,'2025-09-06 14:55:19','2025-09-06 14:55:19'),(8668,13,NULL,'Mikrotik Router Up','✅ Hi Kazungu, your mikrotik router - La Zungu is back online.',0,'2025-09-06 14:56:19','2025-09-06 14:56:19'),(8669,13,NULL,'Mikrotik Router Up','✅ Hi Kazungu, your mikrotik router - La Zungu is back online.',0,'2025-09-06 14:57:19','2025-09-06 14:57:19'),(8670,13,NULL,'Mikrotik Router Up','✅ Hi Kazungu, your mikrotik router - La Zungu is back online.',0,'2025-09-06 14:58:18','2025-09-06 14:58:18'),(8671,13,NULL,'Mikrotik Router Up','✅ Hi Kazungu, your mikrotik router - La Zungu is back online.',0,'2025-09-06 14:59:18','2025-09-06 14:59:18'),(8672,13,NULL,'Mikrotik Router Up','✅ Hi Kazungu, your mikrotik router - La Zungu is back online.',0,'2025-09-06 15:00:19','2025-09-06 15:00:19'),(8673,13,NULL,'Mikrotik Router Up','✅ Hi Kazungu, your mikrotik router - La Zungu is back online.',0,'2025-09-06 15:01:19','2025-09-06 15:01:19'),(8674,13,NULL,'Mikrotik Router Up','✅ Hi Kazungu, your mikrotik router - La Zungu is back online.',0,'2025-09-06 15:02:18','2025-09-06 15:02:18'),(8675,13,NULL,'Mikrotik Router Up','✅ Hi Kazungu, your mikrotik router - La Zungu is back online.',0,'2025-09-06 15:03:18','2025-09-06 15:03:18'),(8676,13,NULL,'Mikrotik Router Up','✅ Hi Kazungu, your mikrotik router - La Zungu is back online.',0,'2025-09-06 15:04:18','2025-09-06 15:04:18'),(8677,13,NULL,'Mikrotik Router Up','✅ Hi Kazungu, your mikrotik router - La Zungu is back online.',0,'2025-09-06 15:05:19','2025-09-06 15:05:19'),(8678,13,NULL,'Mikrotik Router Up','✅ Hi Kazungu, your mikrotik router - La Zungu is back online.',0,'2025-09-06 15:06:19','2025-09-06 15:06:19'),(8679,13,NULL,'Mikrotik Router Up','✅ Hi Kazungu, your mikrotik router - La Zungu is back online.',0,'2025-09-06 15:07:18','2025-09-06 15:07:18'),(8680,13,NULL,'Mikrotik Router Up','✅ Hi Kazungu, your mikrotik router - La Zungu is back online.',0,'2025-09-06 15:08:18','2025-09-06 15:08:18'),(8681,13,NULL,'Mikrotik Router Up','✅ Hi Kazungu, your mikrotik router - La Zungu is back online.',0,'2025-09-06 15:09:18','2025-09-06 15:09:18'),(8682,13,NULL,'Mikrotik Router Up','✅ Hi Kazungu, your mikrotik router - La Zungu is back online.',0,'2025-09-06 15:10:19','2025-09-06 15:10:19'),(8683,13,NULL,'Mikrotik Router Up','✅ Hi Kazungu, your mikrotik router - La Zungu is back online.',0,'2025-09-06 15:11:18','2025-09-06 15:11:18'),(8684,13,NULL,'Mikrotik Router Up','✅ Hi Kazungu, your mikrotik router - La Zungu is back online.',0,'2025-09-06 15:12:19','2025-09-06 15:12:19'),(8685,13,NULL,'Mikrotik Router Up','✅ Hi Kazungu, your mikrotik router - La Zungu is back online.',0,'2025-09-06 15:13:18','2025-09-06 15:13:18'),(8686,13,NULL,'Mikrotik Router Up','✅ Hi Kazungu, your mikrotik router - La Zungu is back online.',0,'2025-09-06 15:14:18','2025-09-06 15:14:18'),(8687,13,NULL,'Mikrotik Router Up','✅ Hi Kazungu, your mikrotik router - La Zungu is back online.',0,'2025-09-06 15:15:19','2025-09-06 15:15:19'),(8688,13,NULL,'Mikrotik Router Up','✅ Hi Kazungu, your mikrotik router - La Zungu is back online.',0,'2025-09-06 15:16:18','2025-09-06 15:16:18'),(8689,13,NULL,'Mikrotik Router Up','✅ Hi Kazungu, your mikrotik router - La Zungu is back online.',0,'2025-09-06 15:17:20','2025-09-06 15:17:20'),(8690,13,NULL,'Mikrotik Router Up','✅ Hi Kazungu, your mikrotik router - La Zungu is back online.',0,'2025-09-06 15:18:18','2025-09-06 15:18:18'),(8691,13,NULL,'Mikrotik Router Up','✅ Hi Kazungu, your mikrotik router - La Zungu is back online.',0,'2025-09-06 15:19:19','2025-09-06 15:19:19'),(8692,13,NULL,'Mikrotik Router Up','✅ Hi Kazungu, your mikrotik router - La Zungu is back online.',0,'2025-09-06 15:20:19','2025-09-06 15:20:19'),(8693,13,NULL,'Mikrotik Router Up','✅ Hi Kazungu, your mikrotik router - La Zungu is back online.',0,'2025-09-06 15:21:19','2025-09-06 15:21:19'),(8694,13,NULL,'Mikrotik Router Up','✅ Hi Kazungu, your mikrotik router - La Zungu is back online.',0,'2025-09-06 15:22:18','2025-09-06 15:22:18'),(8695,13,NULL,'Mikrotik Router Up','✅ Hi Kazungu, your mikrotik router - La Zungu is back online.',0,'2025-09-06 15:23:18','2025-09-06 15:23:18'),(8696,13,NULL,'Mikrotik Router Up','✅ Hi Kazungu, your mikrotik router - La Zungu is back online.',0,'2025-09-06 15:24:19','2025-09-06 15:24:19'),(8697,13,NULL,'Mikrotik Router Up','✅ Hi Kazungu, your mikrotik router - La Zungu is back online.',0,'2025-09-06 15:25:18','2025-09-06 15:25:18'),(8698,13,NULL,'Mikrotik Router Up','✅ Hi Kazungu, your mikrotik router - La Zungu is back online.',0,'2025-09-06 15:26:19','2025-09-06 15:26:19'),(8699,13,NULL,'Mikrotik Router Up','✅ Hi Kazungu, your mikrotik router - La Zungu is back online.',0,'2025-09-06 15:27:18','2025-09-06 15:27:18'),(8700,13,NULL,'Mikrotik Router Up','✅ Hi Kazungu, your mikrotik router - La Zungu is back online.',0,'2025-09-06 15:28:18','2025-09-06 15:28:18'),(8701,13,NULL,'Mikrotik Router Up','✅ Hi Kazungu, your mikrotik router - La Zungu is back online.',0,'2025-09-06 15:29:18','2025-09-06 15:29:18'),(8702,13,NULL,'Mikrotik Router Up','✅ Hi Kazungu, your mikrotik router - La Zungu is back online.',0,'2025-09-06 15:30:19','2025-09-06 15:30:19'),(8703,13,NULL,'Mikrotik Router Up','✅ Hi Kazungu, your mikrotik router - La Zungu is back online.',0,'2025-09-06 15:31:18','2025-09-06 15:31:18'),(8704,13,NULL,'Mikrotik Router Up','✅ Hi Kazungu, your mikrotik router - La Zungu is back online.',0,'2025-09-06 15:32:18','2025-09-06 15:32:18'),(8705,13,NULL,'Mikrotik Router Up','✅ Hi Kazungu, your mikrotik router - La Zungu is back online.',0,'2025-09-06 15:33:18','2025-09-06 15:33:18'),(8706,13,NULL,'Mikrotik Router Up','✅ Hi Kazungu, your mikrotik router - La Zungu is back online.',0,'2025-09-06 15:34:18','2025-09-06 15:34:18'),(8707,13,NULL,'Mikrotik Router Up','✅ Hi Kazungu, your mikrotik router - La Zungu is back online.',0,'2025-09-06 15:35:19','2025-09-06 15:35:19'),(8708,13,NULL,'Mikrotik Router Up','✅ Hi Kazungu, your mikrotik router - La Zungu is back online.',0,'2025-09-06 15:36:18','2025-09-06 15:36:18'),(8709,13,NULL,'Mikrotik Router Up','✅ Hi Kazungu, your mikrotik router - La Zungu is back online.',0,'2025-09-06 15:37:18','2025-09-06 15:37:18'),(8710,13,NULL,'Mikrotik Router Up','✅ Hi Kazungu, your mikrotik router - La Zungu is back online.',0,'2025-09-06 15:38:18','2025-09-06 15:38:18'),(8711,13,NULL,'Mikrotik Router Up','✅ Hi Kazungu, your mikrotik router - La Zungu is back online.',0,'2025-09-06 15:39:19','2025-09-06 15:39:19'),(8712,13,NULL,'Mikrotik Router Up','✅ Hi Kazungu, your mikrotik router - La Zungu is back online.',0,'2025-09-06 15:40:19','2025-09-06 15:40:19'),(8713,13,NULL,'Mikrotik Router Up','✅ Hi Kazungu, your mikrotik router - La Zungu is back online.',0,'2025-09-06 15:41:18','2025-09-06 15:41:18'),(8714,8,NULL,'Mikrotik Router Down','⚠️ Hi Erick, your mikrotik router - Machinga Complex is offline. Please check it out.',1,'2025-09-06 15:42:18','2025-09-06 17:15:11'),(8715,13,NULL,'Mikrotik Router Up','✅ Hi Kazungu, your mikrotik router - La Zungu is back online.',0,'2025-09-06 15:43:18','2025-09-06 15:43:18'),(8716,13,NULL,'Mikrotik Router Up','✅ Hi Kazungu, your mikrotik router - La Zungu is back online.',0,'2025-09-06 15:44:19','2025-09-06 15:44:19'),(8717,13,NULL,'Mikrotik Router Up','✅ Hi Kazungu, your mikrotik router - La Zungu is back online.',0,'2025-09-06 15:45:18','2025-09-06 15:45:18'),(8718,13,NULL,'Mikrotik Router Up','✅ Hi Kazungu, your mikrotik router - La Zungu is back online.',0,'2025-09-06 15:46:19','2025-09-06 15:46:19'),(8719,13,NULL,'Mikrotik Router Up','✅ Hi Kazungu, your mikrotik router - La Zungu is back online.',0,'2025-09-06 15:47:18','2025-09-06 15:47:18'),(8720,13,NULL,'Mikrotik Router Up','✅ Hi Kazungu, your mikrotik router - La Zungu is back online.',0,'2025-09-06 15:48:18','2025-09-06 15:48:18'),(8721,13,NULL,'Mikrotik Router Up','✅ Hi Kazungu, your mikrotik router - La Zungu is back online.',0,'2025-09-06 15:49:18','2025-09-06 15:49:18'),(8722,13,NULL,'Mikrotik Router Up','✅ Hi Kazungu, your mikrotik router - La Zungu is back online.',0,'2025-09-06 15:50:18','2025-09-06 15:50:18'),(8723,13,NULL,'Mikrotik Router Up','✅ Hi Kazungu, your mikrotik router - La Zungu is back online.',0,'2025-09-06 15:51:18','2025-09-06 15:51:18'),(8724,13,NULL,'Mikrotik Router Up','✅ Hi Kazungu, your mikrotik router - La Zungu is back online.',0,'2025-09-06 15:52:18','2025-09-06 15:52:18'),(8725,13,NULL,'Mikrotik Router Up','✅ Hi Kazungu, your mikrotik router - La Zungu is back online.',0,'2025-09-06 15:53:18','2025-09-06 15:53:18'),(8726,13,NULL,'Mikrotik Router Up','✅ Hi Kazungu, your mikrotik router - La Zungu is back online.',0,'2025-09-06 15:54:18','2025-09-06 15:54:18'),(8727,13,NULL,'Mikrotik Router Up','✅ Hi Kazungu, your mikrotik router - La Zungu is back online.',0,'2025-09-06 15:55:19','2025-09-06 15:55:19'),(8728,13,NULL,'Mikrotik Router Up','✅ Hi Kazungu, your mikrotik router - La Zungu is back online.',0,'2025-09-06 15:56:18','2025-09-06 15:56:18'),(8729,13,NULL,'Mikrotik Router Up','✅ Hi Kazungu, your mikrotik router - La Zungu is back online.',0,'2025-09-06 15:57:19','2025-09-06 15:57:19'),(8730,13,NULL,'Mikrotik Router Up','✅ Hi Kazungu, your mikrotik router - La Zungu is back online.',0,'2025-09-06 15:58:18','2025-09-06 15:58:18'),(8731,13,NULL,'Mikrotik Router Up','✅ Hi Kazungu, your mikrotik router - La Zungu is back online.',0,'2025-09-06 15:59:18','2025-09-06 15:59:18'),(8732,13,NULL,'Mikrotik Router Up','✅ Hi Kazungu, your mikrotik router - La Zungu is back online.',0,'2025-09-06 16:00:19','2025-09-06 16:00:19'),(8733,13,NULL,'Mikrotik Router Up','✅ Hi Kazungu, your mikrotik router - La Zungu is back online.',0,'2025-09-06 16:01:19','2025-09-06 16:01:19'),(8734,13,NULL,'Mikrotik Router Up','✅ Hi Kazungu, your mikrotik router - La Zungu is back online.',0,'2025-09-06 16:02:19','2025-09-06 16:02:19'),(8735,13,NULL,'Mikrotik Router Up','✅ Hi Kazungu, your mikrotik router - La Zungu is back online.',0,'2025-09-06 16:03:18','2025-09-06 16:03:18'),(8736,13,NULL,'Mikrotik Router Up','✅ Hi Kazungu, your mikrotik router - La Zungu is back online.',0,'2025-09-06 16:04:19','2025-09-06 16:04:19'),(8737,13,NULL,'Mikrotik Router Up','✅ Hi Kazungu, your mikrotik router - La Zungu is back online.',0,'2025-09-06 16:05:19','2025-09-06 16:05:19'),(8738,13,NULL,'Mikrotik Router Up','✅ Hi Kazungu, your mikrotik router - La Zungu is back online.',0,'2025-09-06 16:06:18','2025-09-06 16:06:18'),(8739,13,NULL,'Mikrotik Router Up','✅ Hi Kazungu, your mikrotik router - La Zungu is back online.',0,'2025-09-06 16:07:19','2025-09-06 16:07:19'),(8740,13,NULL,'Mikrotik Router Up','✅ Hi Kazungu, your mikrotik router - La Zungu is back online.',0,'2025-09-06 16:08:18','2025-09-06 16:08:18'),(8741,13,NULL,'Mikrotik Router Up','✅ Hi Kazungu, your mikrotik router - La Zungu is back online.',0,'2025-09-06 16:09:19','2025-09-06 16:09:19'),(8742,13,NULL,'Mikrotik Router Up','✅ Hi Kazungu, your mikrotik router - La Zungu is back online.',0,'2025-09-06 16:10:19','2025-09-06 16:10:19'),(8743,13,NULL,'Mikrotik Router Up','✅ Hi Kazungu, your mikrotik router - La Zungu is back online.',0,'2025-09-06 16:11:18','2025-09-06 16:11:18'),(8744,13,NULL,'Mikrotik Router Up','✅ Hi Kazungu, your mikrotik router - La Zungu is back online.',0,'2025-09-06 16:12:18','2025-09-06 16:12:18'),(8745,13,NULL,'Mikrotik Router Up','✅ Hi Kazungu, your mikrotik router - La Zungu is back online.',0,'2025-09-06 16:13:18','2025-09-06 16:13:18'),(8746,13,NULL,'Mikrotik Router Up','✅ Hi Kazungu, your mikrotik router - La Zungu is back online.',0,'2025-09-06 16:14:18','2025-09-06 16:14:18'),(8747,13,NULL,'Mikrotik Router Up','✅ Hi Kazungu, your mikrotik router - La Zungu is back online.',0,'2025-09-06 16:15:18','2025-09-06 16:15:18'),(8748,13,NULL,'Mikrotik Router Up','✅ Hi Kazungu, your mikrotik router - La Zungu is back online.',0,'2025-09-06 16:16:18','2025-09-06 16:16:18'),(8749,13,NULL,'Mikrotik Router Up','✅ Hi Kazungu, your mikrotik router - La Zungu is back online.',0,'2025-09-06 16:17:20','2025-09-06 16:17:20'),(8750,13,NULL,'Mikrotik Router Up','✅ Hi Kazungu, your mikrotik router - La Zungu is back online.',0,'2025-09-06 16:18:19','2025-09-06 16:18:19'),(8751,13,NULL,'Mikrotik Router Up','✅ Hi Kazungu, your mikrotik router - La Zungu is back online.',0,'2025-09-06 16:19:18','2025-09-06 16:19:18'),(8752,13,NULL,'Mikrotik Router Up','✅ Hi Kazungu, your mikrotik router - La Zungu is back online.',0,'2025-09-06 16:20:19','2025-09-06 16:20:19'),(8753,13,NULL,'Mikrotik Router Up','✅ Hi Kazungu, your mikrotik router - La Zungu is back online.',0,'2025-09-06 16:21:18','2025-09-06 16:21:18'),(8754,13,NULL,'Mikrotik Router Up','✅ Hi Kazungu, your mikrotik router - La Zungu is back online.',0,'2025-09-06 16:22:18','2025-09-06 16:22:18'),(8755,13,NULL,'Mikrotik Router Up','✅ Hi Kazungu, your mikrotik router - La Zungu is back online.',0,'2025-09-06 16:23:19','2025-09-06 16:23:19'),(8756,13,NULL,'Mikrotik Router Up','✅ Hi Kazungu, your mikrotik router - La Zungu is back online.',0,'2025-09-06 16:24:18','2025-09-06 16:24:18'),(8757,13,NULL,'Mikrotik Router Up','✅ Hi Kazungu, your mikrotik router - La Zungu is back online.',0,'2025-09-06 16:25:19','2025-09-06 16:25:19'),(8758,13,NULL,'Mikrotik Router Up','✅ Hi Kazungu, your mikrotik router - La Zungu is back online.',0,'2025-09-06 16:26:18','2025-09-06 16:26:18'),(8759,13,NULL,'Mikrotik Router Up','✅ Hi Kazungu, your mikrotik router - La Zungu is back online.',0,'2025-09-06 16:27:18','2025-09-06 16:27:18'),(8760,13,NULL,'Mikrotik Router Up','✅ Hi Kazungu, your mikrotik router - La Zungu is back online.',0,'2025-09-06 16:28:18','2025-09-06 16:28:18'),(8761,13,NULL,'Mikrotik Router Up','✅ Hi Kazungu, your mikrotik router - La Zungu is back online.',0,'2025-09-06 16:29:19','2025-09-06 16:29:19'),(8762,13,NULL,'Mikrotik Router Up','✅ Hi Kazungu, your mikrotik router - La Zungu is back online.',0,'2025-09-06 16:30:20','2025-09-06 16:30:20'),(8763,13,NULL,'Mikrotik Router Up','✅ Hi Kazungu, your mikrotik router - La Zungu is back online.',0,'2025-09-06 16:31:18','2025-09-06 16:31:18'),(8764,13,NULL,'Mikrotik Router Up','✅ Hi Kazungu, your mikrotik router - La Zungu is back online.',0,'2025-09-06 16:32:18','2025-09-06 16:32:18'),(8765,13,NULL,'Mikrotik Router Up','✅ Hi Kazungu, your mikrotik router - La Zungu is back online.',0,'2025-09-06 16:33:19','2025-09-06 16:33:19'),(8766,13,NULL,'Mikrotik Router Up','✅ Hi Kazungu, your mikrotik router - La Zungu is back online.',0,'2025-09-06 16:34:18','2025-09-06 16:34:18'),(8767,13,NULL,'Mikrotik Router Up','✅ Hi Kazungu, your mikrotik router - La Zungu is back online.',0,'2025-09-06 16:35:19','2025-09-06 16:35:19'),(8768,13,NULL,'Mikrotik Router Up','✅ Hi Kazungu, your mikrotik router - La Zungu is back online.',0,'2025-09-06 16:36:18','2025-09-06 16:36:18'),(8769,13,NULL,'Mikrotik Router Up','✅ Hi Kazungu, your mikrotik router - La Zungu is back online.',0,'2025-09-06 16:37:18','2025-09-06 16:37:18'),(8770,13,NULL,'Mikrotik Router Up','✅ Hi Kazungu, your mikrotik router - La Zungu is back online.',0,'2025-09-06 16:38:18','2025-09-06 16:38:18'),(8771,13,NULL,'Mikrotik Router Up','✅ Hi Kazungu, your mikrotik router - La Zungu is back online.',0,'2025-09-06 16:39:18','2025-09-06 16:39:18'),(8772,13,NULL,'Mikrotik Router Up','✅ Hi Kazungu, your mikrotik router - La Zungu is back online.',0,'2025-09-06 16:40:19','2025-09-06 16:40:19'),(8773,13,NULL,'Mikrotik Router Up','✅ Hi Kazungu, your mikrotik router - La Zungu is back online.',0,'2025-09-06 16:41:18','2025-09-06 16:41:18'),(8774,13,NULL,'Mikrotik Router Up','✅ Hi Kazungu, your mikrotik router - La Zungu is back online.',0,'2025-09-06 16:42:18','2025-09-06 16:42:18'),(8775,13,NULL,'Mikrotik Router Up','✅ Hi Kazungu, your mikrotik router - La Zungu is back online.',0,'2025-09-06 16:43:18','2025-09-06 16:43:18'),(8776,13,NULL,'Mikrotik Router Up','✅ Hi Kazungu, your mikrotik router - La Zungu is back online.',0,'2025-09-06 16:44:18','2025-09-06 16:44:18'),(8777,13,NULL,'Mikrotik Router Up','✅ Hi Kazungu, your mikrotik router - La Zungu is back online.',0,'2025-09-06 16:45:18','2025-09-06 16:45:18'),(8778,13,NULL,'Mikrotik Router Up','✅ Hi Kazungu, your mikrotik router - La Zungu is back online.',0,'2025-09-06 16:46:18','2025-09-06 16:46:18'),(8779,13,NULL,'Mikrotik Router Up','✅ Hi Kazungu, your mikrotik router - La Zungu is back online.',0,'2025-09-06 16:47:18','2025-09-06 16:47:18'),(8780,13,NULL,'Mikrotik Router Up','✅ Hi Kazungu, your mikrotik router - La Zungu is back online.',0,'2025-09-06 16:48:18','2025-09-06 16:48:18'),(8781,13,NULL,'Mikrotik Router Up','✅ Hi Kazungu, your mikrotik router - La Zungu is back online.',0,'2025-09-06 16:49:18','2025-09-06 16:49:18'),(8782,13,NULL,'Mikrotik Router Up','✅ Hi Kazungu, your mikrotik router - La Zungu is back online.',0,'2025-09-06 16:50:18','2025-09-06 16:50:18'),(8783,13,NULL,'Mikrotik Router Up','✅ Hi Kazungu, your mikrotik router - La Zungu is back online.',0,'2025-09-06 16:51:18','2025-09-06 16:51:18'),(8784,13,NULL,'Mikrotik Router Up','✅ Hi Kazungu, your mikrotik router - La Zungu is back online.',0,'2025-09-06 16:52:18','2025-09-06 16:52:18'),(8785,13,NULL,'Mikrotik Router Up','✅ Hi Kazungu, your mikrotik router - La Zungu is back online.',0,'2025-09-06 16:53:19','2025-09-06 16:53:19'),(8786,13,NULL,'Mikrotik Router Up','✅ Hi Kazungu, your mikrotik router - La Zungu is back online.',0,'2025-09-06 16:54:18','2025-09-06 16:54:18'),(8787,13,NULL,'Mikrotik Router Up','✅ Hi Kazungu, your mikrotik router - La Zungu is back online.',0,'2025-09-06 16:55:19','2025-09-06 16:55:19'),(8788,13,NULL,'Mikrotik Router Up','✅ Hi Kazungu, your mikrotik router - La Zungu is back online.',0,'2025-09-06 16:56:19','2025-09-06 16:56:19'),(8789,13,NULL,'Mikrotik Router Up','✅ Hi Kazungu, your mikrotik router - La Zungu is back online.',0,'2025-09-06 16:57:18','2025-09-06 16:57:18'),(8790,13,NULL,'Mikrotik Router Up','✅ Hi Kazungu, your mikrotik router - La Zungu is back online.',0,'2025-09-06 16:58:18','2025-09-06 16:58:18'),(8791,13,NULL,'Mikrotik Router Up','✅ Hi Kazungu, your mikrotik router - La Zungu is back online.',0,'2025-09-06 16:59:18','2025-09-06 16:59:18'),(8792,13,NULL,'Mikrotik Router Up','✅ Hi Kazungu, your mikrotik router - La Zungu is back online.',0,'2025-09-06 17:00:19','2025-09-06 17:00:19'),(8793,13,NULL,'Mikrotik Router Up','✅ Hi Kazungu, your mikrotik router - La Zungu is back online.',0,'2025-09-06 17:01:18','2025-09-06 17:01:18'),(8794,13,NULL,'Mikrotik Router Up','✅ Hi Kazungu, your mikrotik router - La Zungu is back online.',0,'2025-09-06 17:02:19','2025-09-06 17:02:19'),(8795,13,NULL,'Mikrotik Router Up','✅ Hi Kazungu, your mikrotik router - La Zungu is back online.',0,'2025-09-06 17:03:18','2025-09-06 17:03:18'),(8796,13,NULL,'Mikrotik Router Up','✅ Hi Kazungu, your mikrotik router - La Zungu is back online.',0,'2025-09-06 17:04:18','2025-09-06 17:04:18'),(8797,13,NULL,'Mikrotik Router Up','✅ Hi Kazungu, your mikrotik router - La Zungu is back online.',0,'2025-09-06 17:05:18','2025-09-06 17:05:18'),(8798,13,NULL,'Mikrotik Router Up','✅ Hi Kazungu, your mikrotik router - La Zungu is back online.',0,'2025-09-06 17:06:18','2025-09-06 17:06:18'),(8799,13,NULL,'Mikrotik Router Up','✅ Hi Kazungu, your mikrotik router - La Zungu is back online.',0,'2025-09-06 17:07:18','2025-09-06 17:07:18'),(8800,13,NULL,'Mikrotik Router Up','✅ Hi Kazungu, your mikrotik router - La Zungu is back online.',0,'2025-09-06 17:08:18','2025-09-06 17:08:18'),(8801,13,NULL,'Mikrotik Router Up','✅ Hi Kazungu, your mikrotik router - La Zungu is back online.',0,'2025-09-06 17:09:18','2025-09-06 17:09:18'),(8802,13,NULL,'Mikrotik Router Up','✅ Hi Kazungu, your mikrotik router - La Zungu is back online.',0,'2025-09-06 17:10:19','2025-09-06 17:10:19'),(8803,13,NULL,'Mikrotik Router Up','✅ Hi Kazungu, your mikrotik router - La Zungu is back online.',0,'2025-09-06 17:11:18','2025-09-06 17:11:18'),(8804,13,NULL,'Mikrotik Router Up','✅ Hi Kazungu, your mikrotik router - La Zungu is back online.',0,'2025-09-06 17:12:18','2025-09-06 17:12:18'),(8805,13,NULL,'Mikrotik Router Up','✅ Hi Kazungu, your mikrotik router - La Zungu is back online.',0,'2025-09-06 17:13:18','2025-09-06 17:13:18'),(8806,13,NULL,'Mikrotik Router Up','✅ Hi Kazungu, your mikrotik router - La Zungu is back online.',0,'2025-09-06 17:14:18','2025-09-06 17:14:18'),(8807,13,NULL,'Mikrotik Router Up','✅ Hi Kazungu, your mikrotik router - La Zungu is back online.',0,'2025-09-06 17:15:19','2025-09-06 17:15:19'),(8808,13,NULL,'Mikrotik Router Up','✅ Hi Kazungu, your mikrotik router - La Zungu is back online.',0,'2025-09-06 17:16:18','2025-09-06 17:16:18'),(8809,13,NULL,'Mikrotik Router Up','✅ Hi Kazungu, your mikrotik router - La Zungu is back online.',0,'2025-09-06 17:17:21','2025-09-06 17:17:21'),(8810,13,NULL,'Mikrotik Router Up','✅ Hi Kazungu, your mikrotik router - La Zungu is back online.',0,'2025-09-06 17:18:18','2025-09-06 17:18:18'),(8811,13,NULL,'Mikrotik Router Up','✅ Hi Kazungu, your mikrotik router - La Zungu is back online.',0,'2025-09-06 17:19:19','2025-09-06 17:19:19'),(8812,13,NULL,'Mikrotik Router Up','✅ Hi Kazungu, your mikrotik router - La Zungu is back online.',0,'2025-09-06 17:20:19','2025-09-06 17:20:19'),(8813,13,NULL,'Mikrotik Router Up','✅ Hi Kazungu, your mikrotik router - La Zungu is back online.',0,'2025-09-06 17:21:18','2025-09-06 17:21:18'),(8814,13,NULL,'Mikrotik Router Up','✅ Hi Kazungu, your mikrotik router - La Zungu is back online.',0,'2025-09-06 17:22:18','2025-09-06 17:22:18'),(8815,13,NULL,'Mikrotik Router Up','✅ Hi Kazungu, your mikrotik router - La Zungu is back online.',0,'2025-09-06 17:23:18','2025-09-06 17:23:18'),(8816,13,NULL,'Mikrotik Router Up','✅ Hi Kazungu, your mikrotik router - La Zungu is back online.',0,'2025-09-06 17:24:18','2025-09-06 17:24:18'),(8817,13,NULL,'Mikrotik Router Up','✅ Hi Kazungu, your mikrotik router - La Zungu is back online.',0,'2025-09-06 17:25:19','2025-09-06 17:25:19'),(8818,13,NULL,'Mikrotik Router Up','✅ Hi Kazungu, your mikrotik router - La Zungu is back online.',0,'2025-09-06 17:26:18','2025-09-06 17:26:18'),(8819,13,NULL,'Mikrotik Router Up','✅ Hi Kazungu, your mikrotik router - La Zungu is back online.',0,'2025-09-06 17:27:18','2025-09-06 17:27:18'),(8820,13,NULL,'Mikrotik Router Up','✅ Hi Kazungu, your mikrotik router - La Zungu is back online.',0,'2025-09-06 17:28:19','2025-09-06 17:28:19'),(8821,13,NULL,'Mikrotik Router Up','✅ Hi Kazungu, your mikrotik router - La Zungu is back online.',0,'2025-09-06 17:29:18','2025-09-06 17:29:18'),(8822,13,NULL,'Mikrotik Router Up','✅ Hi Kazungu, your mikrotik router - La Zungu is back online.',0,'2025-09-06 17:30:19','2025-09-06 17:30:19'),(8823,13,NULL,'Mikrotik Router Up','✅ Hi Kazungu, your mikrotik router - La Zungu is back online.',0,'2025-09-06 17:31:18','2025-09-06 17:31:18'),(8824,13,NULL,'Mikrotik Router Up','✅ Hi Kazungu, your mikrotik router - La Zungu is back online.',0,'2025-09-06 17:32:18','2025-09-06 17:32:18'),(8825,13,NULL,'Mikrotik Router Up','✅ Hi Kazungu, your mikrotik router - La Zungu is back online.',0,'2025-09-06 17:33:18','2025-09-06 17:33:18'),(8826,13,NULL,'Mikrotik Router Up','✅ Hi Kazungu, your mikrotik router - La Zungu is back online.',0,'2025-09-06 17:34:18','2025-09-06 17:34:18'),(8827,13,NULL,'Mikrotik Router Up','✅ Hi Kazungu, your mikrotik router - La Zungu is back online.',0,'2025-09-06 17:35:18','2025-09-06 17:35:18'),(8828,13,NULL,'Mikrotik Router Up','✅ Hi Kazungu, your mikrotik router - La Zungu is back online.',0,'2025-09-06 17:36:19','2025-09-06 17:36:19'),(8829,13,NULL,'Mikrotik Router Up','✅ Hi Kazungu, your mikrotik router - La Zungu is back online.',0,'2025-09-06 17:37:18','2025-09-06 17:37:18'),(8830,13,NULL,'Mikrotik Router Up','✅ Hi Kazungu, your mikrotik router - La Zungu is back online.',0,'2025-09-06 17:38:18','2025-09-06 17:38:18'),(8831,13,NULL,'Mikrotik Router Up','✅ Hi Kazungu, your mikrotik router - La Zungu is back online.',0,'2025-09-06 17:39:18','2025-09-06 17:39:18'),(8832,13,NULL,'Mikrotik Router Up','✅ Hi Kazungu, your mikrotik router - La Zungu is back online.',0,'2025-09-06 17:40:19','2025-09-06 17:40:19'),(8833,13,NULL,'Mikrotik Router Up','✅ Hi Kazungu, your mikrotik router - La Zungu is back online.',0,'2025-09-06 17:41:18','2025-09-06 17:41:18'),(8834,13,NULL,'Mikrotik Router Up','✅ Hi Kazungu, your mikrotik router - La Zungu is back online.',0,'2025-09-06 17:42:18','2025-09-06 17:42:18'),(8835,13,NULL,'Mikrotik Router Up','✅ Hi Kazungu, your mikrotik router - La Zungu is back online.',0,'2025-09-06 17:43:18','2025-09-06 17:43:18'),(8836,13,NULL,'Mikrotik Router Up','✅ Hi Kazungu, your mikrotik router - La Zungu is back online.',0,'2025-09-06 17:44:18','2025-09-06 17:44:18'),(8837,13,NULL,'Mikrotik Router Up','✅ Hi Kazungu, your mikrotik router - La Zungu is back online.',0,'2025-09-06 17:45:19','2025-09-06 17:45:19'),(8838,13,NULL,'Mikrotik Router Up','✅ Hi Kazungu, your mikrotik router - La Zungu is back online.',0,'2025-09-06 17:46:18','2025-09-06 17:46:18'),(8839,13,NULL,'Mikrotik Router Up','✅ Hi Kazungu, your mikrotik router - La Zungu is back online.',0,'2025-09-06 17:47:18','2025-09-06 17:47:18'),(8840,13,NULL,'Mikrotik Router Up','✅ Hi Kazungu, your mikrotik router - La Zungu is back online.',0,'2025-09-06 17:48:18','2025-09-06 17:48:18'),(8841,13,NULL,'Mikrotik Router Up','✅ Hi Kazungu, your mikrotik router - La Zungu is back online.',0,'2025-09-06 17:49:18','2025-09-06 17:49:18'),(8842,13,NULL,'Mikrotik Router Up','✅ Hi Kazungu, your mikrotik router - La Zungu is back online.',0,'2025-09-06 17:50:19','2025-09-06 17:50:19'),(8843,13,NULL,'Mikrotik Router Up','✅ Hi Kazungu, your mikrotik router - La Zungu is back online.',0,'2025-09-06 17:51:18','2025-09-06 17:51:18'),(8844,13,NULL,'Mikrotik Router Up','✅ Hi Kazungu, your mikrotik router - La Zungu is back online.',0,'2025-09-06 17:52:19','2025-09-06 17:52:19'),(8845,13,NULL,'Mikrotik Router Up','✅ Hi Kazungu, your mikrotik router - La Zungu is back online.',0,'2025-09-06 17:53:24','2025-09-06 17:53:24'),(8846,13,NULL,'Mikrotik Router Up','✅ Hi Kazungu, your mikrotik router - La Zungu is back online.',0,'2025-09-06 17:54:19','2025-09-06 17:54:19'),(8847,13,NULL,'Mikrotik Router Up','✅ Hi Kazungu, your mikrotik router - La Zungu is back online.',0,'2025-09-06 17:55:19','2025-09-06 17:55:19'),(8848,13,NULL,'Mikrotik Router Up','✅ Hi Kazungu, your mikrotik router - La Zungu is back online.',0,'2025-09-06 17:56:18','2025-09-06 17:56:18'),(8849,13,NULL,'Mikrotik Router Up','✅ Hi Kazungu, your mikrotik router - La Zungu is back online.',0,'2025-09-06 17:57:18','2025-09-06 17:57:18'),(8850,13,NULL,'Mikrotik Router Up','✅ Hi Kazungu, your mikrotik router - La Zungu is back online.',0,'2025-09-06 17:58:18','2025-09-06 17:58:18'),(8851,13,NULL,'Mikrotik Router Up','✅ Hi Kazungu, your mikrotik router - La Zungu is back online.',0,'2025-09-06 17:59:19','2025-09-06 17:59:19'),(8852,13,NULL,'Mikrotik Router Up','✅ Hi Kazungu, your mikrotik router - La Zungu is back online.',0,'2025-09-06 18:00:25','2025-09-06 18:00:25'),(8853,13,NULL,'Mikrotik Router Up','✅ Hi Kazungu, your mikrotik router - La Zungu is back online.',0,'2025-09-06 18:01:18','2025-09-06 18:01:18'),(8854,13,NULL,'Mikrotik Router Up','✅ Hi Kazungu, your mikrotik router - La Zungu is back online.',0,'2025-09-06 18:02:19','2025-09-06 18:02:19'),(8855,13,NULL,'Mikrotik Router Up','✅ Hi Kazungu, your mikrotik router - La Zungu is back online.',0,'2025-09-06 18:03:19','2025-09-06 18:03:19'),(8856,13,NULL,'Mikrotik Router Up','✅ Hi Kazungu, your mikrotik router - La Zungu is back online.',0,'2025-09-06 18:04:19','2025-09-06 18:04:19'),(8857,13,NULL,'Mikrotik Router Up','✅ Hi Kazungu, your mikrotik router - La Zungu is back online.',0,'2025-09-06 18:05:18','2025-09-06 18:05:18'),(8858,13,NULL,'Mikrotik Router Up','✅ Hi Kazungu, your mikrotik router - La Zungu is back online.',0,'2025-09-06 18:06:18','2025-09-06 18:06:18'),(8859,13,NULL,'Mikrotik Router Up','✅ Hi Kazungu, your mikrotik router - La Zungu is back online.',0,'2025-09-06 18:07:18','2025-09-06 18:07:18'),(8860,13,NULL,'Mikrotik Router Up','✅ Hi Kazungu, your mikrotik router - La Zungu is back online.',0,'2025-09-06 18:08:18','2025-09-06 18:08:18'),(8861,13,NULL,'Mikrotik Router Up','✅ Hi Kazungu, your mikrotik router - La Zungu is back online.',0,'2025-09-06 18:09:18','2025-09-06 18:09:18'),(8862,13,NULL,'Mikrotik Router Up','✅ Hi Kazungu, your mikrotik router - La Zungu is back online.',0,'2025-09-06 18:10:19','2025-09-06 18:10:19'),(8863,13,NULL,'Mikrotik Router Up','✅ Hi Kazungu, your mikrotik router - La Zungu is back online.',0,'2025-09-06 18:11:19','2025-09-06 18:11:19'),(8864,13,NULL,'Mikrotik Router Up','✅ Hi Kazungu, your mikrotik router - La Zungu is back online.',0,'2025-09-06 18:12:19','2025-09-06 18:12:19'),(8865,13,NULL,'Mikrotik Router Up','✅ Hi Kazungu, your mikrotik router - La Zungu is back online.',0,'2025-09-06 18:13:18','2025-09-06 18:13:18'),(8866,13,NULL,'Mikrotik Router Up','✅ Hi Kazungu, your mikrotik router - La Zungu is back online.',0,'2025-09-06 18:14:18','2025-09-06 18:14:18'),(8867,13,NULL,'Mikrotik Router Up','✅ Hi Kazungu, your mikrotik router - La Zungu is back online.',0,'2025-09-06 18:15:18','2025-09-06 18:15:18'),(8868,13,NULL,'Mikrotik Router Up','✅ Hi Kazungu, your mikrotik router - La Zungu is back online.',0,'2025-09-06 18:16:18','2025-09-06 18:16:18'),(8869,13,NULL,'Mikrotik Router Up','✅ Hi Kazungu, your mikrotik router - La Zungu is back online.',0,'2025-09-06 18:17:20','2025-09-06 18:17:20'),(8870,13,NULL,'Mikrotik Router Up','✅ Hi Kazungu, your mikrotik router - La Zungu is back online.',0,'2025-09-06 18:18:18','2025-09-06 18:18:18'),(8871,13,NULL,'Mikrotik Router Up','✅ Hi Kazungu, your mikrotik router - La Zungu is back online.',0,'2025-09-06 18:19:18','2025-09-06 18:19:18'),(8872,13,NULL,'Mikrotik Router Up','✅ Hi Kazungu, your mikrotik router - La Zungu is back online.',0,'2025-09-06 18:20:18','2025-09-06 18:20:18'),(8873,13,NULL,'Mikrotik Router Up','✅ Hi Kazungu, your mikrotik router - La Zungu is back online.',0,'2025-09-06 18:21:18','2025-09-06 18:21:18'),(8874,13,NULL,'Mikrotik Router Up','✅ Hi Kazungu, your mikrotik router - La Zungu is back online.',0,'2025-09-06 18:22:18','2025-09-06 18:22:18'),(8875,13,NULL,'Mikrotik Router Up','✅ Hi Kazungu, your mikrotik router - La Zungu is back online.',0,'2025-09-06 18:23:18','2025-09-06 18:23:18'),(8876,13,NULL,'Mikrotik Router Up','✅ Hi Kazungu, your mikrotik router - La Zungu is back online.',0,'2025-09-06 18:24:18','2025-09-06 18:24:18'),(8877,13,NULL,'Mikrotik Router Up','✅ Hi Kazungu, your mikrotik router - La Zungu is back online.',0,'2025-09-06 18:25:18','2025-09-06 18:25:18'),(8878,13,NULL,'Mikrotik Router Up','✅ Hi Kazungu, your mikrotik router - La Zungu is back online.',0,'2025-09-06 18:26:18','2025-09-06 18:26:18'),(8879,13,NULL,'Mikrotik Router Up','✅ Hi Kazungu, your mikrotik router - La Zungu is back online.',0,'2025-09-06 18:27:18','2025-09-06 18:27:18'),(8880,13,NULL,'Mikrotik Router Up','✅ Hi Kazungu, your mikrotik router - La Zungu is back online.',0,'2025-09-06 18:28:19','2025-09-06 18:28:19'),(8881,13,NULL,'Mikrotik Router Up','✅ Hi Kazungu, your mikrotik router - La Zungu is back online.',0,'2025-09-06 18:29:18','2025-09-06 18:29:18'),(8882,13,NULL,'Mikrotik Router Up','✅ Hi Kazungu, your mikrotik router - La Zungu is back online.',0,'2025-09-06 18:30:19','2025-09-06 18:30:19'),(8883,13,NULL,'Mikrotik Router Up','✅ Hi Kazungu, your mikrotik router - La Zungu is back online.',0,'2025-09-06 18:31:18','2025-09-06 18:31:18'),(8884,13,NULL,'Mikrotik Router Up','✅ Hi Kazungu, your mikrotik router - La Zungu is back online.',0,'2025-09-06 18:32:18','2025-09-06 18:32:18'),(8885,13,NULL,'Mikrotik Router Up','✅ Hi Kazungu, your mikrotik router - La Zungu is back online.',0,'2025-09-06 18:33:18','2025-09-06 18:33:18'),(8886,13,NULL,'Mikrotik Router Up','✅ Hi Kazungu, your mikrotik router - La Zungu is back online.',0,'2025-09-06 18:34:18','2025-09-06 18:34:18'),(8887,13,NULL,'Mikrotik Router Up','✅ Hi Kazungu, your mikrotik router - La Zungu is back online.',0,'2025-09-06 18:35:18','2025-09-06 18:35:18'),(8888,13,NULL,'Mikrotik Router Up','✅ Hi Kazungu, your mikrotik router - La Zungu is back online.',0,'2025-09-06 18:36:19','2025-09-06 18:36:19'),(8889,13,NULL,'Mikrotik Router Up','✅ Hi Kazungu, your mikrotik router - La Zungu is back online.',0,'2025-09-06 18:37:19','2025-09-06 18:37:19'),(8890,13,NULL,'Mikrotik Router Up','✅ Hi Kazungu, your mikrotik router - La Zungu is back online.',0,'2025-09-06 18:38:19','2025-09-06 18:38:19'),(8891,13,NULL,'Mikrotik Router Up','✅ Hi Kazungu, your mikrotik router - La Zungu is back online.',0,'2025-09-06 18:39:18','2025-09-06 18:39:18'),(8892,13,NULL,'Mikrotik Router Up','✅ Hi Kazungu, your mikrotik router - La Zungu is back online.',0,'2025-09-06 18:40:19','2025-09-06 18:40:19'),(8893,13,NULL,'Mikrotik Router Up','✅ Hi Kazungu, your mikrotik router - La Zungu is back online.',0,'2025-09-06 18:41:18','2025-09-06 18:41:18'),(8894,13,NULL,'Mikrotik Router Up','✅ Hi Kazungu, your mikrotik router - La Zungu is back online.',0,'2025-09-06 18:42:18','2025-09-06 18:42:18'),(8895,13,NULL,'Mikrotik Router Up','✅ Hi Kazungu, your mikrotik router - La Zungu is back online.',0,'2025-09-06 18:43:18','2025-09-06 18:43:18'),(8896,13,NULL,'Mikrotik Router Up','✅ Hi Kazungu, your mikrotik router - La Zungu is back online.',0,'2025-09-06 18:44:18','2025-09-06 18:44:18'),(8897,13,NULL,'Mikrotik Router Up','✅ Hi Kazungu, your mikrotik router - La Zungu is back online.',0,'2025-09-06 18:45:18','2025-09-06 18:45:18'),(8898,13,NULL,'Mikrotik Router Up','✅ Hi Kazungu, your mikrotik router - La Zungu is back online.',0,'2025-09-06 18:46:18','2025-09-06 18:46:18'),(8899,13,NULL,'Mikrotik Router Up','✅ Hi Kazungu, your mikrotik router - La Zungu is back online.',0,'2025-09-06 18:47:18','2025-09-06 18:47:18'),(8900,13,NULL,'Mikrotik Router Up','✅ Hi Kazungu, your mikrotik router - La Zungu is back online.',0,'2025-09-06 18:48:18','2025-09-06 18:48:18'),(8901,13,NULL,'Mikrotik Router Up','✅ Hi Kazungu, your mikrotik router - La Zungu is back online.',0,'2025-09-06 18:49:18','2025-09-06 18:49:18'),(8902,13,NULL,'Mikrotik Router Up','✅ Hi Kazungu, your mikrotik router - La Zungu is back online.',0,'2025-09-06 18:50:19','2025-09-06 18:50:19'),(8903,13,NULL,'Mikrotik Router Up','✅ Hi Kazungu, your mikrotik router - La Zungu is back online.',0,'2025-09-06 18:51:18','2025-09-06 18:51:18'),(8904,13,NULL,'Mikrotik Router Up','✅ Hi Kazungu, your mikrotik router - La Zungu is back online.',0,'2025-09-06 18:52:18','2025-09-06 18:52:18'),(8905,13,NULL,'Mikrotik Router Up','✅ Hi Kazungu, your mikrotik router - La Zungu is back online.',0,'2025-09-06 18:53:18','2025-09-06 18:53:18'),(8906,13,NULL,'Mikrotik Router Up','✅ Hi Kazungu, your mikrotik router - La Zungu is back online.',0,'2025-09-06 18:54:19','2025-09-06 18:54:19'),(8907,13,NULL,'Mikrotik Router Up','✅ Hi Kazungu, your mikrotik router - La Zungu is back online.',0,'2025-09-06 18:55:19','2025-09-06 18:55:19'),(8908,13,NULL,'Mikrotik Router Up','✅ Hi Kazungu, your mikrotik router - La Zungu is back online.',0,'2025-09-06 18:56:19','2025-09-06 18:56:19'),(8909,13,NULL,'Mikrotik Router Up','✅ Hi Kazungu, your mikrotik router - La Zungu is back online.',0,'2025-09-06 18:57:18','2025-09-06 18:57:18'),(8910,13,NULL,'Mikrotik Router Up','✅ Hi Kazungu, your mikrotik router - La Zungu is back online.',0,'2025-09-06 18:58:18','2025-09-06 18:58:18'),(8911,13,NULL,'Mikrotik Router Up','✅ Hi Kazungu, your mikrotik router - La Zungu is back online.',0,'2025-09-06 18:59:18','2025-09-06 18:59:18'),(8912,13,NULL,'Mikrotik Router Up','✅ Hi Kazungu, your mikrotik router - La Zungu is back online.',0,'2025-09-06 19:00:19','2025-09-06 19:00:19'),(8913,13,NULL,'Mikrotik Router Up','✅ Hi Kazungu, your mikrotik router - La Zungu is back online.',0,'2025-09-06 19:01:18','2025-09-06 19:01:18'),(8914,13,NULL,'Mikrotik Router Up','✅ Hi Kazungu, your mikrotik router - La Zungu is back online.',0,'2025-09-06 19:02:18','2025-09-06 19:02:18'),(8915,13,NULL,'Mikrotik Router Up','✅ Hi Kazungu, your mikrotik router - La Zungu is back online.',0,'2025-09-06 19:03:18','2025-09-06 19:03:18'),(8916,13,NULL,'Mikrotik Router Up','✅ Hi Kazungu, your mikrotik router - La Zungu is back online.',0,'2025-09-06 19:04:18','2025-09-06 19:04:18'),(8917,13,NULL,'Mikrotik Router Up','✅ Hi Kazungu, your mikrotik router - La Zungu is back online.',0,'2025-09-06 19:05:19','2025-09-06 19:05:19'),(8918,13,NULL,'Mikrotik Router Up','✅ Hi Kazungu, your mikrotik router - La Zungu is back online.',0,'2025-09-06 19:06:19','2025-09-06 19:06:19'),(8919,13,NULL,'Mikrotik Router Up','✅ Hi Kazungu, your mikrotik router - La Zungu is back online.',0,'2025-09-06 19:07:18','2025-09-06 19:07:18'),(8920,13,NULL,'Mikrotik Router Up','✅ Hi Kazungu, your mikrotik router - La Zungu is back online.',0,'2025-09-06 19:08:18','2025-09-06 19:08:18'),(8921,13,NULL,'Mikrotik Router Up','✅ Hi Kazungu, your mikrotik router - La Zungu is back online.',0,'2025-09-06 19:09:19','2025-09-06 19:09:19'),(8922,13,NULL,'Mikrotik Router Up','✅ Hi Kazungu, your mikrotik router - La Zungu is back online.',0,'2025-09-06 19:10:19','2025-09-06 19:10:19'),(8923,13,NULL,'Mikrotik Router Up','✅ Hi Kazungu, your mikrotik router - La Zungu is back online.',0,'2025-09-06 19:11:18','2025-09-06 19:11:18'),(8924,13,NULL,'Mikrotik Router Up','✅ Hi Kazungu, your mikrotik router - La Zungu is back online.',0,'2025-09-06 19:12:18','2025-09-06 19:12:18'),(8925,13,NULL,'Mikrotik Router Up','✅ Hi Kazungu, your mikrotik router - La Zungu is back online.',0,'2025-09-06 19:13:18','2025-09-06 19:13:18'),(8926,13,NULL,'Mikrotik Router Up','✅ Hi Kazungu, your mikrotik router - La Zungu is back online.',0,'2025-09-06 19:14:18','2025-09-06 19:14:18'),(8927,13,NULL,'Mikrotik Router Up','✅ Hi Kazungu, your mikrotik router - La Zungu is back online.',0,'2025-09-06 19:15:18','2025-09-06 19:15:18'),(8928,13,NULL,'Mikrotik Router Up','✅ Hi Kazungu, your mikrotik router - La Zungu is back online.',0,'2025-09-06 19:16:18','2025-09-06 19:16:18'),(8929,13,NULL,'Mikrotik Router Up','✅ Hi Kazungu, your mikrotik router - La Zungu is back online.',0,'2025-09-06 19:17:21','2025-09-06 19:17:21'),(8930,13,NULL,'Mikrotik Router Up','✅ Hi Kazungu, your mikrotik router - La Zungu is back online.',0,'2025-09-06 19:18:18','2025-09-06 19:18:18'),(8931,13,NULL,'Mikrotik Router Up','✅ Hi Kazungu, your mikrotik router - La Zungu is back online.',0,'2025-09-06 19:19:18','2025-09-06 19:19:18'),(8932,13,NULL,'Mikrotik Router Up','✅ Hi Kazungu, your mikrotik router - La Zungu is back online.',0,'2025-09-06 19:20:18','2025-09-06 19:20:18'),(8933,13,NULL,'Mikrotik Router Up','✅ Hi Kazungu, your mikrotik router - La Zungu is back online.',0,'2025-09-06 19:21:18','2025-09-06 19:21:18'),(8934,13,NULL,'Mikrotik Router Up','✅ Hi Kazungu, your mikrotik router - La Zungu is back online.',0,'2025-09-06 19:22:18','2025-09-06 19:22:18'),(8935,13,NULL,'Mikrotik Router Up','✅ Hi Kazungu, your mikrotik router - La Zungu is back online.',0,'2025-09-06 19:23:18','2025-09-06 19:23:18'),(8936,13,NULL,'Mikrotik Router Up','✅ Hi Kazungu, your mikrotik router - La Zungu is back online.',0,'2025-09-06 19:24:19','2025-09-06 19:24:19'),(8937,13,NULL,'Mikrotik Router Up','✅ Hi Kazungu, your mikrotik router - La Zungu is back online.',0,'2025-09-06 19:25:19','2025-09-06 19:25:19'),(8938,13,NULL,'Mikrotik Router Up','✅ Hi Kazungu, your mikrotik router - La Zungu is back online.',0,'2025-09-06 19:26:18','2025-09-06 19:26:18'),(8939,13,NULL,'Mikrotik Router Up','✅ Hi Kazungu, your mikrotik router - La Zungu is back online.',0,'2025-09-06 19:27:18','2025-09-06 19:27:18'),(8940,13,NULL,'Mikrotik Router Up','✅ Hi Kazungu, your mikrotik router - La Zungu is back online.',0,'2025-09-06 19:28:18','2025-09-06 19:28:18'),(8941,13,NULL,'Mikrotik Router Up','✅ Hi Kazungu, your mikrotik router - La Zungu is back online.',0,'2025-09-06 19:29:23','2025-09-06 19:29:23'),(8942,13,NULL,'Mikrotik Router Up','✅ Hi Kazungu, your mikrotik router - La Zungu is back online.',0,'2025-09-06 19:30:20','2025-09-06 19:30:20'),(8943,13,NULL,'Mikrotik Router Up','✅ Hi Kazungu, your mikrotik router - La Zungu is back online.',0,'2025-09-06 19:31:18','2025-09-06 19:31:18'),(8944,13,NULL,'Mikrotik Router Up','✅ Hi Kazungu, your mikrotik router - La Zungu is back online.',0,'2025-09-06 19:32:18','2025-09-06 19:32:18'),(8945,13,NULL,'Mikrotik Router Up','✅ Hi Kazungu, your mikrotik router - La Zungu is back online.',0,'2025-09-06 19:33:18','2025-09-06 19:33:18'),(8946,13,NULL,'Mikrotik Router Up','✅ Hi Kazungu, your mikrotik router - La Zungu is back online.',0,'2025-09-06 19:34:18','2025-09-06 19:34:18'),(8947,13,NULL,'Mikrotik Router Up','✅ Hi Kazungu, your mikrotik router - La Zungu is back online.',0,'2025-09-06 19:35:19','2025-09-06 19:35:19'),(8948,13,NULL,'Mikrotik Router Up','✅ Hi Kazungu, your mikrotik router - La Zungu is back online.',0,'2025-09-06 19:36:18','2025-09-06 19:36:18'),(8949,13,NULL,'Mikrotik Router Up','✅ Hi Kazungu, your mikrotik router - La Zungu is back online.',0,'2025-09-06 19:37:18','2025-09-06 19:37:18'),(8950,13,NULL,'Mikrotik Router Up','✅ Hi Kazungu, your mikrotik router - La Zungu is back online.',0,'2025-09-06 19:38:18','2025-09-06 19:38:18'),(8951,13,NULL,'Mikrotik Router Up','✅ Hi Kazungu, your mikrotik router - La Zungu is back online.',0,'2025-09-06 19:39:18','2025-09-06 19:39:18'),(8952,13,NULL,'Mikrotik Router Up','✅ Hi Kazungu, your mikrotik router - La Zungu is back online.',0,'2025-09-06 19:40:18','2025-09-06 19:40:18'),(8953,13,NULL,'Mikrotik Router Up','✅ Hi Kazungu, your mikrotik router - La Zungu is back online.',0,'2025-09-06 19:41:18','2025-09-06 19:41:18'),(8954,13,NULL,'Mikrotik Router Up','✅ Hi Kazungu, your mikrotik router - La Zungu is back online.',0,'2025-09-06 19:42:18','2025-09-06 19:42:18'),(8955,13,NULL,'Mikrotik Router Up','✅ Hi Kazungu, your mikrotik router - La Zungu is back online.',0,'2025-09-06 19:43:25','2025-09-06 19:43:25'),(8956,13,NULL,'Mikrotik Router Up','✅ Hi Kazungu, your mikrotik router - La Zungu is back online.',0,'2025-09-06 19:44:22','2025-09-06 19:44:22'),(8957,13,NULL,'Mikrotik Router Up','✅ Hi Kazungu, your mikrotik router - La Zungu is back online.',0,'2025-09-06 19:45:18','2025-09-06 19:45:18'),(8958,13,NULL,'Mikrotik Router Up','✅ Hi Kazungu, your mikrotik router - La Zungu is back online.',0,'2025-09-06 19:46:18','2025-09-06 19:46:18'),(8959,13,NULL,'Mikrotik Router Up','✅ Hi Kazungu, your mikrotik router - La Zungu is back online.',0,'2025-09-06 19:47:18','2025-09-06 19:47:18'),(8960,13,NULL,'Mikrotik Router Up','✅ Hi Kazungu, your mikrotik router - La Zungu is back online.',0,'2025-09-06 19:48:18','2025-09-06 19:48:18'),(8961,13,NULL,'Mikrotik Router Up','✅ Hi Kazungu, your mikrotik router - La Zungu is back online.',0,'2025-09-06 19:49:18','2025-09-06 19:49:18'),(8962,13,NULL,'Mikrotik Router Up','✅ Hi Kazungu, your mikrotik router - La Zungu is back online.',0,'2025-09-06 19:50:18','2025-09-06 19:50:18'),(8963,13,NULL,'Mikrotik Router Up','✅ Hi Kazungu, your mikrotik router - La Zungu is back online.',0,'2025-09-06 19:51:18','2025-09-06 19:51:18'),(8964,13,NULL,'Mikrotik Router Up','✅ Hi Kazungu, your mikrotik router - La Zungu is back online.',0,'2025-09-06 19:52:18','2025-09-06 19:52:18'),(8965,13,NULL,'Mikrotik Router Up','✅ Hi Kazungu, your mikrotik router - La Zungu is back online.',0,'2025-09-06 19:53:18','2025-09-06 19:53:18'),(8966,13,NULL,'Mikrotik Router Up','✅ Hi Kazungu, your mikrotik router - La Zungu is back online.',0,'2025-09-06 19:54:18','2025-09-06 19:54:18'),(8967,13,NULL,'Mikrotik Router Up','✅ Hi Kazungu, your mikrotik router - La Zungu is back online.',0,'2025-09-06 19:55:18','2025-09-06 19:55:18'),(8968,13,NULL,'Mikrotik Router Up','✅ Hi Kazungu, your mikrotik router - La Zungu is back online.',0,'2025-09-06 19:56:18','2025-09-06 19:56:18'),(8969,13,NULL,'Mikrotik Router Up','✅ Hi Kazungu, your mikrotik router - La Zungu is back online.',0,'2025-09-06 19:57:18','2025-09-06 19:57:18'),(8970,13,NULL,'Mikrotik Router Up','✅ Hi Kazungu, your mikrotik router - La Zungu is back online.',0,'2025-09-06 19:58:18','2025-09-06 19:58:18'),(8971,13,NULL,'Mikrotik Router Up','✅ Hi Kazungu, your mikrotik router - La Zungu is back online.',0,'2025-09-06 19:59:18','2025-09-06 19:59:18'),(8972,13,NULL,'Mikrotik Router Up','✅ Hi Kazungu, your mikrotik router - La Zungu is back online.',0,'2025-09-06 20:00:18','2025-09-06 20:00:18'),(8973,13,NULL,'Mikrotik Router Up','✅ Hi Kazungu, your mikrotik router - La Zungu is back online.',0,'2025-09-06 20:01:19','2025-09-06 20:01:19'),(8974,13,NULL,'Mikrotik Router Up','✅ Hi Kazungu, your mikrotik router - La Zungu is back online.',0,'2025-09-06 20:02:19','2025-09-06 20:02:19'),(8975,13,NULL,'Mikrotik Router Up','✅ Hi Kazungu, your mikrotik router - La Zungu is back online.',0,'2025-09-06 20:03:19','2025-09-06 20:03:19'),(8976,13,NULL,'Mikrotik Router Up','✅ Hi Kazungu, your mikrotik router - La Zungu is back online.',0,'2025-09-06 20:04:22','2025-09-06 20:04:22'),(8977,13,NULL,'Mikrotik Router Up','✅ Hi Kazungu, your mikrotik router - La Zungu is back online.',0,'2025-09-06 20:05:20','2025-09-06 20:05:20'),(8978,13,NULL,'Mikrotik Router Up','✅ Hi Kazungu, your mikrotik router - La Zungu is back online.',0,'2025-09-06 20:06:19','2025-09-06 20:06:19'),(8979,13,NULL,'Mikrotik Router Up','✅ Hi Kazungu, your mikrotik router - La Zungu is back online.',0,'2025-09-06 20:07:19','2025-09-06 20:07:19'),(8980,13,NULL,'Mikrotik Router Up','✅ Hi Kazungu, your mikrotik router - La Zungu is back online.',0,'2025-09-06 20:08:19','2025-09-06 20:08:19'),(8981,13,NULL,'Mikrotik Router Up','✅ Hi Kazungu, your mikrotik router - La Zungu is back online.',0,'2025-09-06 20:09:18','2025-09-06 20:09:18'),(8982,13,NULL,'Mikrotik Router Up','✅ Hi Kazungu, your mikrotik router - La Zungu is back online.',0,'2025-09-06 20:10:19','2025-09-06 20:10:19'),(8983,13,NULL,'Mikrotik Router Up','✅ Hi Kazungu, your mikrotik router - La Zungu is back online.',0,'2025-09-06 20:11:18','2025-09-06 20:11:18'),(8984,13,NULL,'Mikrotik Router Up','✅ Hi Kazungu, your mikrotik router - La Zungu is back online.',0,'2025-09-06 20:12:18','2025-09-06 20:12:18'),(8985,13,NULL,'Mikrotik Router Up','✅ Hi Kazungu, your mikrotik router - La Zungu is back online.',0,'2025-09-06 20:13:18','2025-09-06 20:13:18'),(8986,13,NULL,'Mikrotik Router Up','✅ Hi Kazungu, your mikrotik router - La Zungu is back online.',0,'2025-09-06 20:14:18','2025-09-06 20:14:18'),(8987,13,NULL,'Mikrotik Router Up','✅ Hi Kazungu, your mikrotik router - La Zungu is back online.',0,'2025-09-06 20:15:18','2025-09-06 20:15:18'),(8988,13,NULL,'Mikrotik Router Up','✅ Hi Kazungu, your mikrotik router - La Zungu is back online.',0,'2025-09-06 20:16:23','2025-09-06 20:16:23'),(8989,13,NULL,'Mikrotik Router Up','✅ Hi Kazungu, your mikrotik router - La Zungu is back online.',0,'2025-09-06 20:17:24','2025-09-06 20:17:24'),(8990,13,NULL,'Mikrotik Router Up','✅ Hi Kazungu, your mikrotik router - La Zungu is back online.',0,'2025-09-06 20:18:18','2025-09-06 20:18:18'),(8991,13,NULL,'Mikrotik Router Up','✅ Hi Kazungu, your mikrotik router - La Zungu is back online.',0,'2025-09-06 20:19:18','2025-09-06 20:19:18'),(8992,13,NULL,'Mikrotik Router Up','✅ Hi Kazungu, your mikrotik router - La Zungu is back online.',0,'2025-09-06 20:20:19','2025-09-06 20:20:19'),(8993,13,NULL,'Mikrotik Router Up','✅ Hi Kazungu, your mikrotik router - La Zungu is back online.',0,'2025-09-06 20:21:18','2025-09-06 20:21:18'),(8994,13,NULL,'Mikrotik Router Up','✅ Hi Kazungu, your mikrotik router - La Zungu is back online.',0,'2025-09-06 20:22:18','2025-09-06 20:22:18'),(8995,13,NULL,'Mikrotik Router Up','✅ Hi Kazungu, your mikrotik router - La Zungu is back online.',0,'2025-09-06 20:23:18','2025-09-06 20:23:18'),(8996,13,NULL,'Mikrotik Router Up','✅ Hi Kazungu, your mikrotik router - La Zungu is back online.',0,'2025-09-06 20:24:18','2025-09-06 20:24:18'),(8997,13,NULL,'Mikrotik Router Up','✅ Hi Kazungu, your mikrotik router - La Zungu is back online.',0,'2025-09-06 20:25:18','2025-09-06 20:25:18'),(8998,13,NULL,'Mikrotik Router Up','✅ Hi Kazungu, your mikrotik router - La Zungu is back online.',0,'2025-09-06 20:26:18','2025-09-06 20:26:18'),(8999,13,NULL,'Mikrotik Router Up','✅ Hi Kazungu, your mikrotik router - La Zungu is back online.',0,'2025-09-06 20:27:18','2025-09-06 20:27:18'),(9000,13,NULL,'Mikrotik Router Up','✅ Hi Kazungu, your mikrotik router - La Zungu is back online.',0,'2025-09-06 20:28:18','2025-09-06 20:28:18'),(9001,13,NULL,'Mikrotik Router Up','✅ Hi Kazungu, your mikrotik router - La Zungu is back online.',0,'2025-09-06 20:29:21','2025-09-06 20:29:21'),(9002,13,NULL,'Mikrotik Router Up','✅ Hi Kazungu, your mikrotik router - La Zungu is back online.',0,'2025-09-06 20:30:18','2025-09-06 20:30:18'),(9003,13,NULL,'Mikrotik Router Up','✅ Hi Kazungu, your mikrotik router - La Zungu is back online.',0,'2025-09-06 20:31:18','2025-09-06 20:31:18'),(9004,13,NULL,'Mikrotik Router Up','✅ Hi Kazungu, your mikrotik router - La Zungu is back online.',0,'2025-09-06 20:32:18','2025-09-06 20:32:18'),(9005,13,NULL,'Mikrotik Router Up','✅ Hi Kazungu, your mikrotik router - La Zungu is back online.',0,'2025-09-06 20:33:21','2025-09-06 20:33:21'),(9006,13,NULL,'Mikrotik Router Up','✅ Hi Kazungu, your mikrotik router - La Zungu is back online.',0,'2025-09-06 20:34:18','2025-09-06 20:34:18'),(9007,13,NULL,'Mikrotik Router Up','✅ Hi Kazungu, your mikrotik router - La Zungu is back online.',0,'2025-09-06 20:35:18','2025-09-06 20:35:18'),(9008,13,NULL,'Mikrotik Router Up','✅ Hi Kazungu, your mikrotik router - La Zungu is back online.',0,'2025-09-06 20:36:18','2025-09-06 20:36:18'),(9009,13,NULL,'Mikrotik Router Up','✅ Hi Kazungu, your mikrotik router - La Zungu is back online.',0,'2025-09-06 20:37:18','2025-09-06 20:37:18'),(9010,13,NULL,'Mikrotik Router Up','✅ Hi Kazungu, your mikrotik router - La Zungu is back online.',0,'2025-09-06 20:38:18','2025-09-06 20:38:18'),(9011,13,NULL,'Mikrotik Router Up','✅ Hi Kazungu, your mikrotik router - La Zungu is back online.',0,'2025-09-06 20:39:19','2025-09-06 20:39:19'),(9012,13,NULL,'Mikrotik Router Up','✅ Hi Kazungu, your mikrotik router - La Zungu is back online.',0,'2025-09-06 20:40:20','2025-09-06 20:40:20'),(9013,13,NULL,'Mikrotik Router Up','✅ Hi Kazungu, your mikrotik router - La Zungu is back online.',0,'2025-09-06 20:41:18','2025-09-06 20:41:18'),(9014,13,NULL,'Mikrotik Router Up','✅ Hi Kazungu, your mikrotik router - La Zungu is back online.',0,'2025-09-06 20:42:18','2025-09-06 20:42:18'),(9015,13,NULL,'Mikrotik Router Up','✅ Hi Kazungu, your mikrotik router - La Zungu is back online.',0,'2025-09-06 20:43:18','2025-09-06 20:43:18'),(9016,13,NULL,'Mikrotik Router Up','✅ Hi Kazungu, your mikrotik router - La Zungu is back online.',0,'2025-09-06 20:44:18','2025-09-06 20:44:18'),(9017,13,NULL,'Mikrotik Router Up','✅ Hi Kazungu, your mikrotik router - La Zungu is back online.',0,'2025-09-06 20:45:19','2025-09-06 20:45:19'),(9018,13,NULL,'Mikrotik Router Up','✅ Hi Kazungu, your mikrotik router - La Zungu is back online.',0,'2025-09-06 20:46:17','2025-09-06 20:46:17'),(9019,13,NULL,'Mikrotik Router Up','✅ Hi Kazungu, your mikrotik router - La Zungu is back online.',0,'2025-09-06 20:47:18','2025-09-06 20:47:18'),(9020,13,NULL,'Mikrotik Router Up','✅ Hi Kazungu, your mikrotik router - La Zungu is back online.',0,'2025-09-06 20:48:18','2025-09-06 20:48:18'),(9021,13,NULL,'Mikrotik Router Up','✅ Hi Kazungu, your mikrotik router - La Zungu is back online.',0,'2025-09-06 20:49:18','2025-09-06 20:49:18'),(9022,13,NULL,'Mikrotik Router Up','✅ Hi Kazungu, your mikrotik router - La Zungu is back online.',0,'2025-09-06 20:50:18','2025-09-06 20:50:18'),(9023,13,NULL,'Mikrotik Router Up','✅ Hi Kazungu, your mikrotik router - La Zungu is back online.',0,'2025-09-06 20:51:18','2025-09-06 20:51:18'),(9024,13,NULL,'Mikrotik Router Up','✅ Hi Kazungu, your mikrotik router - La Zungu is back online.',0,'2025-09-06 20:52:18','2025-09-06 20:52:18'),(9025,13,NULL,'Mikrotik Router Up','✅ Hi Kazungu, your mikrotik router - La Zungu is back online.',0,'2025-09-06 20:53:18','2025-09-06 20:53:18'),(9026,13,NULL,'Mikrotik Router Up','✅ Hi Kazungu, your mikrotik router - La Zungu is back online.',0,'2025-09-06 20:54:18','2025-09-06 20:54:18'),(9027,13,NULL,'Mikrotik Router Up','✅ Hi Kazungu, your mikrotik router - La Zungu is back online.',0,'2025-09-06 20:55:18','2025-09-06 20:55:18'),(9028,13,NULL,'Mikrotik Router Up','✅ Hi Kazungu, your mikrotik router - La Zungu is back online.',0,'2025-09-06 20:56:17','2025-09-06 20:56:17'),(9029,13,NULL,'Mikrotik Router Up','✅ Hi Kazungu, your mikrotik router - La Zungu is back online.',0,'2025-09-06 20:57:18','2025-09-06 20:57:18'),(9030,13,NULL,'Mikrotik Router Up','✅ Hi Kazungu, your mikrotik router - La Zungu is back online.',0,'2025-09-06 20:58:18','2025-09-06 20:58:18'),(9031,13,NULL,'Mikrotik Router Up','✅ Hi Kazungu, your mikrotik router - La Zungu is back online.',0,'2025-09-06 20:59:18','2025-09-06 20:59:18'),(9032,13,NULL,'Mikrotik Router Up','✅ Hi Kazungu, your mikrotik router - La Zungu is back online.',0,'2025-09-06 21:00:22','2025-09-06 21:00:22'),(9033,13,NULL,'Mikrotik Router Up','✅ Hi Kazungu, your mikrotik router - La Zungu is back online.',0,'2025-09-06 21:01:22','2025-09-06 21:01:22'),(9034,13,NULL,'Mikrotik Router Up','✅ Hi Kazungu, your mikrotik router - La Zungu is back online.',0,'2025-09-06 21:02:18','2025-09-06 21:02:18'),(9035,13,NULL,'Mikrotik Router Up','✅ Hi Kazungu, your mikrotik router - La Zungu is back online.',0,'2025-09-06 21:03:21','2025-09-06 21:03:21'),(9036,13,NULL,'Mikrotik Router Up','✅ Hi Kazungu, your mikrotik router - La Zungu is back online.',0,'2025-09-06 21:04:18','2025-09-06 21:04:18'),(9037,13,NULL,'Mikrotik Router Up','✅ Hi Kazungu, your mikrotik router - La Zungu is back online.',0,'2025-09-06 21:05:18','2025-09-06 21:05:18'),(9038,13,NULL,'Mikrotik Router Up','✅ Hi Kazungu, your mikrotik router - La Zungu is back online.',0,'2025-09-06 21:06:18','2025-09-06 21:06:18'),(9039,13,NULL,'Mikrotik Router Up','✅ Hi Kazungu, your mikrotik router - La Zungu is back online.',0,'2025-09-06 21:07:18','2025-09-06 21:07:18'),(9040,13,NULL,'Mikrotik Router Up','✅ Hi Kazungu, your mikrotik router - La Zungu is back online.',0,'2025-09-06 21:08:18','2025-09-06 21:08:18'),(9041,13,NULL,'Mikrotik Router Up','✅ Hi Kazungu, your mikrotik router - La Zungu is back online.',0,'2025-09-06 21:09:17','2025-09-06 21:09:17'),(9042,13,NULL,'Mikrotik Router Up','✅ Hi Kazungu, your mikrotik router - La Zungu is back online.',0,'2025-09-06 21:10:19','2025-09-06 21:10:19'),(9043,13,NULL,'Mikrotik Router Up','✅ Hi Kazungu, your mikrotik router - La Zungu is back online.',0,'2025-09-06 21:11:18','2025-09-06 21:11:18'),(9044,13,NULL,'Mikrotik Router Up','✅ Hi Kazungu, your mikrotik router - La Zungu is back online.',0,'2025-09-06 21:12:18','2025-09-06 21:12:18'),(9045,13,NULL,'Mikrotik Router Up','✅ Hi Kazungu, your mikrotik router - La Zungu is back online.',0,'2025-09-06 21:13:21','2025-09-06 21:13:21'),(9046,13,NULL,'Mikrotik Router Up','✅ Hi Kazungu, your mikrotik router - La Zungu is back online.',0,'2025-09-06 21:14:18','2025-09-06 21:14:18'),(9047,13,NULL,'Mikrotik Router Up','✅ Hi Kazungu, your mikrotik router - La Zungu is back online.',0,'2025-09-06 21:15:19','2025-09-06 21:15:19'),(9048,13,NULL,'Mikrotik Router Up','✅ Hi Kazungu, your mikrotik router - La Zungu is back online.',0,'2025-09-06 21:16:17','2025-09-06 21:16:17'),(9049,13,NULL,'Mikrotik Router Up','✅ Hi Kazungu, your mikrotik router - La Zungu is back online.',0,'2025-09-06 21:17:20','2025-09-06 21:17:20'),(9050,13,NULL,'Mikrotik Router Up','✅ Hi Kazungu, your mikrotik router - La Zungu is back online.',0,'2025-09-06 21:18:18','2025-09-06 21:18:18'),(9051,13,NULL,'Mikrotik Router Up','✅ Hi Kazungu, your mikrotik router - La Zungu is back online.',0,'2025-09-06 21:19:17','2025-09-06 21:19:17'),(9052,13,NULL,'Mikrotik Router Up','✅ Hi Kazungu, your mikrotik router - La Zungu is back online.',0,'2025-09-06 21:20:18','2025-09-06 21:20:18'),(9053,13,NULL,'Mikrotik Router Up','✅ Hi Kazungu, your mikrotik router - La Zungu is back online.',0,'2025-09-06 21:21:18','2025-09-06 21:21:18'),(9054,13,NULL,'Mikrotik Router Up','✅ Hi Kazungu, your mikrotik router - La Zungu is back online.',0,'2025-09-06 21:22:18','2025-09-06 21:22:18'),(9055,13,NULL,'Mikrotik Router Up','✅ Hi Kazungu, your mikrotik router - La Zungu is back online.',0,'2025-09-06 21:23:18','2025-09-06 21:23:18'),(9056,8,NULL,'Mikrotik Router Down','⚠️ Hi Erick, your mikrotik router - Machinga Complex is offline. Please check it out.',0,'2025-09-06 21:24:17','2025-09-06 21:24:17'),(9057,13,NULL,'Mikrotik Router Up','✅ Hi Kazungu, your mikrotik router - La Zungu is back online.',0,'2025-09-06 21:25:18','2025-09-06 21:25:18'),(9058,13,NULL,'Mikrotik Router Up','✅ Hi Kazungu, your mikrotik router - La Zungu is back online.',0,'2025-09-06 21:26:18','2025-09-06 21:26:18'),(9059,13,NULL,'Mikrotik Router Up','✅ Hi Kazungu, your mikrotik router - La Zungu is back online.',0,'2025-09-06 21:27:18','2025-09-06 21:27:18'),(9060,13,NULL,'Mikrotik Router Up','✅ Hi Kazungu, your mikrotik router - La Zungu is back online.',0,'2025-09-06 21:28:18','2025-09-06 21:28:18'),(9061,13,NULL,'Mikrotik Router Up','✅ Hi Kazungu, your mikrotik router - La Zungu is back online.',0,'2025-09-06 21:29:18','2025-09-06 21:29:18'),(9062,13,NULL,'Mikrotik Router Up','✅ Hi Kazungu, your mikrotik router - La Zungu is back online.',0,'2025-09-06 21:30:18','2025-09-06 21:30:18'),(9063,13,NULL,'Mikrotik Router Up','✅ Hi Kazungu, your mikrotik router - La Zungu is back online.',0,'2025-09-06 21:31:18','2025-09-06 21:31:18'),(9064,13,NULL,'Mikrotik Router Up','✅ Hi Kazungu, your mikrotik router - La Zungu is back online.',0,'2025-09-06 21:32:18','2025-09-06 21:32:18'),(9065,13,NULL,'Mikrotik Router Up','✅ Hi Kazungu, your mikrotik router - La Zungu is back online.',0,'2025-09-06 21:33:18','2025-09-06 21:33:18'),(9066,13,NULL,'Mikrotik Router Up','✅ Hi Kazungu, your mikrotik router - La Zungu is back online.',0,'2025-09-06 21:34:18','2025-09-06 21:34:18'),(9067,13,NULL,'Mikrotik Router Up','✅ Hi Kazungu, your mikrotik router - La Zungu is back online.',0,'2025-09-06 21:35:18','2025-09-06 21:35:18'),(9068,13,NULL,'Mikrotik Router Up','✅ Hi Kazungu, your mikrotik router - La Zungu is back online.',0,'2025-09-06 21:36:18','2025-09-06 21:36:18'),(9069,13,NULL,'Mikrotik Router Up','✅ Hi Kazungu, your mikrotik router - La Zungu is back online.',0,'2025-09-06 21:37:18','2025-09-06 21:37:18'),(9070,13,NULL,'Mikrotik Router Up','✅ Hi Kazungu, your mikrotik router - La Zungu is back online.',0,'2025-09-06 21:38:18','2025-09-06 21:38:18'),(9071,13,NULL,'Mikrotik Router Up','✅ Hi Kazungu, your mikrotik router - La Zungu is back online.',0,'2025-09-06 21:39:18','2025-09-06 21:39:18'),(9072,13,NULL,'Mikrotik Router Up','✅ Hi Kazungu, your mikrotik router - La Zungu is back online.',0,'2025-09-06 21:40:18','2025-09-06 21:40:18'),(9073,13,NULL,'Mikrotik Router Up','✅ Hi Kazungu, your mikrotik router - La Zungu is back online.',0,'2025-09-06 21:41:18','2025-09-06 21:41:18'),(9074,13,NULL,'Mikrotik Router Up','✅ Hi Kazungu, your mikrotik router - La Zungu is back online.',0,'2025-09-06 21:42:18','2025-09-06 21:42:18'),(9075,13,NULL,'Mikrotik Router Up','✅ Hi Kazungu, your mikrotik router - La Zungu is back online.',0,'2025-09-06 21:43:18','2025-09-06 21:43:18'),(9076,13,NULL,'Mikrotik Router Up','✅ Hi Kazungu, your mikrotik router - La Zungu is back online.',0,'2025-09-06 21:44:18','2025-09-06 21:44:18'),(9077,13,NULL,'Mikrotik Router Up','✅ Hi Kazungu, your mikrotik router - La Zungu is back online.',0,'2025-09-06 21:45:18','2025-09-06 21:45:18'),(9078,13,NULL,'Mikrotik Router Up','✅ Hi Kazungu, your mikrotik router - La Zungu is back online.',0,'2025-09-06 21:46:17','2025-09-06 21:46:17'),(9079,13,NULL,'Mikrotik Router Up','✅ Hi Kazungu, your mikrotik router - La Zungu is back online.',0,'2025-09-06 21:47:18','2025-09-06 21:47:18'),(9080,13,NULL,'Mikrotik Router Up','✅ Hi Kazungu, your mikrotik router - La Zungu is back online.',0,'2025-09-06 21:48:18','2025-09-06 21:48:18'),(9081,13,NULL,'Mikrotik Router Up','✅ Hi Kazungu, your mikrotik router - La Zungu is back online.',0,'2025-09-06 21:49:17','2025-09-06 21:49:17'),(9082,13,NULL,'Mikrotik Router Up','✅ Hi Kazungu, your mikrotik router - La Zungu is back online.',0,'2025-09-06 21:50:18','2025-09-06 21:50:18'),(9083,13,NULL,'Mikrotik Router Up','✅ Hi Kazungu, your mikrotik router - La Zungu is back online.',0,'2025-09-06 21:51:22','2025-09-06 21:51:22'),(9084,13,NULL,'Mikrotik Router Up','✅ Hi Kazungu, your mikrotik router - La Zungu is back online.',0,'2025-09-06 21:52:18','2025-09-06 21:52:18'),(9085,13,NULL,'Mikrotik Router Up','✅ Hi Kazungu, your mikrotik router - La Zungu is back online.',0,'2025-09-06 21:53:18','2025-09-06 21:53:18'),(9086,13,NULL,'Mikrotik Router Up','✅ Hi Kazungu, your mikrotik router - La Zungu is back online.',0,'2025-09-06 21:54:17','2025-09-06 21:54:17'),(9087,13,NULL,'Mikrotik Router Up','✅ Hi Kazungu, your mikrotik router - La Zungu is back online.',0,'2025-09-06 21:55:18','2025-09-06 21:55:18'),(9088,13,NULL,'Mikrotik Router Up','✅ Hi Kazungu, your mikrotik router - La Zungu is back online.',0,'2025-09-06 21:56:18','2025-09-06 21:56:18'),(9089,13,NULL,'Mikrotik Router Up','✅ Hi Kazungu, your mikrotik router - La Zungu is back online.',0,'2025-09-06 21:57:18','2025-09-06 21:57:18'),(9090,13,NULL,'Mikrotik Router Up','✅ Hi Kazungu, your mikrotik router - La Zungu is back online.',0,'2025-09-06 21:58:18','2025-09-06 21:58:18'),(9091,13,NULL,'Mikrotik Router Up','✅ Hi Kazungu, your mikrotik router - La Zungu is back online.',0,'2025-09-06 21:59:18','2025-09-06 21:59:18'),(9092,13,NULL,'Mikrotik Router Up','✅ Hi Kazungu, your mikrotik router - La Zungu is back online.',0,'2025-09-06 22:00:19','2025-09-06 22:00:19'),(9093,13,NULL,'Mikrotik Router Up','✅ Hi Kazungu, your mikrotik router - La Zungu is back online.',0,'2025-09-06 22:01:18','2025-09-06 22:01:18'),(9094,13,NULL,'Mikrotik Router Up','✅ Hi Kazungu, your mikrotik router - La Zungu is back online.',0,'2025-09-06 22:02:18','2025-09-06 22:02:18'),(9095,13,NULL,'Mikrotik Router Up','✅ Hi Kazungu, your mikrotik router - La Zungu is back online.',0,'2025-09-06 22:03:17','2025-09-06 22:03:17'),(9096,13,NULL,'Mikrotik Router Up','✅ Hi Kazungu, your mikrotik router - La Zungu is back online.',0,'2025-09-06 22:04:22','2025-09-06 22:04:22'),(9097,13,NULL,'Mikrotik Router Up','✅ Hi Kazungu, your mikrotik router - La Zungu is back online.',0,'2025-09-06 22:05:19','2025-09-06 22:05:19'),(9098,13,NULL,'Mikrotik Router Up','✅ Hi Kazungu, your mikrotik router - La Zungu is back online.',0,'2025-09-06 22:06:18','2025-09-06 22:06:18'),(9099,13,NULL,'Mikrotik Router Up','✅ Hi Kazungu, your mikrotik router - La Zungu is back online.',0,'2025-09-06 22:07:18','2025-09-06 22:07:18'),(9100,13,NULL,'Mikrotik Router Up','✅ Hi Kazungu, your mikrotik router - La Zungu is back online.',0,'2025-09-06 22:08:18','2025-09-06 22:08:18'),(9101,13,NULL,'Mikrotik Router Up','✅ Hi Kazungu, your mikrotik router - La Zungu is back online.',0,'2025-09-06 22:09:22','2025-09-06 22:09:22'),(9102,13,NULL,'Mikrotik Router Up','✅ Hi Kazungu, your mikrotik router - La Zungu is back online.',0,'2025-09-06 22:10:19','2025-09-06 22:10:19'),(9103,13,NULL,'Mikrotik Router Up','✅ Hi Kazungu, your mikrotik router - La Zungu is back online.',0,'2025-09-06 22:11:18','2025-09-06 22:11:18'),(9104,13,NULL,'Mikrotik Router Up','✅ Hi Kazungu, your mikrotik router - La Zungu is back online.',0,'2025-09-06 22:12:18','2025-09-06 22:12:18'),(9105,13,NULL,'Mikrotik Router Up','✅ Hi Kazungu, your mikrotik router - La Zungu is back online.',0,'2025-09-06 22:13:18','2025-09-06 22:13:18'),(9106,13,NULL,'Mikrotik Router Up','✅ Hi Kazungu, your mikrotik router - La Zungu is back online.',0,'2025-09-06 22:14:18','2025-09-06 22:14:18'),(9107,13,NULL,'Mikrotik Router Up','✅ Hi Kazungu, your mikrotik router - La Zungu is back online.',0,'2025-09-06 22:15:18','2025-09-06 22:15:18'),(9108,13,NULL,'Mikrotik Router Up','✅ Hi Kazungu, your mikrotik router - La Zungu is back online.',0,'2025-09-06 22:16:18','2025-09-06 22:16:18'),(9109,13,NULL,'Mikrotik Router Up','✅ Hi Kazungu, your mikrotik router - La Zungu is back online.',0,'2025-09-06 22:17:20','2025-09-06 22:17:20'),(9110,13,NULL,'Mikrotik Router Up','✅ Hi Kazungu, your mikrotik router - La Zungu is back online.',0,'2025-09-06 22:18:17','2025-09-06 22:18:17'),(9111,13,NULL,'Mikrotik Router Up','✅ Hi Kazungu, your mikrotik router - La Zungu is back online.',0,'2025-09-06 22:19:18','2025-09-06 22:19:18'),(9112,13,NULL,'Mikrotik Router Up','✅ Hi Kazungu, your mikrotik router - La Zungu is back online.',0,'2025-09-06 22:20:18','2025-09-06 22:20:18'),(9113,13,NULL,'Mikrotik Router Up','✅ Hi Kazungu, your mikrotik router - La Zungu is back online.',0,'2025-09-06 22:21:17','2025-09-06 22:21:17'),(9114,13,NULL,'Mikrotik Router Up','✅ Hi Kazungu, your mikrotik router - La Zungu is back online.',0,'2025-09-06 22:22:18','2025-09-06 22:22:18'),(9115,13,NULL,'Mikrotik Router Up','✅ Hi Kazungu, your mikrotik router - La Zungu is back online.',0,'2025-09-06 22:23:18','2025-09-06 22:23:18'),(9116,13,NULL,'Mikrotik Router Up','✅ Hi Kazungu, your mikrotik router - La Zungu is back online.',0,'2025-09-06 22:24:18','2025-09-06 22:24:18'),(9117,13,NULL,'Mikrotik Router Up','✅ Hi Kazungu, your mikrotik router - La Zungu is back online.',0,'2025-09-06 22:25:18','2025-09-06 22:25:18'),(9118,13,NULL,'Mikrotik Router Up','✅ Hi Kazungu, your mikrotik router - La Zungu is back online.',0,'2025-09-06 22:26:17','2025-09-06 22:26:17'),(9119,13,NULL,'Mikrotik Router Up','✅ Hi Kazungu, your mikrotik router - La Zungu is back online.',0,'2025-09-06 22:27:18','2025-09-06 22:27:18'),(9120,13,NULL,'Mikrotik Router Up','✅ Hi Kazungu, your mikrotik router - La Zungu is back online.',0,'2025-09-06 22:28:17','2025-09-06 22:28:17'),(9121,13,NULL,'Mikrotik Router Up','✅ Hi Kazungu, your mikrotik router - La Zungu is back online.',0,'2025-09-06 22:29:18','2025-09-06 22:29:18'),(9122,13,NULL,'Mikrotik Router Up','✅ Hi Kazungu, your mikrotik router - La Zungu is back online.',0,'2025-09-06 22:30:19','2025-09-06 22:30:19');

--
-- Table structure for table `out_messages`
--

CREATE TABLE `out_messages` (
  `id` bigint unsigned NOT NULL AUTO_INCREMENT,
  `message_mode_id` bigint unsigned NOT NULL,
  `phone` varchar(191) COLLATE utf8mb4_unicode_ci DEFAULT NULL,
  `email` varchar(191) COLLATE utf8mb4_unicode_ci DEFAULT NULL,
  `title` varchar(191) COLLATE utf8mb4_unicode_ci DEFAULT NULL,
  `content` longtext COLLATE utf8mb4_unicode_ci NOT NULL,
  `filename` varchar(191) COLLATE utf8mb4_unicode_ci DEFAULT NULL,
  `created_at` timestamp NULL DEFAULT NULL,
  `updated_at` timestamp NULL DEFAULT NULL,
  PRIMARY KEY (`id`),
  KEY `out_messages_message_mode_id_foreign` (`message_mode_id`),
  CONSTRAINT `out_messages_message_mode_id_foreign` FOREIGN KEY (`message_mode_id`) REFERENCES `message_modes` (`id`) ON DELETE CASCADE
) ENGINE=InnoDB DEFAULT CHARSET=utf8mb4 COLLATE=utf8mb4_unicode_ci;

--
-- Dumping data for table `out_messages`
--


--
-- Table structure for table `outgoing_transaction_entities`
--

CREATE TABLE `outgoing_transaction_entities` (
  `id` bigint unsigned NOT NULL AUTO_INCREMENT,
  `outgoing_transaction_id` int NOT NULL,
  `company_grouped_transaction_id` int NOT NULL,
  `amount` decimal(8,2) NOT NULL DEFAULT '0.00',
  `created_at` timestamp NULL DEFAULT NULL,
  `updated_at` timestamp NULL DEFAULT NULL,
  `deleted_at` timestamp NULL DEFAULT NULL,
  PRIMARY KEY (`id`)
) ENGINE=InnoDB AUTO_INCREMENT=13 DEFAULT CHARSET=utf8mb4 COLLATE=utf8mb4_unicode_ci;

--
-- Dumping data for table `outgoing_transaction_entities`
--

INSERT INTO `outgoing_transaction_entities` VALUES (1,1,3,210.00,'2025-08-05 19:03:36','2025-08-05 19:03:36',NULL),(2,2,4,210.00,'2025-08-06 20:02:48','2025-08-06 20:02:48',NULL),(3,3,5,1000.00,'2025-08-07 18:53:54','2025-08-07 18:53:54',NULL),(4,4,6,500.00,'2025-08-08 15:56:03','2025-08-08 15:56:03',NULL),(5,5,7,1000.00,'2025-08-09 11:05:18','2025-08-09 11:05:18',NULL),(6,6,8,500.00,'2025-08-09 13:37:14','2025-08-09 13:37:14',NULL),(7,7,9,1000.00,'2025-08-09 15:21:56','2025-08-09 15:21:56',NULL),(8,8,10,1000.00,'2025-08-10 19:09:47','2025-08-10 19:09:47',NULL),(9,9,11,1000.00,'2025-08-11 18:56:22','2025-08-11 18:56:22',NULL),(10,10,12,1000.00,'2025-08-11 19:33:37','2025-08-11 19:33:37',NULL),(11,11,13,210.00,'2025-08-14 20:20:46','2025-08-14 20:20:46',NULL),(12,12,14,1000.00,'2025-08-16 06:35:15','2025-08-16 06:35:15',NULL);

--
-- Table structure for table `outgoing_transactions`
--

CREATE TABLE `outgoing_transactions` (
  `id` bigint unsigned NOT NULL AUTO_INCREMENT,
  `ref_no` varchar(191) COLLATE utf8mb4_unicode_ci NOT NULL,
  `company_router_id` int DEFAULT NULL,
  `director_share_id` int DEFAULT NULL,
  `company_customer_invocie_id` int DEFAULT NULL,
  `user_id` int DEFAULT NULL,
  `transaction_code` varchar(191) COLLATE utf8mb4_unicode_ci NOT NULL,
  `amount` decimal(8,2) NOT NULL DEFAULT '0.00',
  `recipient` varchar(191) COLLATE utf8mb4_unicode_ci NOT NULL,
  `description` longtext COLLATE utf8mb4_unicode_ci,
  `checkout_id` varchar(191) COLLATE utf8mb4_unicode_ci DEFAULT NULL,
  `created_at` timestamp NULL DEFAULT NULL,
  `updated_at` timestamp NULL DEFAULT NULL,
  `deleted_at` timestamp NULL DEFAULT NULL,
  PRIMARY KEY (`id`)
) ENGINE=InnoDB AUTO_INCREMENT=13 DEFAULT CHARSET=utf8mb4 COLLATE=utf8mb4_unicode_ci;

--
-- Dumping data for table `outgoing_transactions`
--

INSERT INTO `outgoing_transactions` VALUES (1,'GA8S5U',2,NULL,NULL,NULL,'0964383972',210.00,'123456','Money sent to 123456 on account number 123456 ','514066','2025-08-05 19:03:36','2025-08-05 19:03:36',NULL),(2,'7YL9KT',2,NULL,NULL,NULL,'0964774233',210.00,'123456','Money sent to 123456 on account number 123456 ','151783','2025-08-06 20:02:48','2025-08-06 20:02:48',NULL),(3,'K9BH8E',2,NULL,NULL,NULL,'1307377571',1000.00,'123456','Money sent to 123456 on account number 123456 ','788624','2025-08-07 18:53:54','2025-08-07 18:53:54',NULL),(4,'8EPQ27',2,NULL,NULL,NULL,'1308639764',500.00,'123456','Money sent to 123456 on account number 123456 ','762516','2025-08-08 15:56:03','2025-08-08 15:56:03',NULL),(5,'OZP260',2,NULL,NULL,NULL,'1309788641',1000.00,'123456','Money sent to 123456 on account number 123456 ','465166','2025-08-09 11:05:18','2025-08-09 11:05:18',NULL),(6,'0ME2JD',2,NULL,NULL,NULL,'1309940132',500.00,'123456','Money sent to 123456 on account number 123456 ','320618','2025-08-09 13:37:14','2025-08-09 13:37:14',NULL),(7,'JU3FQ6',2,NULL,NULL,NULL,'1310045490',1000.00,'123456','Money sent to 123456 on account number 123456 ','184295','2025-08-09 15:21:56','2025-08-09 15:21:56',NULL),(8,'R0PHAV',2,NULL,NULL,NULL,'1311713416',1000.00,'123456','Money sent to 123456 on account number 123456 ','792168','2025-08-10 19:09:47','2025-08-10 19:09:47',NULL),(9,'Y4CP6J',2,NULL,NULL,NULL,'1313139026',1000.00,'123456','Money sent to 123456 on account number 123456 ','431003','2025-08-11 18:56:22','2025-08-11 18:56:22',NULL),(10,'58RHPU',2,NULL,NULL,NULL,'1313175196',1000.00,'123456','Money sent to 123456 on account number 123456 ','021868','2025-08-11 19:33:37','2025-08-11 19:33:37',NULL),(11,'E4FVO2',2,NULL,NULL,NULL,'0967592079',210.00,'123456','Money sent to 123456 on account number 123456 ','118106','2025-08-14 20:20:46','2025-08-14 20:20:46',NULL),(12,'1CKLJO',2,NULL,NULL,NULL,'1319598138',1000.00,'123456','Money sent to 123456 on account number 123456 ','580259','2025-08-16 06:35:15','2025-08-16 06:35:15',NULL);

--
-- Table structure for table `paid_users`
--

CREATE TABLE `paid_users` (
  `id` bigint unsigned NOT NULL AUTO_INCREMENT,
  `company_router_id` bigint unsigned DEFAULT NULL,
  `company_grouped_transaction_id` int DEFAULT NULL,
  `mac_address` varchar(191) COLLATE utf8mb4_unicode_ci NOT NULL,
  `username` varchar(191) COLLATE utf8mb4_unicode_ci NOT NULL,
  `password` varchar(191) COLLATE utf8mb4_unicode_ci NOT NULL,
  `phone` varchar(191) COLLATE utf8mb4_unicode_ci DEFAULT NULL,
  `message` longtext COLLATE utf8mb4_unicode_ci,
  `created_at` timestamp NULL DEFAULT NULL,
  `updated_at` timestamp NULL DEFAULT NULL,
  PRIMARY KEY (`id`),
  KEY `paid_users_company_router_id_foreign` (`company_router_id`),
  CONSTRAINT `paid_users_company_router_id_foreign` FOREIGN KEY (`company_router_id`) REFERENCES `company_routers` (`id`) ON DELETE CASCADE
) ENGINE=InnoDB AUTO_INCREMENT=278 DEFAULT CHARSET=utf8mb4 COLLATE=utf8mb4_unicode_ci;

--
-- Dumping data for table `paid_users`
--

INSERT INTO `paid_users` VALUES (129,7,140,'DE:FE:99:B9:7F:F5','749353','4130','255785581266','Greetings, thank you for purchasing [plan] plan worthy 200.00. Please use [username] as the username and 4130 as your password to reconnect yourself. Your subscription expires at [expiry_date].','2025-09-01 10:47:58','2025-09-01 10:47:58'),(174,2,185,'FE:02:BF:6C:60:89','702460','7336','255611299495','Greetings, thank you for purchasing [plan] plan worthy 210.00. Please use [username] as the username and 7336 as your password to reconnect yourself. Your subscription expires at [expiry_date].','2025-09-02 23:31:28','2025-09-02 23:31:28'),(272,2,284,'3E:A5:2D:34:21:C5','768875','4957','255617223653','Greetings, thank you for purchasing [plan] plan worthy 500.00. Please use [username] as the username and 4957 as your password to reconnect yourself. Your subscription expires at [expiry_date].','2025-09-06 19:39:46','2025-09-06 19:39:46');

--
-- Table structure for table `password_reset_tokens`
--

CREATE TABLE `password_reset_tokens` (
  `email` varchar(191) COLLATE utf8mb4_unicode_ci NOT NULL,
  `token` varchar(191) COLLATE utf8mb4_unicode_ci NOT NULL,
  `created_at` timestamp NULL DEFAULT NULL,
  PRIMARY KEY (`email`)
) ENGINE=InnoDB DEFAULT CHARSET=utf8mb4 COLLATE=utf8mb4_unicode_ci;

--
-- Dumping data for table `password_reset_tokens`
--


--
-- Table structure for table `paybill_transactions`
--

CREATE TABLE `paybill_transactions` (
  `id` bigint unsigned NOT NULL AUTO_INCREMENT,
  `ref_no` varchar(191) COLLATE utf8mb4_unicode_ci NOT NULL,
  `payment_mode_id` bigint unsigned NOT NULL,
  `phone_used` varchar(191) COLLATE utf8mb4_unicode_ci DEFAULT NULL,
  `transaction_code` varchar(191) COLLATE utf8mb4_unicode_ci DEFAULT NULL,
  `amount` decimal(8,2) NOT NULL DEFAULT '0.00',
  `checkout_id` varchar(191) COLLATE utf8mb4_unicode_ci DEFAULT NULL,
  `account_number` varchar(191) COLLATE utf8mb4_unicode_ci DEFAULT NULL,
  `created_at` timestamp NULL DEFAULT NULL,
  `updated_at` timestamp NULL DEFAULT NULL,
  `deleted_at` timestamp NULL DEFAULT NULL,
  PRIMARY KEY (`id`),
  KEY `paybill_transactions_payment_mode_id_foreign` (`payment_mode_id`),
  CONSTRAINT `paybill_transactions_payment_mode_id_foreign` FOREIGN KEY (`payment_mode_id`) REFERENCES `payment_modes` (`id`) ON DELETE CASCADE
) ENGINE=InnoDB DEFAULT CHARSET=utf8mb4 COLLATE=utf8mb4_unicode_ci;

--
-- Dumping data for table `paybill_transactions`
--


--
-- Table structure for table `payment_methods`
--

CREATE TABLE `payment_methods` (
  `id` bigint unsigned NOT NULL AUTO_INCREMENT,
  `ref_no` varchar(191) COLLATE utf8mb4_unicode_ci NOT NULL,
  `name` varchar(191) COLLATE utf8mb4_unicode_ci NOT NULL,
  `status` int NOT NULL DEFAULT '1' COMMENT '0=inactive, 1=active',
  `created_at` timestamp NULL DEFAULT NULL,
  `updated_at` timestamp NULL DEFAULT NULL,
  `deleted_at` timestamp NULL DEFAULT NULL,
  PRIMARY KEY (`id`)
) ENGINE=InnoDB AUTO_INCREMENT=3 DEFAULT CHARSET=utf8mb4 COLLATE=utf8mb4_unicode_ci;

--
-- Dumping data for table `payment_methods`
--

INSERT INTO `payment_methods` VALUES (1,'0001','Selcom',1,'2025-08-03 19:10:06','2025-08-03 19:10:06',NULL);

--
-- Table structure for table `payment_modes`
--

CREATE TABLE `payment_modes` (
  `id` bigint unsigned NOT NULL AUTO_INCREMENT,
  `ref_no` varchar(191) COLLATE utf8mb4_unicode_ci NOT NULL,
  `name` varchar(191) COLLATE utf8mb4_unicode_ci NOT NULL,
  `status` int NOT NULL DEFAULT '1' COMMENT '0=inactive, 1=active',
  `created_at` timestamp NULL DEFAULT NULL,
  `updated_at` timestamp NULL DEFAULT NULL,
  `deleted_at` timestamp NULL DEFAULT NULL,
  PRIMARY KEY (`id`)
) ENGINE=InnoDB AUTO_INCREMENT=4 DEFAULT CHARSET=utf8mb4 COLLATE=utf8mb4_unicode_ci;

--
-- Dumping data for table `payment_modes`
--

INSERT INTO `payment_modes` VALUES (1,'0001','M-PESA',1,'2025-08-03 19:10:05','2025-08-03 19:10:05',NULL),(2,'0002','M-PESA (Manually)',1,'2025-08-03 19:10:05','2025-08-03 19:10:05',NULL),(3,'0003','Cash',1,'2025-08-03 19:10:05','2025-08-03 19:10:05',NULL);

--
-- Table structure for table `payment_types`
--

CREATE TABLE `payment_types` (
  `id` bigint unsigned NOT NULL AUTO_INCREMENT,
  `name` varchar(191) COLLATE utf8mb4_unicode_ci NOT NULL,
  `created_at` timestamp NULL DEFAULT NULL,
  `updated_at` timestamp NULL DEFAULT NULL,
  `deleted_at` timestamp NULL DEFAULT NULL,
  PRIMARY KEY (`id`)
) ENGINE=InnoDB AUTO_INCREMENT=3 DEFAULT CHARSET=utf8mb4 COLLATE=utf8mb4_unicode_ci;

--
-- Dumping data for table `payment_types`
--

INSERT INTO `payment_types` VALUES (1,'Fixed Amount','2025-08-03 19:10:01','2025-08-03 19:10:01',NULL),(2,'Commission Based','2025-08-03 19:10:01','2025-08-03 19:10:01',NULL);

--
-- Table structure for table `permissions`
--

CREATE TABLE `permissions` (
  `id` bigint unsigned NOT NULL AUTO_INCREMENT,
  `name` varchar(191) COLLATE utf8mb4_unicode_ci NOT NULL,
  `group` varchar(191) COLLATE utf8mb4_unicode_ci DEFAULT NULL,
  `guard_name` varchar(191) COLLATE utf8mb4_unicode_ci NOT NULL,
  `created_at` timestamp NULL DEFAULT NULL,
  `updated_at` timestamp NULL DEFAULT NULL,
  PRIMARY KEY (`id`),
  UNIQUE KEY `permissions_name_guard_name_unique` (`name`,`guard_name`)
) ENGINE=InnoDB AUTO_INCREMENT=3 DEFAULT CHARSET=utf8mb4 COLLATE=utf8mb4_unicode_ci;

--
-- Dumping data for table `permissions`
--

INSERT INTO `permissions` VALUES (1,'Administer Company',NULL,'web','2025-08-03 19:10:01','2025-08-03 19:10:01'),(2,'Staff',NULL,'web','2025-08-03 19:10:01','2025-08-03 19:10:01');

--
-- Table structure for table `personal_access_tokens`
--

CREATE TABLE `personal_access_tokens` (
  `id` bigint unsigned NOT NULL AUTO_INCREMENT,
  `tokenable_type` varchar(191) COLLATE utf8mb4_unicode_ci NOT NULL,
  `tokenable_id` bigint unsigned NOT NULL,
  `name` varchar(191) COLLATE utf8mb4_unicode_ci NOT NULL,
  `token` varchar(64) COLLATE utf8mb4_unicode_ci NOT NULL,
  `abilities` text COLLATE utf8mb4_unicode_ci,
  `last_used_at` timestamp NULL DEFAULT NULL,
  `expires_at` timestamp NULL DEFAULT NULL,
  `created_at` timestamp NULL DEFAULT NULL,
  `updated_at` timestamp NULL DEFAULT NULL,
  PRIMARY KEY (`id`),
  UNIQUE KEY `personal_access_tokens_token_unique` (`token`),
  KEY `personal_access_tokens_tokenable_type_tokenable_id_index` (`tokenable_type`,`tokenable_id`)
) ENGINE=InnoDB DEFAULT CHARSET=utf8mb4 COLLATE=utf8mb4_unicode_ci;

--
-- Dumping data for table `personal_access_tokens`
--


--
-- Table structure for table `plan_validity_types`
--

CREATE TABLE `plan_validity_types` (
  `id` bigint unsigned NOT NULL AUTO_INCREMENT,
  `ref_no` varchar(191) COLLATE utf8mb4_unicode_ci NOT NULL,
  `name` varchar(191) COLLATE utf8mb4_unicode_ci NOT NULL,
  `entity` varchar(191) COLLATE utf8mb4_unicode_ci NOT NULL,
  `created_at` timestamp NULL DEFAULT NULL,
  `updated_at` timestamp NULL DEFAULT NULL,
  `deleted_at` timestamp NULL DEFAULT NULL,
  PRIMARY KEY (`id`)
) ENGINE=InnoDB AUTO_INCREMENT=4 DEFAULT CHARSET=utf8mb4 COLLATE=utf8mb4_unicode_ci;

--
-- Dumping data for table `plan_validity_types`
--

INSERT INTO `plan_validity_types` VALUES (1,'0001','Minutes','m','2025-08-03 19:10:02','2025-08-03 19:10:02',NULL),(2,'0002','Hours','h','2025-08-03 19:10:02','2025-08-03 19:10:02',NULL),(3,'0003','Days','d','2025-08-03 19:10:02','2025-08-03 19:10:02',NULL);

--
-- Table structure for table `potential_customers`
--

CREATE TABLE `potential_customers` (
  `id` bigint unsigned NOT NULL AUTO_INCREMENT,
  `company_id` int DEFAULT NULL,
  `names` varchar(191) COLLATE utf8mb4_unicode_ci DEFAULT NULL,
  `phone` varchar(191) COLLATE utf8mb4_unicode_ci NOT NULL,
  `description` longtext COLLATE utf8mb4_unicode_ci,
  `created_at` timestamp NULL DEFAULT NULL,
  `updated_at` timestamp NULL DEFAULT NULL,
  PRIMARY KEY (`id`)
) ENGINE=InnoDB DEFAULT CHARSET=utf8mb4 COLLATE=utf8mb4_unicode_ci;

--
-- Dumping data for table `potential_customers`
--


--
-- Table structure for table `role_has_permissions`
--

CREATE TABLE `role_has_permissions` (
  `permission_id` bigint unsigned NOT NULL,
  `role_id` bigint unsigned NOT NULL,
  PRIMARY KEY (`permission_id`,`role_id`),
  KEY `role_has_permissions_role_id_foreign` (`role_id`),
  CONSTRAINT `role_has_permissions_permission_id_foreign` FOREIGN KEY (`permission_id`) REFERENCES `permissions` (`id`) ON DELETE CASCADE,
  CONSTRAINT `role_has_permissions_role_id_foreign` FOREIGN KEY (`role_id`) REFERENCES `roles` (`id`) ON DELETE CASCADE
) ENGINE=InnoDB DEFAULT CHARSET=utf8mb4 COLLATE=utf8mb4_unicode_ci;

--
-- Dumping data for table `role_has_permissions`
--


--
-- Table structure for table `roles`
--

CREATE TABLE `roles` (
  `id` bigint unsigned NOT NULL AUTO_INCREMENT,
  `name` varchar(191) COLLATE utf8mb4_unicode_ci NOT NULL,
  `guard_name` varchar(191) COLLATE utf8mb4_unicode_ci NOT NULL,
  `created_at` timestamp NULL DEFAULT NULL,
  `updated_at` timestamp NULL DEFAULT NULL,
  PRIMARY KEY (`id`),
  UNIQUE KEY `roles_name_guard_name_unique` (`name`,`guard_name`)
) ENGINE=InnoDB AUTO_INCREMENT=4 DEFAULT CHARSET=utf8mb4 COLLATE=utf8mb4_unicode_ci;

--
-- Dumping data for table `roles`
--

INSERT INTO `roles` VALUES (1,'Administrator','web','2025-08-03 19:10:01','2025-08-03 19:10:01'),(2,'Client','web','2025-08-03 19:10:01','2025-08-03 19:10:01'),(3,'Referrer','web','2025-08-03 19:10:01','2025-08-03 19:10:01');

--
-- Table structure for table `service_plans`
--

CREATE TABLE `service_plans` (
  `id` bigint unsigned NOT NULL AUTO_INCREMENT,
  `ref_no` varchar(191) COLLATE utf8mb4_unicode_ci NOT NULL,
  `name` varchar(191) COLLATE utf8mb4_unicode_ci NOT NULL,
  `status` int NOT NULL DEFAULT '1' COMMENT '0=inactive, 1=active',
  `created_at` timestamp NULL DEFAULT NULL,
  `updated_at` timestamp NULL DEFAULT NULL,
  `deleted_at` timestamp NULL DEFAULT NULL,
  PRIMARY KEY (`id`)
) ENGINE=InnoDB AUTO_INCREMENT=4 DEFAULT CHARSET=utf8mb4 COLLATE=utf8mb4_unicode_ci;

--
-- Dumping data for table `service_plans`
--

INSERT INTO `service_plans` VALUES (1,'0001','Hotspot Plans',1,'2025-08-03 19:10:02','2025-08-03 19:10:02',NULL),(2,'0002','PPPoE Plans',1,'2025-08-03 19:10:02','2025-08-03 19:10:02',NULL),(3,'0003','Static Plans',1,'2025-08-03 19:10:02','2025-08-03 19:10:02',NULL);

--
-- Table structure for table `sessions`
--

CREATE TABLE `sessions` (
  `id` varchar(191) COLLATE utf8mb4_unicode_ci NOT NULL,
  `user_id` bigint unsigned DEFAULT NULL,
  `ip_address` varchar(45) COLLATE utf8mb4_unicode_ci DEFAULT NULL,
  `user_agent` text COLLATE utf8mb4_unicode_ci,
  `payload` longtext COLLATE utf8mb4_unicode_ci NOT NULL,
  `last_activity` int NOT NULL,
  PRIMARY KEY (`id`),
  KEY `sessions_user_id_index` (`user_id`),
  KEY `sessions_last_activity_index` (`last_activity`)
) ENGINE=InnoDB DEFAULT CHARSET=utf8mb4 COLLATE=utf8mb4_unicode_ci;

--
-- Dumping data for table `sessions`
--

INSERT INTO `sessions` VALUES ('3K8aMG4uZVmSphHJ7WZo4msfS7LsY6msAyL7JRyi',NULL,'38.225.78.136','Mozilla/5.0 (Windows NT 10.0; Win64; x64) AppleWebKit/537.36 (KHTML, like Gecko) Chrome/122.0.0.0 Safari/537.36 Agency/98.8.8175.80','YTozOntzOjY6Il90b2tlbiI7czo0MDoiSGFJc2Nkam9jUEduU1k1WnRrbHV1SGdIcEVraDI0UldWQktEOHgzVSI7czo5OiJfcHJldmlvdXMiO2E6MTp7czozOiJ1cmwiO3M6NDI6Imh0dHA6Ly9iaWxsaW5nLmphZW10ZWNobm9sb2dpZXMuY29tL3B1YmxpYyI7fXM6NjoiX2ZsYXNoIjthOjI6e3M6Mzoib2xkIjthOjA6e31zOjM6Im5ldyI7YTowOnt9fX0=',1757185998),('8JdEPe2eiBvbOdlowaJAS1QaNzZQuvrqtXTBXvJ2',NULL,'66.102.8.33','Mozilla/5.0 (Linux; Android 10; K) AppleWebKit/537.36 (KHTML, like Gecko) Chrome/138.0.0.0 Mobile Safari/537.36 (compatible; Google-Read-Aloud; +https://support.google.com/webmasters/answer/1061943)','YTozOntzOjY6Il90b2tlbiI7czo0MDoiUGRSeXdDRlE4WnVpS3ZaQzdkc0RwYlFRa2tkR0lPNFdZZWZSNVJqVyI7czo5OiJfcHJldmlvdXMiO2E6MTp7czozOiJ1cmwiO3M6Mzg6Imh0dHBzOi8vaGVyaXRhZ2Vncm91cC5jby5rZS9jb250YWN0LXVzIjt9czo2OiJfZmxhc2giO2E6Mjp7czozOiJvbGQiO2E6MDp7fXM6MzoibmV3IjthOjA6e319fQ==',1757180194),('Auq37HGQTb9XFV4PN2DMjbg9OuVLOLOyvxJFQIRG',NULL,'41.209.53.202','Mozilla/5.0 (X11; Linux x86_64) AppleWebKit/537.36 (KHTML, like Gecko) Chrome/139.0.0.0 Safari/537.36','YTozOntzOjY6Il90b2tlbiI7czo0MDoiT1FMSVNmaHhsRFl1M2hPMlRCQWZPR1NZMDdrOVFEZ0lsa1prbllpcyI7czo5OiJfcHJldmlvdXMiO2E6MTp7czozOiJ1cmwiO3M6Mzg6Imh0dHBzOi8vaGVyaXRhZ2Vncm91cC5jby5rZS9jb250YWN0LXVzIjt9czo2OiJfZmxhc2giO2E6Mjp7czozOiJvbGQiO2E6MDp7fXM6MzoibmV3IjthOjA6e319fQ==',1757180189),('BYN5acS3yj5tA1uKmDoVzAnGUvr66tizyahy0tvT',NULL,'14.186.98.22','Mozilla/5.0 (Linux; Android 10; K) AppleWebKit/537.36 (KHTML, like Gecko) Chrome/122.0.0.0 Mobile Safari/537.36','YTozOntzOjY6Il90b2tlbiI7czo0MDoidmRka016d2FxMUVQUHd2a2VSTHowZ2JTRkJ4c1hhUWdGYTRBbEs3SCI7czo5OiJfcHJldmlvdXMiO2E6MTp7czozOiJ1cmwiO3M6NDY6Imh0dHA6Ly93d3cuYmlsbGluZy5qYWVtdGVjaG5vbG9naWVzLmNvbS9wdWJsaWMiO31zOjY6Il9mbGFzaCI7YToyOntzOjM6Im9sZCI7YTowOnt9czozOiJuZXciO2E6MDp7fX19',1757193570),('CpUunRIl0znBufe8x3reAiQbU7e0antHeJeUPD17',NULL,'161.97.174.20','GuzzleHttp/7','YTozOntzOjY6Il90b2tlbiI7czo0MDoia0NpOUlDdUVhdzE2WHFCamxJOG9LNUVadXJzYlFxNGw2SWNDTEp2YyI7czo5OiJfcHJldmlvdXMiO2E6MTp7czozOiJ1cmwiO3M6NTU6Imh0dHBzOi8vaGVyaXRhZ2Vncm91cC5jby5rZS9ob3RzcG90LXN0YXRpYy1wYWdlcy9EMldITTkiO31zOjY6Il9mbGFzaCI7YToyOntzOjM6Im9sZCI7YTowOnt9czozOiJuZXciO2E6MDp7fX19',1757180169),('fgfA9B0RIIL6xXND7wAHfsGXQ8nZWFZIedvoYtma',NULL,'43.157.153.236','Mozilla/5.0 (iPhone; CPU iPhone OS 13_2_3 like Mac OS X) AppleWebKit/605.1.15 (KHTML, like Gecko) Version/13.0.3 Mobile/15E148 Safari/604.1','YTozOntzOjY6Il90b2tlbiI7czo0MDoiZjUxVHV1RFRrZ1hkcXpST1U4T0M4UENtbllxU1JaYk5ySzJDZjBkeSI7czo5OiJfcHJldmlvdXMiO2E6MTp7czozOiJ1cmwiO3M6MjY6Imh0dHA6Ly9oZXJpdGFnZWdyb3VwLmNvLmtlIjt9czo2OiJfZmxhc2giO2E6Mjp7czozOiJvbGQiO2E6MDp7fXM6MzoibmV3IjthOjA6e319fQ==',1757184170),('FIxKks0MMpEPI4DpGbuDJPYH3JhMKcSC9bRcotQr',NULL,'66.102.8.33','Mozilla/5.0 (Linux; Android 10; K) AppleWebKit/537.36 (KHTML, like Gecko) Chrome/138.0.0.0 Mobile Safari/537.36 (compatible; Google-Read-Aloud; +https://support.google.com/webmasters/answer/1061943)','YTozOntzOjY6Il90b2tlbiI7czo0MDoiZmpFeUJXdWxUVThpc20xYm91RFRPTnRuSUQ0Tzc2VGlKUWVncE85MSI7czo5OiJfcHJldmlvdXMiO2E6MTp7czozOiJ1cmwiO3M6Mzg6Imh0dHBzOi8vaGVyaXRhZ2Vncm91cC5jby5rZS9jb250YWN0LXVzIjt9czo2OiJfZmxhc2giO2E6Mjp7czozOiJvbGQiO2E6MDp7fXM6MzoibmV3IjthOjA6e319fQ==',1757180194),('JCij8Zap270AMf7QknXlFXAGRFdTPBOHpMrpQupm',15,'41.59.110.87','Mozilla/5.0 (Windows NT 10.0; Win64; x64; rv:142.0) Gecko/20100101 Firefox/142.0','[encoded data, 175760 characters]',1757189847),('lfFbEWLIv1c3EhuNABugul6ZQrg14AvOVePRC15x',15,'41.59.110.87','Mozilla/5.0 (Linux; U; Android 13; en-us; Infinix X6528 Build/TP1A.220624.014) AppleWebKit/537.36 (KHTML, like Gecko) Chrome/124.0.6367.123 Mobile Safari/537.36 PHX/19.3','[encoded data, 173864 characters]',1757191713),('phOxe8OTnoLF1bzyjyE0wNYj9cbYmx8fQuG5kedi',NULL,'142.250.32.41','Mozilla/5.0 (Linux; Android 10; K) AppleWebKit/537.36 (KHTML, like Gecko) Chrome/138.0.0.0 Mobile Safari/537.36 (compatible; Google-Read-Aloud; +https://support.google.com/webmasters/answer/1061943)','YTo0OntzOjY6Il90b2tlbiI7czo0MDoiMUVScU5rMzVpU1BhY1A2RlpHR2dwNE9ENlFoemVSZ3UyUGxZbW10aiI7czozOiJ1cmwiO2E6MTp7czo4OiJpbnRlbmRlZCI7czo1MjoiaHR0cHM6Ly9oZXJpdGFnZWdyb3VwLmNvLmtlL3NlcnZpY2UtcGxhbi1jdXN0b21lcnMvMSI7fXM6OToiX3ByZXZpb3VzIjthOjE6e3M6MzoidXJsIjtzOjUyOiJodHRwczovL2hlcml0YWdlZ3JvdXAuY28ua2Uvc2VydmljZS1wbGFuLWN1c3RvbWVycy8xIjt9czo2OiJfZmxhc2giO2E6Mjp7czozOiJvbGQiO2E6MDp7fXM6MzoibmV3IjthOjA6e319fQ==',1757180013),('RXhp2DsJXyhmAvgSroZWH8IghkzdIQeCtoa5l7cf',NULL,'34.250.12.251','Java/17.0.3','YTozOntzOjY6Il90b2tlbiI7czo0MDoiYUxOZzNMQ2liRDZ0dFFOa3VlVEJDeFRzWkhGVExhQ3hvNXkxM3Z2NSI7czo5OiJfcHJldmlvdXMiO2E6MTp7czozOiJ1cmwiO3M6Mjc6Imh0dHA6Ly8xNjEuOTcuMTc0LjIwL3B1YmxpYyI7fXM6NjoiX2ZsYXNoIjthOjI6e3M6Mzoib2xkIjthOjA6e31zOjM6Im5ldyI7YTowOnt9fX0=',1757187485),('U0i9zsFymUovNPv1w3URmaJSZkCYf5ZzHiRBGuK3',NULL,'206.168.34.93','Mozilla/5.0 (compatible; CensysInspect/1.1; +https://about.censys.io/)','YTozOntzOjY6Il90b2tlbiI7czo0MDoiVlp5bG9tVGlKNXU2Q0xTdGk1d0tOajZIODd0dnRpZDdOYm5DREM5TCI7czo5OiJfcHJldmlvdXMiO2E6MTp7czozOiJ1cmwiO3M6Mjc6Imh0dHA6Ly8xNjEuOTcuMTc0LjIwL3B1YmxpYyI7fXM6NjoiX2ZsYXNoIjthOjI6e3M6Mzoib2xkIjthOjA6e31zOjM6Im5ldyI7YTowOnt9fX0=',1757189784),('UeHp5THyBJ64oXZ98MWVBe7ZMttqsLdLZZAGDyek',NULL,'66.249.77.136','Mozilla/5.0 (Linux; Android 6.0.1; Nexus 5X Build/MMB29P) AppleWebKit/537.36 (KHTML, like Gecko) Chrome/138.0.7204.183 Mobile Safari/537.36 (compatible; Googlebot/2.1; +http://www.google.com/bot.html)','YTozOntzOjY6Il90b2tlbiI7czo0MDoic2pKTVBteWp2Mm91THVvRkRMNlNWNUJ4emRvWGEyNUxuQjdYb3hSNSI7czo5OiJfcHJldmlvdXMiO2E6MTp7czozOiJ1cmwiO3M6MjY6Imh0dHA6Ly9oZXJpdGFnZWdyb3VwLmNvLmtlIjt9czo2OiJfZmxhc2giO2E6Mjp7czozOiJvbGQiO2E6MDp7fXM6MzoibmV3IjthOjA6e319fQ==',1757189917),('UtuIp0aAjelOzDD3iWjRqNuZnEBOG1nDhPvNeqjR',NULL,'142.250.32.39','Mozilla/5.0 (Linux; Android 10; K) AppleWebKit/537.36 (KHTML, like Gecko) Chrome/138.0.0.0 Mobile Safari/537.36 (compatible; Google-Read-Aloud; +https://support.google.com/webmasters/answer/1061943)','YTozOntzOjY6Il90b2tlbiI7czo0MDoic1hySzY2RTZHZXZLQmR5QXBJRVBTV3RyY3BYNDFQR2ZQcjkwVGthbyI7czo5OiJfcHJldmlvdXMiO2E6MTp7czozOiJ1cmwiO3M6MzM6Imh0dHBzOi8vaGVyaXRhZ2Vncm91cC5jby5rZS9sb2dpbiI7fXM6NjoiX2ZsYXNoIjthOjI6e3M6Mzoib2xkIjthOjA6e31zOjM6Im5ldyI7YTowOnt9fX0=',1757180013),('w7mbeDfHTSpJ4PjiyUKayGWi1a8k22skplSSPFBh',NULL,'41.59.110.87','Mozilla/5.0 (Linux; Android 13; 23124RN87C Build/TP1A.220624.014; wv) AppleWebKit/537.36 (KHTML, like Gecko) Version/4.0 Chrome/139.0.7258.158 Mobile Safari/537.36','YTozOntzOjY6Il90b2tlbiI7czo0MDoiTldQeUhxcWNwaEtRRGZqdDhPVHE0eUlGU3cxcjY5Mk9qZDVpQmV2YSI7czo5OiJfcHJldmlvdXMiO2E6MTp7czozOiJ1cmwiO3M6Mjc6Imh0dHBzOi8vaGVyaXRhZ2Vncm91cC5jby5rZSI7fXM6NjoiX2ZsYXNoIjthOjI6e3M6Mzoib2xkIjthOjA6e31zOjM6Im5ldyI7YTowOnt9fX0=',1757188908),('X6m97MI0I5CiBN6jx7Nr96FRSfSfGgBzYSswLtN0',26,'41.59.111.139','Mozilla/5.0 (Linux; Android 10; K) AppleWebKit/537.36 (KHTML, like Gecko) Chrome/139.0.0.0 Mobile Safari/537.36','[encoded data, 17024 characters]',1757180210),('xbJKnbdrf9qohepYNRTMB7jP0F1Q0gP9EzQ7q9nr',NULL,'87.236.176.244','Mozilla/5.0 (compatible; InternetMeasurement/1.0; +https://internet-measurement.com/)','YTozOntzOjY6Il90b2tlbiI7czo0MDoibXVGUFRwVU96Z1JyTklTcVJhV09oczRFbGFNTjJhOHc5cGQ4Wm1PWSI7czo5OiJfcHJldmlvdXMiO2E6MTp7czozOiJ1cmwiO3M6MzA6Imh0dHA6Ly93d3cuaGVyaXRhZ2Vncm91cC5jby5rZSI7fXM6NjoiX2ZsYXNoIjthOjI6e3M6Mzoib2xkIjthOjA6e31zOjM6Im5ldyI7YTowOnt9fX0=',1757182042),('Y10ImQB6xm5PqehammYqVfUs2SHRBahYZPVrECmY',NULL,'87.236.176.58','Mozilla/5.0 (compatible; InternetMeasurement/1.0; +https://internet-measurement.com/)','YTozOntzOjY6Il90b2tlbiI7czo0MDoiODFqRTZWYzFLamswdXZWOW9qWlM0S29Gb3l5WU5FdFpRNlZaS1ZrVSI7czo5OiJfcHJldmlvdXMiO2E6MTp7czozOiJ1cmwiO3M6MjY6Imh0dHA6Ly9oZXJpdGFnZWdyb3VwLmNvLmtlIjt9czo2OiJfZmxhc2giO2E6Mjp7czozOiJvbGQiO2E6MDp7fXM6MzoibmV3IjthOjA6e319fQ==',1757181931),('ZZp35InquK3vZxF6FTshRR2CbV3OheFJqYSMouHN',NULL,'41.59.110.87','Mozilla/5.0 (Linux; Android 13; 23124RN87C Build/TP1A.220624.014; wv) AppleWebKit/537.36 (KHTML, like Gecko) Version/4.0 Chrome/139.0.7258.158 Mobile Safari/537.36','YTozOntzOjY6Il90b2tlbiI7czo0MDoiNzBJb0VLVFl3TzRvZnV1WUp0amhpMzVGVmZtUnFGSVlQTUhlRXpuRiI7czo5OiJfcHJldmlvdXMiO2E6MTp7czozOiJ1cmwiO3M6Mjc6Imh0dHBzOi8vaGVyaXRhZ2Vncm91cC5jby5rZSI7fXM6NjoiX2ZsYXNoIjthOjI6e3M6Mzoib2xkIjthOjA6e31zOjM6Im5ldyI7YTowOnt9fX0=',1757188908);
