-- Table structure for table `company_referral_payments`
--

CREATE TABLE `company_referral_payments` (
  `id` bigint unsigned NOT NULL AUTO_INCREMENT,
  `company_referral_id` bigint unsigned NOT NULL,
  `company_router_invoice_payment_id` int NOT NULL,
  `user_id` int DEFAULT NULL,
  `payment_mode_id` bigint unsigned NOT NULL,
  `transaction_code` varchar(191) COLLATE utf8mb4_unicode_ci DEFAULT NULL,
  `amount` decimal(8,2) NOT NULL DEFAULT '0.00',
  `created_at` timestamp NULL DEFAULT NULL,
  `updated_at` timestamp NULL DEFAULT NULL,
  `deleted_at` timestamp NULL DEFAULT NULL,
  PRIMARY KEY (`id`),
  KEY `company_referral_payments_company_referral_id_foreign` (`company_referral_id`),
  KEY `company_referral_payments_payment_mode_id_foreign` (`payment_mode_id`),
  CONSTRAINT `company_referral_payments_company_referral_id_foreign` FOREIGN KEY (`company_referral_id`) REFERENCES `company_referrals` (`id`) ON DELETE CASCADE,
  CONSTRAINT `company_referral_payments_payment_mode_id_foreign` FOREIGN KEY (`payment_mode_id`) REFERENCES `payment_modes` (`id`) ON DELETE CASCADE
) ENGINE=InnoDB DEFAULT CHARSET=utf8mb4 COLLATE=utf8mb4_unicode_ci;

--
-- Dumping data for table `company_referral_payments`
--


--
-- Table structure for table `company_referrals`
--

CREATE TABLE `company_referrals` (
  `id` bigint unsigned NOT NULL AUTO_INCREMENT,
  `company_id` bigint unsigned NOT NULL,
  `referrer_id` int NOT NULL,
  `percentage_commission` decimal(8,2) NOT NULL DEFAULT '0.00',
  `created_at` timestamp NULL DEFAULT NULL,
  `updated_at` timestamp NULL DEFAULT NULL,
  `deleted_at` timestamp NULL DEFAULT NULL,
  PRIMARY KEY (`id`),
  KEY `company_referrals_company_id_foreign` (`company_id`),
  CONSTRAINT `company_referrals_company_id_foreign` FOREIGN KEY (`company_id`) REFERENCES `companies` (`id`) ON DELETE CASCADE
) ENGINE=InnoDB DEFAULT CHARSET=utf8mb4 COLLATE=utf8mb4_unicode_ci;

--
-- Dumping data for table `company_referrals`
--


--
-- Table structure for table `company_router_customers`
--

CREATE TABLE `company_router_customers` (
  `id` bigint unsigned NOT NULL AUTO_INCREMENT,
  `company_router_id` bigint unsigned NOT NULL,
  `name` varchar(191) COLLATE utf8mb4_unicode_ci DEFAULT NULL,
  `phone` varchar(191) COLLATE utf8mb4_unicode_ci NOT NULL,
  `created_at` timestamp NULL DEFAULT NULL,
  `updated_at` timestamp NULL DEFAULT NULL,
  `deleted_at` timestamp NULL DEFAULT NULL,
  PRIMARY KEY (`id`),
  KEY `company_router_customers_company_router_id_foreign` (`company_router_id`),
  CONSTRAINT `company_router_customers_company_router_id_foreign` FOREIGN KEY (`company_router_id`) REFERENCES `company_routers` (`id`) ON DELETE CASCADE
) ENGINE=InnoDB AUTO_INCREMENT=41 DEFAULT CHARSET=utf8mb4 COLLATE=utf8mb4_unicode_ci;

--
-- Dumping data for table `company_router_customers`
--

INSERT INTO `company_router_customers` VALUES (1,2,'7E:A5:C8:0E:3C:6A','255763752350','2025-08-05 18:59:16','2025-08-20 05:38:54',NULL),(2,2,'5A:DD:D5:00:65:24','255693311437','2025-08-05 19:03:34','2025-08-14 20:20:44',NULL),(3,2,'72:82:9F:D3:BA:72','255672040034','2025-08-07 18:53:51','2025-08-07 18:53:51',NULL),(4,2,'5E:32:CC:C1:11:35','255617595193','2025-08-08 15:56:01','2025-08-08 15:56:01',NULL),(5,2,'D4:67:D3:E3:17:BD','255656056606','2025-08-09 11:05:16','2025-08-09 11:05:16',NULL),(6,2,'86:65:3C:6B:E1:84','255618250327','2025-08-11 19:33:35','2025-08-11 19:33:35',NULL),(7,2,'Silas','0796230626','2025-08-17 08:18:10','2025-08-17 08:18:10',NULL),(8,2,'Wankrew','0792222222','2025-08-17 13:16:10','2025-08-17 13:16:10',NULL),(9,2,'Admin','0723232334','2025-08-17 14:00:15','2025-08-17 14:00:15',NULL),(10,2,'Admin','0723232323','2025-08-17 14:05:10','2025-08-17 14:05:10',NULL),(11,2,'njovu','0763752350','2025-08-17 14:08:43','2025-08-17 14:08:43',NULL),(12,2,'EA:58:A4:7A:3F:40','255746278281','2025-08-17 15:44:23','2025-08-17 15:44:23',NULL),(13,2,'30:FC:EB:7A:0C:90','255758728802','2025-08-19 09:09:34','2025-08-20 19:16:07',NULL),(14,2,'62:06:D0:8C:47:36','255673093138','2025-08-19 17:48:08','2025-08-19 17:48:08',NULL),(15,2,'E6:12:A3:41:F4:AD','255746184273','2025-08-19 20:41:06','2025-08-19 20:41:06',NULL),(16,2,'14:9F:3C:6B:96:77','255783709549','2025-08-20 10:01:10','2025-08-20 10:01:10',NULL),(17,2,'F2:50:95:0B:4B:27','255747101974','2025-08-20 13:10:29','2025-08-20 13:10:29',NULL),(18,2,'Faith','0712050835','2025-08-20 14:09:02','2025-08-20 14:09:02',NULL),(19,2,'5A:22:D6:25:36:E9','255616535743','2025-08-20 18:26:13','2025-08-20 18:26:13',NULL),(20,2,'3E:A5:2D:34:21:C5','255617223653','2025-08-20 20:00:36','2025-08-24 08:24:28',NULL),(21,2,'BE:FD:23:A1:58:ED','255654966625','2025-08-21 06:30:08','2025-08-21 06:30:08',NULL),(22,2,'D6:12:9E:9D:91:0E','255625284273','2025-08-21 19:38:06','2025-08-21 19:38:06',NULL),(23,2,'0A:00:F5:20:D1:35','255769211401','2025-08-21 20:22:20','2025-08-21 20:22:20',NULL),(24,2,'FE:96:EF:57:F0:70','255714840147','2025-08-22 17:26:43','2025-08-22 17:26:43',NULL),(25,2,'F2:65:ED:BF:19:CD','255785162610','2025-08-22 20:56:29','2025-08-22 20:56:29',NULL),(26,2,'0A:00:F5:20:D1:35','255629671401','2025-08-22 22:46:53','2025-08-22 22:46:53',NULL),(27,2,'4E:ED:DD:40:F3:A1','255792736886','2025-08-23 09:26:25','2025-08-23 09:26:25',NULL),(28,2,'A6:85:AC:A3:94:CF','255742925839','2025-08-24 09:30:08','2025-08-24 09:30:08',NULL),(29,2,'FC:AA:B6:3B:A0:48','255769039595','2025-08-24 21:25:55','2025-08-24 21:25:55',NULL),(30,2,'0E:32:DD:A2:B3:84','255715060369','2025-08-25 17:22:24','2025-08-25 17:22:24',NULL),(31,2,'42:B6:CB:A6:FE:13','255774422687','2025-08-25 17:32:30','2025-08-25 17:32:30',NULL),(32,2,'0E:06:50:49:08:C6','255775514233','2025-08-25 19:15:59','2025-08-25 19:15:59',NULL),(33,2,'5A:22:D6:25:36:E9','255767631761','2025-08-26 14:51:15','2025-08-26 14:51:15',NULL),(34,6,'Mwamba','123456','2025-08-26 17:28:39','2025-08-26 17:28:39',NULL),(35,2,'02:C0:AF:A7:33:40','255761933535','2025-08-26 20:37:23','2025-08-26 20:37:23',NULL),(36,2,'F2:94:94:28:61:0A','255685827717','2025-08-26 21:17:04','2025-08-26 21:17:04',NULL),(37,5,'maleko','0713277244','2025-08-26 21:46:05','2025-08-26 21:46:05',NULL),(38,5,'magwila','0785949091','2025-08-26 21:53:10','2025-08-26 21:53:10',NULL),(39,5,'luta','0789880287','2025-08-26 21:58:54','2025-08-26 21:58:54',NULL),(40,5,'gilbert','0715807200','2025-08-26 22:02:34','2025-08-26 22:02:34',NULL);

--
-- Table structure for table `company_router_interfaces`
--

CREATE TABLE `company_router_interfaces` (
  `id` bigint unsigned NOT NULL AUTO_INCREMENT,
  `company_router_id` bigint unsigned NOT NULL,
  `name` varchar(191) COLLATE utf8mb4_unicode_ci NOT NULL,
  `status` int NOT NULL DEFAULT '1' COMMENT '0=inactive, 1=active',
  `created_at` timestamp NULL DEFAULT NULL,
  `updated_at` timestamp NULL DEFAULT NULL,
  `deleted_at` timestamp NULL DEFAULT NULL,
  PRIMARY KEY (`id`),
  KEY `company_router_interfaces_company_router_id_foreign` (`company_router_id`),
  CONSTRAINT `company_router_interfaces_company_router_id_foreign` FOREIGN KEY (`company_router_id`) REFERENCES `company_routers` (`id`) ON DELETE CASCADE
) ENGINE=InnoDB AUTO_INCREMENT=31 DEFAULT CHARSET=utf8mb4 COLLATE=utf8mb4_unicode_ci;

--
-- Dumping data for table `company_router_interfaces`
--

INSERT INTO `company_router_interfaces` VALUES (1,1,'ether1',1,'2025-08-05 15:58:38','2025-08-05 15:58:38',NULL),(2,1,'ether2',1,'2025-08-05 15:58:38','2025-08-05 15:58:38',NULL),(3,1,'ether3',1,'2025-08-05 15:58:38','2025-08-05 15:58:38',NULL),(4,1,'ether4',1,'2025-08-05 15:58:38','2025-08-05 15:58:38',NULL),(5,1,'pwr-line1',1,'2025-08-05 15:58:38','2025-08-05 15:58:38',NULL),(6,1,'bridge',1,'2025-08-05 15:58:38','2025-08-05 15:58:38',NULL),(7,1,'lo',1,'2025-08-05 15:58:38','2025-08-05 15:58:38',NULL),(8,1,'ovpn-out1',1,'2025-08-05 15:58:38','2025-08-05 15:58:38',NULL),(9,2,'ether1',1,'2025-08-05 17:44:20','2025-08-05 17:44:20',NULL),(10,2,'ether3',1,'2025-08-05 17:44:20','2025-08-05 17:44:20',NULL),(11,2,'ether4',1,'2025-08-05 17:44:20','2025-08-05 17:44:20',NULL),(12,2,'ether5',1,'2025-08-05 17:44:20','2025-08-05 17:44:20',NULL),(13,2,'bridge',1,'2025-08-05 17:44:20','2025-08-05 17:44:20',NULL),(14,2,'lo',1,'2025-08-05 17:44:20','2025-08-05 17:44:20',NULL),(15,2,'ovpn-out1',1,'2025-08-05 17:44:20','2025-08-05 17:44:20',NULL),(16,3,'ether1',1,'2025-08-08 23:43:14','2025-08-08 23:43:14',NULL),(17,3,'ether2',1,'2025-08-08 23:43:14','2025-08-08 23:43:14',NULL),(18,3,'ether3',1,'2025-08-08 23:43:14','2025-08-08 23:43:14',NULL),(19,3,'ether4',1,'2025-08-08 23:43:14','2025-08-08 23:43:14',NULL),(20,3,'pwr-line1',1,'2025-08-08 23:43:14','2025-08-08 23:43:14',NULL),(21,3,'wlan1',1,'2025-08-08 23:43:14','2025-08-08 23:43:14',NULL),(22,3,'bridge',1,'2025-08-08 23:43:14','2025-08-08 23:43:14',NULL),(23,3,'lo',1,'2025-08-08 23:43:14','2025-08-08 23:43:14',NULL),(24,3,'ovpn-out1',1,'2025-08-08 23:43:14','2025-08-08 23:43:14',NULL),(25,5,'ether1',1,'2025-08-26 18:11:46','2025-08-26 18:11:46',NULL),(26,5,'ether3',1,'2025-08-26 18:11:46','2025-08-26 18:11:46',NULL),(27,5,'ether4',1,'2025-08-26 18:11:46','2025-08-26 18:11:46',NULL),(28,5,'ether5',1,'2025-08-26 18:11:46','2025-08-26 18:11:46',NULL),(29,5,'bridge',1,'2025-08-26 18:11:46','2025-08-26 18:11:46',NULL),(30,5,'ovpn-out1',1,'2025-08-26 18:11:46','2025-08-26 18:11:46',NULL);

--
-- Table structure for table `company_router_invoice_payments`
--

CREATE TABLE `company_router_invoice_payments` (
  `id` bigint unsigned NOT NULL AUTO_INCREMENT,
  `router_invoice_id` int NOT NULL,
  `grouped_transaction_id` bigint unsigned NOT NULL,
  `amount` decimal(8,2) NOT NULL DEFAULT '0.00',
  `commission_amount` decimal(8,2) NOT NULL DEFAULT '0.00',
  `created_at` timestamp NULL DEFAULT NULL,
  `updated_at` timestamp NULL DEFAULT NULL,
  `deleted_at` timestamp NULL DEFAULT NULL,
  PRIMARY KEY (`id`),
  KEY `company_router_invoice_payments_grouped_transaction_id_foreign` (`grouped_transaction_id`),
  CONSTRAINT `company_router_invoice_payments_grouped_transaction_id_foreign` FOREIGN KEY (`grouped_transaction_id`) REFERENCES `grouped_transactions` (`id`) ON DELETE CASCADE
) ENGINE=InnoDB DEFAULT CHARSET=utf8mb4 COLLATE=utf8mb4_unicode_ci;

--
-- Dumping data for table `company_router_invoice_payments`
--


--
-- Table structure for table `company_router_invoices`
--

CREATE TABLE `company_router_invoices` (
  `id` bigint unsigned NOT NULL AUTO_INCREMENT,
  `ref_no` varchar(191) COLLATE utf8mb4_unicode_ci NOT NULL,
  `company_router_id` bigint unsigned NOT NULL,
  `from_date` timestamp NOT NULL,
  `to_date` timestamp NOT NULL,
  `amount` decimal(8,2) NOT NULL DEFAULT '0.00',
  `status` int NOT NULL DEFAULT '0' COMMENT '0=pending, 1=paid',
  `created_at` timestamp NULL DEFAULT NULL,
  `updated_at` timestamp NULL DEFAULT NULL,
  `deleted_at` timestamp NULL DEFAULT NULL,
  PRIMARY KEY (`id`),
  KEY `company_router_invoices_company_router_id_foreign` (`company_router_id`),
  CONSTRAINT `company_router_invoices_company_router_id_foreign` FOREIGN KEY (`company_router_id`) REFERENCES `company_routers` (`id`) ON DELETE CASCADE
) ENGINE=InnoDB AUTO_INCREMENT=7 DEFAULT CHARSET=utf8mb4 COLLATE=utf8mb4_unicode_ci;

--
-- Dumping data for table `company_router_invoices`
--

INSERT INTO `company_router_invoices` VALUES (1,'3NQBCR',1,'2025-08-04 22:00:00','2025-09-04 22:00:00',1000.00,0,'2025-08-05 15:16:01','2025-08-05 15:16:01',NULL),(2,'1052P9',2,'2025-08-04 22:00:00','2025-09-04 22:00:00',1000.00,0,'2025-08-05 16:56:56','2025-08-05 16:56:56',NULL),(3,'73DPN5',3,'2025-08-08 22:00:00','2025-09-08 22:00:00',20000.00,0,'2025-08-08 23:21:05','2025-08-09 06:00:07',NULL),(4,'P07YQT',4,'2025-08-11 22:00:00','2025-09-11 22:00:00',21000.00,0,'2025-08-12 12:25:52','2025-08-12 12:25:52',NULL),(5,'L3POA9',5,'2025-08-17 22:00:00','2025-09-17 22:00:00',21000.00,0,'2025-08-18 17:15:11','2025-08-18 17:15:11',NULL),(6,'UMORD7',6,'2025-08-25 22:00:00','2025-09-25 22:00:00',21000.00,0,'2025-08-26 13:06:13','2025-08-26 13:06:13',NULL);

--
-- Table structure for table `company_routers`
--

CREATE TABLE `company_routers` (
  `id` bigint unsigned NOT NULL AUTO_INCREMENT,
  `ref_no` varchar(191) COLLATE utf8mb4_unicode_ci NOT NULL,
  `company_id` bigint unsigned NOT NULL,
  `name` varchar(191) COLLATE utf8mb4_unicode_ci NOT NULL,
  `ip_address` varchar(191) COLLATE utf8mb4_unicode_ci NOT NULL,
  `public_ip` varchar(191) COLLATE utf8mb4_unicode_ci DEFAULT NULL,
  `username` varchar(191) COLLATE utf8mb4_unicode_ci NOT NULL,
  `api_port` int NOT NULL DEFAULT '8728',
  `password` varchar(191) COLLATE utf8mb4_unicode_ci NOT NULL,
  `subscription_amount` decimal(8,2) NOT NULL DEFAULT '0.00',
  `expiry_date` varchar(191) COLLATE utf8mb4_unicode_ci NOT NULL,
  `customer_care_phone` varchar(191) COLLATE utf8mb4_unicode_ci DEFAULT NULL,
  `online_status` int NOT NULL DEFAULT '1' COMMENT '0=offline, 1=online',
  `online_status_counter` int NOT NULL DEFAULT '0',
  `file_location` varchar(191) COLLATE utf8mb4_unicode_ci DEFAULT NULL,
  `transaction_frequency_id` bigint unsigned DEFAULT NULL,
  `next_transaction_date` varchar(191) COLLATE utf8mb4_unicode_ci DEFAULT NULL,
  `hotspot_anti_sharing_enabled` int NOT NULL DEFAULT '0' COMMENT '0=no, 1=yes',
  `status` int NOT NULL DEFAULT '1' COMMENT '0=inactive, 1=active, 2=expired',
  `created_at` timestamp NULL DEFAULT NULL,
  `updated_at` timestamp NULL DEFAULT NULL,
  `deleted_at` timestamp NULL DEFAULT NULL,
  PRIMARY KEY (`id`),
  UNIQUE KEY `company_routers_ip_address_unique` (`ip_address`),
  UNIQUE KEY `company_routers_public_ip_unique` (`public_ip`),
  KEY `company_routers_company_id_foreign` (`company_id`),
  KEY `company_routers_transaction_frequency_id_foreign` (`transaction_frequency_id`),
  CONSTRAINT `company_routers_company_id_foreign` FOREIGN KEY (`company_id`) REFERENCES `companies` (`id`) ON DELETE CASCADE,
  CONSTRAINT `company_routers_transaction_frequency_id_foreign` FOREIGN KEY (`transaction_frequency_id`) REFERENCES `transaction_frequencies` (`id`) ON DELETE CASCADE
) ENGINE=InnoDB AUTO_INCREMENT=7 DEFAULT CHARSET=utf8mb4 COLLATE=utf8mb4_unicode_ci;

--
-- Dumping data for table `company_routers`
--

INSERT INTO `company_routers` VALUES (1,'BVDX08',7,'Router1','50.50.50.1',NULL,'heritage',8728,'MH7X5C',1000.00,'2025-08-05','0745678',0,0,NULL,1,'2025-08-05',0,2,'2025-08-05 15:16:01','2025-08-08 23:15:46',NULL),(2,'GI6BYT',8,'Ngoni Net 1','50.50.50.2','161.97.174.20:16758','ngoni',8728,'48DWVF',1000.00,'2025-08-05','0716583413',1,0,NULL,1,'2025-08-05',1,2,'2025-08-05 16:56:56','2025-08-26 18:15:15',NULL),(3,'U6KNCS',7,'Router3','50.50.50.3',NULL,'heritage',8728,'heritage@2025',20000.00,'2025-08-09','0745678864',0,0,NULL,NULL,NULL,0,2,'2025-08-08 23:21:05','2025-08-12 12:02:59',NULL),(4,'9IEFYH',9,'Router4','50.50.50.4',NULL,'heritage',8728,'heritage@2025',21000.00,'2025-08-12','0712345679',0,0,NULL,NULL,NULL,0,2,'2025-08-12 12:25:52','2025-08-18 20:51:17',NULL),(5,'YE6B2O',8,'Ngoni Net 2','50.50.50.5','161.97.174.20:11566','heritage',8728,'0HAWV2',21000.00,'2025-08-26','0763752350',1,111,NULL,NULL,NULL,1,1,'2025-08-18 17:15:11','2025-08-26 22:30:14',NULL),(6,'83WYM2',11,'Mwamba','50.50.50.6','161.97.174.20:18680','heritage',8728,'5ZISPW',21000.00,'2025-08-26','+255786000003',1,33,'flash',NULL,NULL,0,2,'2025-08-26 13:06:13','2025-08-26 22:27:11',NULL);

--
-- Table structure for table `company_service_plans`
--

CREATE TABLE `company_service_plans` (
  `id` bigint unsigned NOT NULL AUTO_INCREMENT,
  `ref_no` varchar(191) COLLATE utf8mb4_unicode_ci NOT NULL,
  `company_id` bigint unsigned NOT NULL,
  `service_plan_id` bigint unsigned NOT NULL,
  `company_router_id` bigint unsigned DEFAULT NULL,
  `company_ip_pool_id` int DEFAULT NULL,
  `name` varchar(191) COLLATE utf8mb4_unicode_ci NOT NULL,
  `download_limit` varchar(191) COLLATE utf8mb4_unicode_ci DEFAULT NULL,
  `download_scale` varchar(191) COLLATE utf8mb4_unicode_ci DEFAULT NULL,
  `upload_limit` varchar(191) COLLATE utf8mb4_unicode_ci DEFAULT NULL,
  `upload_scale` varchar(191) COLLATE utf8mb4_unicode_ci DEFAULT NULL,
  `burst_download_limit` varchar(191) COLLATE utf8mb4_unicode_ci DEFAULT NULL,
  `burst_download_scale` varchar(191) COLLATE utf8mb4_unicode_ci DEFAULT NULL,
  `burst_time` varchar(191) COLLATE utf8mb4_unicode_ci DEFAULT NULL,
  `shared_users` varchar(191) COLLATE utf8mb4_unicode_ci NOT NULL DEFAULT '1',
  `valid_for` decimal(8,2) NOT NULL DEFAULT '1.00',
  `plan_validity_type_id` int DEFAULT NULL,
  `cost` decimal(8,2) NOT NULL DEFAULT '0.00',
  `status` int NOT NULL DEFAULT '1' COMMENT '0=inactive, 1=active',
  `created_at` timestamp NULL DEFAULT NULL,
  `updated_at` timestamp NULL DEFAULT NULL,
  `deleted_at` timestamp NULL DEFAULT NULL,
  PRIMARY KEY (`id`),
  KEY `company_service_plans_company_id_foreign` (`company_id`),
  KEY `company_service_plans_service_plan_id_foreign` (`service_plan_id`),
  KEY `company_service_plans_company_router_id_foreign` (`company_router_id`),
  CONSTRAINT `company_service_plans_company_id_foreign` FOREIGN KEY (`company_id`) REFERENCES `companies` (`id`) ON DELETE CASCADE,
  CONSTRAINT `company_service_plans_company_router_id_foreign` FOREIGN KEY (`company_router_id`) REFERENCES `company_routers` (`id`) ON DELETE CASCADE,
  CONSTRAINT `company_service_plans_service_plan_id_foreign` FOREIGN KEY (`service_plan_id`) REFERENCES `service_plans` (`id`) ON DELETE CASCADE
) ENGINE=InnoDB AUTO_INCREMENT=43 DEFAULT CHARSET=utf8mb4 COLLATE=utf8mb4_unicode_ci;

--
-- Dumping data for table `company_service_plans`
--

INSERT INTO `company_service_plans` VALUES (1,'Z4BGY3',7,1,1,1,'1 Hour','5','M','5','M',NULL,NULL,NULL,'1',1.00,2,10.00,1,'2025-08-05 15:59:59','2025-08-05 15:59:59',NULL),(2,'7TS5UL',7,1,1,1,'1 Hour','5','M','5','M',NULL,NULL,NULL,'1',1.00,2,10.00,1,'2025-08-05 16:02:47','2025-08-05 16:03:10','2025-08-05 16:03:10'),(3,'8WGE3C',7,1,1,1,'6 Hours','5','M','5','M',NULL,NULL,NULL,'1',6.00,2,20.00,1,'2025-08-05 16:03:42','2025-08-05 16:03:42',NULL),(4,'KJ7GQL',7,1,1,1,'12 Hours','5','M','5','M',NULL,NULL,NULL,'1',12.00,2,30.00,1,'2025-08-05 16:04:05','2025-08-05 16:04:05',NULL),(5,'HNY6K4',7,1,1,1,'24 Hours','5','M','5','M',NULL,NULL,NULL,'1',24.00,2,50.00,1,'2025-08-05 16:07:00','2025-08-05 16:07:00',NULL),(6,'F3L651',8,1,2,3,'1 Hour','5','M','5','M',NULL,NULL,NULL,'1',1.00,2,210.00,1,'2025-08-05 17:49:04','2025-08-15 23:19:41',NULL),(7,'YPH8AG',8,1,2,3,'3 Hours','3','M','2','M',NULL,NULL,NULL,'1',6.00,2,300.00,1,'2025-08-05 17:49:42','2025-08-08 19:55:28',NULL),(8,'RN5IOU',8,1,2,3,'12 Hours','5','M','5','M',NULL,NULL,NULL,'1',12.00,2,500.00,1,'2025-08-05 17:50:05','2025-08-05 19:21:03',NULL),(9,'SHZN7L',8,1,2,3,'24 Hours','5','M','5','M',NULL,NULL,NULL,'1',24.00,2,1000.00,1,'2025-08-05 17:50:21','2025-08-05 19:21:18',NULL),(10,'ICA7K6',8,1,2,3,'7 Day','3','M','3','M',NULL,NULL,NULL,'1',7.00,3,5000.00,1,'2025-08-08 19:52:48','2025-08-18 21:00:20',NULL),(11,'FOH3WJ',7,1,3,5,'1 Hour','5','M','5','M',NULL,NULL,NULL,'1',1.00,2,210.00,1,'2025-08-08 23:44:06','2025-08-09 00:15:17','2025-08-09 00:15:17'),(12,'MLHI1N',7,1,3,5,'6 Hours','5','M','5','M',NULL,NULL,NULL,'1',6.00,2,600.00,1,'2025-08-08 23:44:27','2025-08-09 00:14:34','2025-08-09 00:14:34'),(13,'G93XD4',7,1,3,5,'12 Hours','5','M','5','M',NULL,NULL,NULL,'1',12.00,2,1200.00,1,'2025-08-08 23:44:38','2025-08-09 00:14:30','2025-08-09 00:14:30'),(14,'2VDIBK',7,1,3,5,'24 Hours','5','M','5','M',NULL,NULL,NULL,'1',24.00,2,2000.00,1,'2025-08-09 00:05:11','2025-08-09 00:14:19','2025-08-09 00:14:19'),(15,'PQFK3A',7,1,3,5,'14 Days','5','M','5','M',NULL,NULL,NULL,'1',14.00,3,3500.00,1,'2025-08-09 00:07:50','2025-08-09 00:14:14','2025-08-09 00:14:14'),(16,'524SBF',7,1,3,5,'1 Hour','5','M','5','M',NULL,NULL,NULL,'1',1.00,2,210.00,1,'2025-08-09 00:15:34','2025-08-09 00:15:34',NULL),(17,'DSE8CN',7,1,3,5,'6 Hours','5','M','5','M',NULL,NULL,NULL,'1',6.00,2,1000.00,1,'2025-08-09 00:19:13','2025-08-09 00:19:13',NULL),(18,'27J60R',7,1,3,5,'12 Hours','5','M','5','M',NULL,NULL,NULL,'1',12.00,2,1500.00,1,'2025-08-09 00:19:29','2025-08-09 00:19:29',NULL),(19,'N964RW',7,1,3,5,'24 Hours','5','M','5','M',NULL,NULL,NULL,'1',24.00,2,2000.00,1,'2025-08-09 00:19:43','2025-08-09 00:19:43',NULL),(20,'B0V84O',7,1,3,5,'14 Days','5','M','5','M',NULL,NULL,NULL,'1',14.00,3,2500.00,1,'2025-08-09 00:20:03','2025-08-09 00:20:03',NULL),(21,'Y5MENU',7,1,3,5,'Monthly','5','M','5','M',NULL,NULL,NULL,'1',30.00,3,3000.00,1,'2025-08-09 00:20:16','2025-08-09 00:20:16',NULL),(22,'X8D2C0',8,2,2,4,'Kiboko','10','M','10','M',NULL,NULL,NULL,'1',30.00,3,40000.00,1,'2025-08-11 10:11:00','2025-08-11 10:11:00',NULL),(23,'Q3R0VS',8,1,2,3,'Mwezi','3','M','3','M',NULL,NULL,NULL,'1',30.00,3,15000.00,1,'2025-08-14 20:43:56','2025-08-15 18:44:13',NULL),(24,'48IY1U',8,1,2,3,'3 days','03','M','03','M',NULL,NULL,NULL,'1',3.00,3,2500.00,1,'2025-08-14 20:45:13','2025-08-14 20:45:13',NULL),(25,'OP0VN1',8,3,2,NULL,'6mbps/6mbps','3','M','3','M',NULL,NULL,NULL,'1',1.00,3,2000.00,1,'2025-08-19 20:17:59','2025-08-19 20:17:59',NULL),(26,'S3H0WT',8,1,2,3,'2 week','03','M','03','M',NULL,NULL,NULL,'1',14.00,3,7000.00,1,'2025-08-20 11:02:58','2025-08-20 11:02:58',NULL),(27,'0X5KNQ',11,1,6,6,'Ndovu','3','M','3','M',NULL,NULL,NULL,'50',30.00,1,500.00,1,'2025-08-26 17:07:49','2025-08-26 18:55:14','2025-08-26 18:55:14'),(28,'6KXBQV',11,1,6,6,'Chui','5','M','5','M',NULL,NULL,NULL,'1',24.00,2,10000.00,1,'2025-08-26 17:14:36','2025-08-26 18:55:46','2025-08-26 18:55:46'),(29,'X1OSK4',11,1,6,6,'Chui','5','M','5','M',NULL,NULL,NULL,'1',24.00,2,10000.00,1,'2025-08-26 17:14:44','2025-08-26 17:15:12','2025-08-26 17:15:12'),(30,'LTR62D',11,2,6,7,'5 Mbps','5','M','5','M',NULL,NULL,NULL,'1',30.00,3,10000.00,1,'2025-08-26 17:24:27','2025-08-26 21:41:08','2025-08-26 21:41:08'),(31,'R6Z9YE',8,1,5,8,'saa 1','3','M','3','M',NULL,NULL,NULL,'1',1.00,2,210.00,1,'2025-08-26 18:34:22','2025-08-26 18:35:41',NULL),(32,'LHSBZ6',8,1,5,8,'12h','3','M','3','M',NULL,NULL,NULL,'1',12.00,2,500.00,1,'2025-08-26 18:35:06','2025-08-26 18:35:06',NULL),(33,'Z1QWMR',8,1,5,8,'3 days','3','M','3','M',NULL,NULL,NULL,'1',3.00,3,2500.00,1,'2025-08-26 18:36:38','2025-08-26 18:36:38',NULL),(34,'PDSZU1',8,1,5,8,'24hs','3','M','3','M',NULL,NULL,NULL,'1',24.00,2,1000.00,1,'2025-08-26 18:37:51','2025-08-26 18:37:51',NULL),(35,'Y2XKDT',8,1,5,8,'7days','03','M','05','M',NULL,NULL,NULL,'1',7.00,3,5000.00,1,'2025-08-26 18:38:54','2025-08-26 18:38:54',NULL),(36,'LOYQE0',8,1,5,8,'2 weeks','3','M','3','M',NULL,NULL,NULL,'1',14.00,3,8000.00,1,'2025-08-26 18:40:14','2025-08-26 18:40:14',NULL),(37,'04YOGN',8,1,5,8,'30 days','3','M','5','M',NULL,NULL,NULL,'1',30.00,3,20000.00,1,'2025-08-26 18:41:01','2025-08-26 18:41:01',NULL),(38,'YEW603',11,1,6,6,'Nyati','10','M','10','M',NULL,NULL,NULL,'1',6.00,2,500.00,1,'2025-08-26 18:56:38','2025-08-26 21:43:26',NULL),(39,'F21X6R',11,1,6,6,'Twiga','15','M','15','M',NULL,NULL,NULL,'1',24.00,2,1000.00,1,'2025-08-26 18:58:52','2025-08-26 21:43:52',NULL),(40,'2PGTOV',11,1,6,6,'Swala','20','M','20','M',NULL,NULL,NULL,'1',7.00,3,5000.00,1,'2025-08-26 19:00:05','2025-08-26 19:00:05',NULL),(41,'BT1SFP',8,2,5,9,'flash','10','M','10','M',NULL,NULL,NULL,'1',30.00,3,40000.00,1,'2025-08-26 19:37:31','2025-08-26 19:37:31',NULL),(42,'C7SJTZ',8,2,5,9,'swala','5','M','5','M',NULL,NULL,NULL,'1',30.00,3,20000.00,1,'2025-08-26 19:38:42','2025-08-26 19:38:42',NULL);

--
-- Table structure for table `company_sms`
--

CREATE TABLE `company_sms` (
  `id` bigint unsigned NOT NULL AUTO_INCREMENT,
  `company_id` bigint unsigned NOT NULL,
  `sms_units` int NOT NULL,
  `created_at` timestamp NULL DEFAULT NULL,
  `updated_at` timestamp NULL DEFAULT NULL,
  `deleted_at` timestamp NULL DEFAULT NULL,
  PRIMARY KEY (`id`),
  KEY `company_sms_company_id_foreign` (`company_id`),
  CONSTRAINT `company_sms_company_id_foreign` FOREIGN KEY (`company_id`) REFERENCES `companies` (`id`) ON DELETE CASCADE
) ENGINE=InnoDB DEFAULT CHARSET=utf8mb4 COLLATE=utf8mb4_unicode_ci;

--
-- Dumping data for table `company_sms`
--


--
-- Table structure for table `company_sms_provider_entities`
--

CREATE TABLE `company_sms_provider_entities` (
  `id` bigint unsigned NOT NULL AUTO_INCREMENT,
  `company_sms_provider_id` bigint unsigned NOT NULL,
  `requirement_id` int NOT NULL,
  `name` varchar(191) COLLATE utf8mb4_unicode_ci NOT NULL,
  `created_at` timestamp NULL DEFAULT NULL,
  `updated_at` timestamp NULL DEFAULT NULL,
  `deleted_at` timestamp NULL DEFAULT NULL,
  PRIMARY KEY (`id`),
  KEY `company_sms_provider_entities_company_sms_provider_id_foreign` (`company_sms_provider_id`),
  CONSTRAINT `company_sms_provider_entities_company_sms_provider_id_foreign` FOREIGN KEY (`company_sms_provider_id`) REFERENCES `company_sms_providers` (`id`) ON DELETE CASCADE
) ENGINE=InnoDB DEFAULT CHARSET=utf8mb4 COLLATE=utf8mb4_unicode_ci;

--
-- Dumping data for table `company_sms_provider_entities`
--


--
-- Table structure for table `company_sms_providers`
--

CREATE TABLE `company_sms_providers` (
  `id` bigint unsigned NOT NULL AUTO_INCREMENT,
  `company_id` bigint unsigned NOT NULL,
  `sms_provider_id` bigint unsigned NOT NULL,
  `status` int NOT NULL DEFAULT '1' COMMENT '0=inactive, 1=active',
  `created_at` timestamp NULL DEFAULT NULL,
  `updated_at` timestamp NULL DEFAULT NULL,
  `deleted_at` timestamp NULL DEFAULT NULL,
  PRIMARY KEY (`id`),
  KEY `company_sms_providers_company_id_foreign` (`company_id`),
  KEY `company_sms_providers_sms_provider_id_foreign` (`sms_provider_id`),
  CONSTRAINT `company_sms_providers_company_id_foreign` FOREIGN KEY (`company_id`) REFERENCES `companies` (`id`) ON DELETE CASCADE,
  CONSTRAINT `company_sms_providers_sms_provider_id_foreign` FOREIGN KEY (`sms_provider_id`) REFERENCES `sms_providers` (`id`) ON DELETE CASCADE
) ENGINE=InnoDB DEFAULT CHARSET=utf8mb4 COLLATE=utf8mb4_unicode_ci;

--
-- Dumping data for table `company_sms_providers`
--


--
-- Table structure for table `company_sms_templates`
--

CREATE TABLE `company_sms_templates` (
  `id` bigint unsigned NOT NULL AUTO_INCREMENT,
  `company_id` int DEFAULT NULL,
  `sms_template_type_id` bigint unsigned NOT NULL,
  `content` longtext COLLATE utf8mb4_unicode_ci NOT NULL,
  `status` int NOT NULL DEFAULT '0' COMMENT '0=inactive, 1=active',
  `created_at` timestamp NULL DEFAULT NULL,
  `updated_at` timestamp NULL DEFAULT NULL,
  `deleted_at` timestamp NULL DEFAULT NULL,
  PRIMARY KEY (`id`),
  KEY `company_sms_templates_sms_template_type_id_foreign` (`sms_template_type_id`),
  CONSTRAINT `company_sms_templates_sms_template_type_id_foreign` FOREIGN KEY (`sms_template_type_id`) REFERENCES `sms_template_types` (`id`) ON DELETE CASCADE
) ENGINE=InnoDB AUTO_INCREMENT=16 DEFAULT CHARSET=utf8mb4 COLLATE=utf8mb4_unicode_ci;

--
-- Dumping data for table `company_sms_templates`
--

INSERT INTO `company_sms_templates` VALUES (1,0,1,'Dear [name], your internet plan is expiring in [expiry_days] day(s). Kindly make the payment at your earliest convenience to avoid service interruptions. Pay via paybill - [paybill] and account number [account_number]',1,'2025-08-03 19:10:09','2025-08-03 19:10:09',NULL),(2,0,2,'Dear [name], your invoice for [month] amounting to Ksh [balance] has been generated. Please pay via paybill - [paybill] and account number [account_number]',1,'2025-08-03 19:10:09','2025-08-03 19:10:09',NULL),(3,0,3,'Hello [name], this is to confirm that we have received your payment of Ksh [amount] for [month]. Your current balance as of now is Ksh [balance]',1,'2025-08-03 19:10:09','2025-08-03 19:10:09',NULL),(4,0,4,'Dear [name], this is a reminder that your payment of Ksh [balance] for [month] is due. Kindly make the payment at your earliest convenience to avoid service interruptions. Pay via paybill - [paybill] and account number [account_number]',1,'2025-08-03 19:10:09','2025-08-03 19:10:09',NULL),(5,0,5,'Dear [name], your payment of Ksh [balance] for [month] is overdue. Please settle the outstanding amount immediately to avoid service disruption. Pay via paybill - [paybill] and account number [account_number]',1,'2025-08-03 19:10:09','2025-08-03 19:10:09',NULL),(6,0,6,'Hello [name], due to an overdue balance of [balance], your service has been disconnected. To restore the services, please pay Ksh [balance] to paybill - [paybill] using account number [account_number]',1,'2025-08-03 19:10:09','2025-08-03 19:10:09',NULL),(7,0,7,'Hello [name], we are excited to have you on board! Your subscription to [internet_plan] is now active. If you have any questions, feel free to contact us. Thank you',1,'2025-08-03 19:10:09','2025-08-03 19:10:09',NULL),(8,0,8,'Hello [name], we are excited to have you on board! Your subscription to [internet_plan] is now active. If you have any questions, feel free to contact us.',1,'2025-08-03 19:10:09','2025-08-03 19:10:09',NULL),(9,0,9,'Dear [name], your request to change your plan to [internet_plan] has been processed successfully. Your new plan is now active. Contact us if you need assistance.',1,'2025-08-03 19:10:09','2025-08-03 19:10:09',NULL),(10,0,10,'Dear [name], we will be performing maintenance on 1st Jan 2025 from 09:30am to 11:30am. Service may be temporarily affected. Thank you for your patience.',1,'2025-08-03 19:10:09','2025-08-03 19:10:09',NULL),(11,0,11,'Dear [name], we are aware of an ongoing service disruption in your area. Our team is investigating and will restore service as soon as possible.',1,'2025-08-03 19:10:09','2025-08-03 19:10:09',NULL),(12,0,12,'Greetings, thank you for purchasing [plan] plan worthy [amount]. Please use [username] as the username and [password] as your password to reconnect yourself. Your subscription expires at [expiry_date].',1,'2025-08-03 19:10:09','2025-08-03 19:10:09',NULL),(13,8,11,'Dear [name], we are aware of an ongoing service disruption in your area. Our team is investigating and will restore service as soon as possible.',1,'2025-08-22 21:17:08','2025-08-22 21:17:08',NULL),(14,8,12,'Greetings, thank you for purchasing [plan] plan worthy [amount]. Please use [username] as the username and [password] as your password to reconnect yourself. Your subscription expires at [expiry_date].',1,'2025-08-22 21:20:09','2025-08-22 21:20:09',NULL),(15,11,1,'Dear [name], your internet plan is expiring in [expiry_days] day(s). Kindly make the payment at your earliest convenience to avoid service interruptions. Pay via paybill - [paybill] and account number [account_number]',1,'2025-08-26 17:26:06','2025-08-26 17:26:06',NULL);

--
-- Table structure for table `company_sms_usages`
--

CREATE TABLE `company_sms_usages` (
  `id` bigint unsigned NOT NULL AUTO_INCREMENT,
  `company_id` bigint unsigned NOT NULL,
  `sms_units` int NOT NULL,
  `created_at` timestamp NULL DEFAULT NULL,
  `updated_at` timestamp NULL DEFAULT NULL,
  `deleted_at` timestamp NULL DEFAULT NULL,
  PRIMARY KEY (`id`),
  KEY `company_sms_usages_company_id_foreign` (`company_id`),
  CONSTRAINT `company_sms_usages_company_id_foreign` FOREIGN KEY (`company_id`) REFERENCES `companies` (`id`) ON DELETE CASCADE
) ENGINE=InnoDB DEFAULT CHARSET=utf8mb4 COLLATE=utf8mb4_unicode_ci;

--
-- Dumping data for table `company_sms_usages`
--


--
-- Table structure for table `company_static_pages`
--

CREATE TABLE `company_static_pages` (
  `id` bigint unsigned NOT NULL AUTO_INCREMENT,
  `created_at` timestamp NULL DEFAULT NULL,
  `updated_at` timestamp NULL DEFAULT NULL,
  PRIMARY KEY (`id`)
) ENGINE=InnoDB DEFAULT CHARSET=utf8mb4 COLLATE=utf8mb4_unicode_ci;

--
-- Dumping data for table `company_static_pages`
--


--
-- Table structure for table `company_users`
--

CREATE TABLE `company_users` (
  `id` bigint unsigned NOT NULL AUTO_INCREMENT,
  `company_id` bigint unsigned NOT NULL,
  `user_id` bigint unsigned NOT NULL,
  `status` int NOT NULL DEFAULT '1' COMMENT '0=inactive, 1=active',
  `created_at` timestamp NULL DEFAULT NULL,
  `updated_at` timestamp NULL DEFAULT NULL,
  `deleted_at` timestamp NULL DEFAULT NULL,
  PRIMARY KEY (`id`),
  KEY `company_users_company_id_foreign` (`company_id`),
  KEY `company_users_user_id_foreign` (`user_id`),
  CONSTRAINT `company_users_company_id_foreign` FOREIGN KEY (`company_id`) REFERENCES `companies` (`id`) ON DELETE CASCADE,
  CONSTRAINT `company_users_user_id_foreign` FOREIGN KEY (`user_id`) REFERENCES `users` (`id`) ON DELETE CASCADE
) ENGINE=InnoDB AUTO_INCREMENT=13 DEFAULT CHARSET=utf8mb4 COLLATE=utf8mb4_unicode_ci;

--
-- Dumping data for table `company_users`
--

INSERT INTO `company_users` VALUES (7,7,14,1,'2025-08-05 15:16:01','2025-08-05 15:16:01',NULL),(8,8,15,1,'2025-08-05 16:56:56','2025-08-05 16:56:56',NULL),(9,9,16,1,'2025-08-12 12:25:52','2025-08-12 12:25:52',NULL),(10,10,15,0,'2025-08-19 20:43:26','2025-08-20 06:04:03',NULL),(11,11,20,1,'2025-08-26 13:06:13','2025-08-26 13:06:13',NULL),(12,11,21,1,'2025-08-26 21:03:34','2025-08-26 21:03:34',NULL);

--
-- Table structure for table `company_whatsapp_scans`
--

CREATE TABLE `company_whatsapp_scans` (
  `id` bigint unsigned NOT NULL AUTO_INCREMENT,
  `company_id` int DEFAULT NULL,
  `phone` varchar(191) COLLATE utf8mb4_unicode_ci NOT NULL,
  `created_at` timestamp NULL DEFAULT NULL,
  `updated_at` timestamp NULL DEFAULT NULL,
  `deleted_at` timestamp NULL DEFAULT NULL,
  PRIMARY KEY (`id`)
) ENGINE=InnoDB DEFAULT CHARSET=utf8mb4 COLLATE=utf8mb4_unicode_ci;

--
-- Dumping data for table `company_whatsapp_scans`
--


--
-- Table structure for table `customers`
--

CREATE TABLE `customers` (
  `id` bigint unsigned NOT NULL AUTO_INCREMENT,
  `phone` varchar(191) COLLATE utf8mb4_unicode_ci DEFAULT NULL,
  `first_name` varchar(191) COLLATE utf8mb4_unicode_ci DEFAULT NULL,
  `last_name` varchar(191) COLLATE utf8mb4_unicode_ci DEFAULT NULL,
  `email` varchar(191) COLLATE utf8mb4_unicode_ci DEFAULT NULL,
  `status` int NOT NULL DEFAULT '0' COMMENT '0=pending, 1=sent',
  `created_at` timestamp NULL DEFAULT NULL,
  `updated_at` timestamp NULL DEFAULT NULL,
  `deleted_at` timestamp NULL DEFAULT NULL,
  PRIMARY KEY (`id`)
) ENGINE=InnoDB AUTO_INCREMENT=3 DEFAULT CHARSET=utf8mb4 COLLATE=utf8mb4_unicode_ci;

--
-- Dumping data for table `customers`
--

INSERT INTO `customers` VALUES (1,'+2547222222222',NULL,NULL,NULL,0,'2025-08-11 23:41:45','2025-08-11 23:41:59','2025-08-11 23:41:59'),(2,NULL,NULL,NULL,NULL,0,'2025-08-11 23:43:58','2025-08-26 13:45:45',NULL);

--
-- Table structure for table `director_share_incomes`
--

CREATE TABLE `director_share_incomes` (
  `id` bigint unsigned NOT NULL AUTO_INCREMENT,
  `director_share_id` bigint unsigned NOT NULL,
  `grouped_transaction_id` bigint unsigned NOT NULL,
  `percentage_amount` decimal(8,2) NOT NULL DEFAULT '0.00',
  `amount` decimal(8,2) NOT NULL DEFAULT '0.00',
  `settled_status` int NOT NULL DEFAULT '0' COMMENT '0=pending, 1=sent',
  `created_at` timestamp NULL DEFAULT NULL,
  `updated_at` timestamp NULL DEFAULT NULL,
  `deleted_at` timestamp NULL DEFAULT NULL,
  PRIMARY KEY (`id`),
  KEY `director_share_incomes_director_share_id_foreign` (`director_share_id`),
  KEY `director_share_incomes_grouped_transaction_id_foreign` (`grouped_transaction_id`),
  CONSTRAINT `director_share_incomes_director_share_id_foreign` FOREIGN KEY (`director_share_id`) REFERENCES `director_shares` (`id`) ON DELETE CASCADE,
  CONSTRAINT `director_share_incomes_grouped_transaction_id_foreign` FOREIGN KEY (`grouped_transaction_id`) REFERENCES `grouped_transactions` (`id`) ON DELETE CASCADE
) ENGINE=InnoDB DEFAULT CHARSET=utf8mb4 COLLATE=utf8mb4_unicode_ci;

--
-- Dumping data for table `director_share_incomes`
--


--
-- Table structure for table `director_share_payment_accounts`
--

CREATE TABLE `director_share_payment_accounts` (
  `id` bigint unsigned NOT NULL AUTO_INCREMENT,
  `ref_no` varchar(191) COLLATE utf8mb4_unicode_ci NOT NULL,
  `director_share_id` bigint unsigned NOT NULL,
  `payment_method_id` bigint unsigned NOT NULL,
  `bank_id` bigint unsigned DEFAULT NULL,
  `phone_account_number` varchar(191) COLLATE utf8mb4_unicode_ci DEFAULT NULL,
  `status` int NOT NULL DEFAULT '1' COMMENT '0=inactive, 1=active',
  `created_at` timestamp NULL DEFAULT NULL,
  `updated_at` timestamp NULL DEFAULT NULL,
  `deleted_at` timestamp NULL DEFAULT NULL,
  PRIMARY KEY (`id`),
  KEY `director_share_payment_accounts_director_share_id_foreign` (`director_share_id`),
  KEY `director_share_payment_accounts_payment_method_id_foreign` (`payment_method_id`),
  KEY `director_share_payment_accounts_bank_id_foreign` (`bank_id`),
  CONSTRAINT `director_share_payment_accounts_bank_id_foreign` FOREIGN KEY (`bank_id`) REFERENCES `banks` (`id`) ON DELETE CASCADE,
  CONSTRAINT `director_share_payment_accounts_director_share_id_foreign` FOREIGN KEY (`director_share_id`) REFERENCES `director_shares` (`id`) ON DELETE CASCADE,
  CONSTRAINT `director_share_payment_accounts_payment_method_id_foreign` FOREIGN KEY (`payment_method_id`) REFERENCES `payment_methods` (`id`) ON DELETE CASCADE
) ENGINE=InnoDB DEFAULT CHARSET=utf8mb4 COLLATE=utf8mb4_unicode_ci;

--
-- Dumping data for table `director_share_payment_accounts`
--


--
-- Table structure for table `director_shares`
--

CREATE TABLE `director_shares` (
  `id` bigint unsigned NOT NULL AUTO_INCREMENT,
  `ref_no` varchar(191) COLLATE utf8mb4_unicode_ci NOT NULL,
  `names` varchar(191) COLLATE utf8mb4_unicode_ci NOT NULL,
  `phone` varchar(191) COLLATE utf8mb4_unicode_ci DEFAULT NULL,
  `email` varchar(191) COLLATE utf8mb4_unicode_ci DEFAULT NULL,
  `percentage_amount` decimal(8,2) NOT NULL DEFAULT '0.00',
  `status` int NOT NULL DEFAULT '1',
  `created_at` timestamp NULL DEFAULT NULL,
  `updated_at` timestamp NULL DEFAULT NULL,
  `deleted_at` timestamp NULL DEFAULT NULL,
  PRIMARY KEY (`id`)
) ENGINE=InnoDB AUTO_INCREMENT=4 DEFAULT CHARSET=utf8mb4 COLLATE=utf8mb4_unicode_ci;

--
-- Dumping data for table `director_shares`
--

INSERT INTO `director_shares` VALUES (1,'DS001','Jared Maera','+254716100572','maerajared12@gmail.com',50.00,1,'2025-08-03 19:10:08','2025-08-03 19:10:08',NULL),(2,'DS002','Dennis Bogonko','+254720579706','bogonkomokaya92@gmail.com',30.00,1,'2025-08-03 19:10:08','2025-08-03 19:10:08',NULL),(3,'DS003','Jaem Net','0716327828','info@jaemnet.com',20.00,1,'2025-08-03 19:10:08','2025-08-03 19:10:08',NULL);

--
-- Table structure for table `escrow_transactions`
--

CREATE TABLE `escrow_transactions` (
  `id` bigint unsigned NOT NULL AUTO_INCREMENT,
  `ref_no` varchar(191) COLLATE utf8mb4_unicode_ci NOT NULL,
  `company_id` int DEFAULT NULL,
  `company_router_id` int DEFAULT NULL,
  `payment_mode_id` bigint unsigned NOT NULL,
  `phone_used` varchar(191) COLLATE utf8mb4_unicode_ci DEFAULT NULL,
  `transaction_code` varchar(191) COLLATE utf8mb4_unicode_ci DEFAULT NULL,
  `amount` decimal(8,2) NOT NULL DEFAULT '0.00',
  `checkout_id` varchar(191) COLLATE utf8mb4_unicode_ci DEFAULT NULL,
  `account_number` varchar(191) COLLATE utf8mb4_unicode_ci DEFAULT NULL,
  `created_at` timestamp NULL DEFAULT NULL,
  `updated_at` timestamp NULL DEFAULT NULL,
  `deleted_at` timestamp NULL DEFAULT NULL,
  PRIMARY KEY (`id`),
  KEY `escrow_transactions_payment_mode_id_foreign` (`payment_mode_id`),
  CONSTRAINT `escrow_transactions_payment_mode_id_foreign` FOREIGN KEY (`payment_mode_id`) REFERENCES `payment_modes` (`id`) ON DELETE CASCADE
) ENGINE=InnoDB DEFAULT CHARSET=utf8mb4 COLLATE=utf8mb4_unicode_ci;

--
-- Dumping data for table `escrow_transactions`
--


--
-- Table structure for table `expenses`
--

CREATE TABLE `expenses` (
  `id` bigint unsigned NOT NULL AUTO_INCREMENT,
  `ref_no` varchar(191) COLLATE utf8mb4_unicode_ci NOT NULL,
  `description` longtext COLLATE utf8mb4_unicode_ci NOT NULL,
  `amount` decimal(8,2) NOT NULL DEFAULT '0.00',
  `created_at` timestamp NULL DEFAULT NULL,
  `updated_at` timestamp NULL DEFAULT NULL,
  `deleted_at` timestamp NULL DEFAULT NULL,
  PRIMARY KEY (`id`)
) ENGINE=InnoDB DEFAULT CHARSET=utf8mb4 COLLATE=utf8mb4_unicode_ci;

--
-- Dumping data for table `expenses`
--


--
-- Table structure for table `failed_jobs`
--

CREATE TABLE `failed_jobs` (
  `id` bigint unsigned NOT NULL AUTO_INCREMENT,
  `uuid` varchar(191) COLLATE utf8mb4_unicode_ci NOT NULL,
  `connection` text COLLATE utf8mb4_unicode_ci NOT NULL,
  `queue` text COLLATE utf8mb4_unicode_ci NOT NULL,
  `payload` longtext COLLATE utf8mb4_unicode_ci NOT NULL,
  `exception` longtext COLLATE utf8mb4_unicode_ci NOT NULL,
  `failed_at` timestamp NOT NULL DEFAULT CURRENT_TIMESTAMP,
  PRIMARY KEY (`id`),
  UNIQUE KEY `failed_jobs_uuid_unique` (`uuid`)
) ENGINE=InnoDB DEFAULT CHARSET=utf8mb4 COLLATE=utf8mb4_unicode_ci;

--
-- Dumping data for table `failed_jobs`
--


--
-- Table structure for table `failed_transactions`
--

CREATE TABLE `failed_transactions` (
  `id` bigint unsigned NOT NULL AUTO_INCREMENT,
  `payment_mode_id` bigint unsigned NOT NULL,
  `checkout_id` varchar(191) COLLATE utf8mb4_unicode_ci NOT NULL,
  `description` longtext COLLATE utf8mb4_unicode_ci NOT NULL,
  `created_at` timestamp NULL DEFAULT NULL,
  `updated_at` timestamp NULL DEFAULT NULL,
  PRIMARY KEY (`id`),
  KEY `failed_transactions_payment_mode_id_foreign` (`payment_mode_id`),
  CONSTRAINT `failed_transactions_payment_mode_id_foreign` FOREIGN KEY (`payment_mode_id`) REFERENCES `payment_modes` (`id`) ON DELETE CASCADE
) ENGINE=InnoDB DEFAULT CHARSET=utf8mb4 COLLATE=utf8mb4_unicode_ci;

--
-- Dumping data for table `failed_transactions`
--


--
-- Table structure for table `grouped_transactions`
--

CREATE TABLE `grouped_transactions` (
  `id` bigint unsigned NOT NULL AUTO_INCREMENT,
  `ref_no` varchar(191) COLLATE utf8mb4_unicode_ci NOT NULL,
  `transaction_type` int NOT NULL DEFAULT '1' COMMENT '1=invoice, 2=sms',
  `unit_sms_price` decimal(8,2) NOT NULL DEFAULT '0.00',
  `provider_sms_price` decimal(8,2) NOT NULL DEFAULT '0.00',
  `company_id` bigint unsigned NOT NULL,
  `company_router_id` int DEFAULT NULL,
  `user_id` int DEFAULT NULL,
  `payment_mode_id` bigint unsigned NOT NULL,
  `phone_used` varchar(191) COLLATE utf8mb4_unicode_ci DEFAULT NULL,
  `transaction_code` varchar(191) COLLATE utf8mb4_unicode_ci DEFAULT NULL,
  `amount` decimal(8,2) NOT NULL DEFAULT '0.00',
  `checkout_id` varchar(191) COLLATE utf8mb4_unicode_ci DEFAULT NULL,
  `account_number` varchar(191) COLLATE utf8mb4_unicode_ci DEFAULT NULL,
  `created_at` timestamp NULL DEFAULT NULL,
  `updated_at` timestamp NULL DEFAULT NULL,
  `deleted_at` timestamp NULL DEFAULT NULL,
  PRIMARY KEY (`id`),
  KEY `grouped_transactions_company_id_foreign` (`company_id`),
  KEY `grouped_transactions_payment_mode_id_foreign` (`payment_mode_id`),
  CONSTRAINT `grouped_transactions_company_id_foreign` FOREIGN KEY (`company_id`) REFERENCES `companies` (`id`) ON DELETE CASCADE,
  CONSTRAINT `grouped_transactions_payment_mode_id_foreign` FOREIGN KEY (`payment_mode_id`) REFERENCES `payment_modes` (`id`) ON DELETE CASCADE
) ENGINE=InnoDB DEFAULT CHARSET=utf8mb4 COLLATE=utf8mb4_unicode_ci;

--
-- Dumping data for table `grouped_transactions`
--


--
-- Table structure for table `ip_prefix_lengths`
--

CREATE TABLE `ip_prefix_lengths` (
  `id` bigint unsigned NOT NULL AUTO_INCREMENT,
  `name` varchar(191) COLLATE utf8mb4_unicode_ci NOT NULL,
  `prefix` varchar(191) COLLATE utf8mb4_unicode_ci NOT NULL,
  `created_at` timestamp NULL DEFAULT NULL,
  `updated_at` timestamp NULL DEFAULT NULL,
  `deleted_at` timestamp NULL DEFAULT NULL,
  PRIMARY KEY (`id`)
) ENGINE=InnoDB AUTO_INCREMENT=9 DEFAULT CHARSET=utf8mb4 COLLATE=utf8mb4_unicode_ci;

--
-- Dumping data for table `ip_prefix_lengths`
--

INSERT INTO `ip_prefix_lengths` VALUES (1,'8 (16,777,214 IPs)','8','2025-08-03 19:10:09','2025-08-03 19:10:09',NULL),(2,'12 (1,048,574 IPs)','12','2025-08-03 19:10:09','2025-08-03 19:10:09',NULL),(3,'16 (65,534 IPs)','16','2025-08-03 19:10:09','2025-08-03 19:10:09',NULL),(4,'20 (4,094 IPs)','20','2025-08-03 19:10:09','2025-08-03 19:10:09',NULL),(5,'24 (254 IPs)','24','2025-08-03 19:10:09','2025-08-03 19:10:09',NULL),(6,'28 (14 IPs)','28','2025-08-03 19:10:09','2025-08-03 19:10:09',NULL),(7,'30 (2 IPs)','30','2025-08-03 19:10:09','2025-08-03 19:10:09',NULL),(8,'32 (1 IP)','32','2025-08-03 19:10:09','2025-08-03 19:10:09',NULL);

--
-- Table structure for table `job_batches`
--

CREATE TABLE `job_batches` (
  `id` varchar(191) COLLATE utf8mb4_unicode_ci NOT NULL,
  `name` varchar(191) COLLATE utf8mb4_unicode_ci NOT NULL,
  `total_jobs` int NOT NULL,
  `pending_jobs` int NOT NULL,
  `failed_jobs` int NOT NULL,
  `failed_job_ids` longtext COLLATE utf8mb4_unicode_ci NOT NULL,
  `options` mediumtext COLLATE utf8mb4_unicode_ci,
  `cancelled_at` int DEFAULT NULL,
  `created_at` int NOT NULL,
  `finished_at` int DEFAULT NULL,
  PRIMARY KEY (`id`)
) ENGINE=InnoDB DEFAULT CHARSET=utf8mb4 COLLATE=utf8mb4_unicode_ci;

--
-- Dumping data for table `job_batches`
--


--
-- Table structure for table `jobs`
--

CREATE TABLE `jobs` (
  `id` bigint unsigned NOT NULL AUTO_INCREMENT,
  `queue` varchar(191) COLLATE utf8mb4_unicode_ci NOT NULL,
  `payload` longtext COLLATE utf8mb4_unicode_ci NOT NULL,
  `attempts` tinyint unsigned NOT NULL,
  `reserved_at` int unsigned DEFAULT NULL,
  `available_at` int unsigned NOT NULL,
  `created_at` int unsigned NOT NULL,
  PRIMARY KEY (`id`),
  KEY `jobs_queue_index` (`queue`)
) ENGINE=InnoDB AUTO_INCREMENT=3 DEFAULT CHARSET=utf8mb4 COLLATE=utf8mb4_unicode_ci;

--
-- Dumping data for table `jobs`
--

INSERT INTO `jobs` VALUES (1,'default','{\"uuid\":\"864014d8-f513-419a-9600-d560ff7ae7a8\",\"displayName\":\"App\\\\Jobs\\\\SendMessages\",\"job\":\"Illuminate\\\\Queue\\\\CallQueuedHandler@call\",\"maxTries\":null,\"maxExceptions\":null,\"failOnTimeout\":false,\"backoff\":null,\"timeout\":null,\"retryUntil\":null,\"data\":{\"commandName\":\"App\\\\Jobs\\\\SendMessages\",\"command\":\"O:21:\\\"App\\\\Jobs\\\\SendMessages\\\":2:{s:10:\\\"\\u0000*\\u0000payload\\\";a:6:{s:9:\\\"sessionId\\\";i:0;s:15:\\\"message_mode_id\\\";s:1:\\\"1\\\";s:7:\\\"company\\\";i:0;s:7:\\\"message\\\";s:114:\\\"Dear Ben, your invoice for Aug amounting to Ksh  has been generated. Please pay via paybill -  and account number \\\";s:8:\\\"filename\\\";s:0:\\\"\\\";s:5:\\\"phone\\\";s:7:\\\"0745678\\\";}s:5:\\\"delay\\\";O:13:\\\"Carbon\\\\Carbon\\\":3:{s:4:\\\"date\\\";s:26:\\\"2025-08-12 10:53:44.362541\\\";s:13:\\\"timezone_type\\\";i:3;s:8:\\\"timezone\\\";s:14:\\\"Africa\\/Nairobi\\\";}}\"}}',0,NULL,1754985224,1754985204),(2,'default','{\"uuid\":\"c1587e1d-4d6f-4586-a6fc-24955aded68a\",\"displayName\":\"App\\\\Jobs\\\\SendMessages\",\"job\":\"Illuminate\\\\Queue\\\\CallQueuedHandler@call\",\"maxTries\":null,\"maxExceptions\":null,\"failOnTimeout\":false,\"backoff\":null,\"timeout\":null,\"retryUntil\":null,\"data\":{\"commandName\":\"App\\\\Jobs\\\\SendMessages\",\"command\":\"O:21:\\\"App\\\\Jobs\\\\SendMessages\\\":2:{s:10:\\\"\\u0000*\\u0000payload\\\";a:6:{s:9:\\\"sessionId\\\";i:0;s:15:\\\"message_mode_id\\\";s:1:\\\"1\\\";s:7:\\\"company\\\";i:0;s:7:\\\"message\\\";s:116:\\\"Dear Erick, your invoice for Aug amounting to Ksh  has been generated. Please pay via paybill -  and account number \\\";s:8:\\\"filename\\\";s:0:\\\"\\\";s:5:\\\"phone\\\";s:10:\\\"0763752350\\\";}s:5:\\\"delay\\\";O:13:\\\"Carbon\\\\Carbon\\\":3:{s:4:\\\"date\\\";s:26:\\\"2025-08-12 10:53:44.495011\\\";s:13:\\\"timezone_type\\\";i:3;s:8:\\\"timezone\\\";s:14:\\\"Africa\\/Nairobi\\\";}}\"}}',0,NULL,1754985224,1754985204);

--
-- Table structure for table `message_modes`
--

CREATE TABLE `message_modes` (
  `id` bigint unsigned NOT NULL AUTO_INCREMENT,
  `name` varchar(191) COLLATE utf8mb4_unicode_ci NOT NULL,
  `status` int NOT NULL DEFAULT '1' COMMENT '0=inactive, 1=active',
  `created_at` timestamp NULL DEFAULT NULL,
  `updated_at` timestamp NULL DEFAULT NULL,
  `deleted_at` timestamp NULL DEFAULT NULL,
  PRIMARY KEY (`id`)
) ENGINE=InnoDB AUTO_INCREMENT=4 DEFAULT CHARSET=utf8mb4 COLLATE=utf8mb4_unicode_ci;

--
-- Dumping data for table `message_modes`
--

INSERT INTO `message_modes` VALUES (1,'SMS',1,'2025-08-03 19:10:04','2025-08-03 19:10:04',NULL),(2,'Email',1,'2025-08-03 19:10:04','2025-08-03 19:10:04',NULL),(3,'WhatsApp',1,'2025-08-03 19:10:04','2025-08-03 19:10:04',NULL);

--
-- Table structure for table `migrations`
--

CREATE TABLE `migrations` (
  `id` int unsigned NOT NULL AUTO_INCREMENT,
  `migration` varchar(191) COLLATE utf8mb4_unicode_ci NOT NULL,
  `batch` int NOT NULL,
  PRIMARY KEY (`id`)
) ENGINE=InnoDB AUTO_INCREMENT=79 DEFAULT CHARSET=utf8mb4 COLLATE=utf8mb4_unicode_ci;

--
-- Dumping data for table `migrations`
--

INSERT INTO `migrations` VALUES (1,'0001_01_01_000000_create_users_table',1),(2,'0001_01_01_000001_create_cache_table',1),(3,'0001_01_01_000002_create_jobs_table',1),(4,'2024_12_31_100452_create_permission_tables',1),(5,'2024_12_31_100952_create_companies_table',1),(6,'2024_12_31_100953_create_payment_types_table',1),(7,'2024_12_31_100954_create_transaction_frequencies_table',1),(8,'2024_12_31_101150_create_company_users_table',1),(9,'2024_12_31_101616_create_service_plans_table',1),(10,'2024_12_31_101618_create_plan_validity_types_table',1),(11,'2024_12_31_101619_create_company_routers_table',1),(12,'2024_12_31_101857_create_company_ip_pools_table',1),(13,'2024_12_31_101858_create_company_service_plans_table',1),(14,'2024_12_31_174557_create_user_verification_codes_table',1),(15,'2024_12_31_181637_create_notifications_table',1),(16,'2024_12_31_213650_create_message_modes_table',1),(17,'2024_12_31_221743_create_sms_providers_table',1),(18,'2024_12_31_221919_create_sms_requirements_table',1),(19,'2024_12_31_221940_create_sms_provider_requirements_table',1),(20,'2024_12_31_221957_create_company_sms_providers_table',1),(21,'2024_12_31_222005_create_company_sms_provider_entities_table',1),(22,'2025_01_01_122817_create_company_email_configurations_table',1),(23,'2025_01_01_173315_create_company_customers_table',1),(24,'2025_01_02_125417_create_company_prepaid_vouchers_table',1),(25,'2025_01_03_162401_create_company_prepaid_users_table',1),(26,'2025_01_03_162402_create_payment_modes_table',1),(27,'2025_01_03_163433_create_company_grouped_transactions_table',1),(28,'2025_01_08_121255_create_company_bulk_messages_table',1),(29,'2025_01_08_213530_create_banks_table',1),(30,'2025_01_08_213531_create_payment_methods_table',1),(32,'2025_01_21_025009_create_company_static_pages_table',1),(33,'2025_01_22_020910_create_personal_access_tokens_table',1),(34,'2025_01_22_021305_create_failed_transactions_table',1),(35,'2025_01_22_022710_create_company_customer_service_plans_table',1),(36,'2025_01_22_151114_create_company_customer_invoices_table',1),(37,'2025_01_22_151543_create_company_customer_invoice_payments_table',1),(38,'2025_01_22_230339_create_grouped_transactions_table',1),(39,'2025_01_22_233047_create_company_router_invoices_table',1),(40,'2025_01_22_233054_create_company_router_invoice_payments_table',1),(41,'2025_01_24_174649_create_company_customer_service_plan_previous_debt_payments_table',1),(42,'2025_01_27_232712_create_company_referrals_table',1),(43,'2025_01_28_001754_create_company_referral_payments_table',1),(44,'2025_02_04_180817_create_company_escrow_transactions_table',1),(45,'2025_02_12_105715_create_paid_users_table',1),(46,'2025_02_16_144236_create_company_sms_table',1),(47,'2025_02_16_144254_create_company_sms_usages_table',1),(48,'2025_02_16_144918_create_expenses_table',1),(49,'2025_02_23_220746_create_customers_table',1),(50,'2025_02_24_231040_create_out_messages_table',1),(51,'2025_03_04_160220_create_company_router_interfaces_table',1),(52,'2025_03_08_213801_create_escrow_transactions_table',1),(53,'2025_03_08_213802_create_director_shares_table',1),(54,'2025_03_11_190100_create_outgoing_transactions_table',1),(55,'2025_03_13_115203_create_sms_template_types_table',1),(56,'2025_03_13_115729_create_company_sms_templates_table',1),(57,'2025_03_18_003524_create_company_customer_invoice_notify_rates_table',1),(58,'2025_03_20_010357_create_company_inventories_table',1),(59,'2025_03_20_124540_create_company_whatsapp_scans_table',1),(60,'2025_03_30_212850_create_potential_customers_table',1),(61,'2025_04_02_002642_create_paybill_transactions_table',1),(62,'2025_04_04_041618_create_director_share_incomes_table',1),(63,'2025_05_04_131513_create_b2b_outgoing_transaction_charges_table',1),(64,'2025_05_04_210449_create_outgoing_transaction_entities_table',1),(65,'2025_05_05_120828_create_temporary_grouped_transactions_table',1),(66,'2025_05_06_214708_create_b2c_outgoing_transaction_charges_table',1),(67,'2025_05_22_121943_create_tickets_table',1),(68,'2025_05_23_090344_create_ip_prefix_lengths_table',1),(69,'2025_05_25_122209_add_group_to_permissions_table',1),(70,'2025_06_02_232726_create_director_share_payment_accounts_table',1),(71,'2025_06_08_143800_create_company_router_customers_table',1),(72,'2025_07_04_013141_create_company_customer_service_plan_installation_items_table',1),(73,'2025_07_04_013148_create_company_customer_service_plan_installation_item_payments_table',1),(74,'2025_07_09_032524_create_client_to_be_disconnecteds_table',1),(77,'2025_08_01_223540_create_temporary_transaction_checks_table',2),(78,'2025_01_08_213816_create_company_payment_accounts_table',3);

--
-- Table structure for table `model_has_permissions`
--

CREATE TABLE `model_has_permissions` (
  `permission_id` bigint unsigned NOT NULL,
  `model_type` varchar(191) COLLATE utf8mb4_unicode_ci NOT NULL,
  `model_id` bigint unsigned NOT NULL,
  PRIMARY KEY (`permission_id`,`model_id`,`model_type`),
  KEY `model_has_permissions_model_id_model_type_index` (`model_id`,`model_type`),
  CONSTRAINT `model_has_permissions_permission_id_foreign` FOREIGN KEY (`permission_id`) REFERENCES `permissions` (`id`) ON DELETE CASCADE
) ENGINE=InnoDB DEFAULT CHARSET=utf8mb4 COLLATE=utf8mb4_unicode_ci;

--
-- Dumping data for table `model_has_permissions`
--

INSERT INTO `model_has_permissions` VALUES (1,'App\\Models\\User',2),(1,'App\\Models\\User',3),(1,'App\\Models\\User',4),(1,'App\\Models\\User',5),(1,'App\\Models\\User',6),(1,'App\\Models\\User',7),(1,'App\\Models\\User',8),(1,'App\\Models\\User',9),(1,'App\\Models\\User',10),(1,'App\\Models\\User',11),(1,'App\\Models\\User',12),(1,'App\\Models\\User',13),(1,'App\\Models\\User',14),(1,'App\\Models\\User',15),(1,'App\\Models\\User',16),(1,'App\\Models\\User',17),(1,'App\\Models\\User',18),(1,'App\\Models\\User',19),(1,'App\\Models\\User',20),(1,'App\\Models\\User',21);

--
-- Table structure for table `model_has_roles`
--

CREATE TABLE `model_has_roles` (
  `role_id` bigint unsigned NOT NULL,
  `model_type` varchar(191) COLLATE utf8mb4_unicode_ci NOT NULL,
  `model_id` bigint unsigned NOT NULL,
  PRIMARY KEY (`role_id`,`model_id`,`model_type`),
  KEY `model_has_roles_model_id_model_type_index` (`model_id`,`model_type`),
  CONSTRAINT `model_has_roles_role_id_foreign` FOREIGN KEY (`role_id`) REFERENCES `roles` (`id`) ON DELETE CASCADE
) ENGINE=InnoDB DEFAULT CHARSET=utf8mb4 COLLATE=utf8mb4_unicode_ci;

--
-- Dumping data for table `model_has_roles`
--

INSERT INTO `model_has_roles` VALUES (1,'App\\Models\\User',1),(2,'App\\Models\\User',2),(2,'App\\Models\\User',3),(2,'App\\Models\\User',4),(2,'App\\Models\\User',5),(2,'App\\Models\\User',6),(2,'App\\Models\\User',7),(2,'App\\Models\\User',8),(2,'App\\Models\\User',9),(2,'App\\Models\\User',10),(2,'App\\Models\\User',11),(2,'App\\Models\\User',12),(2,'App\\Models\\User',13),(2,'App\\Models\\User',14),(2,'App\\Models\\User',15),(2,'App\\Models\\User',16),(1,'App\\Models\\User',17),(1,'App\\Models\\User',18),(1,'App\\Models\\User',19),(2,'App\\Models\\User',20),(2,'App\\Models\\User',21);

--
-- Table structure for table `notifications`
--

CREATE TABLE `notifications` (
  `id` bigint unsigned NOT NULL AUTO_INCREMENT,
  `company_id` int DEFAULT NULL,
  `user_id` int DEFAULT NULL,
  `title` varchar(191) COLLATE utf8mb4_unicode_ci NOT NULL,
  `content` longtext COLLATE utf8mb4_unicode_ci NOT NULL,
  `status` int NOT NULL DEFAULT '0' COMMENT '0=pending, 1=read',
  `created_at` timestamp NULL DEFAULT NULL,
  `updated_at` timestamp NULL DEFAULT NULL,
  PRIMARY KEY (`id`)
) ENGINE=InnoDB AUTO_INCREMENT=2005 DEFAULT CHARSET=utf8mb4 COLLATE=utf8mb4_unicode_ci;

--
-- Dumping data for table `notifications`
--

INSERT INTO `notifications` VALUES (1070,8,NULL,'Mikrotik Router Down','⚠️ Hi Erick, your mikrotik router - Ngoni Net 1 is offline. Please check it out.',1,'2025-08-24 22:21:07','2025-08-25 08:19:12'),(1071,8,NULL,'Mikrotik Router Down','⚠️ Hi Erick, your mikrotik router - Ngoni Net 1 is offline. Please check it out.',1,'2025-08-24 22:22:07','2025-08-25 08:19:12'),(1072,8,NULL,'Mikrotik Router Down','⚠️ Hi Erick, your mikrotik router - Ngoni Net 1 is offline. Please check it out.',1,'2025-08-25 05:35:07','2025-08-25 08:19:12'),(1073,8,NULL,'Mikrotik Router Down','⚠️ Hi Erick, your mikrotik router - Ngoni Net 1 is offline. Please check it out.',1,'2025-08-25 05:36:06','2025-08-25 08:19:12'),(1074,8,NULL,'Mikrotik Router Down','⚠️ Hi Erick, your mikrotik router - Ngoni Net 1 is offline. Please check it out.',1,'2025-08-25 05:37:07','2025-08-25 08:19:12'),(1075,8,NULL,'Mikrotik Router Down','⚠️ Hi Erick, your mikrotik router - Ngoni Net 1 is offline. Please check it out.',1,'2025-08-25 05:38:06','2025-08-25 08:19:12'),(1076,8,NULL,'Mikrotik Router Down','⚠️ Hi Erick, your mikrotik router - Ngoni Net 1 is offline. Please check it out.',1,'2025-08-25 05:39:07','2025-08-25 08:19:12'),(1077,8,NULL,'Mikrotik Router Down','⚠️ Hi Erick, your mikrotik router - Ngoni Net 1 is offline. Please check it out.',1,'2025-08-25 11:01:07','2025-08-26 10:33:32'),(1078,8,NULL,'Mikrotik Router Down','⚠️ Hi Erick, your mikrotik router - Ngoni Net 1 is offline. Please check it out.',1,'2025-08-25 11:02:07','2025-08-26 10:57:38'),(1079,8,NULL,'Mikrotik Router Down','⚠️ Hi Erick, your mikrotik router - Ngoni Net 1 is offline. Please check it out.',1,'2025-08-25 11:17:08','2025-08-26 10:57:38'),(1080,8,NULL,'Mikrotik Router Down','⚠️ Hi Erick, your mikrotik router - Ngoni Net 1 is offline. Please check it out.',1,'2025-08-25 22:07:08','2025-08-26 10:57:38'),(1081,8,NULL,'Mikrotik Router Down','⚠️ Hi Erick, your mikrotik router - Ngoni Net 1 is offline. Please check it out.',1,'2025-08-25 22:08:07','2025-08-26 10:57:38'),(1082,8,NULL,'Mikrotik Router Down','⚠️ Hi Erick, your mikrotik router - Ngoni Net 1 is offline. Please check it out.',1,'2025-08-25 22:09:07','2025-08-26 10:57:38'),(1083,8,NULL,'Mikrotik Router Down','⚠️ Hi Erick, your mikrotik router - Ngoni Net 1 is offline. Please check it out.',1,'2025-08-25 22:10:08','2025-08-26 10:57:38'),(1084,8,NULL,'Mikrotik Router Down','⚠️ Hi Erick, your mikrotik router - Ngoni Net 1 is offline. Please check it out.',1,'2025-08-25 22:11:07','2025-08-26 10:57:38'),(1085,8,NULL,'Mikrotik Router Down','⚠️ Hi Erick, your mikrotik router - Ngoni Net 1 is offline. Please check it out.',1,'2025-08-25 22:12:08','2025-08-26 10:57:38'),(1086,8,NULL,'Mikrotik Router Down','⚠️ Hi Erick, your mikrotik router - Ngoni Net 1 is offline. Please check it out.',1,'2025-08-25 22:13:08','2025-08-26 10:57:38'),(1087,8,NULL,'Mikrotik Router Down','⚠️ Hi Erick, your mikrotik router - Ngoni Net 1 is offline. Please check it out.',1,'2025-08-25 22:14:08','2025-08-26 10:57:38'),(1088,8,NULL,'Mikrotik Router Down','⚠️ Hi Erick, your mikrotik router - Ngoni Net 1 is offline. Please check it out.',1,'2025-08-25 22:15:08','2025-08-26 10:57:38'),(1089,8,NULL,'Mikrotik Router Down','⚠️ Hi Erick, your mikrotik router - Ngoni Net 1 is offline. Please check it out.',1,'2025-08-25 22:16:07','2025-08-26 10:57:38'),(1090,8,NULL,'Mikrotik Router Down','⚠️ Hi Erick, your mikrotik router - Ngoni Net 1 is offline. Please check it out.',1,'2025-08-25 22:17:10','2025-08-26 10:57:38'),(1091,8,NULL,'Mikrotik Router Down','⚠️ Hi Erick, your mikrotik router - Ngoni Net 1 is offline. Please check it out.',1,'2025-08-25 22:18:07','2025-08-26 10:57:38'),(1092,8,NULL,'Mikrotik Router Down','⚠️ Hi Erick, your mikrotik router - Ngoni Net 1 is offline. Please check it out.',1,'2025-08-25 22:19:07','2025-08-26 10:57:38'),(1093,8,NULL,'Mikrotik Router Down','⚠️ Hi Erick, your mikrotik router - Ngoni Net 1 is offline. Please check it out.',1,'2025-08-25 22:20:08','2025-08-26 10:57:38'),(1094,8,NULL,'Mikrotik Router Down','⚠️ Hi Erick, your mikrotik router - Ngoni Net 1 is offline. Please check it out.',1,'2025-08-25 22:21:07','2025-08-26 10:57:38'),(1095,8,NULL,'Mikrotik Router Down','⚠️ Hi Erick, your mikrotik router - Ngoni Net 1 is offline. Please check it out.',1,'2025-08-25 22:22:07','2025-08-26 10:57:38'),(1096,8,NULL,'Mikrotik Router Down','⚠️ Hi Erick, your mikrotik router - Ngoni Net 1 is offline. Please check it out.',1,'2025-08-25 22:23:07','2025-08-26 10:57:38'),(1097,8,NULL,'Mikrotik Router Down','⚠️ Hi Erick, your mikrotik router - Ngoni Net 1 is offline. Please check it out.',1,'2025-08-25 22:24:08','2025-08-26 10:57:38'),(1098,8,NULL,'Mikrotik Router Down','⚠️ Hi Erick, your mikrotik router - Ngoni Net 1 is offline. Please check it out.',1,'2025-08-25 22:25:08','2025-08-26 10:57:38'),(1099,8,NULL,'Mikrotik Router Down','⚠️ Hi Erick, your mikrotik router - Ngoni Net 1 is offline. Please check it out.',1,'2025-08-25 22:26:07','2025-08-26 10:57:38'),(1100,8,NULL,'Mikrotik Router Down','⚠️ Hi Erick, your mikrotik router - Ngoni Net 1 is offline. Please check it out.',1,'2025-08-25 22:27:08','2025-08-26 10:57:38'),(1101,8,NULL,'Mikrotik Router Down','⚠️ Hi Erick, your mikrotik router - Ngoni Net 1 is offline. Please check it out.',1,'2025-08-25 22:28:08','2025-08-26 10:57:38'),(1102,8,NULL,'Mikrotik Router Down','⚠️ Hi Erick, your mikrotik router - Ngoni Net 1 is offline. Please check it out.',1,'2025-08-25 22:29:08','2025-08-26 10:57:38'),(1103,8,NULL,'Mikrotik Router Down','⚠️ Hi Erick, your mikrotik router - Ngoni Net 1 is offline. Please check it out.',1,'2025-08-25 22:30:08','2025-08-26 10:57:38'),(1104,8,NULL,'Mikrotik Router Down','⚠️ Hi Erick, your mikrotik router - Ngoni Net 1 is offline. Please check it out.',1,'2025-08-25 22:31:07','2025-08-26 10:57:38'),(1105,8,NULL,'Mikrotik Router Down','⚠️ Hi Erick, your mikrotik router - Ngoni Net 1 is offline. Please check it out.',1,'2025-08-25 22:32:07','2025-08-26 10:57:38'),(1106,8,NULL,'Mikrotik Router Down','⚠️ Hi Erick, your mikrotik router - Ngoni Net 1 is offline. Please check it out.',1,'2025-08-25 22:33:07','2025-08-26 10:57:38'),(1107,8,NULL,'Mikrotik Router Down','⚠️ Hi Erick, your mikrotik router - Ngoni Net 1 is offline. Please check it out.',1,'2025-08-25 22:34:07','2025-08-26 10:57:38'),(1108,8,NULL,'Mikrotik Router Down','⚠️ Hi Erick, your mikrotik router - Ngoni Net 1 is offline. Please check it out.',1,'2025-08-25 22:35:08','2025-08-26 10:57:38'),(1109,8,NULL,'Mikrotik Router Down','⚠️ Hi Erick, your mikrotik router - Ngoni Net 1 is offline. Please check it out.',1,'2025-08-25 22:36:08','2025-08-26 10:57:38'),(1110,8,NULL,'Mikrotik Router Down','⚠️ Hi Erick, your mikrotik router - Ngoni Net 1 is offline. Please check it out.',1,'2025-08-25 22:37:07','2025-08-26 10:57:38'),(1111,8,NULL,'Mikrotik Router Down','⚠️ Hi Erick, your mikrotik router - Ngoni Net 1 is offline. Please check it out.',1,'2025-08-25 22:38:08','2025-08-26 10:57:38'),(1112,8,NULL,'Mikrotik Router Down','⚠️ Hi Erick, your mikrotik router - Ngoni Net 1 is offline. Please check it out.',1,'2025-08-25 22:39:08','2025-08-26 10:57:38'),(1113,8,NULL,'Mikrotik Router Down','⚠️ Hi Erick, your mikrotik router - Ngoni Net 1 is offline. Please check it out.',1,'2025-08-25 22:40:08','2025-08-26 10:57:38'),(1114,8,NULL,'Mikrotik Router Down','⚠️ Hi Erick, your mikrotik router - Ngoni Net 1 is offline. Please check it out.',1,'2025-08-25 22:41:07','2025-08-26 10:57:38'),(1115,8,NULL,'Mikrotik Router Down','⚠️ Hi Erick, your mikrotik router - Ngoni Net 1 is offline. Please check it out.',1,'2025-08-25 22:42:07','2025-08-26 10:57:38'),(1116,8,NULL,'Mikrotik Router Down','⚠️ Hi Erick, your mikrotik router - Ngoni Net 1 is offline. Please check it out.',1,'2025-08-25 22:43:07','2025-08-26 10:57:38'),(1117,8,NULL,'Mikrotik Router Down','⚠️ Hi Erick, your mikrotik router - Ngoni Net 1 is offline. Please check it out.',1,'2025-08-25 22:44:07','2025-08-26 10:57:38'),(1118,8,NULL,'Mikrotik Router Down','⚠️ Hi Erick, your mikrotik router - Ngoni Net 1 is offline. Please check it out.',1,'2025-08-25 22:45:08','2025-08-26 10:57:38'),(1119,8,NULL,'Mikrotik Router Down','⚠️ Hi Erick, your mikrotik router - Ngoni Net 1 is offline. Please check it out.',1,'2025-08-25 22:46:07','2025-08-26 10:57:38'),(1120,8,NULL,'Mikrotik Router Down','⚠️ Hi Erick, your mikrotik router - Ngoni Net 1 is offline. Please check it out.',1,'2025-08-25 22:47:08','2025-08-26 10:57:38'),(1121,8,NULL,'Mikrotik Router Down','⚠️ Hi Erick, your mikrotik router - Ngoni Net 1 is offline. Please check it out.',1,'2025-08-25 22:48:08','2025-08-26 10:57:38'),(1122,8,NULL,'Mikrotik Router Down','⚠️ Hi Erick, your mikrotik router - Ngoni Net 1 is offline. Please check it out.',1,'2025-08-25 22:49:07','2025-08-26 10:57:38'),(1123,8,NULL,'Mikrotik Router Down','⚠️ Hi Erick, your mikrotik router - Ngoni Net 1 is offline. Please check it out.',1,'2025-08-25 22:50:07','2025-08-26 10:57:38'),(1124,8,NULL,'Mikrotik Router Down','⚠️ Hi Erick, your mikrotik router - Ngoni Net 1 is offline. Please check it out.',1,'2025-08-25 22:51:07','2025-08-26 10:57:38'),(1125,8,NULL,'Mikrotik Router Down','⚠️ Hi Erick, your mikrotik router - Ngoni Net 1 is offline. Please check it out.',1,'2025-08-25 22:52:07','2025-08-26 10:57:39'),(1126,8,NULL,'Mikrotik Router Down','⚠️ Hi Erick, your mikrotik router - Ngoni Net 1 is offline. Please check it out.',1,'2025-08-25 22:53:07','2025-08-26 10:57:39'),(1127,8,NULL,'Mikrotik Router Down','⚠️ Hi Erick, your mikrotik router - Ngoni Net 1 is offline. Please check it out.',1,'2025-08-25 22:54:08','2025-08-26 10:57:39'),(1128,8,NULL,'Mikrotik Router Down','⚠️ Hi Erick, your mikrotik router - Ngoni Net 1 is offline. Please check it out.',1,'2025-08-25 22:55:08','2025-08-26 10:57:39'),(1129,8,NULL,'Mikrotik Router Down','⚠️ Hi Erick, your mikrotik router - Ngoni Net 1 is offline. Please check it out.',1,'2025-08-25 22:56:07','2025-08-26 10:57:39'),(1130,8,NULL,'Mikrotik Router Down','⚠️ Hi Erick, your mikrotik router - Ngoni Net 1 is offline. Please check it out.',1,'2025-08-25 22:57:07','2025-08-26 10:57:39'),(1131,8,NULL,'Mikrotik Router Down','⚠️ Hi Erick, your mikrotik router - Ngoni Net 1 is offline. Please check it out.',1,'2025-08-25 22:58:07','2025-08-26 10:57:39'),(1132,8,NULL,'Mikrotik Router Down','⚠️ Hi Erick, your mikrotik router - Ngoni Net 1 is offline. Please check it out.',1,'2025-08-25 22:59:07','2025-08-26 10:57:39'),(1133,8,NULL,'Mikrotik Router Down','⚠️ Hi Erick, your mikrotik router - Ngoni Net 1 is offline. Please check it out.',1,'2025-08-25 23:00:08','2025-08-26 10:57:39'),(1134,8,NULL,'Mikrotik Router Down','⚠️ Hi Erick, your mikrotik router - Ngoni Net 1 is offline. Please check it out.',1,'2025-08-25 23:01:07','2025-08-26 10:57:39'),(1135,8,NULL,'Mikrotik Router Down','⚠️ Hi Erick, your mikrotik router - Ngoni Net 1 is offline. Please check it out.',1,'2025-08-25 23:02:07','2025-08-26 10:57:39'),(1136,8,NULL,'Mikrotik Router Down','⚠️ Hi Erick, your mikrotik router - Ngoni Net 1 is offline. Please check it out.',1,'2025-08-25 23:03:07','2025-08-26 10:57:39'),(1137,8,NULL,'Mikrotik Router Down','⚠️ Hi Erick, your mikrotik router - Ngoni Net 1 is offline. Please check it out.',1,'2025-08-25 23:04:07','2025-08-26 10:57:39'),(1138,8,NULL,'Mikrotik Router Down','⚠️ Hi Erick, your mikrotik router - Ngoni Net 1 is offline. Please check it out.',1,'2025-08-25 23:05:07','2025-08-26 10:57:39'),(1139,8,NULL,'Mikrotik Router Down','⚠️ Hi Erick, your mikrotik router - Ngoni Net 1 is offline. Please check it out.',1,'2025-08-25 23:06:08','2025-08-26 10:57:39'),(1140,8,NULL,'Mikrotik Router Down','⚠️ Hi Erick, your mikrotik router - Ngoni Net 1 is offline. Please check it out.',1,'2025-08-25 23:07:08','2025-08-26 10:57:39'),(1141,8,NULL,'Mikrotik Router Down','⚠️ Hi Erick, your mikrotik router - Ngoni Net 1 is offline. Please check it out.',1,'2025-08-25 23:08:08','2025-08-26 10:57:39'),(1142,8,NULL,'Mikrotik Router Down','⚠️ Hi Erick, your mikrotik router - Ngoni Net 1 is offline. Please check it out.',1,'2025-08-25 23:09:08','2025-08-26 10:57:39'),(1143,8,NULL,'Mikrotik Router Down','⚠️ Hi Erick, your mikrotik router - Ngoni Net 1 is offline. Please check it out.',1,'2025-08-25 23:10:07','2025-08-26 10:57:39'),(1144,8,NULL,'Mikrotik Router Down','⚠️ Hi Erick, your mikrotik router - Ngoni Net 1 is offline. Please check it out.',1,'2025-08-25 23:11:08','2025-08-26 10:57:39'),(1145,8,NULL,'Mikrotik Router Down','⚠️ Hi Erick, your mikrotik router - Ngoni Net 1 is offline. Please check it out.',1,'2025-08-25 23:12:07','2025-08-26 10:57:39'),(1146,8,NULL,'Mikrotik Router Down','⚠️ Hi Erick, your mikrotik router - Ngoni Net 1 is offline. Please check it out.',1,'2025-08-25 23:13:07','2025-08-26 10:57:39'),(1147,8,NULL,'Mikrotik Router Down','⚠️ Hi Erick, your mikrotik router - Ngoni Net 1 is offline. Please check it out.',1,'2025-08-25 23:14:07','2025-08-26 10:57:39'),(1148,8,NULL,'Mikrotik Router Down','⚠️ Hi Erick, your mikrotik router - Ngoni Net 1 is offline. Please check it out.',1,'2025-08-25 23:15:08','2025-08-26 10:57:39'),(1149,8,NULL,'Mikrotik Router Down','⚠️ Hi Erick, your mikrotik router - Ngoni Net 1 is offline. Please check it out.',1,'2025-08-25 23:16:08','2025-08-26 10:57:39'),(1150,8,NULL,'Mikrotik Router Down','⚠️ Hi Erick, your mikrotik router - Ngoni Net 1 is offline. Please check it out.',1,'2025-08-25 23:17:10','2025-08-26 10:57:39'),(1151,8,NULL,'Mikrotik Router Down','⚠️ Hi Erick, your mikrotik router - Ngoni Net 1 is offline. Please check it out.',1,'2025-08-25 23:18:07','2025-08-26 10:57:39'),(1152,8,NULL,'Mikrotik Router Down','⚠️ Hi Erick, your mikrotik router - Ngoni Net 1 is offline. Please check it out.',1,'2025-08-25 23:19:07','2025-08-26 10:57:39'),(1153,8,NULL,'Mikrotik Router Down','⚠️ Hi Erick, your mikrotik router - Ngoni Net 1 is offline. Please check it out.',1,'2025-08-25 23:20:07','2025-08-26 10:57:39'),(1154,8,NULL,'Mikrotik Router Down','⚠️ Hi Erick, your mikrotik router - Ngoni Net 1 is offline. Please check it out.',1,'2025-08-25 23:21:07','2025-08-26 10:57:39'),(1155,8,NULL,'Mikrotik Router Down','⚠️ Hi Erick, your mikrotik router - Ngoni Net 1 is offline. Please check it out.',1,'2025-08-25 23:22:07','2025-08-26 10:57:39'),(1156,8,NULL,'Mikrotik Router Down','⚠️ Hi Erick, your mikrotik router - Ngoni Net 1 is offline. Please check it out.',1,'2025-08-25 23:23:07','2025-08-26 10:57:39'),(1157,8,NULL,'Mikrotik Router Down','⚠️ Hi Erick, your mikrotik router - Ngoni Net 1 is offline. Please check it out.',1,'2025-08-25 23:24:08','2025-08-26 10:57:39'),(1158,8,NULL,'Mikrotik Router Down','⚠️ Hi Erick, your mikrotik router - Ngoni Net 1 is offline. Please check it out.',1,'2025-08-25 23:25:08','2025-08-26 10:57:39'),(1159,8,NULL,'Mikrotik Router Down','⚠️ Hi Erick, your mikrotik router - Ngoni Net 1 is offline. Please check it out.',1,'2025-08-25 23:26:08','2025-08-26 10:57:39'),(1160,8,NULL,'Mikrotik Router Down','⚠️ Hi Erick, your mikrotik router - Ngoni Net 1 is offline. Please check it out.',1,'2025-08-25 23:27:08','2025-08-26 10:57:39'),(1161,8,NULL,'Mikrotik Router Down','⚠️ Hi Erick, your mikrotik router - Ngoni Net 1 is offline. Please check it out.',1,'2025-08-25 23:28:07','2025-08-26 10:57:39'),(1162,8,NULL,'Mikrotik Router Down','⚠️ Hi Erick, your mikrotik router - Ngoni Net 1 is offline. Please check it out.',1,'2025-08-25 23:29:07','2025-08-26 10:57:39'),(1163,8,NULL,'Mikrotik Router Down','⚠️ Hi Erick, your mikrotik router - Ngoni Net 1 is offline. Please check it out.',1,'2025-08-25 23:30:07','2025-08-26 10:57:39'),(1164,8,NULL,'Mikrotik Router Down','⚠️ Hi Erick, your mikrotik router - Ngoni Net 1 is offline. Please check it out.',1,'2025-08-25 23:31:07','2025-08-26 10:57:39'),(1165,8,NULL,'Mikrotik Router Down','⚠️ Hi Erick, your mikrotik router - Ngoni Net 1 is offline. Please check it out.',1,'2025-08-25 23:32:07','2025-08-26 10:57:39'),(1166,8,NULL,'Mikrotik Router Down','⚠️ Hi Erick, your mikrotik router - Ngoni Net 1 is offline. Please check it out.',1,'2025-08-25 23:33:07','2025-08-26 10:57:39'),(1167,8,NULL,'Mikrotik Router Down','⚠️ Hi Erick, your mikrotik router - Ngoni Net 1 is offline. Please check it out.',1,'2025-08-25 23:34:07','2025-08-26 10:57:39'),(1168,8,NULL,'Mikrotik Router Down','⚠️ Hi Erick, your mikrotik router - Ngoni Net 1 is offline. Please check it out.',1,'2025-08-25 23:35:07','2025-08-26 10:57:39'),(1169,8,NULL,'Mikrotik Router Down','⚠️ Hi Erick, your mikrotik router - Ngoni Net 1 is offline. Please check it out.',1,'2025-08-25 23:36:07','2025-08-26 10:57:39'),(1170,8,NULL,'Mikrotik Router Down','⚠️ Hi Erick, your mikrotik router - Ngoni Net 1 is offline. Please check it out.',1,'2025-08-25 23:37:07','2025-08-26 10:57:39'),(1171,8,NULL,'Mikrotik Router Down','⚠️ Hi Erick, your mikrotik router - Ngoni Net 1 is offline. Please check it out.',1,'2025-08-25 23:38:08','2025-08-26 10:57:39'),(1172,8,NULL,'Mikrotik Router Down','⚠️ Hi Erick, your mikrotik router - Ngoni Net 1 is offline. Please check it out.',1,'2025-08-25 23:39:08','2025-08-26 10:57:39'),(1173,8,NULL,'Mikrotik Router Down','⚠️ Hi Erick, your mikrotik router - Ngoni Net 1 is offline. Please check it out.',1,'2025-08-25 23:40:08','2025-08-26 10:57:39'),(1174,8,NULL,'Mikrotik Router Down','⚠️ Hi Erick, your mikrotik router - Ngoni Net 1 is offline. Please check it out.',1,'2025-08-25 23:41:07','2025-08-26 10:57:39'),(1175,8,NULL,'Mikrotik Router Down','⚠️ Hi Erick, your mikrotik router - Ngoni Net 1 is offline. Please check it out.',1,'2025-08-25 23:42:07','2025-08-26 10:57:39'),(1176,8,NULL,'Mikrotik Router Down','⚠️ Hi Erick, your mikrotik router - Ngoni Net 1 is offline. Please check it out.',1,'2025-08-25 23:43:07','2025-08-26 10:57:39'),(1177,8,NULL,'Mikrotik Router Down','⚠️ Hi Erick, your mikrotik router - Ngoni Net 1 is offline. Please check it out.',1,'2025-08-25 23:44:07','2025-08-26 10:57:39'),(1178,8,NULL,'Mikrotik Router Down','⚠️ Hi Erick, your mikrotik router - Ngoni Net 1 is offline. Please check it out.',1,'2025-08-25 23:45:07','2025-08-26 10:57:39'),(1179,8,NULL,'Mikrotik Router Down','⚠️ Hi Erick, your mikrotik router - Ngoni Net 1 is offline. Please check it out.',1,'2025-08-25 23:46:07','2025-08-26 10:57:39'),(1180,8,NULL,'Mikrotik Router Down','⚠️ Hi Erick, your mikrotik router - Ngoni Net 1 is offline. Please check it out.',1,'2025-08-25 23:47:07','2025-08-26 10:57:39'),(1181,8,NULL,'Mikrotik Router Down','⚠️ Hi Erick, your mikrotik router - Ngoni Net 1 is offline. Please check it out.',1,'2025-08-25 23:48:07','2025-08-26 10:57:39'),(1182,8,NULL,'Mikrotik Router Down','⚠️ Hi Erick, your mikrotik router - Ngoni Net 1 is offline. Please check it out.',1,'2025-08-25 23:49:07','2025-08-26 10:57:39'),(1183,8,NULL,'Mikrotik Router Down','⚠️ Hi Erick, your mikrotik router - Ngoni Net 1 is offline. Please check it out.',1,'2025-08-25 23:50:07','2025-08-26 10:57:39'),(1184,8,NULL,'Mikrotik Router Down','⚠️ Hi Erick, your mikrotik router - Ngoni Net 1 is offline. Please check it out.',1,'2025-08-25 23:51:07','2025-08-26 10:57:39'),(1185,8,NULL,'Mikrotik Router Down','⚠️ Hi Erick, your mikrotik router - Ngoni Net 1 is offline. Please check it out.',1,'2025-08-25 23:52:07','2025-08-26 10:57:39'),(1186,8,NULL,'Mikrotik Router Down','⚠️ Hi Erick, your mikrotik router - Ngoni Net 1 is offline. Please check it out.',1,'2025-08-25 23:53:07','2025-08-26 10:57:39'),(1187,8,NULL,'Mikrotik Router Down','⚠️ Hi Erick, your mikrotik router - Ngoni Net 1 is offline. Please check it out.',1,'2025-08-25 23:54:07','2025-08-26 10:57:39'),(1188,8,NULL,'Mikrotik Router Down','⚠️ Hi Erick, your mikrotik router - Ngoni Net 1 is offline. Please check it out.',1,'2025-08-25 23:55:07','2025-08-26 10:57:39'),(1189,8,NULL,'Mikrotik Router Down','⚠️ Hi Erick, your mikrotik router - Ngoni Net 1 is offline. Please check it out.',1,'2025-08-25 23:56:07','2025-08-26 10:57:39'),(1190,8,NULL,'Mikrotik Router Down','⚠️ Hi Erick, your mikrotik router - Ngoni Net 1 is offline. Please check it out.',1,'2025-08-25 23:57:07','2025-08-26 10:57:39'),(1191,8,NULL,'Mikrotik Router Down','⚠️ Hi Erick, your mikrotik router - Ngoni Net 1 is offline. Please check it out.',1,'2025-08-25 23:58:07','2025-08-26 10:57:39'),(1192,8,NULL,'Mikrotik Router Down','⚠️ Hi Erick, your mikrotik router - Ngoni Net 1 is offline. Please check it out.',1,'2025-08-25 23:59:07','2025-08-26 10:57:39'),(1193,8,NULL,'Mikrotik Router Down','⚠️ Hi Erick, your mikrotik router - Ngoni Net 1 is offline. Please check it out.',1,'2025-08-26 00:00:08','2025-08-26 10:57:39'),(1194,8,NULL,'Mikrotik Router Down','⚠️ Hi Erick, your mikrotik router - Ngoni Net 1 is offline. Please check it out.',1,'2025-08-26 00:01:07','2025-08-26 10:57:39'),(1195,8,NULL,'Mikrotik Router Down','⚠️ Hi Erick, your mikrotik router - Ngoni Net 1 is offline. Please check it out.',1,'2025-08-26 00:02:07','2025-08-26 10:57:39'),(1196,8,NULL,'Mikrotik Router Down','⚠️ Hi Erick, your mikrotik router - Ngoni Net 1 is offline. Please check it out.',1,'2025-08-26 00:03:07','2025-08-26 10:57:40'),(1197,8,NULL,'Mikrotik Router Down','⚠️ Hi Erick, your mikrotik router - Ngoni Net 1 is offline. Please check it out.',1,'2025-08-26 00:04:07','2025-08-26 10:57:40'),(1198,8,NULL,'Mikrotik Router Down','⚠️ Hi Erick, your mikrotik router - Ngoni Net 1 is offline. Please check it out.',1,'2025-08-26 00:05:07','2025-08-26 10:57:40'),(1199,8,NULL,'Mikrotik Router Down','⚠️ Hi Erick, your mikrotik router - Ngoni Net 1 is offline. Please check it out.',1,'2025-08-26 00:06:08','2025-08-26 10:57:40'),(1200,8,NULL,'Mikrotik Router Down','⚠️ Hi Erick, your mikrotik router - Ngoni Net 1 is offline. Please check it out.',1,'2025-08-26 00:07:07','2025-08-26 10:57:40'),(1201,8,NULL,'Mikrotik Router Down','⚠️ Hi Erick, your mikrotik router - Ngoni Net 1 is offline. Please check it out.',1,'2025-08-26 00:08:07','2025-08-26 10:57:40'),(1202,8,NULL,'Mikrotik Router Down','⚠️ Hi Erick, your mikrotik router - Ngoni Net 1 is offline. Please check it out.',1,'2025-08-26 00:09:07','2025-08-26 10:57:40'),(1203,8,NULL,'Mikrotik Router Down','⚠️ Hi Erick, your mikrotik router - Ngoni Net 1 is offline. Please check it out.',1,'2025-08-26 00:10:07','2025-08-26 10:57:40'),(1204,8,NULL,'Mikrotik Router Down','⚠️ Hi Erick, your mikrotik router - Ngoni Net 1 is offline. Please check it out.',1,'2025-08-26 00:11:07','2025-08-26 10:57:40'),(1205,8,NULL,'Mikrotik Router Down','⚠️ Hi Erick, your mikrotik router - Ngoni Net 1 is offline. Please check it out.',1,'2025-08-26 00:12:07','2025-08-26 10:57:40'),(1206,8,NULL,'Mikrotik Router Down','⚠️ Hi Erick, your mikrotik router - Ngoni Net 1 is offline. Please check it out.',1,'2025-08-26 00:13:07','2025-08-26 10:57:40'),(1207,8,NULL,'Mikrotik Router Down','⚠️ Hi Erick, your mikrotik router - Ngoni Net 1 is offline. Please check it out.',1,'2025-08-26 00:14:07','2025-08-26 10:57:40'),(1208,8,NULL,'Mikrotik Router Down','⚠️ Hi Erick, your mikrotik router - Ngoni Net 1 is offline. Please check it out.',1,'2025-08-26 00:15:08','2025-08-26 10:57:40'),(1209,8,NULL,'Mikrotik Router Down','⚠️ Hi Erick, your mikrotik router - Ngoni Net 1 is offline. Please check it out.',1,'2025-08-26 00:16:08','2025-08-26 10:57:40'),(1210,8,NULL,'Mikrotik Router Down','⚠️ Hi Erick, your mikrotik router - Ngoni Net 1 is offline. Please check it out.',1,'2025-08-26 00:17:09','2025-08-26 10:57:40'),(1211,8,NULL,'Mikrotik Router Down','⚠️ Hi Erick, your mikrotik router - Ngoni Net 1 is offline. Please check it out.',1,'2025-08-26 00:18:07','2025-08-26 10:57:40'),(1212,8,NULL,'Mikrotik Router Down','⚠️ Hi Erick, your mikrotik router - Ngoni Net 1 is offline. Please check it out.',1,'2025-08-26 00:19:07','2025-08-26 10:57:40'),(1213,8,NULL,'Mikrotik Router Down','⚠️ Hi Erick, your mikrotik router - Ngoni Net 1 is offline. Please check it out.',1,'2025-08-26 00:20:07','2025-08-26 10:57:40'),(1214,8,NULL,'Mikrotik Router Down','⚠️ Hi Erick, your mikrotik router - Ngoni Net 1 is offline. Please check it out.',1,'2025-08-26 00:21:07','2025-08-26 10:57:40'),(1215,8,NULL,'Mikrotik Router Down','⚠️ Hi Erick, your mikrotik router - Ngoni Net 1 is offline. Please check it out.',1,'2025-08-26 00:22:07','2025-08-26 10:57:40'),(1216,8,NULL,'Mikrotik Router Down','⚠️ Hi Erick, your mikrotik router - Ngoni Net 1 is offline. Please check it out.',1,'2025-08-26 00:23:07','2025-08-26 10:57:40'),(1217,8,NULL,'Mikrotik Router Down','⚠️ Hi Erick, your mikrotik router - Ngoni Net 1 is offline. Please check it out.',1,'2025-08-26 00:24:07','2025-08-26 10:57:40'),(1218,8,NULL,'Mikrotik Router Down','⚠️ Hi Erick, your mikrotik router - Ngoni Net 1 is offline. Please check it out.',1,'2025-08-26 00:25:08','2025-08-26 10:57:40'),(1219,8,NULL,'Mikrotik Router Down','⚠️ Hi Erick, your mikrotik router - Ngoni Net 1 is offline. Please check it out.',1,'2025-08-26 00:26:07','2025-08-26 10:57:40'),(1220,8,NULL,'Mikrotik Router Down','⚠️ Hi Erick, your mikrotik router - Ngoni Net 1 is offline. Please check it out.',1,'2025-08-26 00:27:07','2025-08-26 10:57:40'),(1221,8,NULL,'Mikrotik Router Down','⚠️ Hi Erick, your mikrotik router - Ngoni Net 1 is offline. Please check it out.',1,'2025-08-26 00:28:07','2025-08-26 10:57:40'),(1222,8,NULL,'Mikrotik Router Down','⚠️ Hi Erick, your mikrotik router - Ngoni Net 1 is offline. Please check it out.',1,'2025-08-26 00:29:07','2025-08-26 10:57:40'),(1223,8,NULL,'Mikrotik Router Down','⚠️ Hi Erick, your mikrotik router - Ngoni Net 1 is offline. Please check it out.',1,'2025-08-26 00:30:08','2025-08-26 10:57:40'),(1224,8,NULL,'Mikrotik Router Down','⚠️ Hi Erick, your mikrotik router - Ngoni Net 1 is offline. Please check it out.',1,'2025-08-26 00:31:07','2025-08-26 10:57:40'),(1225,8,NULL,'Mikrotik Router Down','⚠️ Hi Erick, your mikrotik router - Ngoni Net 1 is offline. Please check it out.',1,'2025-08-26 00:32:07','2025-08-26 10:57:40'),(1226,8,NULL,'Mikrotik Router Down','⚠️ Hi Erick, your mikrotik router - Ngoni Net 1 is offline. Please check it out.',1,'2025-08-26 00:33:07','2025-08-26 10:57:40'),(1227,8,NULL,'Mikrotik Router Down','⚠️ Hi Erick, your mikrotik router - Ngoni Net 1 is offline. Please check it out.',1,'2025-08-26 00:34:07','2025-08-26 10:57:40'),(1228,8,NULL,'Mikrotik Router Down','⚠️ Hi Erick, your mikrotik router - Ngoni Net 1 is offline. Please check it out.',1,'2025-08-26 00:35:08','2025-08-26 10:57:40'),(1229,8,NULL,'Mikrotik Router Down','⚠️ Hi Erick, your mikrotik router - Ngoni Net 1 is offline. Please check it out.',1,'2025-08-26 00:36:07','2025-08-26 10:57:40'),(1230,8,NULL,'Mikrotik Router Down','⚠️ Hi Erick, your mikrotik router - Ngoni Net 1 is offline. Please check it out.',1,'2025-08-26 00:37:07','2025-08-26 10:57:40'),(1231,8,NULL,'Mikrotik Router Down','⚠️ Hi Erick, your mikrotik router - Ngoni Net 1 is offline. Please check it out.',1,'2025-08-26 00:38:07','2025-08-26 10:57:40'),(1232,8,NULL,'Mikrotik Router Down','⚠️ Hi Erick, your mikrotik router - Ngoni Net 1 is offline. Please check it out.',1,'2025-08-26 00:39:07','2025-08-26 10:57:40'),(1233,8,NULL,'Mikrotik Router Down','⚠️ Hi Erick, your mikrotik router - Ngoni Net 1 is offline. Please check it out.',1,'2025-08-26 00:40:07','2025-08-26 10:57:40'),(1234,8,NULL,'Mikrotik Router Down','⚠️ Hi Erick, your mikrotik router - Ngoni Net 1 is offline. Please check it out.',1,'2025-08-26 00:41:07','2025-08-26 10:57:40'),(1235,8,NULL,'Mikrotik Router Down','⚠️ Hi Erick, your mikrotik router - Ngoni Net 1 is offline. Please check it out.',1,'2025-08-26 00:42:07','2025-08-26 10:57:40'),(1236,8,NULL,'Mikrotik Router Down','⚠️ Hi Erick, your mikrotik router - Ngoni Net 1 is offline. Please check it out.',1,'2025-08-26 00:43:07','2025-08-26 10:57:40'),(1237,8,NULL,'Mikrotik Router Down','⚠️ Hi Erick, your mikrotik router - Ngoni Net 1 is offline. Please check it out.',1,'2025-08-26 00:44:07','2025-08-26 10:57:40'),(1238,8,NULL,'Mikrotik Router Down','⚠️ Hi Erick, your mikrotik router - Ngoni Net 1 is offline. Please check it out.',1,'2025-08-26 00:45:07','2025-08-26 10:57:40'),(1239,8,NULL,'Mikrotik Router Down','⚠️ Hi Erick, your mikrotik router - Ngoni Net 1 is offline. Please check it out.',1,'2025-08-26 00:46:07','2025-08-26 10:57:40'),(1240,8,NULL,'Mikrotik Router Down','⚠️ Hi Erick, your mikrotik router - Ngoni Net 1 is offline. Please check it out.',1,'2025-08-26 00:47:07','2025-08-26 10:57:40'),(1241,8,NULL,'Mikrotik Router Down','⚠️ Hi Erick, your mikrotik router - Ngoni Net 1 is offline. Please check it out.',1,'2025-08-26 00:48:08','2025-08-26 10:57:40'),(1242,8,NULL,'Mikrotik Router Down','⚠️ Hi Erick, your mikrotik router - Ngoni Net 1 is offline. Please check it out.',1,'2025-08-26 00:49:07','2025-08-26 10:57:40'),(1243,8,NULL,'Mikrotik Router Down','⚠️ Hi Erick, your mikrotik router - Ngoni Net 1 is offline. Please check it out.',1,'2025-08-26 00:50:07','2025-08-26 10:57:40'),(1244,8,NULL,'Mikrotik Router Down','⚠️ Hi Erick, your mikrotik router - Ngoni Net 1 is offline. Please check it out.',1,'2025-08-26 00:51:07','2025-08-26 10:57:40'),(1245,8,NULL,'Mikrotik Router Down','⚠️ Hi Erick, your mikrotik router - Ngoni Net 1 is offline. Please check it out.',1,'2025-08-26 00:52:07','2025-08-26 10:57:40'),(1246,8,NULL,'Mikrotik Router Down','⚠️ Hi Erick, your mikrotik router - Ngoni Net 1 is offline. Please check it out.',1,'2025-08-26 00:53:07','2025-08-26 10:57:40'),(1247,8,NULL,'Mikrotik Router Down','⚠️ Hi Erick, your mikrotik router - Ngoni Net 1 is offline. Please check it out.',1,'2025-08-26 00:54:07','2025-08-26 10:57:40'),(1248,8,NULL,'Mikrotik Router Down','⚠️ Hi Erick, your mikrotik router - Ngoni Net 1 is offline. Please check it out.',1,'2025-08-26 00:55:07','2025-08-26 10:57:40'),(1249,8,NULL,'Mikrotik Router Down','⚠️ Hi Erick, your mikrotik router - Ngoni Net 1 is offline. Please check it out.',1,'2025-08-26 00:56:08','2025-08-26 10:57:40'),(1250,8,NULL,'Mikrotik Router Down','⚠️ Hi Erick, your mikrotik router - Ngoni Net 1 is offline. Please check it out.',1,'2025-08-26 00:57:07','2025-08-26 10:57:40'),(1251,8,NULL,'Mikrotik Router Down','⚠️ Hi Erick, your mikrotik router - Ngoni Net 1 is offline. Please check it out.',1,'2025-08-26 00:58:07','2025-08-26 10:57:40'),(1252,8,NULL,'Mikrotik Router Down','⚠️ Hi Erick, your mikrotik router - Ngoni Net 1 is offline. Please check it out.',1,'2025-08-26 00:59:07','2025-08-26 10:57:40'),(1253,8,NULL,'Mikrotik Router Down','⚠️ Hi Erick, your mikrotik router - Ngoni Net 1 is offline. Please check it out.',1,'2025-08-26 01:00:07','2025-08-26 10:57:40'),(1254,8,NULL,'Mikrotik Router Down','⚠️ Hi Erick, your mikrotik router - Ngoni Net 1 is offline. Please check it out.',1,'2025-08-26 01:01:07','2025-08-26 10:57:40'),(1255,8,NULL,'Mikrotik Router Down','⚠️ Hi Erick, your mikrotik router - Ngoni Net 1 is offline. Please check it out.',1,'2025-08-26 01:02:07','2025-08-26 10:57:40'),(1256,8,NULL,'Mikrotik Router Down','⚠️ Hi Erick, your mikrotik router - Ngoni Net 1 is offline. Please check it out.',1,'2025-08-26 01:03:07','2025-08-26 10:57:40'),(1257,8,NULL,'Mikrotik Router Down','⚠️ Hi Erick, your mikrotik router - Ngoni Net 1 is offline. Please check it out.',1,'2025-08-26 01:04:07','2025-08-26 10:57:40'),(1258,8,NULL,'Mikrotik Router Down','⚠️ Hi Erick, your mikrotik router - Ngoni Net 1 is offline. Please check it out.',1,'2025-08-26 01:05:07','2025-08-26 10:57:40'),(1259,8,NULL,'Mikrotik Router Down','⚠️ Hi Erick, your mikrotik router - Ngoni Net 1 is offline. Please check it out.',1,'2025-08-26 01:06:07','2025-08-26 10:57:40'),(1260,8,NULL,'Mikrotik Router Down','⚠️ Hi Erick, your mikrotik router - Ngoni Net 1 is offline. Please check it out.',1,'2025-08-26 01:07:07','2025-08-26 10:57:40'),(1261,8,NULL,'Mikrotik Router Down','⚠️ Hi Erick, your mikrotik router - Ngoni Net 1 is offline. Please check it out.',1,'2025-08-26 01:08:08','2025-08-26 10:57:40'),(1262,8,NULL,'Mikrotik Router Down','⚠️ Hi Erick, your mikrotik router - Ngoni Net 1 is offline. Please check it out.',1,'2025-08-26 01:09:08','2025-08-26 10:57:40'),(1263,8,NULL,'Mikrotik Router Down','⚠️ Hi Erick, your mikrotik router - Ngoni Net 1 is offline. Please check it out.',1,'2025-08-26 01:10:07','2025-08-26 10:57:40'),(1264,8,NULL,'Mikrotik Router Down','⚠️ Hi Erick, your mikrotik router - Ngoni Net 1 is offline. Please check it out.',1,'2025-08-26 01:11:07','2025-08-26 10:57:40'),(1265,8,NULL,'Mikrotik Router Down','⚠️ Hi Erick, your mikrotik router - Ngoni Net 1 is offline. Please check it out.',1,'2025-08-26 01:12:07','2025-08-26 10:57:40'),(1266,8,NULL,'Mikrotik Router Down','⚠️ Hi Erick, your mikrotik router - Ngoni Net 1 is offline. Please check it out.',1,'2025-08-26 01:13:07','2025-08-26 10:57:40'),(1267,8,NULL,'Mikrotik Router Down','⚠️ Hi Erick, your mikrotik router - Ngoni Net 1 is offline. Please check it out.',1,'2025-08-26 01:14:07','2025-08-26 10:57:40'),(1268,8,NULL,'Mikrotik Router Down','⚠️ Hi Erick, your mikrotik router - Ngoni Net 1 is offline. Please check it out.',1,'2025-08-26 01:15:07','2025-08-26 10:57:40'),(1269,8,NULL,'Mikrotik Router Down','⚠️ Hi Erick, your mikrotik router - Ngoni Net 1 is offline. Please check it out.',1,'2025-08-26 01:16:07','2025-08-26 10:57:40'),(1270,8,NULL,'Mikrotik Router Down','⚠️ Hi Erick, your mikrotik router - Ngoni Net 1 is offline. Please check it out.',1,'2025-08-26 01:17:09','2025-08-26 10:57:40'),(1271,8,NULL,'Mikrotik Router Down','⚠️ Hi Erick, your mikrotik router - Ngoni Net 1 is offline. Please check it out.',1,'2025-08-26 01:18:08','2025-08-26 10:57:40'),(1272,8,NULL,'Mikrotik Router Down','⚠️ Hi Erick, your mikrotik router - Ngoni Net 1 is offline. Please check it out.',1,'2025-08-26 01:19:08','2025-08-26 10:57:40'),(1273,8,NULL,'Mikrotik Router Down','⚠️ Hi Erick, your mikrotik router - Ngoni Net 1 is offline. Please check it out.',1,'2025-08-26 01:20:08','2025-08-26 10:57:40'),(1274,8,NULL,'Mikrotik Router Down','⚠️ Hi Erick, your mikrotik router - Ngoni Net 1 is offline. Please check it out.',1,'2025-08-26 01:21:09','2025-08-26 10:57:40'),(1275,8,NULL,'Mikrotik Router Down','⚠️ Hi Erick, your mikrotik router - Ngoni Net 1 is offline. Please check it out.',1,'2025-08-26 01:22:08','2025-08-26 10:57:40'),(1276,8,NULL,'Mikrotik Router Down','⚠️ Hi Erick, your mikrotik router - Ngoni Net 1 is offline. Please check it out.',1,'2025-08-26 01:23:07','2025-08-26 10:57:40'),(1277,8,NULL,'Mikrotik Router Down','⚠️ Hi Erick, your mikrotik router - Ngoni Net 1 is offline. Please check it out.',1,'2025-08-26 01:24:07','2025-08-26 10:57:40'),(1278,8,NULL,'Mikrotik Router Down','⚠️ Hi Erick, your mikrotik router - Ngoni Net 1 is offline. Please check it out.',1,'2025-08-26 01:25:07','2025-08-26 10:57:40'),(1279,8,NULL,'Mikrotik Router Down','⚠️ Hi Erick, your mikrotik router - Ngoni Net 1 is offline. Please check it out.',1,'2025-08-26 01:26:07','2025-08-26 10:57:40'),(1280,8,NULL,'Mikrotik Router Down','⚠️ Hi Erick, your mikrotik router - Ngoni Net 1 is offline. Please check it out.',1,'2025-08-26 01:27:06','2025-08-26 10:57:40'),(1281,8,NULL,'Mikrotik Router Down','⚠️ Hi Erick, your mikrotik router - Ngoni Net 1 is offline. Please check it out.',1,'2025-08-26 01:28:07','2025-08-26 10:57:40'),(1282,8,NULL,'Mikrotik Router Down','⚠️ Hi Erick, your mikrotik router - Ngoni Net 1 is offline. Please check it out.',1,'2025-08-26 01:29:07','2025-08-26 10:57:40'),(1283,8,NULL,'Mikrotik Router Down','⚠️ Hi Erick, your mikrotik router - Ngoni Net 1 is offline. Please check it out.',1,'2025-08-26 01:30:07','2025-08-26 10:57:41'),(1284,8,NULL,'Mikrotik Router Down','⚠️ Hi Erick, your mikrotik router - Ngoni Net 1 is offline. Please check it out.',1,'2025-08-26 01:31:07','2025-08-26 10:57:41'),(1285,8,NULL,'Mikrotik Router Down','⚠️ Hi Erick, your mikrotik router - Ngoni Net 1 is offline. Please check it out.',1,'2025-08-26 01:32:07','2025-08-26 10:57:41'),(1286,8,NULL,'Mikrotik Router Down','⚠️ Hi Erick, your mikrotik router - Ngoni Net 1 is offline. Please check it out.',1,'2025-08-26 01:33:07','2025-08-26 10:57:41'),(1287,8,NULL,'Mikrotik Router Down','⚠️ Hi Erick, your mikrotik router - Ngoni Net 1 is offline. Please check it out.',1,'2025-08-26 01:34:07','2025-08-26 10:57:41'),(1288,8,NULL,'Mikrotik Router Down','⚠️ Hi Erick, your mikrotik router - Ngoni Net 1 is offline. Please check it out.',1,'2025-08-26 01:35:07','2025-08-26 10:57:41'),(1289,8,NULL,'Mikrotik Router Down','⚠️ Hi Erick, your mikrotik router - Ngoni Net 1 is offline. Please check it out.',1,'2025-08-26 01:36:07','2025-08-26 10:57:41'),(1290,8,NULL,'Mikrotik Router Down','⚠️ Hi Erick, your mikrotik router - Ngoni Net 1 is offline. Please check it out.',1,'2025-08-26 01:37:07','2025-08-26 10:57:41'),(1291,8,NULL,'Mikrotik Router Down','⚠️ Hi Erick, your mikrotik router - Ngoni Net 1 is offline. Please check it out.',1,'2025-08-26 01:38:07','2025-08-26 10:57:41'),(1292,8,NULL,'Mikrotik Router Down','⚠️ Hi Erick, your mikrotik router - Ngoni Net 1 is offline. Please check it out.',1,'2025-08-26 01:39:07','2025-08-26 10:57:41'),(1293,8,NULL,'Mikrotik Router Down','⚠️ Hi Erick, your mikrotik router - Ngoni Net 1 is offline. Please check it out.',1,'2025-08-26 01:40:08','2025-08-26 10:57:41'),(1294,8,NULL,'Mikrotik Router Down','⚠️ Hi Erick, your mikrotik router - Ngoni Net 1 is offline. Please check it out.',1,'2025-08-26 01:41:07','2025-08-26 10:57:41'),(1295,8,NULL,'Mikrotik Router Down','⚠️ Hi Erick, your mikrotik router - Ngoni Net 1 is offline. Please check it out.',1,'2025-08-26 01:42:07','2025-08-26 10:57:41'),(1296,8,NULL,'Mikrotik Router Down','⚠️ Hi Erick, your mikrotik router - Ngoni Net 1 is offline. Please check it out.',1,'2025-08-26 01:43:07','2025-08-26 10:57:41'),(1297,8,NULL,'Mikrotik Router Down','⚠️ Hi Erick, your mikrotik router - Ngoni Net 1 is offline. Please check it out.',1,'2025-08-26 01:44:07','2025-08-26 10:57:41'),(1298,8,NULL,'Mikrotik Router Down','⚠️ Hi Erick, your mikrotik router - Ngoni Net 1 is offline. Please check it out.',1,'2025-08-26 01:45:07','2025-08-26 10:57:41'),(1299,8,NULL,'Mikrotik Router Down','⚠️ Hi Erick, your mikrotik router - Ngoni Net 1 is offline. Please check it out.',1,'2025-08-26 01:46:07','2025-08-26 10:57:41'),(1300,8,NULL,'Mikrotik Router Down','⚠️ Hi Erick, your mikrotik router - Ngoni Net 1 is offline. Please check it out.',1,'2025-08-26 01:47:07','2025-08-26 10:57:41'),(1301,8,NULL,'Mikrotik Router Down','⚠️ Hi Erick, your mikrotik router - Ngoni Net 1 is offline. Please check it out.',1,'2025-08-26 01:48:07','2025-08-26 10:57:41'),(1302,8,NULL,'Mikrotik Router Down','⚠️ Hi Erick, your mikrotik router - Ngoni Net 1 is offline. Please check it out.',1,'2025-08-26 01:49:07','2025-08-26 10:57:41'),(1303,8,NULL,'Mikrotik Router Down','⚠️ Hi Erick, your mikrotik router - Ngoni Net 1 is offline. Please check it out.',1,'2025-08-26 01:50:08','2025-08-26 10:57:41'),(1304,8,NULL,'Mikrotik Router Down','⚠️ Hi Erick, your mikrotik router - Ngoni Net 1 is offline. Please check it out.',1,'2025-08-26 01:51:07','2025-08-26 10:57:41'),(1305,8,NULL,'Mikrotik Router Down','⚠️ Hi Erick, your mikrotik router - Ngoni Net 1 is offline. Please check it out.',1,'2025-08-26 01:52:07','2025-08-26 10:57:41'),(1306,8,NULL,'Mikrotik Router Down','⚠️ Hi Erick, your mikrotik router - Ngoni Net 1 is offline. Please check it out.',1,'2025-08-26 01:53:07','2025-08-26 10:57:41'),(1307,8,NULL,'Mikrotik Router Down','⚠️ Hi Erick, your mikrotik router - Ngoni Net 1 is offline. Please check it out.',1,'2025-08-26 01:54:07','2025-08-26 10:57:41'),(1308,8,NULL,'Mikrotik Router Down','⚠️ Hi Erick, your mikrotik router - Ngoni Net 1 is offline. Please check it out.',1,'2025-08-26 01:55:07','2025-08-26 10:57:41'),(1309,8,NULL,'Mikrotik Router Down','⚠️ Hi Erick, your mikrotik router - Ngoni Net 1 is offline. Please check it out.',1,'2025-08-26 01:56:07','2025-08-26 10:57:41'),(1310,8,NULL,'Mikrotik Router Down','⚠️ Hi Erick, your mikrotik router - Ngoni Net 1 is offline. Please check it out.',1,'2025-08-26 01:57:07','2025-08-26 10:57:41'),(1311,8,NULL,'Mikrotik Router Down','⚠️ Hi Erick, your mikrotik router - Ngoni Net 1 is offline. Please check it out.',1,'2025-08-26 01:58:07','2025-08-26 10:57:41'),(1312,8,NULL,'Mikrotik Router Down','⚠️ Hi Erick, your mikrotik router - Ngoni Net 1 is offline. Please check it out.',1,'2025-08-26 01:59:07','2025-08-26 10:57:41'),(1313,8,NULL,'Mikrotik Router Down','⚠️ Hi Erick, your mikrotik router - Ngoni Net 1 is offline. Please check it out.',1,'2025-08-26 02:00:07','2025-08-26 10:57:41'),(1314,8,NULL,'Mikrotik Router Down','⚠️ Hi Erick, your mikrotik router - Ngoni Net 1 is offline. Please check it out.',1,'2025-08-26 02:01:07','2025-08-26 10:57:41'),(1315,8,NULL,'Mikrotik Router Down','⚠️ Hi Erick, your mikrotik router - Ngoni Net 1 is offline. Please check it out.',1,'2025-08-26 02:02:07','2025-08-26 10:57:41'),(1316,8,NULL,'Mikrotik Router Down','⚠️ Hi Erick, your mikrotik router - Ngoni Net 1 is offline. Please check it out.',1,'2025-08-26 02:03:07','2025-08-26 10:57:41'),(1317,8,NULL,'Mikrotik Router Down','⚠️ Hi Erick, your mikrotik router - Ngoni Net 1 is offline. Please check it out.',1,'2025-08-26 02:04:08','2025-08-26 10:57:41'),(1318,8,NULL,'Mikrotik Router Down','⚠️ Hi Erick, your mikrotik router - Ngoni Net 1 is offline. Please check it out.',1,'2025-08-26 02:05:07','2025-08-26 10:57:41'),(1319,8,NULL,'Mikrotik Router Down','⚠️ Hi Erick, your mikrotik router - Ngoni Net 1 is offline. Please check it out.',1,'2025-08-26 02:06:07','2025-08-26 10:57:41'),(1320,8,NULL,'Mikrotik Router Down','⚠️ Hi Erick, your mikrotik router - Ngoni Net 1 is offline. Please check it out.',1,'2025-08-26 02:07:07','2025-08-26 10:57:41'),(1321,8,NULL,'Mikrotik Router Down','⚠️ Hi Erick, your mikrotik router - Ngoni Net 1 is offline. Please check it out.',1,'2025-08-26 02:08:07','2025-08-26 10:57:41'),(1322,8,NULL,'Mikrotik Router Down','⚠️ Hi Erick, your mikrotik router - Ngoni Net 1 is offline. Please check it out.',1,'2025-08-26 02:09:07','2025-08-26 10:57:41'),(1323,8,NULL,'Mikrotik Router Down','⚠️ Hi Erick, your mikrotik router - Ngoni Net 1 is offline. Please check it out.',1,'2025-08-26 02:10:07','2025-08-26 10:57:41'),(1324,8,NULL,'Mikrotik Router Down','⚠️ Hi Erick, your mikrotik router - Ngoni Net 1 is offline. Please check it out.',1,'2025-08-26 02:11:07','2025-08-26 10:57:41'),(1325,8,NULL,'Mikrotik Router Down','⚠️ Hi Erick, your mikrotik router - Ngoni Net 1 is offline. Please check it out.',1,'2025-08-26 02:12:07','2025-08-26 10:57:41'),(1326,8,NULL,'Mikrotik Router Down','⚠️ Hi Erick, your mikrotik router - Ngoni Net 1 is offline. Please check it out.',1,'2025-08-26 02:13:07','2025-08-26 10:57:41'),(1327,8,NULL,'Mikrotik Router Down','⚠️ Hi Erick, your mikrotik router - Ngoni Net 1 is offline. Please check it out.',1,'2025-08-26 02:14:07','2025-08-26 10:57:41'),(1328,8,NULL,'Mikrotik Router Down','⚠️ Hi Erick, your mikrotik router - Ngoni Net 1 is offline. Please check it out.',1,'2025-08-26 02:15:07','2025-08-26 10:57:41'),(1329,8,NULL,'Mikrotik Router Down','⚠️ Hi Erick, your mikrotik router - Ngoni Net 1 is offline. Please check it out.',1,'2025-08-26 02:16:07','2025-08-26 10:57:41'),(1330,8,NULL,'Mikrotik Router Down','⚠️ Hi Erick, your mikrotik router - Ngoni Net 1 is offline. Please check it out.',1,'2025-08-26 02:17:09','2025-08-26 10:57:41'),(1331,8,NULL,'Mikrotik Router Down','⚠️ Hi Erick, your mikrotik router - Ngoni Net 1 is offline. Please check it out.',1,'2025-08-26 02:18:07','2025-08-26 10:57:41'),(1332,8,NULL,'Mikrotik Router Down','⚠️ Hi Erick, your mikrotik router - Ngoni Net 1 is offline. Please check it out.',1,'2025-08-26 02:19:08','2025-08-26 10:57:41'),(1333,8,NULL,'Mikrotik Router Down','⚠️ Hi Erick, your mikrotik router - Ngoni Net 1 is offline. Please check it out.',1,'2025-08-26 02:20:08','2025-08-26 10:57:41'),(1334,8,NULL,'Mikrotik Router Down','⚠️ Hi Erick, your mikrotik router - Ngoni Net 1 is offline. Please check it out.',1,'2025-08-26 02:21:08','2025-08-26 10:57:41'),(1335,8,NULL,'Mikrotik Router Down','⚠️ Hi Erick, your mikrotik router - Ngoni Net 1 is offline. Please check it out.',1,'2025-08-26 02:22:08','2025-08-26 10:57:41'),(1336,8,NULL,'Mikrotik Router Down','⚠️ Hi Erick, your mikrotik router - Ngoni Net 1 is offline. Please check it out.',1,'2025-08-26 02:23:08','2025-08-26 10:57:41'),(1337,8,NULL,'Mikrotik Router Down','⚠️ Hi Erick, your mikrotik router - Ngoni Net 1 is offline. Please check it out.',1,'2025-08-26 02:24:07','2025-08-26 10:57:41'),(1338,8,NULL,'Mikrotik Router Down','⚠️ Hi Erick, your mikrotik router - Ngoni Net 1 is offline. Please check it out.',1,'2025-08-26 02:25:08','2025-08-26 10:57:41'),(1339,8,NULL,'Mikrotik Router Down','⚠️ Hi Erick, your mikrotik router - Ngoni Net 1 is offline. Please check it out.',1,'2025-08-26 02:26:07','2025-08-26 10:57:41'),(1340,8,NULL,'Mikrotik Router Down','⚠️ Hi Erick, your mikrotik router - Ngoni Net 1 is offline. Please check it out.',1,'2025-08-26 02:27:07','2025-08-26 10:57:41'),(1341,8,NULL,'Mikrotik Router Down','⚠️ Hi Erick, your mikrotik router - Ngoni Net 1 is offline. Please check it out.',1,'2025-08-26 02:28:07','2025-08-26 10:57:41'),(1342,8,NULL,'Mikrotik Router Down','⚠️ Hi Erick, your mikrotik router - Ngoni Net 1 is offline. Please check it out.',1,'2025-08-26 02:29:07','2025-08-26 10:57:41'),(1343,8,NULL,'Mikrotik Router Down','⚠️ Hi Erick, your mikrotik router - Ngoni Net 1 is offline. Please check it out.',1,'2025-08-26 02:30:07','2025-08-26 10:57:41'),(1344,8,NULL,'Mikrotik Router Down','⚠️ Hi Erick, your mikrotik router - Ngoni Net 1 is offline. Please check it out.',1,'2025-08-26 02:31:07','2025-08-26 10:57:41'),(1345,8,NULL,'Mikrotik Router Down','⚠️ Hi Erick, your mikrotik router - Ngoni Net 1 is offline. Please check it out.',1,'2025-08-26 02:32:07','2025-08-26 10:57:41'),(1346,8,NULL,'Mikrotik Router Down','⚠️ Hi Erick, your mikrotik router - Ngoni Net 1 is offline. Please check it out.',1,'2025-08-26 02:33:07','2025-08-26 10:57:41'),(1347,8,NULL,'Mikrotik Router Down','⚠️ Hi Erick, your mikrotik router - Ngoni Net 1 is offline. Please check it out.',1,'2025-08-26 02:34:07','2025-08-26 10:57:41'),(1348,8,NULL,'Mikrotik Router Down','⚠️ Hi Erick, your mikrotik router - Ngoni Net 1 is offline. Please check it out.',1,'2025-08-26 02:35:07','2025-08-26 10:57:41'),(1349,8,NULL,'Mikrotik Router Down','⚠️ Hi Erick, your mikrotik router - Ngoni Net 1 is offline. Please check it out.',1,'2025-08-26 02:36:07','2025-08-26 10:57:41'),(1350,8,NULL,'Mikrotik Router Down','⚠️ Hi Erick, your mikrotik router - Ngoni Net 1 is offline. Please check it out.',1,'2025-08-26 02:37:07','2025-08-26 10:57:41'),(1351,8,NULL,'Mikrotik Router Down','⚠️ Hi Erick, your mikrotik router - Ngoni Net 1 is offline. Please check it out.',1,'2025-08-26 02:38:07','2025-08-26 10:57:41'),(1352,8,NULL,'Mikrotik Router Down','⚠️ Hi Erick, your mikrotik router - Ngoni Net 1 is offline. Please check it out.',1,'2025-08-26 02:39:08','2025-08-26 10:57:41'),(1353,8,NULL,'Mikrotik Router Down','⚠️ Hi Erick, your mikrotik router - Ngoni Net 1 is offline. Please check it out.',1,'2025-08-26 02:40:08','2025-08-26 10:57:41'),(1354,8,NULL,'Mikrotik Router Down','⚠️ Hi Erick, your mikrotik router - Ngoni Net 1 is offline. Please check it out.',1,'2025-08-26 02:41:07','2025-08-26 10:57:41'),(1355,8,NULL,'Mikrotik Router Down','⚠️ Hi Erick, your mikrotik router - Ngoni Net 1 is offline. Please check it out.',1,'2025-08-26 02:42:07','2025-08-26 10:57:41'),(1356,8,NULL,'Mikrotik Router Down','⚠️ Hi Erick, your mikrotik router - Ngoni Net 1 is offline. Please check it out.',1,'2025-08-26 02:43:07','2025-08-26 10:57:41'),(1357,8,NULL,'Mikrotik Router Down','⚠️ Hi Erick, your mikrotik router - Ngoni Net 1 is offline. Please check it out.',1,'2025-08-26 02:44:07','2025-08-26 10:57:41'),(1358,8,NULL,'Mikrotik Router Down','⚠️ Hi Erick, your mikrotik router - Ngoni Net 1 is offline. Please check it out.',1,'2025-08-26 02:45:07','2025-08-26 10:57:41'),(1359,8,NULL,'Mikrotik Router Down','⚠️ Hi Erick, your mikrotik router - Ngoni Net 1 is offline. Please check it out.',1,'2025-08-26 02:46:07','2025-08-26 10:57:41'),(1360,8,NULL,'Mikrotik Router Down','⚠️ Hi Erick, your mikrotik router - Ngoni Net 1 is offline. Please check it out.',1,'2025-08-26 02:47:07','2025-08-26 10:57:41'),(1361,8,NULL,'Mikrotik Router Down','⚠️ Hi Erick, your mikrotik router - Ngoni Net 1 is offline. Please check it out.',1,'2025-08-26 02:48:07','2025-08-26 10:57:41'),(1362,8,NULL,'Mikrotik Router Down','⚠️ Hi Erick, your mikrotik router - Ngoni Net 1 is offline. Please check it out.',1,'2025-08-26 02:49:07','2025-08-26 10:57:41'),(1363,8,NULL,'Mikrotik Router Down','⚠️ Hi Erick, your mikrotik router - Ngoni Net 1 is offline. Please check it out.',1,'2025-08-26 02:50:07','2025-08-26 10:57:41'),(1364,8,NULL,'Mikrotik Router Down','⚠️ Hi Erick, your mikrotik router - Ngoni Net 1 is offline. Please check it out.',1,'2025-08-26 02:51:08','2025-08-26 10:57:41'),(1365,8,NULL,'Mikrotik Router Down','⚠️ Hi Erick, your mikrotik router - Ngoni Net 1 is offline. Please check it out.',1,'2025-08-26 02:52:08','2025-08-26 10:57:41'),(1366,8,NULL,'Mikrotik Router Down','⚠️ Hi Erick, your mikrotik router - Ngoni Net 1 is offline. Please check it out.',1,'2025-08-26 02:53:07','2025-08-26 10:57:41'),(1367,8,NULL,'Mikrotik Router Down','⚠️ Hi Erick, your mikrotik router - Ngoni Net 1 is offline. Please check it out.',1,'2025-08-26 02:54:07','2025-08-26 10:57:41'),(1368,8,NULL,'Mikrotik Router Down','⚠️ Hi Erick, your mikrotik router - Ngoni Net 1 is offline. Please check it out.',1,'2025-08-26 02:55:07','2025-08-26 10:57:41'),(1369,8,NULL,'Mikrotik Router Down','⚠️ Hi Erick, your mikrotik router - Ngoni Net 1 is offline. Please check it out.',1,'2025-08-26 02:56:07','2025-08-26 10:57:41'),(1370,8,NULL,'Mikrotik Router Down','⚠️ Hi Erick, your mikrotik router - Ngoni Net 1 is offline. Please check it out.',1,'2025-08-26 02:57:07','2025-08-26 10:57:41'),(1371,8,NULL,'Mikrotik Router Down','⚠️ Hi Erick, your mikrotik router - Ngoni Net 1 is offline. Please check it out.',1,'2025-08-26 02:58:07','2025-08-26 10:57:42'),(1372,8,NULL,'Mikrotik Router Down','⚠️ Hi Erick, your mikrotik router - Ngoni Net 1 is offline. Please check it out.',1,'2025-08-26 02:59:07','2025-08-26 10:57:42'),(1373,8,NULL,'Mikrotik Router Down','⚠️ Hi Erick, your mikrotik router - Ngoni Net 1 is offline. Please check it out.',1,'2025-08-26 03:00:08','2025-08-26 10:57:42'),(1374,8,NULL,'Mikrotik Router Down','⚠️ Hi Erick, your mikrotik router - Ngoni Net 1 is offline. Please check it out.',1,'2025-08-26 03:01:07','2025-08-26 10:57:42'),(1375,8,NULL,'Mikrotik Router Down','⚠️ Hi Erick, your mikrotik router - Ngoni Net 1 is offline. Please check it out.',1,'2025-08-26 03:02:07','2025-08-26 10:57:42'),(1376,8,NULL,'Mikrotik Router Down','⚠️ Hi Erick, your mikrotik router - Ngoni Net 1 is offline. Please check it out.',1,'2025-08-26 03:03:07','2025-08-26 10:57:42'),(1377,8,NULL,'Mikrotik Router Down','⚠️ Hi Erick, your mikrotik router - Ngoni Net 1 is offline. Please check it out.',1,'2025-08-26 03:04:07','2025-08-26 10:57:42'),(1378,8,NULL,'Mikrotik Router Down','⚠️ Hi Erick, your mikrotik router - Ngoni Net 1 is offline. Please check it out.',1,'2025-08-26 03:05:07','2025-08-26 10:57:42'),(1379,8,NULL,'Mikrotik Router Down','⚠️ Hi Erick, your mikrotik router - Ngoni Net 1 is offline. Please check it out.',1,'2025-08-26 03:06:07','2025-08-26 10:57:42'),(1380,8,NULL,'Mikrotik Router Down','⚠️ Hi Erick, your mikrotik router - Ngoni Net 1 is offline. Please check it out.',1,'2025-08-26 03:07:07','2025-08-26 10:57:42'),(1381,8,NULL,'Mikrotik Router Down','⚠️ Hi Erick, your mikrotik router - Ngoni Net 1 is offline. Please check it out.',1,'2025-08-26 03:08:07','2025-08-26 10:57:42'),(1382,8,NULL,'Mikrotik Router Down','⚠️ Hi Erick, your mikrotik router - Ngoni Net 1 is offline. Please check it out.',1,'2025-08-26 03:09:07','2025-08-26 10:57:42'),(1383,8,NULL,'Mikrotik Router Down','⚠️ Hi Erick, your mikrotik router - Ngoni Net 1 is offline. Please check it out.',1,'2025-08-26 03:10:07','2025-08-26 10:57:42'),(1384,8,NULL,'Mikrotik Router Down','⚠️ Hi Erick, your mikrotik router - Ngoni Net 1 is offline. Please check it out.',1,'2025-08-26 03:11:07','2025-08-26 10:57:42'),(1385,8,NULL,'Mikrotik Router Down','⚠️ Hi Erick, your mikrotik router - Ngoni Net 1 is offline. Please check it out.',1,'2025-08-26 03:12:07','2025-08-26 10:57:42'),(1386,8,NULL,'Mikrotik Router Down','⚠️ Hi Erick, your mikrotik router - Ngoni Net 1 is offline. Please check it out.',1,'2025-08-26 03:13:07','2025-08-26 10:57:42'),(1387,8,NULL,'Mikrotik Router Down','⚠️ Hi Erick, your mikrotik router - Ngoni Net 1 is offline. Please check it out.',1,'2025-08-26 03:14:07','2025-08-26 10:57:42'),(1388,8,NULL,'Mikrotik Router Down','⚠️ Hi Erick, your mikrotik router - Ngoni Net 1 is offline. Please check it out.',1,'2025-08-26 03:15:07','2025-08-26 10:57:42'),(1389,8,NULL,'Mikrotik Router Down','⚠️ Hi Erick, your mikrotik router - Ngoni Net 1 is offline. Please check it out.',1,'2025-08-26 03:16:07','2025-08-26 10:57:42'),(1390,8,NULL,'Mikrotik Router Down','⚠️ Hi Erick, your mikrotik router - Ngoni Net 1 is offline. Please check it out.',1,'2025-08-26 03:17:10','2025-08-26 10:57:42'),(1391,8,NULL,'Mikrotik Router Down','⚠️ Hi Erick, your mikrotik router - Ngoni Net 1 is offline. Please check it out.',1,'2025-08-26 03:18:08','2025-08-26 10:57:42'),(1392,8,NULL,'Mikrotik Router Down','⚠️ Hi Erick, your mikrotik router - Ngoni Net 1 is offline. Please check it out.',1,'2025-08-26 03:19:07','2025-08-26 10:57:42'),(1393,8,NULL,'Mikrotik Router Down','⚠️ Hi Erick, your mikrotik router - Ngoni Net 1 is offline. Please check it out.',1,'2025-08-26 03:20:08','2025-08-26 10:57:42'),(1394,8,NULL,'Mikrotik Router Down','⚠️ Hi Erick, your mikrotik router - Ngoni Net 1 is offline. Please check it out.',1,'2025-08-26 03:21:07','2025-08-26 10:57:42'),(1395,8,NULL,'Mikrotik Router Down','⚠️ Hi Erick, your mikrotik router - Ngoni Net 1 is offline. Please check it out.',1,'2025-08-26 03:22:07','2025-08-26 10:57:42'),(1396,8,NULL,'Mikrotik Router Down','⚠️ Hi Erick, your mikrotik router - Ngoni Net 1 is offline. Please check it out.',1,'2025-08-26 03:23:07','2025-08-26 10:57:42'),(1397,8,NULL,'Mikrotik Router Down','⚠️ Hi Erick, your mikrotik router - Ngoni Net 1 is offline. Please check it out.',1,'2025-08-26 03:24:07','2025-08-26 10:57:42'),(1398,8,NULL,'Mikrotik Router Down','⚠️ Hi Erick, your mikrotik router - Ngoni Net 1 is offline. Please check it out.',1,'2025-08-26 03:25:07','2025-08-26 10:57:42'),(1399,8,NULL,'Mikrotik Router Down','⚠️ Hi Erick, your mikrotik router - Ngoni Net 1 is offline. Please check it out.',1,'2025-08-26 03:26:07','2025-08-26 10:57:42'),(1400,8,NULL,'Mikrotik Router Down','⚠️ Hi Erick, your mikrotik router - Ngoni Net 1 is offline. Please check it out.',1,'2025-08-26 03:27:07','2025-08-26 10:57:42'),(1401,8,NULL,'Mikrotik Router Down','⚠️ Hi Erick, your mikrotik router - Ngoni Net 1 is offline. Please check it out.',1,'2025-08-26 03:28:07','2025-08-26 10:57:42'),(1402,8,NULL,'Mikrotik Router Down','⚠️ Hi Erick, your mikrotik router - Ngoni Net 1 is offline. Please check it out.',1,'2025-08-26 03:29:07','2025-08-26 10:57:42'),(1403,8,NULL,'Mikrotik Router Down','⚠️ Hi Erick, your mikrotik router - Ngoni Net 1 is offline. Please check it out.',1,'2025-08-26 03:30:07','2025-08-26 10:57:42'),(1404,8,NULL,'Mikrotik Router Down','⚠️ Hi Erick, your mikrotik router - Ngoni Net 1 is offline. Please check it out.',1,'2025-08-26 03:31:07','2025-08-26 10:57:42'),(1405,8,NULL,'Mikrotik Router Down','⚠️ Hi Erick, your mikrotik router - Ngoni Net 1 is offline. Please check it out.',1,'2025-08-26 03:32:07','2025-08-26 10:57:42'),(1406,8,NULL,'Mikrotik Router Down','⚠️ Hi Erick, your mikrotik router - Ngoni Net 1 is offline. Please check it out.',1,'2025-08-26 03:33:07','2025-08-26 10:57:42'),(1407,8,NULL,'Mikrotik Router Down','⚠️ Hi Erick, your mikrotik router - Ngoni Net 1 is offline. Please check it out.',1,'2025-08-26 03:34:07','2025-08-26 10:57:42'),(1408,8,NULL,'Mikrotik Router Down','⚠️ Hi Erick, your mikrotik router - Ngoni Net 1 is offline. Please check it out.',1,'2025-08-26 03:35:07','2025-08-26 10:57:42'),(1409,8,NULL,'Mikrotik Router Down','⚠️ Hi Erick, your mikrotik router - Ngoni Net 1 is offline. Please check it out.',1,'2025-08-26 03:36:07','2025-08-26 10:57:42'),(1410,8,NULL,'Mikrotik Router Down','⚠️ Hi Erick, your mikrotik router - Ngoni Net 1 is offline. Please check it out.',1,'2025-08-26 03:37:07','2025-08-26 10:57:42'),(1411,8,NULL,'Mikrotik Router Down','⚠️ Hi Erick, your mikrotik router - Ngoni Net 1 is offline. Please check it out.',1,'2025-08-26 03:38:07','2025-08-26 10:57:42'),(1412,8,NULL,'Mikrotik Router Down','⚠️ Hi Erick, your mikrotik router - Ngoni Net 1 is offline. Please check it out.',1,'2025-08-26 03:39:07','2025-08-26 10:57:42'),(1413,8,NULL,'Mikrotik Router Down','⚠️ Hi Erick, your mikrotik router - Ngoni Net 1 is offline. Please check it out.',1,'2025-08-26 03:40:07','2025-08-26 10:57:42'),(1414,8,NULL,'Mikrotik Router Down','⚠️ Hi Erick, your mikrotik router - Ngoni Net 1 is offline. Please check it out.',1,'2025-08-26 03:41:07','2025-08-26 10:57:42'),(1415,8,NULL,'Mikrotik Router Down','⚠️ Hi Erick, your mikrotik router - Ngoni Net 1 is offline. Please check it out.',1,'2025-08-26 03:42:07','2025-08-26 10:57:42'),(1416,8,NULL,'Mikrotik Router Down','⚠️ Hi Erick, your mikrotik router - Ngoni Net 1 is offline. Please check it out.',1,'2025-08-26 03:43:07','2025-08-26 10:57:42'),(1417,8,NULL,'Mikrotik Router Down','⚠️ Hi Erick, your mikrotik router - Ngoni Net 1 is offline. Please check it out.',1,'2025-08-26 03:44:07','2025-08-26 10:57:42'),(1418,8,NULL,'Mikrotik Router Down','⚠️ Hi Erick, your mikrotik router - Ngoni Net 1 is offline. Please check it out.',1,'2025-08-26 03:45:07','2025-08-26 10:57:42'),(1419,8,NULL,'Mikrotik Router Down','⚠️ Hi Erick, your mikrotik router - Ngoni Net 1 is offline. Please check it out.',1,'2025-08-26 03:46:07','2025-08-26 10:57:42'),(1420,8,NULL,'Mikrotik Router Down','⚠️ Hi Erick, your mikrotik router - Ngoni Net 1 is offline. Please check it out.',1,'2025-08-26 03:47:07','2025-08-26 10:57:42'),(1421,8,NULL,'Mikrotik Router Down','⚠️ Hi Erick, your mikrotik router - Ngoni Net 1 is offline. Please check it out.',1,'2025-08-26 03:48:08','2025-08-26 10:57:42'),(1422,8,NULL,'Mikrotik Router Down','⚠️ Hi Erick, your mikrotik router - Ngoni Net 1 is offline. Please check it out.',1,'2025-08-26 03:49:07','2025-08-26 10:57:42'),(1423,8,NULL,'Mikrotik Router Down','⚠️ Hi Erick, your mikrotik router - Ngoni Net 1 is offline. Please check it out.',1,'2025-08-26 03:50:07','2025-08-26 10:57:42'),(1424,8,NULL,'Mikrotik Router Down','⚠️ Hi Erick, your mikrotik router - Ngoni Net 1 is offline. Please check it out.',1,'2025-08-26 03:51:07','2025-08-26 10:57:42'),(1425,8,NULL,'Mikrotik Router Down','⚠️ Hi Erick, your mikrotik router - Ngoni Net 1 is offline. Please check it out.',1,'2025-08-26 03:52:07','2025-08-26 10:57:42'),(1426,8,NULL,'Mikrotik Router Down','⚠️ Hi Erick, your mikrotik router - Ngoni Net 1 is offline. Please check it out.',1,'2025-08-26 03:53:07','2025-08-26 10:57:42'),(1427,8,NULL,'Mikrotik Router Down','⚠️ Hi Erick, your mikrotik router - Ngoni Net 1 is offline. Please check it out.',1,'2025-08-26 03:54:08','2025-08-26 10:57:42'),(1428,8,NULL,'Mikrotik Router Down','⚠️ Hi Erick, your mikrotik router - Ngoni Net 1 is offline. Please check it out.',1,'2025-08-26 03:55:07','2025-08-26 10:57:42'),(1429,8,NULL,'Mikrotik Router Down','⚠️ Hi Erick, your mikrotik router - Ngoni Net 1 is offline. Please check it out.',1,'2025-08-26 03:56:07','2025-08-26 10:57:42'),(1430,8,NULL,'Mikrotik Router Down','⚠️ Hi Erick, your mikrotik router - Ngoni Net 1 is offline. Please check it out.',1,'2025-08-26 03:57:07','2025-08-26 10:57:42'),(1431,8,NULL,'Mikrotik Router Down','⚠️ Hi Erick, your mikrotik router - Ngoni Net 1 is offline. Please check it out.',1,'2025-08-26 03:58:07','2025-08-26 10:57:42'),(1432,8,NULL,'Mikrotik Router Down','⚠️ Hi Erick, your mikrotik router - Ngoni Net 1 is offline. Please check it out.',1,'2025-08-26 03:59:07','2025-08-26 10:57:42'),(1433,8,NULL,'Mikrotik Router Down','⚠️ Hi Erick, your mikrotik router - Ngoni Net 1 is offline. Please check it out.',1,'2025-08-26 04:00:08','2025-08-26 10:57:42'),(1434,8,NULL,'Mikrotik Router Down','⚠️ Hi Erick, your mikrotik router - Ngoni Net 1 is offline. Please check it out.',1,'2025-08-26 04:01:08','2025-08-26 10:57:42'),(1435,8,NULL,'Mikrotik Router Down','⚠️ Hi Erick, your mikrotik router - Ngoni Net 1 is offline. Please check it out.',1,'2025-08-26 04:02:07','2025-08-26 10:57:42'),(1436,8,NULL,'Mikrotik Router Down','⚠️ Hi Erick, your mikrotik router - Ngoni Net 1 is offline. Please check it out.',1,'2025-08-26 04:03:08','2025-08-26 10:57:42'),(1437,8,NULL,'Mikrotik Router Down','⚠️ Hi Erick, your mikrotik router - Ngoni Net 1 is offline. Please check it out.',1,'2025-08-26 04:04:08','2025-08-26 10:57:42'),(1438,8,NULL,'Mikrotik Router Down','⚠️ Hi Erick, your mikrotik router - Ngoni Net 1 is offline. Please check it out.',1,'2025-08-26 04:05:08','2025-08-26 10:57:42'),(1439,8,NULL,'Mikrotik Router Down','⚠️ Hi Erick, your mikrotik router - Ngoni Net 1 is offline. Please check it out.',1,'2025-08-26 04:06:07','2025-08-26 10:57:42'),(1440,8,NULL,'Mikrotik Router Down','⚠️ Hi Erick, your mikrotik router - Ngoni Net 1 is offline. Please check it out.',1,'2025-08-26 04:07:07','2025-08-26 10:57:42'),(1441,8,NULL,'Mikrotik Router Down','⚠️ Hi Erick, your mikrotik router - Ngoni Net 1 is offline. Please check it out.',1,'2025-08-26 04:08:07','2025-08-26 10:57:42'),(1442,8,NULL,'Mikrotik Router Down','⚠️ Hi Erick, your mikrotik router - Ngoni Net 1 is offline. Please check it out.',1,'2025-08-26 04:09:07','2025-08-26 10:57:42'),(1443,8,NULL,'Mikrotik Router Down','⚠️ Hi Erick, your mikrotik router - Ngoni Net 1 is offline. Please check it out.',1,'2025-08-26 04:10:07','2025-08-26 10:57:42'),(1444,8,NULL,'Mikrotik Router Down','⚠️ Hi Erick, your mikrotik router - Ngoni Net 1 is offline. Please check it out.',1,'2025-08-26 04:11:07','2025-08-26 10:57:42'),(1445,8,NULL,'Mikrotik Router Down','⚠️ Hi Erick, your mikrotik router - Ngoni Net 1 is offline. Please check it out.',1,'2025-08-26 04:12:07','2025-08-26 10:57:42'),(1446,8,NULL,'Mikrotik Router Down','⚠️ Hi Erick, your mikrotik router - Ngoni Net 1 is offline. Please check it out.',1,'2025-08-26 04:13:07','2025-08-26 10:57:42'),(1447,8,NULL,'Mikrotik Router Down','⚠️ Hi Erick, your mikrotik router - Ngoni Net 1 is offline. Please check it out.',1,'2025-08-26 04:14:07','2025-08-26 10:57:42'),(1448,8,NULL,'Mikrotik Router Down','⚠️ Hi Erick, your mikrotik router - Ngoni Net 1 is offline. Please check it out.',1,'2025-08-26 04:15:08','2025-08-26 10:57:42'),(1449,8,NULL,'Mikrotik Router Down','⚠️ Hi Erick, your mikrotik router - Ngoni Net 1 is offline. Please check it out.',1,'2025-08-26 04:16:08','2025-08-26 10:57:42'),(1450,8,NULL,'Mikrotik Router Down','⚠️ Hi Erick, your mikrotik router - Ngoni Net 1 is offline. Please check it out.',1,'2025-08-26 04:17:09','2025-08-26 10:57:42'),(1451,8,NULL,'Mikrotik Router Down','⚠️ Hi Erick, your mikrotik router - Ngoni Net 1 is offline. Please check it out.',1,'2025-08-26 04:18:08','2025-08-26 10:57:42'),(1452,8,NULL,'Mikrotik Router Down','⚠️ Hi Erick, your mikrotik router - Ngoni Net 1 is offline. Please check it out.',1,'2025-08-26 04:19:08','2025-08-26 10:57:42'),(1453,8,NULL,'Mikrotik Router Down','⚠️ Hi Erick, your mikrotik router - Ngoni Net 1 is offline. Please check it out.',1,'2025-08-26 04:20:07','2025-08-26 10:57:42'),(1454,8,NULL,'Mikrotik Router Down','⚠️ Hi Erick, your mikrotik router - Ngoni Net 1 is offline. Please check it out.',1,'2025-08-26 04:21:07','2025-08-26 10:57:42'),(1455,8,NULL,'Mikrotik Router Down','⚠️ Hi Erick, your mikrotik router - Ngoni Net 1 is offline. Please check it out.',1,'2025-08-26 04:22:07','2025-08-26 10:57:42'),(1456,8,NULL,'Mikrotik Router Down','⚠️ Hi Erick, your mikrotik router - Ngoni Net 1 is offline. Please check it out.',1,'2025-08-26 04:23:07','2025-08-26 10:57:42'),(1457,8,NULL,'Mikrotik Router Down','⚠️ Hi Erick, your mikrotik router - Ngoni Net 1 is offline. Please check it out.',1,'2025-08-26 04:24:07','2025-08-26 10:57:42'),(1458,8,NULL,'Mikrotik Router Down','⚠️ Hi Erick, your mikrotik router - Ngoni Net 1 is offline. Please check it out.',1,'2025-08-26 04:25:07','2025-08-26 10:57:42'),(1459,8,NULL,'Mikrotik Router Down','⚠️ Hi Erick, your mikrotik router - Ngoni Net 1 is offline. Please check it out.',1,'2025-08-26 04:26:07','2025-08-26 10:57:42'),(1460,8,NULL,'Mikrotik Router Down','⚠️ Hi Erick, your mikrotik router - Ngoni Net 1 is offline. Please check it out.',1,'2025-08-26 04:27:08','2025-08-26 10:57:42'),(1461,8,NULL,'Mikrotik Router Down','⚠️ Hi Erick, your mikrotik router - Ngoni Net 1 is offline. Please check it out.',1,'2025-08-26 04:28:07','2025-08-26 10:57:42'),(1462,8,NULL,'Mikrotik Router Down','⚠️ Hi Erick, your mikrotik router - Ngoni Net 1 is offline. Please check it out.',1,'2025-08-26 04:29:07','2025-08-26 10:57:42'),(1463,8,NULL,'Mikrotik Router Down','⚠️ Hi Erick, your mikrotik router - Ngoni Net 1 is offline. Please check it out.',1,'2025-08-26 04:30:07','2025-08-26 10:57:42'),(1464,8,NULL,'Mikrotik Router Down','⚠️ Hi Erick, your mikrotik router - Ngoni Net 1 is offline. Please check it out.',1,'2025-08-26 04:31:07','2025-08-26 10:57:42'),(1465,8,NULL,'Mikrotik Router Down','⚠️ Hi Erick, your mikrotik router - Ngoni Net 1 is offline. Please check it out.',1,'2025-08-26 04:32:07','2025-08-26 10:57:42'),(1466,8,NULL,'Mikrotik Router Down','⚠️ Hi Erick, your mikrotik router - Ngoni Net 1 is offline. Please check it out.',1,'2025-08-26 04:33:07','2025-08-26 10:57:42'),(1467,8,NULL,'Mikrotik Router Down','⚠️ Hi Erick, your mikrotik router - Ngoni Net 1 is offline. Please check it out.',1,'2025-08-26 04:34:07','2025-08-26 10:57:42'),(1468,8,NULL,'Mikrotik Router Down','⚠️ Hi Erick, your mikrotik router - Ngoni Net 1 is offline. Please check it out.',1,'2025-08-26 04:35:07','2025-08-26 10:57:42'),(1469,8,NULL,'Mikrotik Router Down','⚠️ Hi Erick, your mikrotik router - Ngoni Net 1 is offline. Please check it out.',1,'2025-08-26 04:36:07','2025-08-26 10:57:42'),(1470,8,NULL,'Mikrotik Router Down','⚠️ Hi Erick, your mikrotik router - Ngoni Net 1 is offline. Please check it out.',1,'2025-08-26 04:37:07','2025-08-26 10:57:42'),(1471,8,NULL,'Mikrotik Router Down','⚠️ Hi Erick, your mikrotik router - Ngoni Net 1 is offline. Please check it out.',1,'2025-08-26 04:38:07','2025-08-26 10:57:42'),(1472,8,NULL,'Mikrotik Router Down','⚠️ Hi Erick, your mikrotik router - Ngoni Net 1 is offline. Please check it out.',1,'2025-08-26 04:39:07','2025-08-26 10:57:42'),(1473,8,NULL,'Mikrotik Router Down','⚠️ Hi Erick, your mikrotik router - Ngoni Net 1 is offline. Please check it out.',1,'2025-08-26 04:40:07','2025-08-26 10:57:42'),(1474,8,NULL,'Mikrotik Router Down','⚠️ Hi Erick, your mikrotik router - Ngoni Net 1 is offline. Please check it out.',1,'2025-08-26 04:41:07','2025-08-26 10:57:42'),(1475,8,NULL,'Mikrotik Router Down','⚠️ Hi Erick, your mikrotik router - Ngoni Net 1 is offline. Please check it out.',1,'2025-08-26 04:42:07','2025-08-26 10:57:42'),(1476,8,NULL,'Mikrotik Router Down','⚠️ Hi Erick, your mikrotik router - Ngoni Net 1 is offline. Please check it out.',1,'2025-08-26 04:43:07','2025-08-26 10:57:42'),(1477,8,NULL,'Mikrotik Router Down','⚠️ Hi Erick, your mikrotik router - Ngoni Net 1 is offline. Please check it out.',1,'2025-08-26 04:44:07','2025-08-26 10:57:42'),(1478,8,NULL,'Mikrotik Router Down','⚠️ Hi Erick, your mikrotik router - Ngoni Net 1 is offline. Please check it out.',1,'2025-08-26 04:45:07','2025-08-26 10:57:42'),(1479,8,NULL,'Mikrotik Router Down','⚠️ Hi Erick, your mikrotik router - Ngoni Net 1 is offline. Please check it out.',1,'2025-08-26 04:46:07','2025-08-26 10:57:42'),(1480,8,NULL,'Mikrotik Router Down','⚠️ Hi Erick, your mikrotik router - Ngoni Net 1 is offline. Please check it out.',1,'2025-08-26 04:47:07','2025-08-26 10:57:42'),(1481,8,NULL,'Mikrotik Router Down','⚠️ Hi Erick, your mikrotik router - Ngoni Net 1 is offline. Please check it out.',1,'2025-08-26 04:48:07','2025-08-26 10:57:43'),(1482,8,NULL,'Mikrotik Router Down','⚠️ Hi Erick, your mikrotik router - Ngoni Net 1 is offline. Please check it out.',1,'2025-08-26 04:49:07','2025-08-26 10:57:43'),(1483,8,NULL,'Mikrotik Router Down','⚠️ Hi Erick, your mikrotik router - Ngoni Net 1 is offline. Please check it out.',1,'2025-08-26 04:50:08','2025-08-26 10:57:43'),(1484,8,NULL,'Mikrotik Router Down','⚠️ Hi Erick, your mikrotik router - Ngoni Net 1 is offline. Please check it out.',1,'2025-08-26 04:51:08','2025-08-26 10:57:43'),(1485,8,NULL,'Mikrotik Router Down','⚠️ Hi Erick, your mikrotik router - Ngoni Net 1 is offline. Please check it out.',1,'2025-08-26 04:52:07','2025-08-26 10:57:43'),(1486,8,NULL,'Mikrotik Router Down','⚠️ Hi Erick, your mikrotik router - Ngoni Net 1 is offline. Please check it out.',1,'2025-08-26 04:53:07','2025-08-26 10:57:43'),(1487,8,NULL,'Mikrotik Router Down','⚠️ Hi Erick, your mikrotik router - Ngoni Net 1 is offline. Please check it out.',1,'2025-08-26 04:54:07','2025-08-26 10:57:43'),(1488,8,NULL,'Mikrotik Router Down','⚠️ Hi Erick, your mikrotik router - Ngoni Net 1 is offline. Please check it out.',1,'2025-08-26 04:55:07','2025-08-26 10:57:43'),(1489,8,NULL,'Mikrotik Router Down','⚠️ Hi Erick, your mikrotik router - Ngoni Net 1 is offline. Please check it out.',1,'2025-08-26 04:56:08','2025-08-26 10:57:43'),(1490,8,NULL,'Mikrotik Router Down','⚠️ Hi Erick, your mikrotik router - Ngoni Net 1 is offline. Please check it out.',1,'2025-08-26 04:57:07','2025-08-26 10:57:43'),(1491,8,NULL,'Mikrotik Router Down','⚠️ Hi Erick, your mikrotik router - Ngoni Net 1 is offline. Please check it out.',1,'2025-08-26 04:58:07','2025-08-26 10:57:43'),(1492,8,NULL,'Mikrotik Router Down','⚠️ Hi Erick, your mikrotik router - Ngoni Net 1 is offline. Please check it out.',1,'2025-08-26 04:59:07','2025-08-26 10:57:43'),(1493,8,NULL,'Mikrotik Router Down','⚠️ Hi Erick, your mikrotik router - Ngoni Net 1 is offline. Please check it out.',1,'2025-08-26 05:00:08','2025-08-26 10:57:43'),(1494,8,NULL,'Mikrotik Router Down','⚠️ Hi Erick, your mikrotik router - Ngoni Net 1 is offline. Please check it out.',1,'2025-08-26 05:01:08','2025-08-26 10:57:43'),(1495,8,NULL,'Mikrotik Router Down','⚠️ Hi Erick, your mikrotik router - Ngoni Net 1 is offline. Please check it out.',1,'2025-08-26 05:02:07','2025-08-26 10:57:43'),(1496,8,NULL,'Mikrotik Router Down','⚠️ Hi Erick, your mikrotik router - Ngoni Net 1 is offline. Please check it out.',1,'2025-08-26 05:03:07','2025-08-26 10:57:43'),(1497,8,NULL,'Mikrotik Router Down','⚠️ Hi Erick, your mikrotik router - Ngoni Net 1 is offline. Please check it out.',1,'2025-08-26 05:04:07','2025-08-26 10:57:43'),(1498,8,NULL,'Mikrotik Router Down','⚠️ Hi Erick, your mikrotik router - Ngoni Net 1 is offline. Please check it out.',1,'2025-08-26 05:05:08','2025-08-26 10:57:43'),(1499,8,NULL,'Mikrotik Router Down','⚠️ Hi Erick, your mikrotik router - Ngoni Net 1 is offline. Please check it out.',1,'2025-08-26 05:06:08','2025-08-26 10:57:43'),(1500,8,NULL,'Mikrotik Router Down','⚠️ Hi Erick, your mikrotik router - Ngoni Net 1 is offline. Please check it out.',1,'2025-08-26 05:07:07','2025-08-26 10:57:43'),(1501,8,NULL,'Mikrotik Router Down','⚠️ Hi Erick, your mikrotik router - Ngoni Net 1 is offline. Please check it out.',1,'2025-08-26 05:08:07','2025-08-26 10:57:43'),(1502,8,NULL,'Mikrotik Router Down','⚠️ Hi Erick, your mikrotik router - Ngoni Net 1 is offline. Please check it out.',1,'2025-08-26 05:09:07','2025-08-26 10:57:43'),(1503,8,NULL,'Mikrotik Router Down','⚠️ Hi Erick, your mikrotik router - Ngoni Net 1 is offline. Please check it out.',1,'2025-08-26 05:10:08','2025-08-26 10:57:43'),(1504,8,NULL,'Mikrotik Router Down','⚠️ Hi Erick, your mikrotik router - Ngoni Net 1 is offline. Please check it out.',1,'2025-08-26 05:11:07','2025-08-26 10:57:43'),(1505,8,NULL,'Mikrotik Router Down','⚠️ Hi Erick, your mikrotik router - Ngoni Net 1 is offline. Please check it out.',1,'2025-08-26 05:12:07','2025-08-26 10:57:43'),(1506,8,NULL,'Mikrotik Router Down','⚠️ Hi Erick, your mikrotik router - Ngoni Net 1 is offline. Please check it out.',1,'2025-08-26 05:13:07','2025-08-26 10:57:43'),(1507,8,NULL,'Mikrotik Router Down','⚠️ Hi Erick, your mikrotik router - Ngoni Net 1 is offline. Please check it out.',1,'2025-08-26 05:14:07','2025-08-26 10:57:43'),(1508,8,NULL,'Mikrotik Router Down','⚠️ Hi Erick, your mikrotik router - Ngoni Net 1 is offline. Please check it out.',1,'2025-08-26 05:15:07','2025-08-26 10:57:43'),(1509,8,NULL,'Mikrotik Router Down','⚠️ Hi Erick, your mikrotik router - Ngoni Net 1 is offline. Please check it out.',1,'2025-08-26 05:16:07','2025-08-26 10:57:43'),(1510,8,NULL,'Mikrotik Router Down','⚠️ Hi Erick, your mikrotik router - Ngoni Net 1 is offline. Please check it out.',1,'2025-08-26 05:17:10','2025-08-26 10:57:43'),(1511,8,NULL,'Mikrotik Router Down','⚠️ Hi Erick, your mikrotik router - Ngoni Net 1 is offline. Please check it out.',1,'2025-08-26 05:18:07','2025-08-26 10:57:43'),(1512,8,NULL,'Mikrotik Router Down','⚠️ Hi Erick, your mikrotik router - Ngoni Net 1 is offline. Please check it out.',1,'2025-08-26 05:19:07','2025-08-26 10:57:43'),(1513,8,NULL,'Mikrotik Router Down','⚠️ Hi Erick, your mikrotik router - Ngoni Net 1 is offline. Please check it out.',1,'2025-08-26 05:20:07','2025-08-26 10:57:43'),(1514,8,NULL,'Mikrotik Router Down','⚠️ Hi Erick, your mikrotik router - Ngoni Net 1 is offline. Please check it out.',1,'2025-08-26 05:21:08','2025-08-26 10:57:43'),(1515,8,NULL,'Mikrotik Router Down','⚠️ Hi Erick, your mikrotik router - Ngoni Net 1 is offline. Please check it out.',1,'2025-08-26 05:22:07','2025-08-26 10:57:43'),(1516,8,NULL,'Mikrotik Router Down','⚠️ Hi Erick, your mikrotik router - Ngoni Net 1 is offline. Please check it out.',1,'2025-08-26 05:23:07','2025-08-26 10:57:43'),(1517,8,NULL,'Mikrotik Router Down','⚠️ Hi Erick, your mikrotik router - Ngoni Net 1 is offline. Please check it out.',1,'2025-08-26 05:24:08','2025-08-26 10:57:43'),(1518,8,NULL,'Mikrotik Router Down','⚠️ Hi Erick, your mikrotik router - Ngoni Net 1 is offline. Please check it out.',1,'2025-08-26 05:25:08','2025-08-26 10:57:43'),(1519,8,NULL,'Mikrotik Router Down','⚠️ Hi Erick, your mikrotik router - Ngoni Net 1 is offline. Please check it out.',1,'2025-08-26 05:26:07','2025-08-26 10:57:43'),(1520,8,NULL,'Mikrotik Router Down','⚠️ Hi Erick, your mikrotik router - Ngoni Net 1 is offline. Please check it out.',1,'2025-08-26 05:27:07','2025-08-26 10:57:43'),(1521,8,NULL,'Mikrotik Router Down','⚠️ Hi Erick, your mikrotik router - Ngoni Net 1 is offline. Please check it out.',1,'2025-08-26 05:28:07','2025-08-26 10:57:43'),(1522,8,NULL,'Mikrotik Router Down','⚠️ Hi Erick, your mikrotik router - Ngoni Net 1 is offline. Please check it out.',1,'2025-08-26 05:29:07','2025-08-26 10:57:43'),(1523,8,NULL,'Mikrotik Router Down','⚠️ Hi Erick, your mikrotik router - Ngoni Net 1 is offline. Please check it out.',1,'2025-08-26 05:30:07','2025-08-26 10:57:43'),(1524,8,NULL,'Mikrotik Router Down','⚠️ Hi Erick, your mikrotik router - Ngoni Net 1 is offline. Please check it out.',1,'2025-08-26 05:31:07','2025-08-26 10:57:43'),(1525,8,NULL,'Mikrotik Router Down','⚠️ Hi Erick, your mikrotik router - Ngoni Net 1 is offline. Please check it out.',1,'2025-08-26 05:32:07','2025-08-26 10:57:43'),(1526,8,NULL,'Mikrotik Router Down','⚠️ Hi Erick, your mikrotik router - Ngoni Net 1 is offline. Please check it out.',1,'2025-08-26 05:33:07','2025-08-26 10:57:43'),(1527,8,NULL,'Mikrotik Router Down','⚠️ Hi Erick, your mikrotik router - Ngoni Net 1 is offline. Please check it out.',1,'2025-08-26 05:34:07','2025-08-26 10:57:43'),(1528,8,NULL,'Mikrotik Router Down','⚠️ Hi Erick, your mikrotik router - Ngoni Net 1 is offline. Please check it out.',1,'2025-08-26 05:35:07','2025-08-26 10:57:43'),(1529,8,NULL,'Mikrotik Router Down','⚠️ Hi Erick, your mikrotik router - Ngoni Net 1 is offline. Please check it out.',1,'2025-08-26 05:36:07','2025-08-26 10:57:43'),(1530,8,NULL,'Mikrotik Router Down','⚠️ Hi Erick, your mikrotik router - Ngoni Net 1 is offline. Please check it out.',1,'2025-08-26 05:37:07','2025-08-26 10:57:43'),(1531,8,NULL,'Mikrotik Router Down','⚠️ Hi Erick, your mikrotik router - Ngoni Net 1 is offline. Please check it out.',1,'2025-08-26 05:38:07','2025-08-26 10:57:43'),(1532,8,NULL,'Mikrotik Router Down','⚠️ Hi Erick, your mikrotik router - Ngoni Net 1 is offline. Please check it out.',1,'2025-08-26 05:39:07','2025-08-26 10:57:43'),(1533,8,NULL,'Mikrotik Router Down','⚠️ Hi Erick, your mikrotik router - Ngoni Net 1 is offline. Please check it out.',1,'2025-08-26 05:40:07','2025-08-26 10:57:43'),(1534,8,NULL,'Mikrotik Router Down','⚠️ Hi Erick, your mikrotik router - Ngoni Net 1 is offline. Please check it out.',1,'2025-08-26 05:41:07','2025-08-26 10:57:43'),(1535,8,NULL,'Mikrotik Router Down','⚠️ Hi Erick, your mikrotik router - Ngoni Net 1 is offline. Please check it out.',1,'2025-08-26 05:42:07','2025-08-26 10:57:43'),(1536,8,NULL,'Mikrotik Router Down','⚠️ Hi Erick, your mikrotik router - Ngoni Net 1 is offline. Please check it out.',1,'2025-08-26 05:43:07','2025-08-26 10:57:43'),(1537,8,NULL,'Mikrotik Router Down','⚠️ Hi Erick, your mikrotik router - Ngoni Net 1 is offline. Please check it out.',1,'2025-08-26 05:44:07','2025-08-26 10:57:43'),(1538,8,NULL,'Mikrotik Router Down','⚠️ Hi Erick, your mikrotik router - Ngoni Net 1 is offline. Please check it out.',1,'2025-08-26 05:45:07','2025-08-26 10:57:43'),(1539,8,NULL,'Mikrotik Router Down','⚠️ Hi Erick, your mikrotik router - Ngoni Net 1 is offline. Please check it out.',1,'2025-08-26 05:46:07','2025-08-26 10:57:43'),(1540,8,NULL,'Mikrotik Router Down','⚠️ Hi Erick, your mikrotik router - Ngoni Net 1 is offline. Please check it out.',1,'2025-08-26 05:47:07','2025-08-26 10:57:43'),(1541,8,NULL,'Mikrotik Router Down','⚠️ Hi Erick, your mikrotik router - Ngoni Net 1 is offline. Please check it out.',1,'2025-08-26 05:48:07','2025-08-26 10:57:43'),(1542,8,NULL,'Mikrotik Router Down','⚠️ Hi Erick, your mikrotik router - Ngoni Net 1 is offline. Please check it out.',1,'2025-08-26 05:49:07','2025-08-26 10:57:43'),(1543,8,NULL,'Mikrotik Router Down','⚠️ Hi Erick, your mikrotik router - Ngoni Net 1 is offline. Please check it out.',1,'2025-08-26 05:50:07','2025-08-26 10:57:43'),(1544,8,NULL,'Mikrotik Router Down','⚠️ Hi Erick, your mikrotik router - Ngoni Net 1 is offline. Please check it out.',1,'2025-08-26 05:51:07','2025-08-26 10:57:43'),(1545,8,NULL,'Mikrotik Router Down','⚠️ Hi Erick, your mikrotik router - Ngoni Net 1 is offline. Please check it out.',1,'2025-08-26 05:52:08','2025-08-26 10:57:43'),(1546,8,NULL,'Mikrotik Router Down','⚠️ Hi Erick, your mikrotik router - Ngoni Net 1 is offline. Please check it out.',1,'2025-08-26 05:53:08','2025-08-26 10:57:43'),(1547,8,NULL,'Mikrotik Router Down','⚠️ Hi Erick, your mikrotik router - Ngoni Net 1 is offline. Please check it out.',1,'2025-08-26 05:54:07','2025-08-26 10:57:43'),(1548,8,NULL,'Mikrotik Router Down','⚠️ Hi Erick, your mikrotik router - Ngoni Net 1 is offline. Please check it out.',1,'2025-08-26 05:55:07','2025-08-26 10:57:43'),(1549,8,NULL,'Mikrotik Router Down','⚠️ Hi Erick, your mikrotik router - Ngoni Net 1 is offline. Please check it out.',1,'2025-08-26 05:56:07','2025-08-26 10:57:43'),(1550,8,NULL,'Mikrotik Router Down','⚠️ Hi Erick, your mikrotik router - Ngoni Net 1 is offline. Please check it out.',1,'2025-08-26 05:57:07','2025-08-26 10:57:43'),(1551,8,NULL,'Mikrotik Router Down','⚠️ Hi Erick, your mikrotik router - Ngoni Net 1 is offline. Please check it out.',1,'2025-08-26 05:58:07','2025-08-26 10:57:43'),(1552,8,NULL,'Mikrotik Router Down','⚠️ Hi Erick, your mikrotik router - Ngoni Net 1 is offline. Please check it out.',1,'2025-08-26 05:59:07','2025-08-26 10:57:43'),(1553,8,NULL,'Mikrotik Router Down','⚠️ Hi Erick, your mikrotik router - Ngoni Net 1 is offline. Please check it out.',1,'2025-08-26 06:00:07','2025-08-26 10:57:43'),(1554,8,NULL,'Mikrotik Router Down','⚠️ Hi Erick, your mikrotik router - Ngoni Net 1 is offline. Please check it out.',1,'2025-08-26 06:01:07','2025-08-26 10:57:43'),(1555,8,NULL,'Mikrotik Router Down','⚠️ Hi Erick, your mikrotik router - Ngoni Net 1 is offline. Please check it out.',1,'2025-08-26 06:02:07','2025-08-26 10:57:43'),(1556,8,NULL,'Mikrotik Router Down','⚠️ Hi Erick, your mikrotik router - Ngoni Net 1 is offline. Please check it out.',1,'2025-08-26 06:03:07','2025-08-26 10:57:43'),(1557,8,NULL,'Mikrotik Router Down','⚠️ Hi Erick, your mikrotik router - Ngoni Net 1 is offline. Please check it out.',1,'2025-08-26 06:04:08','2025-08-26 10:57:43'),(1558,8,NULL,'Mikrotik Router Down','⚠️ Hi Erick, your mikrotik router - Ngoni Net 1 is offline. Please check it out.',1,'2025-08-26 06:05:07','2025-08-26 10:57:43'),(1559,8,NULL,'Mikrotik Router Down','⚠️ Hi Erick, your mikrotik router - Ngoni Net 1 is offline. Please check it out.',1,'2025-08-26 06:06:07','2025-08-26 10:57:43'),(1560,8,NULL,'Mikrotik Router Down','⚠️ Hi Erick, your mikrotik router - Ngoni Net 1 is offline. Please check it out.',1,'2025-08-26 06:07:07','2025-08-26 10:57:43'),(1561,8,NULL,'Mikrotik Router Down','⚠️ Hi Erick, your mikrotik router - Ngoni Net 1 is offline. Please check it out.',1,'2025-08-26 06:08:08','2025-08-26 10:57:43'),(1562,8,NULL,'Mikrotik Router Down','⚠️ Hi Erick, your mikrotik router - Ngoni Net 1 is offline. Please check it out.',1,'2025-08-26 06:09:07','2025-08-26 10:57:43'),(1563,8,NULL,'Mikrotik Router Down','⚠️ Hi Erick, your mikrotik router - Ngoni Net 1 is offline. Please check it out.',1,'2025-08-26 06:10:08','2025-08-26 10:57:43'),(1564,8,NULL,'Mikrotik Router Down','⚠️ Hi Erick, your mikrotik router - Ngoni Net 1 is offline. Please check it out.',1,'2025-08-26 06:11:08','2025-08-26 10:57:43'),(1565,8,NULL,'Mikrotik Router Down','⚠️ Hi Erick, your mikrotik router - Ngoni Net 1 is offline. Please check it out.',1,'2025-08-26 06:12:07','2025-08-26 10:57:43'),(1566,8,NULL,'Mikrotik Router Down','⚠️ Hi Erick, your mikrotik router - Ngoni Net 1 is offline. Please check it out.',1,'2025-08-26 06:13:07','2025-08-26 10:57:43'),(1567,8,NULL,'Mikrotik Router Down','⚠️ Hi Erick, your mikrotik router - Ngoni Net 1 is offline. Please check it out.',1,'2025-08-26 06:14:07','2025-08-26 10:57:43'),(1568,8,NULL,'Mikrotik Router Down','⚠️ Hi Erick, your mikrotik router - Ngoni Net 1 is offline. Please check it out.',1,'2025-08-26 06:15:07','2025-08-26 10:57:43'),(1569,8,NULL,'Mikrotik Router Down','⚠️ Hi Erick, your mikrotik router - Ngoni Net 1 is offline. Please check it out.',1,'2025-08-26 06:16:07','2025-08-26 10:57:43'),(1570,8,NULL,'Mikrotik Router Down','⚠️ Hi Erick, your mikrotik router - Ngoni Net 1 is offline. Please check it out.',1,'2025-08-26 06:17:09','2025-08-26 10:57:43'),(1571,8,NULL,'Mikrotik Router Down','⚠️ Hi Erick, your mikrotik router - Ngoni Net 1 is offline. Please check it out.',1,'2025-08-26 06:18:07','2025-08-26 10:57:43'),(1572,8,NULL,'Mikrotik Router Down','⚠️ Hi Erick, your mikrotik router - Ngoni Net 1 is offline. Please check it out.',1,'2025-08-26 06:19:07','2025-08-26 10:57:43'),(1573,8,NULL,'Mikrotik Router Down','⚠️ Hi Erick, your mikrotik router - Ngoni Net 1 is offline. Please check it out.',1,'2025-08-26 06:20:07','2025-08-26 10:57:43'),(1574,8,NULL,'Mikrotik Router Down','⚠️ Hi Erick, your mikrotik router - Ngoni Net 1 is offline. Please check it out.',1,'2025-08-26 06:21:08','2025-08-26 10:57:43'),(1575,8,NULL,'Mikrotik Router Down','⚠️ Hi Erick, your mikrotik router - Ngoni Net 1 is offline. Please check it out.',1,'2025-08-26 06:22:07','2025-08-26 10:57:43'),(1576,8,NULL,'Mikrotik Router Down','⚠️ Hi Erick, your mikrotik router - Ngoni Net 1 is offline. Please check it out.',1,'2025-08-26 06:23:07','2025-08-26 10:57:43'),(1577,8,NULL,'Mikrotik Router Down','⚠️ Hi Erick, your mikrotik router - Ngoni Net 1 is offline. Please check it out.',1,'2025-08-26 06:24:07','2025-08-26 10:57:43'),(1578,8,NULL,'Mikrotik Router Down','⚠️ Hi Erick, your mikrotik router - Ngoni Net 1 is offline. Please check it out.',1,'2025-08-26 06:25:07','2025-08-26 10:57:43'),(1579,8,NULL,'Mikrotik Router Down','⚠️ Hi Erick, your mikrotik router - Ngoni Net 1 is offline. Please check it out.',1,'2025-08-26 06:26:07','2025-08-26 10:57:43'),(1580,8,NULL,'Mikrotik Router Down','⚠️ Hi Erick, your mikrotik router - Ngoni Net 1 is offline. Please check it out.',1,'2025-08-26 06:27:08','2025-08-26 10:57:43'),(1581,8,NULL,'Mikrotik Router Down','⚠️ Hi Erick, your mikrotik router - Ngoni Net 1 is offline. Please check it out.',1,'2025-08-26 06:28:07','2025-08-26 10:57:43'),(1582,8,NULL,'Mikrotik Router Down','⚠️ Hi Erick, your mikrotik router - Ngoni Net 1 is offline. Please check it out.',1,'2025-08-26 06:29:07','2025-08-26 10:57:43'),(1583,8,NULL,'Mikrotik Router Down','⚠️ Hi Erick, your mikrotik router - Ngoni Net 1 is offline. Please check it out.',1,'2025-08-26 06:30:08','2025-08-26 10:57:43'),(1584,8,NULL,'Mikrotik Router Down','⚠️ Hi Erick, your mikrotik router - Ngoni Net 1 is offline. Please check it out.',1,'2025-08-26 06:31:07','2025-08-26 10:57:43'),(1585,8,NULL,'Mikrotik Router Down','⚠️ Hi Erick, your mikrotik router - Ngoni Net 1 is offline. Please check it out.',1,'2025-08-26 06:32:07','2025-08-26 10:57:43'),(1586,8,NULL,'Mikrotik Router Down','⚠️ Hi Erick, your mikrotik router - Ngoni Net 1 is offline. Please check it out.',1,'2025-08-26 06:33:07','2025-08-26 10:57:43'),(1587,8,NULL,'Mikrotik Router Down','⚠️ Hi Erick, your mikrotik router - Ngoni Net 1 is offline. Please check it out.',1,'2025-08-26 06:34:07','2025-08-26 10:57:43'),(1588,8,NULL,'Mikrotik Router Down','⚠️ Hi Erick, your mikrotik router - Ngoni Net 1 is offline. Please check it out.',1,'2025-08-26 06:35:07','2025-08-26 10:57:43'),(1589,8,NULL,'Mikrotik Router Down','⚠️ Hi Erick, your mikrotik router - Ngoni Net 1 is offline. Please check it out.',1,'2025-08-26 06:36:07','2025-08-26 10:57:43'),(1590,8,NULL,'Mikrotik Router Down','⚠️ Hi Erick, your mikrotik router - Ngoni Net 1 is offline. Please check it out.',1,'2025-08-26 06:37:07','2025-08-26 10:57:43'),(1591,8,NULL,'Mikrotik Router Down','⚠️ Hi Erick, your mikrotik router - Ngoni Net 1 is offline. Please check it out.',1,'2025-08-26 06:38:08','2025-08-26 10:57:43'),(1592,8,NULL,'Mikrotik Router Down','⚠️ Hi Erick, your mikrotik router - Ngoni Net 1 is offline. Please check it out.',1,'2025-08-26 06:39:08','2025-08-26 10:57:43'),(1593,8,NULL,'Mikrotik Router Down','⚠️ Hi Erick, your mikrotik router - Ngoni Net 1 is offline. Please check it out.',1,'2025-08-26 06:40:07','2025-08-26 10:57:43'),(1594,8,NULL,'Mikrotik Router Down','⚠️ Hi Erick, your mikrotik router - Ngoni Net 1 is offline. Please check it out.',1,'2025-08-26 06:41:08','2025-08-26 10:57:43'),(1595,8,NULL,'Mikrotik Router Down','⚠️ Hi Erick, your mikrotik router - Ngoni Net 1 is offline. Please check it out.',1,'2025-08-26 06:42:07','2025-08-26 10:57:43'),(1596,8,NULL,'Mikrotik Router Down','⚠️ Hi Erick, your mikrotik router - Ngoni Net 1 is offline. Please check it out.',1,'2025-08-26 06:43:07','2025-08-26 10:57:44'),(1597,8,NULL,'Mikrotik Router Down','⚠️ Hi Erick, your mikrotik router - Ngoni Net 1 is offline. Please check it out.',1,'2025-08-26 06:44:07','2025-08-26 10:57:44'),(1598,8,NULL,'Mikrotik Router Down','⚠️ Hi Erick, your mikrotik router - Ngoni Net 1 is offline. Please check it out.',1,'2025-08-26 06:45:07','2025-08-26 10:57:44'),(1599,8,NULL,'Mikrotik Router Down','⚠️ Hi Erick, your mikrotik router - Ngoni Net 1 is offline. Please check it out.',1,'2025-08-26 06:46:07','2025-08-26 10:57:44'),(1600,8,NULL,'Mikrotik Router Down','⚠️ Hi Erick, your mikrotik router - Ngoni Net 1 is offline. Please check it out.',1,'2025-08-26 06:47:07','2025-08-26 10:57:44'),(1601,8,NULL,'Mikrotik Router Down','⚠️ Hi Erick, your mikrotik router - Ngoni Net 1 is offline. Please check it out.',1,'2025-08-26 06:48:07','2025-08-26 10:57:44'),(1602,8,NULL,'Mikrotik Router Down','⚠️ Hi Erick, your mikrotik router - Ngoni Net 1 is offline. Please check it out.',1,'2025-08-26 06:49:08','2025-08-26 10:57:44'),(1603,8,NULL,'Mikrotik Router Down','⚠️ Hi Erick, your mikrotik router - Ngoni Net 1 is offline. Please check it out.',1,'2025-08-26 06:50:07','2025-08-26 10:57:44'),(1604,8,NULL,'Mikrotik Router Down','⚠️ Hi Erick, your mikrotik router - Ngoni Net 1 is offline. Please check it out.',1,'2025-08-26 06:51:07','2025-08-26 10:57:44'),(1605,8,NULL,'Mikrotik Router Down','⚠️ Hi Erick, your mikrotik router - Ngoni Net 1 is offline. Please check it out.',1,'2025-08-26 06:52:07','2025-08-26 10:57:44'),(1606,8,NULL,'Mikrotik Router Down','⚠️ Hi Erick, your mikrotik router - Ngoni Net 1 is offline. Please check it out.',1,'2025-08-26 06:53:07','2025-08-26 10:57:44'),(1607,8,NULL,'Mikrotik Router Down','⚠️ Hi Erick, your mikrotik router - Ngoni Net 1 is offline. Please check it out.',1,'2025-08-26 06:54:07','2025-08-26 10:57:44'),(1608,8,NULL,'Mikrotik Router Down','⚠️ Hi Erick, your mikrotik router - Ngoni Net 1 is offline. Please check it out.',1,'2025-08-26 06:55:07','2025-08-26 10:57:44'),(1609,8,NULL,'Mikrotik Router Down','⚠️ Hi Erick, your mikrotik router - Ngoni Net 1 is offline. Please check it out.',1,'2025-08-26 06:56:07','2025-08-26 10:57:44'),(1610,8,NULL,'Mikrotik Router Down','⚠️ Hi Erick, your mikrotik router - Ngoni Net 1 is offline. Please check it out.',1,'2025-08-26 06:57:07','2025-08-26 10:57:44'),(1611,8,NULL,'Mikrotik Router Down','⚠️ Hi Erick, your mikrotik router - Ngoni Net 1 is offline. Please check it out.',1,'2025-08-26 06:58:07','2025-08-26 10:57:44'),(1612,8,NULL,'Mikrotik Router Down','⚠️ Hi Erick, your mikrotik router - Ngoni Net 1 is offline. Please check it out.',1,'2025-08-26 06:59:07','2025-08-26 10:57:44'),(1613,8,NULL,'Mikrotik Router Down','⚠️ Hi Erick, your mikrotik router - Ngoni Net 1 is offline. Please check it out.',1,'2025-08-26 07:00:08','2025-08-26 10:57:44'),(1614,8,NULL,'Mikrotik Router Down','⚠️ Hi Erick, your mikrotik router - Ngoni Net 1 is offline. Please check it out.',1,'2025-08-26 07:01:08','2025-08-26 10:57:44'),(1615,8,NULL,'Mikrotik Router Down','⚠️ Hi Erick, your mikrotik router - Ngoni Net 1 is offline. Please check it out.',1,'2025-08-26 07:02:07','2025-08-26 10:57:44'),(1616,8,NULL,'Mikrotik Router Down','⚠️ Hi Erick, your mikrotik router - Ngoni Net 1 is offline. Please check it out.',1,'2025-08-26 07:03:07','2025-08-26 10:57:44'),(1617,8,NULL,'Mikrotik Router Down','⚠️ Hi Erick, your mikrotik router - Ngoni Net 1 is offline. Please check it out.',1,'2025-08-26 07:04:07','2025-08-26 10:57:44'),(1618,8,NULL,'Mikrotik Router Down','⚠️ Hi Erick, your mikrotik router - Ngoni Net 1 is offline. Please check it out.',1,'2025-08-26 07:05:07','2025-08-26 10:57:44'),(1619,8,NULL,'Mikrotik Router Down','⚠️ Hi Erick, your mikrotik router - Ngoni Net 1 is offline. Please check it out.',1,'2025-08-26 07:06:07','2025-08-26 10:57:44'),(1620,8,NULL,'Mikrotik Router Down','⚠️ Hi Erick, your mikrotik router - Ngoni Net 1 is offline. Please check it out.',1,'2025-08-26 07:07:07','2025-08-26 10:57:44'),(1621,8,NULL,'Mikrotik Router Down','⚠️ Hi Erick, your mikrotik router - Ngoni Net 1 is offline. Please check it out.',1,'2025-08-26 07:08:08','2025-08-26 10:57:44'),(1622,8,NULL,'Mikrotik Router Down','⚠️ Hi Erick, your mikrotik router - Ngoni Net 1 is offline. Please check it out.',1,'2025-08-26 07:09:07','2025-08-26 10:57:44'),(1623,8,NULL,'Mikrotik Router Down','⚠️ Hi Erick, your mikrotik router - Ngoni Net 1 is offline. Please check it out.',1,'2025-08-26 07:10:07','2025-08-26 10:57:44'),(1624,8,NULL,'Mikrotik Router Down','⚠️ Hi Erick, your mikrotik router - Ngoni Net 1 is offline. Please check it out.',1,'2025-08-26 07:11:07','2025-08-26 10:57:44'),(1625,8,NULL,'Mikrotik Router Down','⚠️ Hi Erick, your mikrotik router - Ngoni Net 1 is offline. Please check it out.',1,'2025-08-26 07:12:07','2025-08-26 10:57:44'),(1626,8,NULL,'Mikrotik Router Down','⚠️ Hi Erick, your mikrotik router - Ngoni Net 1 is offline. Please check it out.',1,'2025-08-26 07:13:07','2025-08-26 10:57:44'),(1627,8,NULL,'Mikrotik Router Down','⚠️ Hi Erick, your mikrotik router - Ngoni Net 1 is offline. Please check it out.',1,'2025-08-26 07:14:07','2025-08-26 10:57:44'),(1628,8,NULL,'Mikrotik Router Down','⚠️ Hi Erick, your mikrotik router - Ngoni Net 1 is offline. Please check it out.',1,'2025-08-26 07:15:08','2025-08-26 10:57:44'),(1629,8,NULL,'Mikrotik Router Down','⚠️ Hi Erick, your mikrotik router - Ngoni Net 1 is offline. Please check it out.',1,'2025-08-26 07:16:07','2025-08-26 10:57:44'),(1630,8,NULL,'Mikrotik Router Down','⚠️ Hi Erick, your mikrotik router - Ngoni Net 1 is offline. Please check it out.',1,'2025-08-26 07:17:10','2025-08-26 10:57:44'),(1631,8,NULL,'Mikrotik Router Down','⚠️ Hi Erick, your mikrotik router - Ngoni Net 1 is offline. Please check it out.',1,'2025-08-26 07:18:07','2025-08-26 10:57:44'),(1632,8,NULL,'Mikrotik Router Down','⚠️ Hi Erick, your mikrotik router - Ngoni Net 1 is offline. Please check it out.',1,'2025-08-26 07:19:07','2025-08-26 10:57:44'),(1633,8,NULL,'Mikrotik Router Down','⚠️ Hi Erick, your mikrotik router - Ngoni Net 1 is offline. Please check it out.',1,'2025-08-26 07:20:08','2025-08-26 10:57:44'),(1634,8,NULL,'Mikrotik Router Down','⚠️ Hi Erick, your mikrotik router - Ngoni Net 1 is offline. Please check it out.',1,'2025-08-26 07:21:07','2025-08-26 10:57:44'),(1635,8,NULL,'Mikrotik Router Down','⚠️ Hi Erick, your mikrotik router - Ngoni Net 1 is offline. Please check it out.',1,'2025-08-26 07:22:07','2025-08-26 10:57:44'),(1636,8,NULL,'Mikrotik Router Down','⚠️ Hi Erick, your mikrotik router - Ngoni Net 1 is offline. Please check it out.',1,'2025-08-26 07:23:08','2025-08-26 10:57:44'),(1637,8,NULL,'Mikrotik Router Down','⚠️ Hi Erick, your mikrotik router - Ngoni Net 1 is offline. Please check it out.',1,'2025-08-26 07:24:07','2025-08-26 10:57:44'),(1638,8,NULL,'Mikrotik Router Down','⚠️ Hi Erick, your mikrotik router - Ngoni Net 1 is offline. Please check it out.',1,'2025-08-26 07:25:07','2025-08-26 10:57:44'),(1639,8,NULL,'Mikrotik Router Down','⚠️ Hi Erick, your mikrotik router - Ngoni Net 1 is offline. Please check it out.',1,'2025-08-26 07:26:07','2025-08-26 10:57:44'),(1640,8,NULL,'Mikrotik Router Down','⚠️ Hi Erick, your mikrotik router - Ngoni Net 1 is offline. Please check it out.',1,'2025-08-26 07:27:08','2025-08-26 10:57:44'),(1641,8,NULL,'Mikrotik Router Down','⚠️ Hi Erick, your mikrotik router - Ngoni Net 1 is offline. Please check it out.',1,'2025-08-26 07:28:07','2025-08-26 10:57:44'),(1642,8,NULL,'Mikrotik Router Down','⚠️ Hi Erick, your mikrotik router - Ngoni Net 1 is offline. Please check it out.',1,'2025-08-26 07:29:07','2025-08-26 10:57:44'),(1643,8,NULL,'Mikrotik Router Down','⚠️ Hi Erick, your mikrotik router - Ngoni Net 1 is offline. Please check it out.',1,'2025-08-26 07:30:08','2025-08-26 10:57:44'),(1644,8,NULL,'Mikrotik Router Down','⚠️ Hi Erick, your mikrotik router - Ngoni Net 1 is offline. Please check it out.',1,'2025-08-26 07:31:07','2025-08-26 10:57:44'),(1645,8,NULL,'Mikrotik Router Down','⚠️ Hi Erick, your mikrotik router - Ngoni Net 1 is offline. Please check it out.',1,'2025-08-26 07:32:07','2025-08-26 10:57:44'),(1646,8,NULL,'Mikrotik Router Down','⚠️ Hi Erick, your mikrotik router - Ngoni Net 1 is offline. Please check it out.',1,'2025-08-26 07:33:08','2025-08-26 10:57:44'),(1647,8,NULL,'Mikrotik Router Down','⚠️ Hi Erick, your mikrotik router - Ngoni Net 1 is offline. Please check it out.',1,'2025-08-26 07:34:07','2025-08-26 10:57:44'),(1648,8,NULL,'Mikrotik Router Down','⚠️ Hi Erick, your mikrotik router - Ngoni Net 1 is offline. Please check it out.',1,'2025-08-26 07:35:07','2025-08-26 10:57:44'),(1649,8,NULL,'Mikrotik Router Down','⚠️ Hi Erick, your mikrotik router - Ngoni Net 1 is offline. Please check it out.',1,'2025-08-26 07:36:08','2025-08-26 10:57:44'),(1650,8,NULL,'Mikrotik Router Down','⚠️ Hi Erick, your mikrotik router - Ngoni Net 1 is offline. Please check it out.',1,'2025-08-26 07:37:07','2025-08-26 10:57:44'),(1651,8,NULL,'Mikrotik Router Down','⚠️ Hi Erick, your mikrotik router - Ngoni Net 1 is offline. Please check it out.',1,'2025-08-26 07:38:07','2025-08-26 10:57:44'),(1652,8,NULL,'Mikrotik Router Down','⚠️ Hi Erick, your mikrotik router - Ngoni Net 1 is offline. Please check it out.',1,'2025-08-26 07:39:07','2025-08-26 10:57:44'),(1653,8,NULL,'Mikrotik Router Down','⚠️ Hi Erick, your mikrotik router - Ngoni Net 1 is offline. Please check it out.',1,'2025-08-26 07:40:07','2025-08-26 10:57:44'),(1654,8,NULL,'Mikrotik Router Down','⚠️ Hi Erick, your mikrotik router - Ngoni Net 1 is offline. Please check it out.',1,'2025-08-26 07:41:07','2025-08-26 10:57:44'),(1655,8,NULL,'Mikrotik Router Down','⚠️ Hi Erick, your mikrotik router - Ngoni Net 1 is offline. Please check it out.',1,'2025-08-26 07:42:07','2025-08-26 10:57:44'),(1656,8,NULL,'Mikrotik Router Down','⚠️ Hi Erick, your mikrotik router - Ngoni Net 1 is offline. Please check it out.',1,'2025-08-26 07:43:07','2025-08-26 10:57:44'),(1657,8,NULL,'Mikrotik Router Down','⚠️ Hi Erick, your mikrotik router - Ngoni Net 1 is offline. Please check it out.',1,'2025-08-26 07:44:07','2025-08-26 10:57:44'),(1658,8,NULL,'Mikrotik Router Down','⚠️ Hi Erick, your mikrotik router - Ngoni Net 1 is offline. Please check it out.',1,'2025-08-26 07:45:08','2025-08-26 10:57:44'),(1659,8,NULL,'Mikrotik Router Down','⚠️ Hi Erick, your mikrotik router - Ngoni Net 1 is offline. Please check it out.',1,'2025-08-26 07:46:07','2025-08-26 10:57:44'),(1660,8,NULL,'Mikrotik Router Down','⚠️ Hi Erick, your mikrotik router - Ngoni Net 1 is offline. Please check it out.',1,'2025-08-26 07:47:08','2025-08-26 10:57:44'),(1661,8,NULL,'Mikrotik Router Down','⚠️ Hi Erick, your mikrotik router - Ngoni Net 1 is offline. Please check it out.',1,'2025-08-26 07:48:07','2025-08-26 10:57:44'),(1662,8,NULL,'Mikrotik Router Down','⚠️ Hi Erick, your mikrotik router - Ngoni Net 1 is offline. Please check it out.',1,'2025-08-26 07:49:07','2025-08-26 10:57:44'),(1663,8,NULL,'Mikrotik Router Down','⚠️ Hi Erick, your mikrotik router - Ngoni Net 1 is offline. Please check it out.',1,'2025-08-26 07:50:08','2025-08-26 10:57:44'),(1664,8,NULL,'Mikrotik Router Down','⚠️ Hi Erick, your mikrotik router - Ngoni Net 1 is offline. Please check it out.',1,'2025-08-26 07:51:07','2025-08-26 10:57:44'),(1665,8,NULL,'Mikrotik Router Down','⚠️ Hi Erick, your mikrotik router - Ngoni Net 1 is offline. Please check it out.',1,'2025-08-26 07:52:07','2025-08-26 10:57:44'),(1666,8,NULL,'Mikrotik Router Down','⚠️ Hi Erick, your mikrotik router - Ngoni Net 1 is offline. Please check it out.',1,'2025-08-26 07:53:07','2025-08-26 10:57:44'),(1667,8,NULL,'Mikrotik Router Down','⚠️ Hi Erick, your mikrotik router - Ngoni Net 1 is offline. Please check it out.',1,'2025-08-26 07:54:07','2025-08-26 10:57:44'),(1668,8,NULL,'Mikrotik Router Down','⚠️ Hi Erick, your mikrotik router - Ngoni Net 1 is offline. Please check it out.',1,'2025-08-26 07:55:07','2025-08-26 10:57:44'),(1669,8,NULL,'Mikrotik Router Down','⚠️ Hi Erick, your mikrotik router - Ngoni Net 1 is offline. Please check it out.',1,'2025-08-26 07:56:07','2025-08-26 10:57:44'),(1670,8,NULL,'Mikrotik Router Down','⚠️ Hi Erick, your mikrotik router - Ngoni Net 1 is offline. Please check it out.',1,'2025-08-26 07:57:07','2025-08-26 10:57:44'),(1671,8,NULL,'Mikrotik Router Down','⚠️ Hi Erick, your mikrotik router - Ngoni Net 1 is offline. Please check it out.',1,'2025-08-26 07:58:07','2025-08-26 10:57:44'),(1672,8,NULL,'Mikrotik Router Down','⚠️ Hi Erick, your mikrotik router - Ngoni Net 1 is offline. Please check it out.',1,'2025-08-26 07:59:08','2025-08-26 10:57:44'),(1673,8,NULL,'Mikrotik Router Down','⚠️ Hi Erick, your mikrotik router - Ngoni Net 1 is offline. Please check it out.',1,'2025-08-26 08:00:07','2025-08-26 10:57:44'),(1674,8,NULL,'Mikrotik Router Down','⚠️ Hi Erick, your mikrotik router - Ngoni Net 1 is offline. Please check it out.',1,'2025-08-26 08:01:07','2025-08-26 10:57:45'),(1675,8,NULL,'Mikrotik Router Down','⚠️ Hi Erick, your mikrotik router - Ngoni Net 1 is offline. Please check it out.',1,'2025-08-26 08:02:07','2025-08-26 10:57:45'),(1676,8,NULL,'Mikrotik Router Down','⚠️ Hi Erick, your mikrotik router - Ngoni Net 1 is offline. Please check it out.',1,'2025-08-26 08:03:07','2025-08-26 10:57:45'),(1677,8,NULL,'Mikrotik Router Down','⚠️ Hi Erick, your mikrotik router - Ngoni Net 1 is offline. Please check it out.',1,'2025-08-26 08:04:08','2025-08-26 10:57:45'),(1678,8,NULL,'Mikrotik Router Down','⚠️ Hi Erick, your mikrotik router - Ngoni Net 1 is offline. Please check it out.',1,'2025-08-26 08:05:07','2025-08-26 10:57:45'),(1679,8,NULL,'Mikrotik Router Down','⚠️ Hi Erick, your mikrotik router - Ngoni Net 1 is offline. Please check it out.',1,'2025-08-26 08:06:08','2025-08-26 10:57:45'),(1680,8,NULL,'Mikrotik Router Down','⚠️ Hi Erick, your mikrotik router - Ngoni Net 1 is offline. Please check it out.',1,'2025-08-26 08:07:07','2025-08-26 10:57:45'),(1681,8,NULL,'Mikrotik Router Down','⚠️ Hi Erick, your mikrotik router - Ngoni Net 1 is offline. Please check it out.',1,'2025-08-26 08:08:07','2025-08-26 10:57:45'),(1682,8,NULL,'Mikrotik Router Down','⚠️ Hi Erick, your mikrotik router - Ngoni Net 1 is offline. Please check it out.',1,'2025-08-26 08:09:07','2025-08-26 10:57:45'),(1683,8,NULL,'Mikrotik Router Down','⚠️ Hi Erick, your mikrotik router - Ngoni Net 1 is offline. Please check it out.',1,'2025-08-26 08:10:07','2025-08-26 10:57:45'),(1684,8,NULL,'Mikrotik Router Down','⚠️ Hi Erick, your mikrotik router - Ngoni Net 1 is offline. Please check it out.',1,'2025-08-26 08:11:07','2025-08-26 10:57:45'),(1685,8,NULL,'Mikrotik Router Down','⚠️ Hi Erick, your mikrotik router - Ngoni Net 1 is offline. Please check it out.',1,'2025-08-26 08:12:07','2025-08-26 10:57:45'),(1686,8,NULL,'Mikrotik Router Down','⚠️ Hi Erick, your mikrotik router - Ngoni Net 1 is offline. Please check it out.',1,'2025-08-26 08:13:07','2025-08-26 10:57:45'),(1687,8,NULL,'Mikrotik Router Down','⚠️ Hi Erick, your mikrotik router - Ngoni Net 1 is offline. Please check it out.',1,'2025-08-26 08:14:07','2025-08-26 10:57:45'),(1688,8,NULL,'Mikrotik Router Down','⚠️ Hi Erick, your mikrotik router - Ngoni Net 1 is offline. Please check it out.',1,'2025-08-26 08:15:08','2025-08-26 10:57:45'),(1689,8,NULL,'Mikrotik Router Down','⚠️ Hi Erick, your mikrotik router - Ngoni Net 1 is offline. Please check it out.',1,'2025-08-26 08:16:07','2025-08-26 10:57:45'),(1690,8,NULL,'Mikrotik Router Down','⚠️ Hi Erick, your mikrotik router - Ngoni Net 1 is offline. Please check it out.',1,'2025-08-26 08:17:09','2025-08-26 10:57:45'),(1691,8,NULL,'Mikrotik Router Down','⚠️ Hi Erick, your mikrotik router - Ngoni Net 1 is offline. Please check it out.',1,'2025-08-26 08:18:07','2025-08-26 10:57:45'),(1692,8,NULL,'Mikrotik Router Down','⚠️ Hi Erick, your mikrotik router - Ngoni Net 1 is offline. Please check it out.',1,'2025-08-26 08:19:07','2025-08-26 10:57:45'),(1693,8,NULL,'Mikrotik Router Down','⚠️ Hi Erick, your mikrotik router - Ngoni Net 1 is offline. Please check it out.',1,'2025-08-26 08:20:07','2025-08-26 10:57:45'),(1694,8,NULL,'Mikrotik Router Down','⚠️ Hi Erick, your mikrotik router - Ngoni Net 1 is offline. Please check it out.',1,'2025-08-26 08:21:08','2025-08-26 10:57:45'),(1695,8,NULL,'Mikrotik Router Down','⚠️ Hi Erick, your mikrotik router - Ngoni Net 1 is offline. Please check it out.',1,'2025-08-26 08:22:07','2025-08-26 10:57:45'),(1696,8,NULL,'Mikrotik Router Down','⚠️ Hi Erick, your mikrotik router - Ngoni Net 1 is offline. Please check it out.',1,'2025-08-26 08:23:07','2025-08-26 10:57:45'),(1697,8,NULL,'Mikrotik Router Down','⚠️ Hi Erick, your mikrotik router - Ngoni Net 1 is offline. Please check it out.',1,'2025-08-26 08:24:07','2025-08-26 10:57:45'),(1698,8,NULL,'Mikrotik Router Down','⚠️ Hi Erick, your mikrotik router - Ngoni Net 1 is offline. Please check it out.',1,'2025-08-26 08:25:07','2025-08-26 10:57:45'),(1699,8,NULL,'Mikrotik Router Down','⚠️ Hi Erick, your mikrotik router - Ngoni Net 1 is offline. Please check it out.',1,'2025-08-26 08:26:07','2025-08-26 10:57:45'),(1700,8,NULL,'Mikrotik Router Down','⚠️ Hi Erick, your mikrotik router - Ngoni Net 1 is offline. Please check it out.',1,'2025-08-26 08:27:08','2025-08-26 10:57:45'),(1701,8,NULL,'Mikrotik Router Down','⚠️ Hi Erick, your mikrotik router - Ngoni Net 1 is offline. Please check it out.',1,'2025-08-26 08:28:07','2025-08-26 10:57:45'),(1702,8,NULL,'Mikrotik Router Down','⚠️ Hi Erick, your mikrotik router - Ngoni Net 1 is offline. Please check it out.',1,'2025-08-26 08:29:07','2025-08-26 10:57:45'),(1703,8,NULL,'Mikrotik Router Down','⚠️ Hi Erick, your mikrotik router - Ngoni Net 1 is offline. Please check it out.',1,'2025-08-26 08:30:08','2025-08-26 10:57:45'),(1704,8,NULL,'Mikrotik Router Down','⚠️ Hi Erick, your mikrotik router - Ngoni Net 1 is offline. Please check it out.',1,'2025-08-26 08:31:07','2025-08-26 10:57:45'),(1705,8,NULL,'Mikrotik Router Down','⚠️ Hi Erick, your mikrotik router - Ngoni Net 1 is offline. Please check it out.',1,'2025-08-26 08:32:07','2025-08-26 10:57:45'),(1706,8,NULL,'Mikrotik Router Down','⚠️ Hi Erick, your mikrotik router - Ngoni Net 1 is offline. Please check it out.',1,'2025-08-26 08:33:07','2025-08-26 10:57:45'),(1707,8,NULL,'Mikrotik Router Down','⚠️ Hi Erick, your mikrotik router - Ngoni Net 1 is offline. Please check it out.',1,'2025-08-26 08:34:07','2025-08-26 10:57:45'),(1708,8,NULL,'Mikrotik Router Down','⚠️ Hi Erick, your mikrotik router - Ngoni Net 1 is offline. Please check it out.',1,'2025-08-26 08:35:08','2025-08-26 10:57:45'),(1709,8,NULL,'Mikrotik Router Down','⚠️ Hi Erick, your mikrotik router - Ngoni Net 1 is offline. Please check it out.',1,'2025-08-26 08:36:07','2025-08-26 10:57:45'),(1710,8,NULL,'Mikrotik Router Down','⚠️ Hi Erick, your mikrotik router - Ngoni Net 1 is offline. Please check it out.',1,'2025-08-26 08:37:07','2025-08-26 10:57:45'),(1711,8,NULL,'Mikrotik Router Down','⚠️ Hi Erick, your mikrotik router - Ngoni Net 1 is offline. Please check it out.',1,'2025-08-26 08:38:07','2025-08-26 10:57:45'),(1712,8,NULL,'Mikrotik Router Down','⚠️ Hi Erick, your mikrotik router - Ngoni Net 1 is offline. Please check it out.',1,'2025-08-26 08:39:07','2025-08-26 10:57:45'),(1713,8,NULL,'Mikrotik Router Down','⚠️ Hi Erick, your mikrotik router - Ngoni Net 1 is offline. Please check it out.',1,'2025-08-26 08:40:08','2025-08-26 10:57:45'),(1714,8,NULL,'Mikrotik Router Down','⚠️ Hi Erick, your mikrotik router - Ngoni Net 1 is offline. Please check it out.',1,'2025-08-26 08:41:07','2025-08-26 10:57:45'),(1715,8,NULL,'Mikrotik Router Down','⚠️ Hi Erick, your mikrotik router - Ngoni Net 1 is offline. Please check it out.',1,'2025-08-26 08:42:07','2025-08-26 10:57:45'),(1716,8,NULL,'Mikrotik Router Down','⚠️ Hi Erick, your mikrotik router - Ngoni Net 1 is offline. Please check it out.',1,'2025-08-26 08:43:08','2025-08-26 10:57:45'),(1717,8,NULL,'Mikrotik Router Down','⚠️ Hi Erick, your mikrotik router - Ngoni Net 1 is offline. Please check it out.',1,'2025-08-26 08:44:07','2025-08-26 10:57:45'),(1718,8,NULL,'Mikrotik Router Down','⚠️ Hi Erick, your mikrotik router - Ngoni Net 1 is offline. Please check it out.',1,'2025-08-26 08:45:08','2025-08-26 10:57:45'),(1719,8,NULL,'Mikrotik Router Down','⚠️ Hi Erick, your mikrotik router - Ngoni Net 1 is offline. Please check it out.',1,'2025-08-26 08:46:07','2025-08-26 10:57:45'),(1720,8,NULL,'Mikrotik Router Down','⚠️ Hi Erick, your mikrotik router - Ngoni Net 1 is offline. Please check it out.',1,'2025-08-26 08:47:08','2025-08-26 10:57:45'),(1721,8,NULL,'Mikrotik Router Down','⚠️ Hi Erick, your mikrotik router - Ngoni Net 1 is offline. Please check it out.',1,'2025-08-26 08:48:07','2025-08-26 10:57:45'),(1722,8,NULL,'Mikrotik Router Down','⚠️ Hi Erick, your mikrotik router - Ngoni Net 1 is offline. Please check it out.',1,'2025-08-26 08:49:07','2025-08-26 10:57:45'),(1723,8,NULL,'Mikrotik Router Down','⚠️ Hi Erick, your mikrotik router - Ngoni Net 1 is offline. Please check it out.',1,'2025-08-26 08:50:08','2025-08-26 10:57:45'),(1724,8,NULL,'Mikrotik Router Down','⚠️ Hi Erick, your mikrotik router - Ngoni Net 1 is offline. Please check it out.',1,'2025-08-26 08:51:07','2025-08-26 10:57:45'),(1725,8,NULL,'Mikrotik Router Down','⚠️ Hi Erick, your mikrotik router - Ngoni Net 1 is offline. Please check it out.',1,'2025-08-26 08:52:07','2025-08-26 10:57:45'),(1726,8,NULL,'Mikrotik Router Down','⚠️ Hi Erick, your mikrotik router - Ngoni Net 1 is offline. Please check it out.',1,'2025-08-26 08:53:07','2025-08-26 10:57:45'),(1727,8,NULL,'Mikrotik Router Down','⚠️ Hi Erick, your mikrotik router - Ngoni Net 1 is offline. Please check it out.',1,'2025-08-26 08:54:08','2025-08-26 10:57:45'),(1728,8,NULL,'Mikrotik Router Down','⚠️ Hi Erick, your mikrotik router - Ngoni Net 1 is offline. Please check it out.',1,'2025-08-26 08:55:07','2025-08-26 10:57:45'),(1729,8,NULL,'Mikrotik Router Down','⚠️ Hi Erick, your mikrotik router - Ngoni Net 1 is offline. Please check it out.',1,'2025-08-26 08:56:07','2025-08-26 10:57:45'),(1730,8,NULL,'Mikrotik Router Down','⚠️ Hi Erick, your mikrotik router - Ngoni Net 1 is offline. Please check it out.',1,'2025-08-26 08:57:08','2025-08-26 10:57:45'),(1731,8,NULL,'Mikrotik Router Down','⚠️ Hi Erick, your mikrotik router - Ngoni Net 1 is offline. Please check it out.',1,'2025-08-26 08:58:07','2025-08-26 10:57:45'),(1732,8,NULL,'Mikrotik Router Down','⚠️ Hi Erick, your mikrotik router - Ngoni Net 1 is offline. Please check it out.',1,'2025-08-26 08:59:07','2025-08-26 10:57:45'),(1733,8,NULL,'Mikrotik Router Down','⚠️ Hi Erick, your mikrotik router - Ngoni Net 1 is offline. Please check it out.',1,'2025-08-26 09:00:07','2025-08-26 10:57:45'),(1734,8,NULL,'Mikrotik Router Down','⚠️ Hi Erick, your mikrotik router - Ngoni Net 1 is offline. Please check it out.',1,'2025-08-26 09:01:07','2025-08-26 10:57:45'),(1735,8,NULL,'Mikrotik Router Down','⚠️ Hi Erick, your mikrotik router - Ngoni Net 1 is offline. Please check it out.',1,'2025-08-26 09:02:07','2025-08-26 10:57:45'),(1736,8,NULL,'Mikrotik Router Down','⚠️ Hi Erick, your mikrotik router - Ngoni Net 1 is offline. Please check it out.',1,'2025-08-26 09:03:07','2025-08-26 10:57:45'),(1737,8,NULL,'Mikrotik Router Down','⚠️ Hi Erick, your mikrotik router - Ngoni Net 1 is offline. Please check it out.',1,'2025-08-26 09:04:07','2025-08-26 10:57:45'),(1738,8,NULL,'Mikrotik Router Down','⚠️ Hi Erick, your mikrotik router - Ngoni Net 1 is offline. Please check it out.',1,'2025-08-26 09:05:07','2025-08-26 10:57:45'),(1739,8,NULL,'Mikrotik Router Down','⚠️ Hi Erick, your mikrotik router - Ngoni Net 1 is offline. Please check it out.',1,'2025-08-26 09:06:08','2025-08-26 10:57:45'),(1740,8,NULL,'Mikrotik Router Down','⚠️ Hi Erick, your mikrotik router - Ngoni Net 1 is offline. Please check it out.',1,'2025-08-26 09:07:07','2025-08-26 10:57:45'),(1741,8,NULL,'Mikrotik Router Down','⚠️ Hi Erick, your mikrotik router - Ngoni Net 1 is offline. Please check it out.',1,'2025-08-26 09:08:07','2025-08-26 10:57:45'),(1742,8,NULL,'Mikrotik Router Down','⚠️ Hi Erick, your mikrotik router - Ngoni Net 1 is offline. Please check it out.',1,'2025-08-26 09:09:07','2025-08-26 10:57:45'),(1743,8,NULL,'Mikrotik Router Down','⚠️ Hi Erick, your mikrotik router - Ngoni Net 1 is offline. Please check it out.',1,'2025-08-26 09:10:08','2025-08-26 10:57:45'),(1744,8,NULL,'Mikrotik Router Down','⚠️ Hi Erick, your mikrotik router - Ngoni Net 1 is offline. Please check it out.',1,'2025-08-26 09:11:07','2025-08-26 10:57:45'),(1745,8,NULL,'Mikrotik Router Down','⚠️ Hi Erick, your mikrotik router - Ngoni Net 1 is offline. Please check it out.',1,'2025-08-26 09:12:07','2025-08-26 10:57:45'),(1746,8,NULL,'Mikrotik Router Down','⚠️ Hi Erick, your mikrotik router - Ngoni Net 1 is offline. Please check it out.',1,'2025-08-26 09:13:07','2025-08-26 10:57:45'),(1747,8,NULL,'Mikrotik Router Down','⚠️ Hi Erick, your mikrotik router - Ngoni Net 1 is offline. Please check it out.',1,'2025-08-26 09:14:07','2025-08-26 10:57:45'),(1748,8,NULL,'Mikrotik Router Down','⚠️ Hi Erick, your mikrotik router - Ngoni Net 1 is offline. Please check it out.',1,'2025-08-26 09:15:07','2025-08-26 10:57:45'),(1749,8,NULL,'Mikrotik Router Down','⚠️ Hi Erick, your mikrotik router - Ngoni Net 1 is offline. Please check it out.',1,'2025-08-26 09:16:07','2025-08-26 10:57:45'),(1750,8,NULL,'Mikrotik Router Down','⚠️ Hi Erick, your mikrotik router - Ngoni Net 1 is offline. Please check it out.',1,'2025-08-26 09:17:09','2025-08-26 10:57:45'),(1751,8,NULL,'Mikrotik Router Down','⚠️ Hi Erick, your mikrotik router - Ngoni Net 1 is offline. Please check it out.',1,'2025-08-26 09:18:07','2025-08-26 10:57:45'),(1752,8,NULL,'Mikrotik Router Down','⚠️ Hi Erick, your mikrotik router - Ngoni Net 1 is offline. Please check it out.',1,'2025-08-26 09:19:07','2025-08-26 10:57:45'),(1753,8,NULL,'Mikrotik Router Down','⚠️ Hi Erick, your mikrotik router - Ngoni Net 1 is offline. Please check it out.',1,'2025-08-26 09:20:07','2025-08-26 10:57:45'),(1754,8,NULL,'Mikrotik Router Down','⚠️ Hi Erick, your mikrotik router - Ngoni Net 1 is offline. Please check it out.',1,'2025-08-26 09:21:08','2025-08-26 10:57:45'),(1755,8,NULL,'Mikrotik Router Down','⚠️ Hi Erick, your mikrotik router - Ngoni Net 1 is offline. Please check it out.',1,'2025-08-26 09:22:07','2025-08-26 10:57:45'),(1756,8,NULL,'Mikrotik Router Down','⚠️ Hi Erick, your mikrotik router - Ngoni Net 1 is offline. Please check it out.',1,'2025-08-26 09:23:08','2025-08-26 10:57:45'),(1757,8,NULL,'Mikrotik Router Down','⚠️ Hi Erick, your mikrotik router - Ngoni Net 1 is offline. Please check it out.',1,'2025-08-26 09:24:07','2025-08-26 10:57:45'),(1758,8,NULL,'Mikrotik Router Down','⚠️ Hi Erick, your mikrotik router - Ngoni Net 1 is offline. Please check it out.',1,'2025-08-26 09:25:08','2025-08-26 10:57:45'),(1759,8,NULL,'Mikrotik Router Down','⚠️ Hi Erick, your mikrotik router - Ngoni Net 1 is offline. Please check it out.',1,'2025-08-26 09:26:07','2025-08-26 10:57:45'),(1760,8,NULL,'Mikrotik Router Down','⚠️ Hi Erick, your mikrotik router - Ngoni Net 1 is offline. Please check it out.',1,'2025-08-26 09:27:07','2025-08-26 10:57:45'),(1761,8,NULL,'Mikrotik Router Down','⚠️ Hi Erick, your mikrotik router - Ngoni Net 1 is offline. Please check it out.',1,'2025-08-26 09:28:08','2025-08-26 10:57:45'),(1762,8,NULL,'Mikrotik Router Down','⚠️ Hi Erick, your mikrotik router - Ngoni Net 1 is offline. Please check it out.',1,'2025-08-26 09:29:07','2025-08-26 10:57:45'),(1763,8,NULL,'Mikrotik Router Down','⚠️ Hi Erick, your mikrotik router - Ngoni Net 1 is offline. Please check it out.',1,'2025-08-26 09:30:07','2025-08-26 10:57:46'),(1764,8,NULL,'Mikrotik Router Down','⚠️ Hi Erick, your mikrotik router - Ngoni Net 1 is offline. Please check it out.',1,'2025-08-26 09:31:07','2025-08-26 10:57:46'),(1765,8,NULL,'Mikrotik Router Down','⚠️ Hi Erick, your mikrotik router - Ngoni Net 1 is offline. Please check it out.',1,'2025-08-26 09:32:07','2025-08-26 10:57:46'),(1766,8,NULL,'Mikrotik Router Down','⚠️ Hi Erick, your mikrotik router - Ngoni Net 1 is offline. Please check it out.',1,'2025-08-26 09:33:07','2025-08-26 10:57:46'),(1767,8,NULL,'Mikrotik Router Down','⚠️ Hi Erick, your mikrotik router - Ngoni Net 1 is offline. Please check it out.',1,'2025-08-26 09:34:07','2025-08-26 10:57:46'),(1768,8,NULL,'Mikrotik Router Down','⚠️ Hi Erick, your mikrotik router - Ngoni Net 1 is offline. Please check it out.',1,'2025-08-26 09:35:08','2025-08-26 10:57:46'),(1769,8,NULL,'Mikrotik Router Down','⚠️ Hi Erick, your mikrotik router - Ngoni Net 1 is offline. Please check it out.',1,'2025-08-26 09:36:07','2025-08-26 10:57:46'),(1770,8,NULL,'Mikrotik Router Down','⚠️ Hi Erick, your mikrotik router - Ngoni Net 1 is offline. Please check it out.',1,'2025-08-26 09:37:07','2025-08-26 10:57:46'),(1771,8,NULL,'Mikrotik Router Down','⚠️ Hi Erick, your mikrotik router - Ngoni Net 1 is offline. Please check it out.',1,'2025-08-26 09:38:07','2025-08-26 10:57:46'),(1772,8,NULL,'Mikrotik Router Down','⚠️ Hi Erick, your mikrotik router - Ngoni Net 1 is offline. Please check it out.',1,'2025-08-26 09:39:07','2025-08-26 10:57:46'),(1773,8,NULL,'Mikrotik Router Down','⚠️ Hi Erick, your mikrotik router - Ngoni Net 1 is offline. Please check it out.',1,'2025-08-26 09:40:08','2025-08-26 10:57:46'),(1774,8,NULL,'Mikrotik Router Down','⚠️ Hi Erick, your mikrotik router - Ngoni Net 1 is offline. Please check it out.',1,'2025-08-26 09:41:07','2025-08-26 10:57:46'),(1775,8,NULL,'Mikrotik Router Down','⚠️ Hi Erick, your mikrotik router - Ngoni Net 1 is offline. Please check it out.',1,'2025-08-26 09:42:08','2025-08-26 10:57:46'),(1776,8,NULL,'Mikrotik Router Down','⚠️ Hi Erick, your mikrotik router - Ngoni Net 1 is offline. Please check it out.',1,'2025-08-26 09:43:07','2025-08-26 10:57:46'),(1777,8,NULL,'Mikrotik Router Down','⚠️ Hi Erick, your mikrotik router - Ngoni Net 1 is offline. Please check it out.',1,'2025-08-26 09:44:07','2025-08-26 10:57:46'),(1778,8,NULL,'Mikrotik Router Down','⚠️ Hi Erick, your mikrotik router - Ngoni Net 1 is offline. Please check it out.',1,'2025-08-26 09:45:07','2025-08-26 10:57:46'),(1779,8,NULL,'Mikrotik Router Down','⚠️ Hi Erick, your mikrotik router - Ngoni Net 1 is offline. Please check it out.',1,'2025-08-26 09:46:07','2025-08-26 10:57:46'),(1780,8,NULL,'Mikrotik Router Down','⚠️ Hi Erick, your mikrotik router - Ngoni Net 1 is offline. Please check it out.',1,'2025-08-26 09:47:07','2025-08-26 10:57:46'),(1781,8,NULL,'Mikrotik Router Down','⚠️ Hi Erick, your mikrotik router - Ngoni Net 1 is offline. Please check it out.',1,'2025-08-26 09:48:07','2025-08-26 10:57:46'),(1782,8,NULL,'Mikrotik Router Down','⚠️ Hi Erick, your mikrotik router - Ngoni Net 1 is offline. Please check it out.',1,'2025-08-26 09:49:07','2025-08-26 10:57:46'),(1783,8,NULL,'Mikrotik Router Down','⚠️ Hi Erick, your mikrotik router - Ngoni Net 1 is offline. Please check it out.',1,'2025-08-26 09:50:07','2025-08-26 10:57:46'),(1784,8,NULL,'Mikrotik Router Down','⚠️ Hi Erick, your mikrotik router - Ngoni Net 1 is offline. Please check it out.',1,'2025-08-26 09:51:07','2025-08-26 10:57:46'),(1785,8,NULL,'Mikrotik Router Down','⚠️ Hi Erick, your mikrotik router - Ngoni Net 1 is offline. Please check it out.',1,'2025-08-26 09:52:08','2025-08-26 10:57:46'),(1786,8,NULL,'Mikrotik Router Down','⚠️ Hi Erick, your mikrotik router - Ngoni Net 1 is offline. Please check it out.',1,'2025-08-26 09:53:07','2025-08-26 10:57:46'),(1787,8,NULL,'Mikrotik Router Down','⚠️ Hi Erick, your mikrotik router - Ngoni Net 1 is offline. Please check it out.',1,'2025-08-26 09:54:07','2025-08-26 10:57:46'),(1788,8,NULL,'Mikrotik Router Down','⚠️ Hi Erick, your mikrotik router - Ngoni Net 1 is offline. Please check it out.',1,'2025-08-26 09:55:07','2025-08-26 10:57:46'),(1789,8,NULL,'Mikrotik Router Down','⚠️ Hi Erick, your mikrotik router - Ngoni Net 1 is offline. Please check it out.',1,'2025-08-26 09:56:08','2025-08-26 10:57:46'),(1790,8,NULL,'Mikrotik Router Down','⚠️ Hi Erick, your mikrotik router - Ngoni Net 1 is offline. Please check it out.',1,'2025-08-26 09:57:07','2025-08-26 10:57:46'),(1791,8,NULL,'Mikrotik Router Down','⚠️ Hi Erick, your mikrotik router - Ngoni Net 1 is offline. Please check it out.',1,'2025-08-26 09:58:07','2025-08-26 10:57:46'),(1792,8,NULL,'Mikrotik Router Down','⚠️ Hi Erick, your mikrotik router - Ngoni Net 1 is offline. Please check it out.',1,'2025-08-26 09:59:07','2025-08-26 10:57:46'),(1793,8,NULL,'Mikrotik Router Down','⚠️ Hi Erick, your mikrotik router - Ngoni Net 1 is offline. Please check it out.',1,'2025-08-26 10:00:08','2025-08-26 10:57:46'),(1794,8,NULL,'Mikrotik Router Down','⚠️ Hi Erick, your mikrotik router - Ngoni Net 1 is offline. Please check it out.',1,'2025-08-26 10:01:07','2025-08-26 10:57:46'),(1795,8,NULL,'Mikrotik Router Down','⚠️ Hi Erick, your mikrotik router - Ngoni Net 1 is offline. Please check it out.',1,'2025-08-26 10:02:08','2025-08-26 10:57:46'),(1796,8,NULL,'Mikrotik Router Down','⚠️ Hi Erick, your mikrotik router - Ngoni Net 1 is offline. Please check it out.',1,'2025-08-26 10:03:07','2025-08-26 10:57:46'),(1797,8,NULL,'Mikrotik Router Down','⚠️ Hi Erick, your mikrotik router - Ngoni Net 1 is offline. Please check it out.',1,'2025-08-26 10:04:07','2025-08-26 10:57:46'),(1798,8,NULL,'Mikrotik Router Down','⚠️ Hi Erick, your mikrotik router - Ngoni Net 1 is offline. Please check it out.',1,'2025-08-26 10:05:08','2025-08-26 10:57:46'),(1799,8,NULL,'Mikrotik Router Down','⚠️ Hi Erick, your mikrotik router - Ngoni Net 1 is offline. Please check it out.',1,'2025-08-26 10:06:07','2025-08-26 10:57:46'),(1800,8,NULL,'Mikrotik Router Down','⚠️ Hi Erick, your mikrotik router - Ngoni Net 1 is offline. Please check it out.',1,'2025-08-26 10:07:07','2025-08-26 10:57:46'),(1801,8,NULL,'Mikrotik Router Down','⚠️ Hi Erick, your mikrotik router - Ngoni Net 1 is offline. Please check it out.',1,'2025-08-26 10:08:07','2025-08-26 10:57:46'),(1802,8,NULL,'Mikrotik Router Down','⚠️ Hi Erick, your mikrotik router - Ngoni Net 1 is offline. Please check it out.',1,'2025-08-26 10:09:08','2025-08-26 10:57:46'),(1803,8,NULL,'Mikrotik Router Down','⚠️ Hi Erick, your mikrotik router - Ngoni Net 1 is offline. Please check it out.',1,'2025-08-26 10:10:07','2025-08-26 10:57:46'),(1804,8,NULL,'Mikrotik Router Down','⚠️ Hi Erick, your mikrotik router - Ngoni Net 1 is offline. Please check it out.',1,'2025-08-26 10:11:07','2025-08-26 10:57:46'),(1805,8,NULL,'Mikrotik Router Down','⚠️ Hi Erick, your mikrotik router - Ngoni Net 1 is offline. Please check it out.',1,'2025-08-26 10:12:07','2025-08-26 10:57:46'),(1806,8,NULL,'Mikrotik Router Down','⚠️ Hi Erick, your mikrotik router - Ngoni Net 1 is offline. Please check it out.',1,'2025-08-26 10:13:07','2025-08-26 10:57:46'),(1807,8,NULL,'Mikrotik Router Down','⚠️ Hi Erick, your mikrotik router - Ngoni Net 1 is offline. Please check it out.',1,'2025-08-26 10:14:08','2025-08-26 10:57:46'),(1808,8,NULL,'Mikrotik Router Down','⚠️ Hi Erick, your mikrotik router - Ngoni Net 1 is offline. Please check it out.',1,'2025-08-26 10:15:07','2025-08-26 10:57:46'),(1809,8,NULL,'Mikrotik Router Down','⚠️ Hi Erick, your mikrotik router - Ngoni Net 1 is offline. Please check it out.',1,'2025-08-26 10:16:08','2025-08-26 10:57:46'),(1810,8,NULL,'Mikrotik Router Down','⚠️ Hi Erick, your mikrotik router - Ngoni Net 1 is offline. Please check it out.',1,'2025-08-26 10:17:09','2025-08-26 10:57:46'),(1811,8,NULL,'Mikrotik Router Down','⚠️ Hi Erick, your mikrotik router - Ngoni Net 1 is offline. Please check it out.',1,'2025-08-26 10:18:08','2025-08-26 10:57:46'),(1812,8,NULL,'Mikrotik Router Down','⚠️ Hi Erick, your mikrotik router - Ngoni Net 1 is offline. Please check it out.',1,'2025-08-26 10:19:08','2025-08-26 10:57:46'),(1813,8,NULL,'Mikrotik Router Down','⚠️ Hi Erick, your mikrotik router - Ngoni Net 1 is offline. Please check it out.',1,'2025-08-26 10:20:07','2025-08-26 10:57:46'),(1814,8,NULL,'Mikrotik Router Down','⚠️ Hi Erick, your mikrotik router - Ngoni Net 1 is offline. Please check it out.',1,'2025-08-26 10:21:07','2025-08-26 10:57:46'),(1815,8,NULL,'Mikrotik Router Down','⚠️ Hi Erick, your mikrotik router - Ngoni Net 1 is offline. Please check it out.',1,'2025-08-26 10:22:07','2025-08-26 10:57:46'),(1816,8,NULL,'Mikrotik Router Down','⚠️ Hi Erick, your mikrotik router - Ngoni Net 1 is offline. Please check it out.',1,'2025-08-26 10:23:08','2025-08-26 10:57:46'),(1817,8,NULL,'Mikrotik Router Down','⚠️ Hi Erick, your mikrotik router - Ngoni Net 1 is offline. Please check it out.',0,'2025-08-26 11:01:08','2025-08-26 11:01:08'),(1818,8,NULL,'Mikrotik Router Down','⚠️ Hi Erick, your mikrotik router - Ngoni Net 1 is offline. Please check it out.',1,'2025-08-26 11:02:07','2025-08-26 19:47:19'),(1819,11,NULL,'Mikrotik Router Down','⚠️ Hi Mwamba Cosmetics, your mikrotik router - Router6 is offline. Please check it out.',1,'2025-08-26 13:09:13','2025-08-26 14:17:09'),(1820,11,NULL,'Mikrotik Router Down','⚠️ Hi Mwamba Cosmetics, your mikrotik router - Router6 is offline. Please check it out.',1,'2025-08-26 13:10:13','2025-08-26 14:17:09'),(1821,11,NULL,'Mikrotik Router Down','⚠️ Hi Mwamba Cosmetics, your mikrotik router - Router6 is offline. Please check it out.',1,'2025-08-26 13:11:13','2025-08-26 14:17:09'),(1822,11,NULL,'Mikrotik Router Down','⚠️ Hi Mwamba Cosmetics, your mikrotik router - Router6 is offline. Please check it out.',1,'2025-08-26 13:12:14','2025-08-26 14:17:09'),(1823,11,NULL,'Mikrotik Router Down','⚠️ Hi Mwamba Cosmetics, your mikrotik router - Router6 is offline. Please check it out.',1,'2025-08-26 13:13:14','2025-08-26 14:17:09'),(1824,11,NULL,'Mikrotik Router Down','⚠️ Hi Mwamba Cosmetics, your mikrotik router - Router6 is offline. Please check it out.',1,'2025-08-26 13:14:14','2025-08-26 14:17:09'),(1825,11,NULL,'Mikrotik Router Down','⚠️ Hi Mwamba Cosmetics, your mikrotik router - Router6 is offline. Please check it out.',1,'2025-08-26 13:15:14','2025-08-26 14:17:09'),(1826,11,NULL,'Mikrotik Router Down','⚠️ Hi Mwamba Cosmetics, your mikrotik router - Router6 is offline. Please check it out.',1,'2025-08-26 13:16:13','2025-08-26 14:17:09'),(1827,11,NULL,'Mikrotik Router Down','⚠️ Hi Mwamba Cosmetics, your mikrotik router - Router6 is offline. Please check it out.',1,'2025-08-26 13:17:16','2025-08-26 14:17:09'),(1828,11,NULL,'Mikrotik Router Down','⚠️ Hi Mwamba Cosmetics, your mikrotik router - Router6 is offline. Please check it out.',1,'2025-08-26 13:18:14','2025-08-26 14:17:09'),(1829,11,NULL,'Mikrotik Router Down','⚠️ Hi Mwamba Cosmetics, your mikrotik router - Router6 is offline. Please check it out.',1,'2025-08-26 13:19:14','2025-08-26 14:17:09'),(1830,11,NULL,'Mikrotik Router Down','⚠️ Hi Mwamba Cosmetics, your mikrotik router - Router6 is offline. Please check it out.',1,'2025-08-26 13:20:14','2025-08-26 14:17:09'),(1831,11,NULL,'Mikrotik Router Down','⚠️ Hi Mwamba Cosmetics, your mikrotik router - Router6 is offline. Please check it out.',1,'2025-08-26 13:21:14','2025-08-26 14:17:09'),(1832,11,NULL,'Mikrotik Router Down','⚠️ Hi Mwamba Cosmetics, your mikrotik router - Router6 is offline. Please check it out.',1,'2025-08-26 13:22:13','2025-08-26 14:17:09'),(1833,11,NULL,'Mikrotik Router Down','⚠️ Hi Mwamba Cosmetics, your mikrotik router - Router6 is offline. Please check it out.',1,'2025-08-26 13:23:13','2025-08-26 14:17:09'),(1834,11,NULL,'Mikrotik Router Down','⚠️ Hi Mwamba Cosmetics, your mikrotik router - Router6 is offline. Please check it out.',1,'2025-08-26 13:24:14','2025-08-26 14:17:09'),(1835,11,NULL,'Mikrotik Router Down','⚠️ Hi Mwamba Cosmetics, your mikrotik router - Router6 is offline. Please check it out.',1,'2025-08-26 13:25:13','2025-08-26 14:17:09'),(1836,11,NULL,'Mikrotik Router Down','⚠️ Hi Mwamba Cosmetics, your mikrotik router - Router6 is offline. Please check it out.',1,'2025-08-26 13:26:13','2025-08-26 14:17:09'),(1837,11,NULL,'Mikrotik Router Down','⚠️ Hi Mwamba Cosmetics, your mikrotik router - Router6 is offline. Please check it out.',1,'2025-08-26 13:27:13','2025-08-26 14:17:09'),(1838,11,NULL,'Mikrotik Router Down','⚠️ Hi Mwamba Cosmetics, your mikrotik router - Router6 is offline. Please check it out.',1,'2025-08-26 13:28:14','2025-08-26 14:17:09'),(1839,11,NULL,'Mikrotik Router Down','⚠️ Hi Mwamba Cosmetics, your mikrotik router - Router6 is offline. Please check it out.',1,'2025-08-26 13:29:13','2025-08-26 14:17:09'),(1840,11,NULL,'Mikrotik Router Down','⚠️ Hi Mwamba Cosmetics, your mikrotik router - Router6 is offline. Please check it out.',1,'2025-08-26 13:30:14','2025-08-26 14:17:09'),(1841,11,NULL,'Mikrotik Router Down','⚠️ Hi Mwamba Cosmetics, your mikrotik router - Router6 is offline. Please check it out.',1,'2025-08-26 13:31:14','2025-08-26 14:17:09'),(1842,11,NULL,'Mikrotik Router Down','⚠️ Hi Mwamba Cosmetics, your mikrotik router - Router6 is offline. Please check it out.',1,'2025-08-26 13:32:14','2025-08-26 14:17:09'),(1843,11,NULL,'Mikrotik Router Down','⚠️ Hi Mwamba Cosmetics, your mikrotik router - Router6 is offline. Please check it out.',1,'2025-08-26 13:33:14','2025-08-26 14:17:09'),(1844,11,NULL,'Mikrotik Router Down','⚠️ Hi Mwamba Cosmetics, your mikrotik router - Router6 is offline. Please check it out.',1,'2025-08-26 13:34:14','2025-08-26 14:17:09'),(1845,11,NULL,'Mikrotik Router Down','⚠️ Hi Mwamba Cosmetics, your mikrotik router - Router6 is offline. Please check it out.',1,'2025-08-26 13:35:14','2025-08-26 14:17:09'),(1846,11,NULL,'Mikrotik Router Down','⚠️ Hi Mwamba Cosmetics, your mikrotik router - Router6 is offline. Please check it out.',1,'2025-08-26 13:36:13','2025-08-26 14:17:09'),(1847,11,NULL,'Mikrotik Router Down','⚠️ Hi Mwamba Cosmetics, your mikrotik router - Router6 is offline. Please check it out.',1,'2025-08-26 13:37:13','2025-08-26 14:17:09'),(1848,11,NULL,'Mikrotik Router Down','⚠️ Hi Mwamba Cosmetics, your mikrotik router - Router6 is offline. Please check it out.',1,'2025-08-26 13:38:14','2025-08-26 14:17:09'),(1849,11,NULL,'Mikrotik Router Down','⚠️ Hi Mwamba Cosmetics, your mikrotik router - Router6 is offline. Please check it out.',1,'2025-08-26 13:39:14','2025-08-26 14:17:09'),(1850,11,NULL,'Mikrotik Router Down','⚠️ Hi Mwamba Cosmetics, your mikrotik router - Router6 is offline. Please check it out.',1,'2025-08-26 13:40:13','2025-08-26 14:17:09'),(1851,11,NULL,'Mikrotik Router Down','⚠️ Hi Mwamba Cosmetics, your mikrotik router - Router6 is offline. Please check it out.',1,'2025-08-26 13:41:13','2025-08-26 14:17:09'),(1852,11,NULL,'Mikrotik Router Down','⚠️ Hi Mwamba Cosmetics, your mikrotik router - Router6 is offline. Please check it out.',1,'2025-08-26 13:42:14','2025-08-26 14:17:09'),(1853,11,NULL,'Mikrotik Router Down','⚠️ Hi Mwamba Cosmetics, your mikrotik router - Router6 is offline. Please check it out.',1,'2025-08-26 13:43:13','2025-08-26 14:17:09'),(1854,11,NULL,'Mikrotik Router Down','⚠️ Hi Mwamba Cosmetics, your mikrotik router - Router6 is offline. Please check it out.',1,'2025-08-26 13:44:13','2025-08-26 14:17:09'),(1855,11,NULL,'Mikrotik Router Down','⚠️ Hi Mwamba Cosmetics, your mikrotik router - Router6 is offline. Please check it out.',1,'2025-08-26 13:45:13','2025-08-26 14:17:09'),(1856,11,NULL,'Mikrotik Router Down','⚠️ Hi Mwamba Cosmetics, your mikrotik router - Router6 is offline. Please check it out.',1,'2025-08-26 13:46:13','2025-08-26 14:17:09'),(1857,11,NULL,'Mikrotik Router Down','⚠️ Hi Mwamba Cosmetics, your mikrotik router - Router6 is offline. Please check it out.',1,'2025-08-26 13:47:14','2025-08-26 14:17:09'),(1858,11,NULL,'Mikrotik Router Down','⚠️ Hi Mwamba Cosmetics, your mikrotik router - Router6 is offline. Please check it out.',1,'2025-08-26 13:48:14','2025-08-26 14:17:09'),(1859,11,NULL,'Mikrotik Router Down','⚠️ Hi Mwamba Cosmetics, your mikrotik router - Router6 is offline. Please check it out.',1,'2025-08-26 13:49:13','2025-08-26 14:17:09'),(1860,11,NULL,'Mikrotik Router Down','⚠️ Hi Mwamba Cosmetics, your mikrotik router - Router6 is offline. Please check it out.',1,'2025-08-26 13:50:14','2025-08-26 14:17:09'),(1861,11,NULL,'Mikrotik Router Down','⚠️ Hi Mwamba Cosmetics, your mikrotik router - Router6 is offline. Please check it out.',1,'2025-08-26 13:51:14','2025-08-26 14:17:09'),(1862,11,NULL,'Mikrotik Router Down','⚠️ Hi Mwamba Cosmetics, your mikrotik router - Router6 is offline. Please check it out.',1,'2025-08-26 13:52:14','2025-08-26 14:17:09'),(1863,11,NULL,'Mikrotik Router Down','⚠️ Hi Mwamba Cosmetics, your mikrotik router - Router6 is offline. Please check it out.',1,'2025-08-26 13:53:13','2025-08-26 14:17:09'),(1864,11,NULL,'Mikrotik Router Down','⚠️ Hi Mwamba Cosmetics, your mikrotik router - Router6 is offline. Please check it out.',1,'2025-08-26 13:54:14','2025-08-26 14:17:09'),(1865,11,NULL,'Mikrotik Router Down','⚠️ Hi Mwamba Cosmetics, your mikrotik router - Mwamba is offline. Please check it out.',1,'2025-08-26 17:55:14','2025-08-26 18:10:47'),(1866,11,NULL,'Mikrotik Router Down','⚠️ Hi Mwamba Cosmetics, your mikrotik router - Mwamba is offline. Please check it out.',1,'2025-08-26 17:57:13','2025-08-26 18:10:47'),(1867,11,NULL,'Mikrotik Router Down','⚠️ Hi Mwamba Cosmetics, your mikrotik router - Mwamba is offline. Please check it out.',1,'2025-08-26 17:59:14','2025-08-26 18:10:38'),(1868,11,NULL,'Mikrotik Router Down','⚠️ Hi Mwamba Cosmetics, your mikrotik router - Mwamba is offline. Please check it out.',1,'2025-08-26 18:00:14','2025-08-26 18:10:47'),(1869,11,NULL,'Mikrotik Router Down','⚠️ Hi Mwamba Cosmetics, your mikrotik router - Mwamba is offline. Please check it out.',1,'2025-08-26 18:02:14','2025-08-26 18:10:47'),(1870,11,NULL,'Mikrotik Router Down','⚠️ Hi Mwamba Cosmetics, your mikrotik router - Mwamba is offline. Please check it out.',1,'2025-08-26 18:03:14','2025-08-26 18:10:47'),(1871,11,NULL,'Mikrotik Router Down','⚠️ Hi Mwamba Cosmetics, your mikrotik router - Mwamba is offline. Please check it out.',1,'2025-08-26 18:04:13','2025-08-26 18:10:47'),(1872,11,NULL,'Mikrotik Router Down','⚠️ Hi Mwamba Cosmetics, your mikrotik router - Mwamba is offline. Please check it out.',1,'2025-08-26 18:05:14','2025-08-26 18:10:47'),(1873,11,NULL,'Mikrotik Router Down','⚠️ Hi Mwamba Cosmetics, your mikrotik router - Mwamba is offline. Please check it out.',1,'2025-08-26 18:38:13','2025-08-26 18:54:30'),(1874,11,NULL,'Mikrotik Router Down','⚠️ Hi Mwamba Cosmetics, your mikrotik router - Mwamba is offline. Please check it out.',1,'2025-08-26 18:39:13','2025-08-26 18:54:30'),(1875,11,NULL,'Mikrotik Router Down','⚠️ Hi Mwamba Cosmetics, your mikrotik router - Mwamba is offline. Please check it out.',1,'2025-08-26 18:40:13','2025-08-26 18:54:30'),(1876,11,NULL,'Mikrotik Router Down','⚠️ Hi Mwamba Cosmetics, your mikrotik router - Mwamba is offline. Please check it out.',1,'2025-08-26 18:41:13','2025-08-26 18:54:30'),(1877,8,NULL,'Mikrotik Router Down','⚠️ Hi Erick, your mikrotik router - Ngoni Net 2 is offline. Please check it out.',0,'2025-08-26 19:17:16','2025-08-26 19:17:16'),(1878,8,NULL,'Mikrotik Router Down','⚠️ Hi Erick, your mikrotik router - Ngoni Net 2 is offline. Please check it out.',1,'2025-08-26 19:41:14','2025-08-26 19:47:27'),(1879,8,NULL,'Mikrotik Router Down','⚠️ Hi Erick, your mikrotik router - Ngoni Net 2 is offline. Please check it out.',1,'2025-08-26 19:42:14','2025-08-26 20:42:14'),(1880,8,NULL,'Mikrotik Router Down','⚠️ Hi Erick, your mikrotik router - Ngoni Net 2 is offline. Please check it out.',0,'2025-08-26 19:43:13','2025-08-26 19:43:13'),(1881,8,NULL,'Mikrotik Router Down','⚠️ Hi Erick, your mikrotik router - Ngoni Net 2 is offline. Please check it out.',0,'2025-08-26 19:44:14','2025-08-26 19:44:14'),(1882,8,NULL,'Mikrotik Router Down','⚠️ Hi Erick, your mikrotik router - Ngoni Net 2 is offline. Please check it out.',0,'2025-08-26 19:45:13','2025-08-26 19:45:13'),(1883,8,NULL,'Mikrotik Router Down','⚠️ Hi Erick, your mikrotik router - Ngoni Net 2 is offline. Please check it out.',0,'2025-08-26 19:46:14','2025-08-26 19:46:14'),(1884,8,NULL,'Mikrotik Router Down','⚠️ Hi Erick, your mikrotik router - Ngoni Net 2 is offline. Please check it out.',0,'2025-08-26 19:47:13','2025-08-26 19:47:13'),(1885,8,NULL,'Mikrotik Router Down','⚠️ Hi Erick, your mikrotik router - Ngoni Net 2 is offline. Please check it out.',0,'2025-08-26 19:48:14','2025-08-26 19:48:14'),(1886,8,NULL,'Mikrotik Router Down','⚠️ Hi Erick, your mikrotik router - Ngoni Net 2 is offline. Please check it out.',0,'2025-08-26 19:49:13','2025-08-26 19:49:13'),(1887,8,NULL,'Mikrotik Router Down','⚠️ Hi Erick, your mikrotik router - Ngoni Net 2 is offline. Please check it out.',0,'2025-08-26 19:50:14','2025-08-26 19:50:14'),(1888,8,NULL,'Mikrotik Router Down','⚠️ Hi Erick, your mikrotik router - Ngoni Net 2 is offline. Please check it out.',0,'2025-08-26 19:51:14','2025-08-26 19:51:14'),(1889,8,NULL,'Mikrotik Router Down','⚠️ Hi Erick, your mikrotik router - Ngoni Net 2 is offline. Please check it out.',0,'2025-08-26 19:52:13','2025-08-26 19:52:13'),(1890,8,NULL,'Mikrotik Router Down','⚠️ Hi Erick, your mikrotik router - Ngoni Net 2 is offline. Please check it out.',0,'2025-08-26 19:53:14','2025-08-26 19:53:14'),(1891,8,NULL,'Mikrotik Router Down','⚠️ Hi Erick, your mikrotik router - Ngoni Net 2 is offline. Please check it out.',0,'2025-08-26 19:54:14','2025-08-26 19:54:14'),(1892,8,NULL,'Mikrotik Router Down','⚠️ Hi Erick, your mikrotik router - Ngoni Net 2 is offline. Please check it out.',0,'2025-08-26 20:05:14','2025-08-26 20:05:14'),(1893,8,NULL,'Mikrotik Router Down','⚠️ Hi Erick, your mikrotik router - Ngoni Net 2 is offline. Please check it out.',0,'2025-08-26 20:06:14','2025-08-26 20:06:14'),(1894,8,NULL,'Mikrotik Router Down','⚠️ Hi Erick, your mikrotik router - Ngoni Net 2 is offline. Please check it out.',0,'2025-08-26 20:07:14','2025-08-26 20:07:14'),(1895,8,NULL,'Mikrotik Router Down','⚠️ Hi Erick, your mikrotik router - Ngoni Net 2 is offline. Please check it out.',0,'2025-08-26 20:08:14','2025-08-26 20:08:14'),(1896,8,NULL,'Mikrotik Router Down','⚠️ Hi Erick, your mikrotik router - Ngoni Net 2 is offline. Please check it out.',0,'2025-08-26 20:09:13','2025-08-26 20:09:13'),(1897,8,NULL,'Mikrotik Router Down','⚠️ Hi Erick, your mikrotik router - Ngoni Net 2 is offline. Please check it out.',0,'2025-08-26 20:10:14','2025-08-26 20:10:14'),(1898,8,NULL,'Mikrotik Router Down','⚠️ Hi Erick, your mikrotik router - Ngoni Net 2 is offline. Please check it out.',0,'2025-08-26 20:11:14','2025-08-26 20:11:14'),(1899,8,NULL,'Mikrotik Router Down','⚠️ Hi Erick, your mikrotik router - Ngoni Net 2 is offline. Please check it out.',0,'2025-08-26 20:12:14','2025-08-26 20:12:14'),(1900,8,NULL,'Mikrotik Router Down','⚠️ Hi Erick, your mikrotik router - Ngoni Net 2 is offline. Please check it out.',0,'2025-08-26 20:13:13','2025-08-26 20:13:13'),(1901,8,NULL,'Mikrotik Router Down','⚠️ Hi Erick, your mikrotik router - Ngoni Net 2 is offline. Please check it out.',0,'2025-08-26 20:14:14','2025-08-26 20:14:14'),(1902,8,NULL,'Mikrotik Router Down','⚠️ Hi Erick, your mikrotik router - Ngoni Net 2 is offline. Please check it out.',0,'2025-08-26 20:15:14','2025-08-26 20:15:14'),(1903,8,NULL,'Mikrotik Router Down','⚠️ Hi Erick, your mikrotik router - Ngoni Net 2 is offline. Please check it out.',0,'2025-08-26 20:16:14','2025-08-26 20:16:14'),(1904,8,NULL,'Mikrotik Router Down','⚠️ Hi Erick, your mikrotik router - Ngoni Net 2 is offline. Please check it out.',0,'2025-08-26 20:17:16','2025-08-26 20:17:16'),(1905,8,NULL,'Mikrotik Router Down','⚠️ Hi Erick, your mikrotik router - Ngoni Net 2 is offline. Please check it out.',0,'2025-08-26 20:18:13','2025-08-26 20:18:13'),(1906,8,NULL,'Mikrotik Router Down','⚠️ Hi Erick, your mikrotik router - Ngoni Net 2 is offline. Please check it out.',0,'2025-08-26 20:19:14','2025-08-26 20:19:14'),(1907,8,NULL,'Mikrotik Router Down','⚠️ Hi Erick, your mikrotik router - Ngoni Net 2 is offline. Please check it out.',0,'2025-08-26 20:20:14','2025-08-26 20:20:14'),(1908,8,NULL,'Mikrotik Router Down','⚠️ Hi Erick, your mikrotik router - Ngoni Net 2 is offline. Please check it out.',0,'2025-08-26 20:21:14','2025-08-26 20:21:14'),(1909,8,NULL,'Mikrotik Router Down','⚠️ Hi Erick, your mikrotik router - Ngoni Net 2 is offline. Please check it out.',0,'2025-08-26 20:22:14','2025-08-26 20:22:14'),(1910,8,NULL,'Mikrotik Router Down','⚠️ Hi Erick, your mikrotik router - Ngoni Net 2 is offline. Please check it out.',0,'2025-08-26 20:23:14','2025-08-26 20:23:14'),(1911,8,NULL,'Mikrotik Router Down','⚠️ Hi Erick, your mikrotik router - Ngoni Net 2 is offline. Please check it out.',0,'2025-08-26 20:24:14','2025-08-26 20:24:14'),(1912,8,NULL,'Mikrotik Router Down','⚠️ Hi Erick, your mikrotik router - Ngoni Net 2 is offline. Please check it out.',0,'2025-08-26 20:25:18','2025-08-26 20:25:18'),(1913,8,NULL,'Mikrotik Router Down','⚠️ Hi Erick, your mikrotik router - Ngoni Net 2 is offline. Please check it out.',0,'2025-08-26 20:26:14','2025-08-26 20:26:14'),(1914,8,NULL,'Mikrotik Router Down','⚠️ Hi Erick, your mikrotik router - Ngoni Net 2 is offline. Please check it out.',0,'2025-08-26 20:27:13','2025-08-26 20:27:13'),(1915,8,NULL,'Mikrotik Router Down','⚠️ Hi Erick, your mikrotik router - Ngoni Net 2 is offline. Please check it out.',0,'2025-08-26 20:28:13','2025-08-26 20:28:13'),(1916,8,NULL,'Mikrotik Router Down','⚠️ Hi Erick, your mikrotik router - Ngoni Net 2 is offline. Please check it out.',0,'2025-08-26 20:29:14','2025-08-26 20:29:14'),(1917,8,NULL,'Mikrotik Router Down','⚠️ Hi Erick, your mikrotik router - Ngoni Net 2 is offline. Please check it out.',0,'2025-08-26 20:30:14','2025-08-26 20:30:14'),(1918,8,NULL,'Mikrotik Router Down','⚠️ Hi Erick, your mikrotik router - Ngoni Net 2 is offline. Please check it out.',0,'2025-08-26 20:31:14','2025-08-26 20:31:14'),(1919,8,NULL,'Mikrotik Router Down','⚠️ Hi Erick, your mikrotik router - Ngoni Net 2 is offline. Please check it out.',0,'2025-08-26 20:32:13','2025-08-26 20:32:13'),(1920,8,NULL,'Mikrotik Router Down','⚠️ Hi Erick, your mikrotik router - Ngoni Net 2 is offline. Please check it out.',0,'2025-08-26 20:33:14','2025-08-26 20:33:14'),(1921,8,NULL,'Mikrotik Router Down','⚠️ Hi Erick, your mikrotik router - Ngoni Net 2 is offline. Please check it out.',0,'2025-08-26 20:34:14','2025-08-26 20:34:14'),(1922,8,NULL,'Mikrotik Router Down','⚠️ Hi Erick, your mikrotik router - Ngoni Net 2 is offline. Please check it out.',0,'2025-08-26 20:35:14','2025-08-26 20:35:14'),(1923,8,NULL,'Mikrotik Router Down','⚠️ Hi Erick, your mikrotik router - Ngoni Net 2 is offline. Please check it out.',0,'2025-08-26 20:36:13','2025-08-26 20:36:13'),(1924,8,NULL,'Mikrotik Router Down','⚠️ Hi Erick, your mikrotik router - Ngoni Net 2 is offline. Please check it out.',0,'2025-08-26 20:37:14','2025-08-26 20:37:14'),(1925,8,NULL,'Mikrotik Router Down','⚠️ Hi Erick, your mikrotik router - Ngoni Net 2 is offline. Please check it out.',0,'2025-08-26 20:38:14','2025-08-26 20:38:14'),(1926,8,NULL,'Mikrotik Router Down','⚠️ Hi Erick, your mikrotik router - Ngoni Net 2 is offline. Please check it out.',0,'2025-08-26 20:39:14','2025-08-26 20:39:14'),(1927,8,NULL,'Mikrotik Router Down','⚠️ Hi Erick, your mikrotik router - Ngoni Net 2 is offline. Please check it out.',0,'2025-08-26 20:40:14','2025-08-26 20:40:14'),(1928,8,NULL,'Mikrotik Router Down','⚠️ Hi Erick, your mikrotik router - Ngoni Net 2 is offline. Please check it out.',0,'2025-08-26 20:41:14','2025-08-26 20:41:14'),(1929,8,NULL,'Mikrotik Router Down','⚠️ Hi Erick, your mikrotik router - Ngoni Net 2 is offline. Please check it out.',0,'2025-08-26 20:42:14','2025-08-26 20:42:14'),(1930,8,NULL,'Mikrotik Router Down','⚠️ Hi Erick, your mikrotik router - Ngoni Net 2 is offline. Please check it out.',0,'2025-08-26 20:43:14','2025-08-26 20:43:14'),(1931,8,NULL,'Mikrotik Router Down','⚠️ Hi Erick, your mikrotik router - Ngoni Net 2 is offline. Please check it out.',0,'2025-08-26 20:44:14','2025-08-26 20:44:14'),(1932,8,NULL,'Mikrotik Router Down','⚠️ Hi Erick, your mikrotik router - Ngoni Net 2 is offline. Please check it out.',0,'2025-08-26 20:45:14','2025-08-26 20:45:14'),(1933,8,NULL,'Mikrotik Router Down','⚠️ Hi Erick, your mikrotik router - Ngoni Net 2 is offline. Please check it out.',0,'2025-08-26 20:46:14','2025-08-26 20:46:14'),(1934,8,NULL,'Mikrotik Router Down','⚠️ Hi Erick, your mikrotik router - Ngoni Net 2 is offline. Please check it out.',0,'2025-08-26 20:47:13','2025-08-26 20:47:13'),(1935,8,NULL,'Mikrotik Router Down','⚠️ Hi Erick, your mikrotik router - Ngoni Net 2 is offline. Please check it out.',0,'2025-08-26 20:48:13','2025-08-26 20:48:13'),(1936,8,NULL,'Mikrotik Router Down','⚠️ Hi Erick, your mikrotik router - Ngoni Net 2 is offline. Please check it out.',0,'2025-08-26 20:49:14','2025-08-26 20:49:14'),(1937,8,NULL,'Mikrotik Router Down','⚠️ Hi Erick, your mikrotik router - Ngoni Net 2 is offline. Please check it out.',0,'2025-08-26 20:50:14','2025-08-26 20:50:14'),(1938,8,NULL,'Mikrotik Router Down','⚠️ Hi Erick, your mikrotik router - Ngoni Net 2 is offline. Please check it out.',0,'2025-08-26 20:51:13','2025-08-26 20:51:13'),(1939,8,NULL,'Mikrotik Router Down','⚠️ Hi Erick, your mikrotik router - Ngoni Net 2 is offline. Please check it out.',0,'2025-08-26 20:52:14','2025-08-26 20:52:14'),(1940,8,NULL,'Mikrotik Router Down','⚠️ Hi Erick, your mikrotik router - Ngoni Net 2 is offline. Please check it out.',0,'2025-08-26 20:53:14','2025-08-26 20:53:14'),(1941,8,NULL,'Mikrotik Router Down','⚠️ Hi Erick, your mikrotik router - Ngoni Net 2 is offline. Please check it out.',0,'2025-08-26 20:54:14','2025-08-26 20:54:14'),(1942,8,NULL,'Mikrotik Router Down','⚠️ Hi Erick, your mikrotik router - Ngoni Net 2 is offline. Please check it out.',0,'2025-08-26 20:55:13','2025-08-26 20:55:13'),(1943,8,NULL,'Mikrotik Router Down','⚠️ Hi Erick, your mikrotik router - Ngoni Net 2 is offline. Please check it out.',0,'2025-08-26 20:56:14','2025-08-26 20:56:14'),(1944,8,NULL,'Mikrotik Router Down','⚠️ Hi Erick, your mikrotik router - Ngoni Net 2 is offline. Please check it out.',0,'2025-08-26 20:57:14','2025-08-26 20:57:14'),(1945,8,NULL,'Mikrotik Router Down','⚠️ Hi Erick, your mikrotik router - Ngoni Net 2 is offline. Please check it out.',0,'2025-08-26 20:58:13','2025-08-26 20:58:13'),(1946,8,NULL,'Mikrotik Router Down','⚠️ Hi Erick, your mikrotik router - Ngoni Net 2 is offline. Please check it out.',0,'2025-08-26 20:59:14','2025-08-26 20:59:14'),(1947,8,NULL,'Mikrotik Router Down','⚠️ Hi Erick, your mikrotik router - Ngoni Net 2 is offline. Please check it out.',0,'2025-08-26 21:00:14','2025-08-26 21:00:14'),(1948,8,NULL,'Mikrotik Router Down','⚠️ Hi Erick, your mikrotik router - Ngoni Net 2 is offline. Please check it out.',0,'2025-08-26 21:01:13','2025-08-26 21:01:13'),(1949,8,NULL,'Mikrotik Router Down','⚠️ Hi Erick, your mikrotik router - Ngoni Net 2 is offline. Please check it out.',0,'2025-08-26 21:02:14','2025-08-26 21:02:14'),(1950,8,NULL,'Mikrotik Router Down','⚠️ Hi Erick, your mikrotik router - Ngoni Net 2 is offline. Please check it out.',0,'2025-08-26 21:03:14','2025-08-26 21:03:14'),(1951,8,NULL,'Mikrotik Router Down','⚠️ Hi Erick, your mikrotik router - Ngoni Net 2 is offline. Please check it out.',0,'2025-08-26 21:04:14','2025-08-26 21:04:14'),(1952,8,NULL,'Mikrotik Router Down','⚠️ Hi Erick, your mikrotik router - Ngoni Net 2 is offline. Please check it out.',0,'2025-08-26 21:05:13','2025-08-26 21:05:13'),(1953,8,NULL,'Mikrotik Router Down','⚠️ Hi Erick, your mikrotik router - Ngoni Net 2 is offline. Please check it out.',0,'2025-08-26 21:06:14','2025-08-26 21:06:14'),(1954,8,NULL,'Mikrotik Router Down','⚠️ Hi Erick, your mikrotik router - Ngoni Net 2 is offline. Please check it out.',0,'2025-08-26 21:07:13','2025-08-26 21:07:13'),(1955,8,NULL,'Mikrotik Router Down','⚠️ Hi Erick, your mikrotik router - Ngoni Net 2 is offline. Please check it out.',0,'2025-08-26 21:08:14','2025-08-26 21:08:14'),(1956,8,NULL,'Mikrotik Router Down','⚠️ Hi Erick, your mikrotik router - Ngoni Net 2 is offline. Please check it out.',0,'2025-08-26 21:09:14','2025-08-26 21:09:14'),(1957,8,NULL,'Mikrotik Router Down','⚠️ Hi Erick, your mikrotik router - Ngoni Net 2 is offline. Please check it out.',0,'2025-08-26 21:10:14','2025-08-26 21:10:14'),(1958,8,NULL,'Mikrotik Router Down','⚠️ Hi Erick, your mikrotik router - Ngoni Net 2 is offline. Please check it out.',0,'2025-08-26 21:11:14','2025-08-26 21:11:14'),(1959,8,NULL,'Mikrotik Router Down','⚠️ Hi Erick, your mikrotik router - Ngoni Net 2 is offline. Please check it out.',0,'2025-08-26 21:12:14','2025-08-26 21:12:14'),(1960,8,NULL,'Mikrotik Router Down','⚠️ Hi Erick, your mikrotik router - Ngoni Net 2 is offline. Please check it out.',0,'2025-08-26 21:13:14','2025-08-26 21:13:14'),(1961,8,NULL,'Mikrotik Router Down','⚠️ Hi Erick, your mikrotik router - Ngoni Net 2 is offline. Please check it out.',0,'2025-08-26 21:14:13','2025-08-26 21:14:13'),(1962,8,NULL,'Mikrotik Router Down','⚠️ Hi Erick, your mikrotik router - Ngoni Net 2 is offline. Please check it out.',0,'2025-08-26 21:15:14','2025-08-26 21:15:14'),(1963,8,NULL,'Mikrotik Router Down','⚠️ Hi Erick, your mikrotik router - Ngoni Net 2 is offline. Please check it out.',0,'2025-08-26 21:16:13','2025-08-26 21:16:13'),(1964,8,NULL,'Mikrotik Router Down','⚠️ Hi Erick, your mikrotik router - Ngoni Net 2 is offline. Please check it out.',0,'2025-08-26 21:17:16','2025-08-26 21:17:16'),(1965,8,NULL,'Mikrotik Router Down','⚠️ Hi Erick, your mikrotik router - Ngoni Net 2 is offline. Please check it out.',0,'2025-08-26 21:18:14','2025-08-26 21:18:14'),(1966,8,NULL,'Mikrotik Router Down','⚠️ Hi Erick, your mikrotik router - Ngoni Net 2 is offline. Please check it out.',0,'2025-08-26 21:19:15','2025-08-26 21:19:15'),(1967,8,NULL,'Mikrotik Router Down','⚠️ Hi Erick, your mikrotik router - Ngoni Net 2 is offline. Please check it out.',0,'2025-08-26 21:20:14','2025-08-26 21:20:14'),(1968,8,NULL,'Mikrotik Router Down','⚠️ Hi Erick, your mikrotik router - Ngoni Net 2 is offline. Please check it out.',0,'2025-08-26 21:21:14','2025-08-26 21:21:14'),(1969,8,NULL,'Mikrotik Router Down','⚠️ Hi Erick, your mikrotik router - Ngoni Net 2 is offline. Please check it out.',0,'2025-08-26 21:22:14','2025-08-26 21:22:14'),(1970,8,NULL,'Mikrotik Router Down','⚠️ Hi Erick, your mikrotik router - Ngoni Net 2 is offline. Please check it out.',0,'2025-08-26 21:23:14','2025-08-26 21:23:14'),(1971,8,NULL,'Mikrotik Router Down','⚠️ Hi Erick, your mikrotik router - Ngoni Net 2 is offline. Please check it out.',0,'2025-08-26 21:24:13','2025-08-26 21:24:13'),(1972,8,NULL,'Mikrotik Router Down','⚠️ Hi Erick, your mikrotik router - Ngoni Net 2 is offline. Please check it out.',0,'2025-08-26 21:25:14','2025-08-26 21:25:14'),(1973,8,NULL,'Mikrotik Router Down','⚠️ Hi Erick, your mikrotik router - Ngoni Net 2 is offline. Please check it out.',0,'2025-08-26 21:26:14','2025-08-26 21:26:14'),(1974,8,NULL,'Mikrotik Router Down','⚠️ Hi Erick, your mikrotik router - Ngoni Net 2 is offline. Please check it out.',0,'2025-08-26 21:27:14','2025-08-26 21:27:14'),(1975,8,NULL,'Mikrotik Router Down','⚠️ Hi Erick, your mikrotik router - Ngoni Net 2 is offline. Please check it out.',0,'2025-08-26 21:28:14','2025-08-26 21:28:14'),(1976,8,NULL,'Mikrotik Router Down','⚠️ Hi Erick, your mikrotik router - Ngoni Net 2 is offline. Please check it out.',0,'2025-08-26 21:29:13','2025-08-26 21:29:13'),(1977,8,NULL,'Mikrotik Router Down','⚠️ Hi Erick, your mikrotik router - Ngoni Net 2 is offline. Please check it out.',0,'2025-08-26 21:30:14','2025-08-26 21:30:14'),(1978,8,NULL,'Mikrotik Router Down','⚠️ Hi Erick, your mikrotik router - Ngoni Net 2 is offline. Please check it out.',0,'2025-08-26 21:31:14','2025-08-26 21:31:14'),(1979,8,NULL,'Mikrotik Router Down','⚠️ Hi Erick, your mikrotik router - Ngoni Net 2 is offline. Please check it out.',0,'2025-08-26 21:32:13','2025-08-26 21:32:13'),(1980,8,NULL,'Mikrotik Router Down','⚠️ Hi Erick, your mikrotik router - Ngoni Net 2 is offline. Please check it out.',0,'2025-08-26 21:33:14','2025-08-26 21:33:14'),(1981,8,NULL,'Mikrotik Router Down','⚠️ Hi Erick, your mikrotik router - Ngoni Net 2 is offline. Please check it out.',0,'2025-08-26 21:34:14','2025-08-26 21:34:14'),(1982,8,NULL,'Mikrotik Router Down','⚠️ Hi Erick, your mikrotik router - Ngoni Net 2 is offline. Please check it out.',0,'2025-08-26 21:35:14','2025-08-26 21:35:14'),(1983,11,NULL,'Mikrotik Router Down','⚠️ Hi Mwamba Cosmetics, your mikrotik router - Mwamba is offline. Please check it out.',0,'2025-08-26 22:09:12','2025-08-26 22:09:12'),(1984,11,NULL,'Mikrotik Router Down','⚠️ Hi Mwamba Cosmetics, your mikrotik router - Mwamba is offline. Please check it out.',0,'2025-08-26 22:10:12','2025-08-26 22:10:12'),(1985,11,NULL,'Mikrotik Router Down','⚠️ Hi Mwamba Cosmetics, your mikrotik router - Mwamba is offline. Please check it out.',0,'2025-08-26 22:11:12','2025-08-26 22:11:12'),(1986,11,NULL,'Mikrotik Router Down','⚠️ Hi Mwamba Cosmetics, your mikrotik router - Mwamba is offline. Please check it out.',0,'2025-08-26 22:12:12','2025-08-26 22:12:12'),(1987,11,NULL,'Mikrotik Router Down','⚠️ Hi Mwamba Cosmetics, your mikrotik router - Mwamba is offline. Please check it out.',0,'2025-08-26 22:13:12','2025-08-26 22:13:12'),(1988,11,NULL,'Mikrotik Router Down','⚠️ Hi Mwamba Cosmetics, your mikrotik router - Mwamba is offline. Please check it out.',0,'2025-08-26 22:14:11','2025-08-26 22:14:11'),(1989,11,NULL,'Mikrotik Router Down','⚠️ Hi Mwamba Cosmetics, your mikrotik router - Mwamba is offline. Please check it out.',0,'2025-08-26 22:15:12','2025-08-26 22:15:12'),(1990,11,NULL,'Mikrotik Router Down','⚠️ Hi Mwamba Cosmetics, your mikrotik router - Mwamba is offline. Please check it out.',0,'2025-08-26 22:16:12','2025-08-26 22:16:12'),(1991,11,NULL,'Mikrotik Router Down','⚠️ Hi Mwamba Cosmetics, your mikrotik router - Mwamba is offline. Please check it out.',0,'2025-08-26 22:17:14','2025-08-26 22:17:14'),(1992,11,NULL,'Mikrotik Router Down','⚠️ Hi Mwamba Cosmetics, your mikrotik router - Mwamba is offline. Please check it out.',0,'2025-08-26 22:18:12','2025-08-26 22:18:12'),(1993,11,NULL,'Mikrotik Router Down','⚠️ Hi Mwamba Cosmetics, your mikrotik router - Mwamba is offline. Please check it out.',0,'2025-08-26 22:19:12','2025-08-26 22:19:12'),(1994,11,NULL,'Mikrotik Router Down','⚠️ Hi Mwamba Cosmetics, your mikrotik router - Mwamba is offline. Please check it out.',0,'2025-08-26 22:20:12','2025-08-26 22:20:12'),(1995,11,NULL,'Mikrotik Router Down','⚠️ Hi Mwamba Cosmetics, your mikrotik router - Mwamba is offline. Please check it out.',0,'2025-08-26 22:21:12','2025-08-26 22:21:12'),(1996,11,NULL,'Mikrotik Router Down','⚠️ Hi Mwamba Cosmetics, your mikrotik router - Mwamba is offline. Please check it out.',0,'2025-08-26 22:22:12','2025-08-26 22:22:12'),(1997,11,NULL,'Mikrotik Router Down','⚠️ Hi Mwamba Cosmetics, your mikrotik router - Mwamba is offline. Please check it out.',0,'2025-08-26 22:23:12','2025-08-26 22:23:12'),(1998,11,NULL,'Mikrotik Router Down','⚠️ Hi Mwamba Cosmetics, your mikrotik router - Mwamba is offline. Please check it out.',0,'2025-08-26 22:24:12','2025-08-26 22:24:12'),(1999,11,NULL,'Mikrotik Router Down','⚠️ Hi Mwamba Cosmetics, your mikrotik router - Mwamba is offline. Please check it out.',0,'2025-08-26 22:25:12','2025-08-26 22:25:12'),(2000,11,NULL,'Mikrotik Router Down','⚠️ Hi Mwamba Cosmetics, your mikrotik router - Mwamba is offline. Please check it out.',0,'2025-08-26 22:26:12','2025-08-26 22:26:12'),(2001,11,NULL,'Mikrotik Router Down','⚠️ Hi Mwamba Cosmetics, your mikrotik router - Mwamba is offline. Please check it out.',0,'2025-08-26 22:27:11','2025-08-26 22:27:11'),(2002,8,NULL,'Mikrotik Router Down','⚠️ Hi Erick, your mikrotik router - Ngoni Net 2 is offline. Please check it out.',0,'2025-08-26 22:28:14','2025-08-26 22:28:14'),(2003,8,NULL,'Mikrotik Router Down','⚠️ Hi Erick, your mikrotik router - Ngoni Net 2 is offline. Please check it out.',0,'2025-08-26 22:29:13','2025-08-26 22:29:13'),(2004,8,NULL,'Mikrotik Router Down','⚠️ Hi Erick, your mikrotik router - Ngoni Net 2 is offline. Please check it out.',0,'2025-08-26 22:30:14','2025-08-26 22:30:14');

--
-- Table structure for table `out_messages`
--

CREATE TABLE `out_messages` (
  `id` bigint unsigned NOT NULL AUTO_INCREMENT,
  `message_mode_id` bigint unsigned NOT NULL,
  `phone` varchar(191) COLLATE utf8mb4_unicode_ci DEFAULT NULL,
  `email` varchar(191) COLLATE utf8mb4_unicode_ci DEFAULT NULL,
  `title` varchar(191) COLLATE utf8mb4_unicode_ci DEFAULT NULL,
  `content` longtext COLLATE utf8mb4_unicode_ci NOT NULL,
  `filename` varchar(191) COLLATE utf8mb4_unicode_ci DEFAULT NULL,
  `created_at` timestamp NULL DEFAULT NULL,
  `updated_at` timestamp NULL DEFAULT NULL,
  PRIMARY KEY (`id`),
  KEY `out_messages_message_mode_id_foreign` (`message_mode_id`),
  CONSTRAINT `out_messages_message_mode_id_foreign` FOREIGN KEY (`message_mode_id`) REFERENCES `message_modes` (`id`) ON DELETE CASCADE
) ENGINE=InnoDB DEFAULT CHARSET=utf8mb4 COLLATE=utf8mb4_unicode_ci;

--
-- Dumping data for table `out_messages`
--


--
-- Table structure for table `outgoing_transaction_entities`
--

CREATE TABLE `outgoing_transaction_entities` (
  `id` bigint unsigned NOT NULL AUTO_INCREMENT,
  `outgoing_transaction_id` int NOT NULL,
  `company_grouped_transaction_id` int NOT NULL,
  `amount` decimal(8,2) NOT NULL DEFAULT '0.00',
  `created_at` timestamp NULL DEFAULT NULL,
  `updated_at` timestamp NULL DEFAULT NULL,
  `deleted_at` timestamp NULL DEFAULT NULL,
  PRIMARY KEY (`id`)
) ENGINE=InnoDB AUTO_INCREMENT=13 DEFAULT CHARSET=utf8mb4 COLLATE=utf8mb4_unicode_ci;

--
-- Dumping data for table `outgoing_transaction_entities`
--

INSERT INTO `outgoing_transaction_entities` VALUES (1,1,3,210.00,'2025-08-05 19:03:36','2025-08-05 19:03:36',NULL),(2,2,4,210.00,'2025-08-06 20:02:48','2025-08-06 20:02:48',NULL),(3,3,5,1000.00,'2025-08-07 18:53:54','2025-08-07 18:53:54',NULL),(4,4,6,500.00,'2025-08-08 15:56:03','2025-08-08 15:56:03',NULL),(5,5,7,1000.00,'2025-08-09 11:05:18','2025-08-09 11:05:18',NULL),(6,6,8,500.00,'2025-08-09 13:37:14','2025-08-09 13:37:14',NULL),(7,7,9,1000.00,'2025-08-09 15:21:56','2025-08-09 15:21:56',NULL),(8,8,10,1000.00,'2025-08-10 19:09:47','2025-08-10 19:09:47',NULL),(9,9,11,1000.00,'2025-08-11 18:56:22','2025-08-11 18:56:22',NULL),(10,10,12,1000.00,'2025-08-11 19:33:37','2025-08-11 19:33:37',NULL),(11,11,13,210.00,'2025-08-14 20:20:46','2025-08-14 20:20:46',NULL),(12,12,14,1000.00,'2025-08-16 06:35:15','2025-08-16 06:35:15',NULL);

--
-- Table structure for table `outgoing_transactions`
--

CREATE TABLE `outgoing_transactions` (
  `id` bigint unsigned NOT NULL AUTO_INCREMENT,
  `ref_no` varchar(191) COLLATE utf8mb4_unicode_ci NOT NULL,
  `company_router_id` int DEFAULT NULL,
  `director_share_id` int DEFAULT NULL,
  `company_customer_invocie_id` int DEFAULT NULL,
  `user_id` int DEFAULT NULL,
  `transaction_code` varchar(191) COLLATE utf8mb4_unicode_ci NOT NULL,
  `amount` decimal(8,2) NOT NULL DEFAULT '0.00',
  `recipient` varchar(191) COLLATE utf8mb4_unicode_ci NOT NULL,
  `description` longtext COLLATE utf8mb4_unicode_ci,
  `checkout_id` varchar(191) COLLATE utf8mb4_unicode_ci DEFAULT NULL,
  `created_at` timestamp NULL DEFAULT NULL,
  `updated_at` timestamp NULL DEFAULT NULL,
  `deleted_at` timestamp NULL DEFAULT NULL,
  PRIMARY KEY (`id`)
) ENGINE=InnoDB AUTO_INCREMENT=13 DEFAULT CHARSET=utf8mb4 COLLATE=utf8mb4_unicode_ci;

--
-- Dumping data for table `outgoing_transactions`
--

INSERT INTO `outgoing_transactions` VALUES (1,'GA8S5U',2,NULL,NULL,NULL,'0964383972',210.00,'123456','Money sent to 123456 on account number 123456 ','514066','2025-08-05 19:03:36','2025-08-05 19:03:36',NULL),(2,'7YL9KT',2,NULL,NULL,NULL,'0964774233',210.00,'123456','Money sent to 123456 on account number 123456 ','151783','2025-08-06 20:02:48','2025-08-06 20:02:48',NULL),(3,'K9BH8E',2,NULL,NULL,NULL,'1307377571',1000.00,'123456','Money sent to 123456 on account number 123456 ','788624','2025-08-07 18:53:54','2025-08-07 18:53:54',NULL),(4,'8EPQ27',2,NULL,NULL,NULL,'1308639764',500.00,'123456','Money sent to 123456 on account number 123456 ','762516','2025-08-08 15:56:03','2025-08-08 15:56:03',NULL),(5,'OZP260',2,NULL,NULL,NULL,'1309788641',1000.00,'123456','Money sent to 123456 on account number 123456 ','465166','2025-08-09 11:05:18','2025-08-09 11:05:18',NULL),(6,'0ME2JD',2,NULL,NULL,NULL,'1309940132',500.00,'123456','Money sent to 123456 on account number 123456 ','320618','2025-08-09 13:37:14','2025-08-09 13:37:14',NULL),(7,'JU3FQ6',2,NULL,NULL,NULL,'1310045490',1000.00,'123456','Money sent to 123456 on account number 123456 ','184295','2025-08-09 15:21:56','2025-08-09 15:21:56',NULL),(8,'R0PHAV',2,NULL,NULL,NULL,'1311713416',1000.00,'123456','Money sent to 123456 on account number 123456 ','792168','2025-08-10 19:09:47','2025-08-10 19:09:47',NULL),(9,'Y4CP6J',2,NULL,NULL,NULL,'1313139026',1000.00,'123456','Money sent to 123456 on account number 123456 ','431003','2025-08-11 18:56:22','2025-08-11 18:56:22',NULL),(10,'58RHPU',2,NULL,NULL,NULL,'1313175196',1000.00,'123456','Money sent to 123456 on account number 123456 ','021868','2025-08-11 19:33:37','2025-08-11 19:33:37',NULL),(11,'E4FVO2',2,NULL,NULL,NULL,'0967592079',210.00,'123456','Money sent to 123456 on account number 123456 ','118106','2025-08-14 20:20:46','2025-08-14 20:20:46',NULL),(12,'1CKLJO',2,NULL,NULL,NULL,'1319598138',1000.00,'123456','Money sent to 123456 on account number 123456 ','580259','2025-08-16 06:35:15','2025-08-16 06:35:15',NULL);

--
-- Table structure for table `paid_users`
--

CREATE TABLE `paid_users` (
  `id` bigint unsigned NOT NULL AUTO_INCREMENT,
  `company_router_id` bigint unsigned DEFAULT NULL,
  `company_grouped_transaction_id` int DEFAULT NULL,
  `mac_address` varchar(191) COLLATE utf8mb4_unicode_ci NOT NULL,
  `username` varchar(191) COLLATE utf8mb4_unicode_ci NOT NULL,
  `password` varchar(191) COLLATE utf8mb4_unicode_ci NOT NULL,
  `phone` varchar(191) COLLATE utf8mb4_unicode_ci DEFAULT NULL,
  `message` longtext COLLATE utf8mb4_unicode_ci,
  `created_at` timestamp NULL DEFAULT NULL,
  `updated_at` timestamp NULL DEFAULT NULL,
  PRIMARY KEY (`id`),
  KEY `paid_users_company_router_id_foreign` (`company_router_id`),
  CONSTRAINT `paid_users_company_router_id_foreign` FOREIGN KEY (`company_router_id`) REFERENCES `company_routers` (`id`) ON DELETE CASCADE
) ENGINE=InnoDB AUTO_INCREMENT=61 DEFAULT CHARSET=utf8mb4 COLLATE=utf8mb4_unicode_ci;

--
-- Dumping data for table `paid_users`
--


--
-- Table structure for table `password_reset_tokens`
--

CREATE TABLE `password_reset_tokens` (
  `email` varchar(191) COLLATE utf8mb4_unicode_ci NOT NULL,
  `token` varchar(191) COLLATE utf8mb4_unicode_ci NOT NULL,
  `created_at` timestamp NULL DEFAULT NULL,
  PRIMARY KEY (`email`)
) ENGINE=InnoDB DEFAULT CHARSET=utf8mb4 COLLATE=utf8mb4_unicode_ci;

--
-- Dumping data for table `password_reset_tokens`
--


--
-- Table structure for table `paybill_transactions`
--

CREATE TABLE `paybill_transactions` (
  `id` bigint unsigned NOT NULL AUTO_INCREMENT,
  `ref_no` varchar(191) COLLATE utf8mb4_unicode_ci NOT NULL,
  `payment_mode_id` bigint unsigned NOT NULL,
  `phone_used` varchar(191) COLLATE utf8mb4_unicode_ci DEFAULT NULL,
  `transaction_code` varchar(191) COLLATE utf8mb4_unicode_ci DEFAULT NULL,
  `amount` decimal(8,2) NOT NULL DEFAULT '0.00',
  `checkout_id` varchar(191) COLLATE utf8mb4_unicode_ci DEFAULT NULL,
  `account_number` varchar(191) COLLATE utf8mb4_unicode_ci DEFAULT NULL,
  `created_at` timestamp NULL DEFAULT NULL,
  `updated_at` timestamp NULL DEFAULT NULL,
  `deleted_at` timestamp NULL DEFAULT NULL,
  PRIMARY KEY (`id`),
  KEY `paybill_transactions_payment_mode_id_foreign` (`payment_mode_id`),
  CONSTRAINT `paybill_transactions_payment_mode_id_foreign` FOREIGN KEY (`payment_mode_id`) REFERENCES `payment_modes` (`id`) ON DELETE CASCADE
) ENGINE=InnoDB DEFAULT CHARSET=utf8mb4 COLLATE=utf8mb4_unicode_ci;

--
-- Dumping data for table `paybill_transactions`
--


--
-- Table structure for table `payment_methods`
--

CREATE TABLE `payment_methods` (
  `id` bigint unsigned NOT NULL AUTO_INCREMENT,
  `ref_no` varchar(191) COLLATE utf8mb4_unicode_ci NOT NULL,
  `name` varchar(191) COLLATE utf8mb4_unicode_ci NOT NULL,
  `status` int NOT NULL DEFAULT '1' COMMENT '0=inactive, 1=active',
  `created_at` timestamp NULL DEFAULT NULL,
  `updated_at` timestamp NULL DEFAULT NULL,
  `deleted_at` timestamp NULL DEFAULT NULL,
  PRIMARY KEY (`id`)
) ENGINE=InnoDB AUTO_INCREMENT=3 DEFAULT CHARSET=utf8mb4 COLLATE=utf8mb4_unicode_ci;

--
-- Dumping data for table `payment_methods`
--

INSERT INTO `payment_methods` VALUES (1,'0001','Selcom',1,'2025-08-03 19:10:06','2025-08-03 19:10:06',NULL);

--
-- Table structure for table `payment_modes`
--

CREATE TABLE `payment_modes` (
  `id` bigint unsigned NOT NULL AUTO_INCREMENT,
  `ref_no` varchar(191) COLLATE utf8mb4_unicode_ci NOT NULL,
  `name` varchar(191) COLLATE utf8mb4_unicode_ci NOT NULL,
  `status` int NOT NULL DEFAULT '1' COMMENT '0=inactive, 1=active',
  `created_at` timestamp NULL DEFAULT NULL,
  `updated_at` timestamp NULL DEFAULT NULL,
  `deleted_at` timestamp NULL DEFAULT NULL,
  PRIMARY KEY (`id`)
) ENGINE=InnoDB AUTO_INCREMENT=4 DEFAULT CHARSET=utf8mb4 COLLATE=utf8mb4_unicode_ci;

--
-- Dumping data for table `payment_modes`
--

INSERT INTO `payment_modes` VALUES (1,'0001','M-PESA',1,'2025-08-03 19:10:05','2025-08-03 19:10:05',NULL),(2,'0002','M-PESA (Manually)',1,'2025-08-03 19:10:05','2025-08-03 19:10:05',NULL),(3,'0003','Cash',1,'2025-08-03 19:10:05','2025-08-03 19:10:05',NULL);

--
-- Table structure for table `payment_types`
--

CREATE TABLE `payment_types` (
  `id` bigint unsigned NOT NULL AUTO_INCREMENT,
  `name` varchar(191) COLLATE utf8mb4_unicode_ci NOT NULL,
  `created_at` timestamp NULL DEFAULT NULL,
  `updated_at` timestamp NULL DEFAULT NULL,
  `deleted_at` timestamp NULL DEFAULT NULL,
  PRIMARY KEY (`id`)
) ENGINE=InnoDB AUTO_INCREMENT=3 DEFAULT CHARSET=utf8mb4 COLLATE=utf8mb4_unicode_ci;

--
-- Dumping data for table `payment_types`
--

INSERT INTO `payment_types` VALUES (1,'Fixed Amount','2025-08-03 19:10:01','2025-08-03 19:10:01',NULL),(2,'Commission Based','2025-08-03 19:10:01','2025-08-03 19:10:01',NULL);

--
-- Table structure for table `permissions`
--

CREATE TABLE `permissions` (
  `id` bigint unsigned NOT NULL AUTO_INCREMENT,
  `name` varchar(191) COLLATE utf8mb4_unicode_ci NOT NULL,
  `group` varchar(191) COLLATE utf8mb4_unicode_ci DEFAULT NULL,
  `guard_name` varchar(191) COLLATE utf8mb4_unicode_ci NOT NULL,
  `created_at` timestamp NULL DEFAULT NULL,
  `updated_at` timestamp NULL DEFAULT NULL,
  PRIMARY KEY (`id`),
  UNIQUE KEY `permissions_name_guard_name_unique` (`name`,`guard_name`)
) ENGINE=InnoDB AUTO_INCREMENT=3 DEFAULT CHARSET=utf8mb4 COLLATE=utf8mb4_unicode_ci;

--
-- Dumping data for table `permissions`
--

INSERT INTO `permissions` VALUES (1,'Administer Company',NULL,'web','2025-08-03 19:10:01','2025-08-03 19:10:01'),(2,'Staff',NULL,'web','2025-08-03 19:10:01','2025-08-03 19:10:01');

--
-- Table structure for table `personal_access_tokens`
--

CREATE TABLE `personal_access_tokens` (
  `id` bigint unsigned NOT NULL AUTO_INCREMENT,
  `tokenable_type` varchar(191) COLLATE utf8mb4_unicode_ci NOT NULL,
  `tokenable_id` bigint unsigned NOT NULL,
  `name` varchar(191) COLLATE utf8mb4_unicode_ci NOT NULL,
  `token` varchar(64) COLLATE utf8mb4_unicode_ci NOT NULL,
  `abilities` text COLLATE utf8mb4_unicode_ci,
  `last_used_at` timestamp NULL DEFAULT NULL,
  `expires_at` timestamp NULL DEFAULT NULL,
  `created_at` timestamp NULL DEFAULT NULL,
  `updated_at` timestamp NULL DEFAULT NULL,
  PRIMARY KEY (`id`),
  UNIQUE KEY `personal_access_tokens_token_unique` (`token`),
  KEY `personal_access_tokens_tokenable_type_tokenable_id_index` (`tokenable_type`,`tokenable_id`)
) ENGINE=InnoDB DEFAULT CHARSET=utf8mb4 COLLATE=utf8mb4_unicode_ci;

--
-- Dumping data for table `personal_access_tokens`
--


--
-- Table structure for table `plan_validity_types`
--

CREATE TABLE `plan_validity_types` (
  `id` bigint unsigned NOT NULL AUTO_INCREMENT,
  `ref_no` varchar(191) COLLATE utf8mb4_unicode_ci NOT NULL,
  `name` varchar(191) COLLATE utf8mb4_unicode_ci NOT NULL,
  `entity` varchar(191) COLLATE utf8mb4_unicode_ci NOT NULL,
  `created_at` timestamp NULL DEFAULT NULL,
  `updated_at` timestamp NULL DEFAULT NULL,
  `deleted_at` timestamp NULL DEFAULT NULL,
  PRIMARY KEY (`id`)
) ENGINE=InnoDB AUTO_INCREMENT=4 DEFAULT CHARSET=utf8mb4 COLLATE=utf8mb4_unicode_ci;

--
-- Dumping data for table `plan_validity_types`
--

INSERT INTO `plan_validity_types` VALUES (1,'0001','Minutes','m','2025-08-03 19:10:02','2025-08-03 19:10:02',NULL),(2,'0002','Hours','h','2025-08-03 19:10:02','2025-08-03 19:10:02',NULL),(3,'0003','Days','d','2025-08-03 19:10:02','2025-08-03 19:10:02',NULL);

--
-- Table structure for table `potential_customers`
--

CREATE TABLE `potential_customers` (
  `id` bigint unsigned NOT NULL AUTO_INCREMENT,
  `company_id` int DEFAULT NULL,
  `names` varchar(191) COLLATE utf8mb4_unicode_ci DEFAULT NULL,
  `phone` varchar(191) COLLATE utf8mb4_unicode_ci NOT NULL,
  `description` longtext COLLATE utf8mb4_unicode_ci,
  `created_at` timestamp NULL DEFAULT NULL,
  `updated_at` timestamp NULL DEFAULT NULL,
  PRIMARY KEY (`id`)
) ENGINE=InnoDB DEFAULT CHARSET=utf8mb4 COLLATE=utf8mb4_unicode_ci;

--
-- Dumping data for table `potential_customers`
--


--
-- Table structure for table `role_has_permissions`
--

CREATE TABLE `role_has_permissions` (
  `permission_id` bigint unsigned NOT NULL,
  `role_id` bigint unsigned NOT NULL,
  PRIMARY KEY (`permission_id`,`role_id`),
  KEY `role_has_permissions_role_id_foreign` (`role_id`),
  CONSTRAINT `role_has_permissions_permission_id_foreign` FOREIGN KEY (`permission_id`) REFERENCES `permissions` (`id`) ON DELETE CASCADE,
  CONSTRAINT `role_has_permissions_role_id_foreign` FOREIGN KEY (`role_id`) REFERENCES `roles` (`id`) ON DELETE CASCADE
) ENGINE=InnoDB DEFAULT CHARSET=utf8mb4 COLLATE=utf8mb4_unicode_ci;

--
-- Dumping data for table `role_has_permissions`
--


--
-- Table structure for table `roles`
--

CREATE TABLE `roles` (
  `id` bigint unsigned NOT NULL AUTO_INCREMENT,
  `name` varchar(191) COLLATE utf8mb4_unicode_ci NOT NULL,
  `guard_name` varchar(191) COLLATE utf8mb4_unicode_ci NOT NULL,
  `created_at` timestamp NULL DEFAULT NULL,
  `updated_at` timestamp NULL DEFAULT NULL,
  PRIMARY KEY (`id`),
  UNIQUE KEY `roles_name_guard_name_unique` (`name`,`guard_name`)
) ENGINE=InnoDB AUTO_INCREMENT=4 DEFAULT CHARSET=utf8mb4 COLLATE=utf8mb4_unicode_ci;

--
-- Dumping data for table `roles`
--

INSERT INTO `roles` VALUES (1,'Administrator','web','2025-08-03 19:10:01','2025-08-03 19:10:01'),(2,'Client','web','2025-08-03 19:10:01','2025-08-03 19:10:01'),(3,'Referrer','web','2025-08-03 19:10:01','2025-08-03 19:10:01');

--
-- Table structure for table `service_plans`
--

CREATE TABLE `service_plans` (
  `id` bigint unsigned NOT NULL AUTO_INCREMENT,
  `ref_no` varchar(191) COLLATE utf8mb4_unicode_ci NOT NULL,
  `name` varchar(191) COLLATE utf8mb4_unicode_ci NOT NULL,
  `status` int NOT NULL DEFAULT '1' COMMENT '0=inactive, 1=active',
  `created_at` timestamp NULL DEFAULT NULL,
  `updated_at` timestamp NULL DEFAULT NULL,
  `deleted_at` timestamp NULL DEFAULT NULL,
  PRIMARY KEY (`id`)
) ENGINE=InnoDB AUTO_INCREMENT=4 DEFAULT CHARSET=utf8mb4 COLLATE=utf8mb4_unicode_ci;

--
-- Dumping data for table `service_plans`
--

INSERT INTO `service_plans` VALUES (1,'0001','Hotspot Plans',1,'2025-08-03 19:10:02','2025-08-03 19:10:02',NULL),(2,'0002','PPPoE Plans',1,'2025-08-03 19:10:02','2025-08-03 19:10:02',NULL),(3,'0003','Static Plans',1,'2025-08-03 19:10:02','2025-08-03 19:10:02',NULL);

--
-- Table structure for table `sessions`
--

CREATE TABLE `sessions` (
  `id` varchar(191) COLLATE utf8mb4_unicode_ci NOT NULL,
  `user_id` bigint unsigned DEFAULT NULL,
  `ip_address` varchar(45) COLLATE utf8mb4_unicode_ci DEFAULT NULL,
  `user_agent` text COLLATE utf8mb4_unicode_ci,
  `payload` longtext COLLATE utf8mb4_unicode_ci NOT NULL,
  `last_activity` int NOT NULL,
  PRIMARY KEY (`id`),
  KEY `sessions_user_id_index` (`user_id`),
  KEY `sessions_last_activity_index` (`last_activity`)
) ENGINE=InnoDB DEFAULT CHARSET=utf8mb4 COLLATE=utf8mb4_unicode_ci;

--
-- Dumping data for table `sessions`
--

INSERT INTO `sessions` VALUES ('5pU52gWtz3uLZsNSqDe3A7VBg8e1tkpVQkUxZ6cF',NULL,'196.251.88.64','Mozilla/5.0 (Linux; Android 7.0; SM-T819) AppleWebKit/537.36 (KHTML, like Gecko) Chrome/76.0.3809.111 Safari/537.36','YTozOntzOjY6Il90b2tlbiI7czo0MDoiUEthc3NpclpCM0d3NGpCTTJrbUpRQmZrN1dGUGZ2eWZkOFVXWk15RiI7czo5OiJfcHJldmlvdXMiO2E6MTp7czozOiJ1cmwiO3M6MzA6Imh0dHA6Ly93d3cuaGVyaXRhZ2Vncm91cC5jby5rZSI7fXM6NjoiX2ZsYXNoIjthOjI6e3M6Mzoib2xkIjthOjA6e31zOjM6Im5ldyI7YTowOnt9fX0=',1756242276),('aSU4VY6i70G0fgavxFVj3ozGurMGsLzptmhkbKHQ',15,'41.59.161.230','Mozilla/5.0 (Windows NT 10.0; Win64; x64; rv:142.0) Gecko/20100101 Firefox/142.0','[encoded data, 83804 characters]',1756243659),('FD8jNpkZZwi5Fg1IlT1BQTdcSEUXqPKfqLokIlQn',15,'41.59.161.230','Mozilla/5.0 (Windows NT 10.0; Win64; x64) AppleWebKit/537.36 (KHTML, like Gecko) Chrome/139.0.0.0 Safari/537.36','[encoded data, 82052 characters]',1756237842),('hrCbPLsk8qwNJXgB2zHiJtTn9jtL2wWLAhDJDp87',20,'197.186.1.61','Mozilla/5.0 (Windows NT 10.0; Win64; x64) AppleWebKit/537.36 (KHTML, like Gecko) Chrome/139.0.0.0 Safari/537.36','[encoded data, 11264 characters]',1756242324),('HXa4Ge53WR6QX1LyTt7g0ErhhDv9i8dyu9zJpOGJ',NULL,'161.97.174.20','GuzzleHttp/7','YTozOntzOjY6Il90b2tlbiI7czo0MDoiTHpRaDRWMFJ6enJtdGdta1dWTEJRZk81OTlnTTE0dW1QMEFRTVJLVSI7czo5OiJfcHJldmlvdXMiO2E6MTp7czozOiJ1cmwiO3M6NTU6Imh0dHBzOi8vaGVyaXRhZ2Vncm91cC5jby5rZS9ob3RzcG90LXN0YXRpYy1wYWdlcy84M1dZTTIiO31zOjY6Il9mbGFzaCI7YToyOntzOjM6Im9sZCI7YTowOnt9czozOiJuZXciO2E6MDp7fX19',1756241016),('oQ4rtUgtvbh9Rvq6S34N7NNt3vxlEVj2bH4JBfUE',NULL,'197.186.1.61','Mozilla/5.0 (Windows NT 10.0; Win64; x64) AppleWebKit/537.36 (KHTML, like Gecko) Chrome/139.0.0.0 Safari/537.36','YTo0OntzOjY6Il90b2tlbiI7czo0MDoiTHoxWHlHenFnQlBsNE9oMGx1R1lOcVR2RTA1T09KTE9HR2F4Nmt3eCI7czo5OiJfcHJldmlvdXMiO2E6MTp7czozOiJ1cmwiO3M6MzM6Imh0dHBzOi8vaGVyaXRhZ2Vncm91cC5jby5rZS9sb2dpbiI7fXM6NjoiX2ZsYXNoIjthOjI6e3M6Mzoib2xkIjthOjA6e31zOjM6Im5ldyI7YTowOnt9fXM6NDoiYXV0aCI7YToxOntzOjIxOiJwYXNzd29yZF9jb25maXJtZWRfYXQiO2k6MTc1NjIzOTc1NTt9fQ==',1756239971),('OWkXSDEEH7sKd8A2PojTORQDKinK2dZ0UhPmaGnY',NULL,'161.97.174.20','GuzzleHttp/7','YTozOntzOjY6Il90b2tlbiI7czo0MDoiblZtSm9QMzU1WEdLRFlvZUxCY2ZTQzBNNUk1MUZ5VjRIdGNPZ3VZNCI7czo5OiJfcHJldmlvdXMiO2E6MTp7czozOiJ1cmwiO3M6NTU6Imh0dHBzOi8vaGVyaXRhZ2Vncm91cC5jby5rZS9ob3RzcG90LXN0YXRpYy1wYWdlcy84M1dZTTIiO31zOjY6Il9mbGFzaCI7YToyOntzOjM6Im9sZCI7YTowOnt9czozOiJuZXciO2E6MDp7fX19',1756241041);

--
-- Table structure for table `sms_provider_requirements`
--

CREATE TABLE `sms_provider_requirements` (
  `id` bigint unsigned NOT NULL AUTO_INCREMENT,
  `sms_provider_id` bigint unsigned NOT NULL,
  `sms_requirement_id` bigint unsigned NOT NULL,
  `created_at` timestamp NULL DEFAULT NULL,
  `updated_at` timestamp NULL DEFAULT NULL,
  `deleted_at` timestamp NULL DEFAULT NULL,
  PRIMARY KEY (`id`),
  KEY `sms_provider_requirements_sms_provider_id_foreign` (`sms_provider_id`),
  KEY `sms_provider_requirements_sms_requirement_id_foreign` (`sms_requirement_id`),
  CONSTRAINT `sms_provider_requirements_sms_provider_id_foreign` FOREIGN KEY (`sms_provider_id`) REFERENCES `sms_providers` (`id`) ON DELETE CASCADE,
  CONSTRAINT `sms_provider_requirements_sms_requirement_id_foreign` FOREIGN KEY (`sms_requirement_id`) REFERENCES `sms_requirements` (`id`) ON DELETE CASCADE
) ENGINE=InnoDB AUTO_INCREMENT=9 DEFAULT CHARSET=utf8mb4 COLLATE=utf8mb4_unicode_ci;

--
-- Dumping data for table `sms_provider_requirements`
--

INSERT INTO `sms_provider_requirements` VALUES (1,1,1,'2025-08-03 19:10:04','2025-08-03 19:10:04',NULL),(2,1,3,'2025-08-03 19:10:04','2025-08-03 19:10:04',NULL),(3,1,4,'2025-08-03 19:10:04','2025-08-03 19:10:04',NULL),(4,2,1,'2025-08-03 19:10:04','2025-08-03 19:10:04',NULL),(5,2,5,'2025-08-03 19:10:04','2025-08-03 19:10:04',NULL),(6,2,2,'2025-08-03 19:10:04','2025-08-03 19:10:04',NULL),(7,4,1,'2025-08-03 19:10:04','2025-08-03 19:10:04',NULL),(8,4,2,'2025-08-03 19:10:04','2025-08-03 19:10:04',NULL);

--
-- Table structure for table `sms_providers`
--

CREATE TABLE `sms_providers` (
  `id` bigint unsigned NOT NULL AUTO_INCREMENT,
  `ref_no` varchar(191) COLLATE utf8mb4_unicode_ci NOT NULL,
  `name` varchar(191) COLLATE utf8mb4_unicode_ci NOT NULL,
  `status` int NOT NULL DEFAULT '1' COMMENT '0=inactive, 1=active',
  `created_at` timestamp NULL DEFAULT NULL,
  `updated_at` timestamp NULL DEFAULT NULL,
  `deleted_at` timestamp NULL DEFAULT NULL,
  PRIMARY KEY (`id`)
) ENGINE=InnoDB AUTO_INCREMENT=5 DEFAULT CHARSET=utf8mb4 COLLATE=utf8mb4_unicode_ci;

--
-- Dumping data for table `sms_providers`
--

INSERT INTO `sms_providers` VALUES (1,'1','Hostpinnacle',1,'2025-08-03 19:10:04','2025-08-03 19:10:04',NULL),(2,'2','Ujumbe SMS',1,'2025-08-03 19:10:04','2025-08-03 19:10:04',NULL),(3,'3','Africas Talking',1,'2025-08-03 19:10:04','2025-08-03 19:10:04',NULL),(4,'4','Talk Sasa',1,'2025-08-03 19:10:04','2025-08-03 19:10:04',NULL);

--
-- Table structure for table `sms_requirements`
--

CREATE TABLE `sms_requirements` (
  `id` bigint unsigned NOT NULL AUTO_INCREMENT,
  `name` varchar(191) COLLATE utf8mb4_unicode_ci NOT NULL,
  `input_field_name` varchar(191) COLLATE utf8mb4_unicode_ci NOT NULL,
  `created_at` timestamp NULL DEFAULT NULL,
  `updated_at` timestamp NULL DEFAULT NULL,
  `deleted_at` timestamp NULL DEFAULT NULL,
  PRIMARY KEY (`id`)
) ENGINE=InnoDB AUTO_INCREMENT=6 DEFAULT CHARSET=utf8mb4 COLLATE=utf8mb4_unicode_ci;

--
-- Dumping data for table `sms_requirements`
--

INSERT INTO `sms_requirements` VALUES (1,'Sender ID','sender_id','2025-08-03 19:10:04','2025-08-03 19:10:04',NULL),(2,'API Key','api_key','2025-08-03 19:10:04','2025-08-03 19:10:04',NULL),(3,'Sms User ID','sms_user_id','2025-08-03 19:10:04','2025-08-03 19:10:04',NULL),(4,'Password','password','2025-08-03 19:10:04','2025-08-03 19:10:04',NULL),(5,'Email','email','2025-08-03 19:10:04','2025-08-03 19:10:04',NULL);

--
-- Table structure for table `sms_template_types`
--

CREATE TABLE `sms_template_types` (
  `id` bigint unsigned NOT NULL AUTO_INCREMENT,
  `name` varchar(191) COLLATE utf8mb4_unicode_ci NOT NULL,
  `created_at` timestamp NULL DEFAULT NULL,
  `updated_at` timestamp NULL DEFAULT NULL,
  `deleted_at` timestamp NULL DEFAULT NULL,
  PRIMARY KEY (`id`)
) ENGINE=InnoDB AUTO_INCREMENT=13 DEFAULT CHARSET=utf8mb4 COLLATE=utf8mb4_unicode_ci;

--
-- Dumping data for table `sms_template_types`
--

INSERT INTO `sms_template_types` VALUES (1,'Upcoming plan/package expiry','2025-08-03 19:10:08','2025-08-03 19:10:08',NULL),(2,'Invoice notification','2025-08-03 19:10:08','2025-08-03 19:10:08',NULL),(3,'Payment confirmation','2025-08-03 19:10:08','2025-08-03 19:10:08',NULL),(4,'Payment reminder','2025-08-03 19:10:08','2025-08-03 19:10:08',NULL),(5,'Overdue payment warning','2025-08-03 19:10:08','2025-08-03 19:10:08',NULL),(6,'Service disconnection notice','2025-08-03 19:10:08','2025-08-03 19:10:08',NULL),(7,'Service restoration notification','2025-08-03 19:10:08','2025-08-03 19:10:08',NULL),(8,'New subscription confirmation','2025-08-03 19:10:08','2025-08-03 19:10:08',NULL),(9,'Plan upgrade or downgrade confirmation','2025-08-03 19:10:08','2025-08-03 19:10:08',NULL),(10,'Service maintenance notification','2025-08-03 19:10:08','2025-08-03 19:10:08',NULL),(11,'Service outage alert','2025-08-03 19:10:08','2025-08-03 19:10:08',NULL),(12,'Hotspot Plan Purchase','2025-08-03 19:10:08','2025-08-03 19:10:08',NULL);

--
-- Table structure for table `temporary_grouped_transactions`
--

CREATE TABLE `temporary_grouped_transactions` (
  `id` bigint unsigned NOT NULL AUTO_INCREMENT,
  `originator_conversation_id` varchar(191) COLLATE utf8mb4_unicode_ci NOT NULL,
  `grouped_transaction_id` int NOT NULL,
  `created_at` timestamp NULL DEFAULT NULL,
  `updated_at` timestamp NULL DEFAULT NULL,
  PRIMARY KEY (`id`)
) ENGINE=InnoDB DEFAULT CHARSET=utf8mb4 COLLATE=utf8mb4_unicode_ci;

--
-- Dumping data for table `temporary_grouped_transactions`
--


--
-- Table structure for table `temporary_transaction_checks`
--

CREATE TABLE `temporary_transaction_checks` (
  `id` bigint unsigned NOT NULL AUTO_INCREMENT,
  `company_service_plan_id` int DEFAULT NULL,
  `company_id` int DEFAULT NULL,
  `company_router_id` int DEFAULT NULL,
  `company_router_invoice_id` int DEFAULT NULL,
  `company_customer_id` int DEFAULT NULL,
  `mac_address` varchar(191) COLLATE utf8mb4_unicode_ci DEFAULT NULL,
  `checkout_id` varchar(191) COLLATE utf8mb4_unicode_ci NOT NULL,
  `amount` decimal(8,2) NOT NULL DEFAULT '0.00',
  `created_at` timestamp NULL DEFAULT NULL,
  `updated_at` timestamp NULL DEFAULT NULL,
  PRIMARY KEY (`id`)
) ENGINE=InnoDB AUTO_INCREMENT=187 DEFAULT CHARSET=utf8mb4 COLLATE=utf8mb4_unicode_ci;

--
-- Dumping data for table `temporary_transaction_checks`
--

INSERT INTO `temporary_transaction_checks` VALUES (1,6,NULL,NULL,NULL,NULL,'F6:2F:D5:3F:00:CE','046507',210.00,'2025-08-06 04:40:29','2025-08-06 04:40:29'),(2,6,NULL,NULL,NULL,NULL,'E8:B1:FC:9B:E3:7B','998553',210.00,'2025-08-06 18:32:33','2025-08-06 18:32:33'),(3,6,NULL,NULL,NULL,NULL,'16:54:CC:BC:13:7C','070146',210.00,'2025-08-06 19:59:25','2025-08-06 19:59:25'),(5,8,NULL,NULL,NULL,NULL,'C2:BC:EF:F6:65:29','918352',500.00,'2025-08-07 14:29:21','2025-08-07 14:29:21'),(6,9,NULL,NULL,NULL,NULL,'D4:67:D3:E3:17:BD','608888',1000.00,'2025-08-07 17:08:13','2025-08-07 17:08:13'),(7,9,NULL,NULL,NULL,NULL,'D4:67:D3:E3:17:BD','163593',1000.00,'2025-08-07 18:00:59','2025-08-07 18:00:59'),(9,8,NULL,NULL,NULL,NULL,'5E:32:CC:C1:11:35','995680',500.00,'2025-08-08 08:09:49','2025-08-08 08:09:49'),(11,9,NULL,NULL,NULL,NULL,'86:65:3C:6B:E1:84','586454',1000.00,'2025-08-08 21:53:41','2025-08-08 21:53:41'),(15,6,NULL,NULL,NULL,NULL,'72:4C:D3:24:6F:37','684402',210.00,'2025-08-10 11:52:17','2025-08-10 11:52:17'),(18,9,NULL,NULL,NULL,NULL,'86:65:3C:6B:E1:84','880636',1000.00,'2025-08-11 19:00:03','2025-08-11 19:00:03'),(20,9,NULL,NULL,NULL,NULL,'BE:9E:B9:04:25:17','410059',1000.00,'2025-08-13 19:39:06','2025-08-13 19:39:06'),(21,9,NULL,NULL,NULL,NULL,'BE:9E:B9:04:25:17','013420',1000.00,'2025-08-13 19:40:12','2025-08-13 19:40:12'),(23,7,NULL,NULL,NULL,NULL,'3A:C9:5E:87:3C:AA','964274',300.00,'2025-08-15 12:27:45','2025-08-15 12:27:45'),(25,8,NULL,NULL,NULL,NULL,'72:82:9F:D3:BA:72','228543',500.00,'2025-08-17 06:30:45','2025-08-17 06:30:45'),(26,9,NULL,NULL,NULL,NULL,'72:82:9F:D3:BA:72','040733',1000.00,'2025-08-17 06:32:48','2025-08-17 06:32:48'),(27,9,NULL,NULL,NULL,NULL,'72:82:9F:D3:BA:72','373924',1000.00,'2025-08-17 06:41:33','2025-08-17 06:41:33'),(28,9,NULL,NULL,NULL,NULL,'EA:58:A4:7A:3F:40','505401',1000.00,'2025-08-17 15:42:00','2025-08-17 15:42:00'),(29,6,NULL,NULL,NULL,NULL,'22:7F:8F:03:CE:EB','740885',210.00,'2025-08-17 15:42:42','2025-08-17 15:42:42'),(30,9,NULL,NULL,NULL,NULL,'EA:58:A4:7A:3F:40','713354',1000.00,'2025-08-17 15:43:07','2025-08-17 15:43:07'),(31,9,NULL,NULL,NULL,NULL,'86:65:3C:6B:E1:84','706706',1000.00,'2025-08-17 21:15:14','2025-08-17 21:15:14'),(32,9,NULL,NULL,NULL,NULL,'86:65:3C:6B:E1:84','933255',1000.00,'2025-08-17 21:16:49','2025-08-17 21:16:49'),(33,9,NULL,NULL,NULL,NULL,'BA:71:D2:D8:D2:D0','092509',1000.00,'2025-08-18 21:56:30','2025-08-18 21:56:30'),(34,8,NULL,NULL,NULL,NULL,'30:FC:EB:7A:0C:90','201884',500.00,'2025-08-19 09:08:32','2025-08-19 09:08:32'),(35,8,NULL,NULL,NULL,NULL,'20:2B:20:82:46:81','186315',500.00,'2025-08-19 09:33:30','2025-08-19 09:33:30'),(36,9,NULL,NULL,NULL,NULL,'EA:58:A4:7A:3F:40','416356',1000.00,'2025-08-19 12:57:38','2025-08-19 12:57:38'),(37,6,NULL,NULL,NULL,NULL,'CE:27:A9:53:A7:97','978587',210.00,'2025-08-19 15:40:10','2025-08-19 15:40:10'),(38,9,NULL,NULL,NULL,NULL,'72:82:9F:D3:BA:72','422101',1000.00,'2025-08-19 17:08:18','2025-08-19 17:08:18'),(39,24,NULL,NULL,NULL,NULL,'5A:90:84:47:BA:75','406449',2500.00,'2025-08-19 17:36:19','2025-08-19 17:36:19'),(40,24,NULL,NULL,NULL,NULL,'62:06:D0:8C:47:36','631740',2500.00,'2025-08-19 17:44:11','2025-08-19 17:44:11'),(41,24,NULL,NULL,NULL,NULL,'62:06:D0:8C:47:36','151565',2500.00,'2025-08-19 17:47:47','2025-08-19 17:47:47'),(42,7,NULL,NULL,NULL,NULL,'FE:96:EF:57:F0:70','545418',300.00,'2025-08-19 17:53:30','2025-08-19 17:53:30'),(43,6,NULL,NULL,NULL,NULL,'CE:74:22:E0:34:EE','641494',210.00,'2025-08-19 17:57:06','2025-08-19 17:57:06'),(44,9,NULL,NULL,NULL,NULL,'F6:15:EE:D6:C1:32','400618',1000.00,'2025-08-19 18:41:59','2025-08-19 18:41:59'),(45,7,NULL,NULL,NULL,NULL,'FE:96:EF:57:F0:70','571353',300.00,'2025-08-19 18:46:25','2025-08-19 18:46:25'),(46,23,NULL,NULL,NULL,NULL,'BE:1F:0E:C7:2C:2E','566876',15000.00,'2025-08-19 19:33:28','2025-08-19 19:33:28'),(47,23,NULL,NULL,NULL,NULL,'BE:1F:0E:C7:2C:2E','135696',15000.00,'2025-08-19 19:35:14','2025-08-19 19:35:14'),(48,23,NULL,NULL,NULL,NULL,'BE:1F:0E:C7:2C:2E','580077',15000.00,'2025-08-19 19:37:53','2025-08-19 19:37:53'),(49,9,NULL,NULL,NULL,NULL,'E6:12:A3:41:F4:AD','583196',1000.00,'2025-08-19 20:09:08','2025-08-19 20:09:08'),(50,9,NULL,NULL,NULL,NULL,'E6:12:A3:41:F4:AD','665552',1000.00,'2025-08-19 20:15:22','2025-08-19 20:15:22'),(51,6,NULL,NULL,NULL,NULL,'5A:18:AE:46:F0:9A','606383',210.00,'2025-08-19 20:31:12','2025-08-19 20:31:12'),(52,9,NULL,NULL,NULL,NULL,'E6:12:A3:41:F4:AD','951620',1000.00,'2025-08-19 20:40:37','2025-08-19 20:40:37'),(53,6,NULL,NULL,NULL,NULL,'7E:A5:C8:0E:3C:6A','666402',210.00,'2025-08-20 05:38:33','2025-08-20 05:38:33'),(54,8,NULL,NULL,NULL,NULL,'14:9F:3C:6B:96:77','798382',500.00,'2025-08-20 10:00:48','2025-08-20 10:00:48'),(55,9,NULL,NULL,NULL,NULL,'86:62:B2:00:7B:AC','340967',1000.00,'2025-08-20 12:57:26','2025-08-20 12:57:26'),(56,9,NULL,NULL,NULL,NULL,'86:62:B2:00:7B:AC','802864',1000.00,'2025-08-20 12:58:38','2025-08-20 12:58:38'),(57,8,NULL,NULL,NULL,NULL,'86:62:B2:00:7B:AC','092136',500.00,'2025-08-20 12:59:40','2025-08-20 12:59:40'),(58,9,NULL,NULL,NULL,NULL,'86:62:B2:00:7B:AC','000439',1000.00,'2025-08-20 13:00:47','2025-08-20 13:00:47'),(59,9,NULL,NULL,NULL,NULL,'86:62:B2:00:7B:AC','796661',1000.00,'2025-08-20 13:02:24','2025-08-20 13:02:24'),(60,8,NULL,NULL,NULL,NULL,'86:62:B2:00:7B:AC','817977',500.00,'2025-08-20 13:09:17','2025-08-20 13:09:17'),(61,8,NULL,NULL,NULL,NULL,'F2:50:95:0B:4B:27','172820',500.00,'2025-08-20 13:09:33','2025-08-20 13:09:33'),(62,8,NULL,NULL,NULL,NULL,'86:62:B2:00:7B:AC','346349',500.00,'2025-08-20 13:11:22','2025-08-20 13:11:22'),(63,8,NULL,NULL,NULL,NULL,'86:62:B2:00:7B:AC','174631',500.00,'2025-08-20 13:27:28','2025-08-20 13:27:28'),(64,9,NULL,NULL,NULL,NULL,'86:62:B2:00:7B:AC','758317',1000.00,'2025-08-20 13:30:07','2025-08-20 13:30:07'),(65,9,NULL,NULL,NULL,NULL,'0A:00:F5:20:D1:35','995988',1000.00,'2025-08-20 18:05:52','2025-08-20 18:05:52'),(66,9,NULL,NULL,NULL,NULL,'0A:00:F5:20:D1:35','658164',1000.00,'2025-08-20 18:10:03','2025-08-20 18:10:03'),(67,8,NULL,NULL,NULL,NULL,'5A:22:D6:25:36:E9','072790',500.00,'2025-08-20 18:25:35','2025-08-20 18:25:35'),(68,7,NULL,NULL,NULL,NULL,'CC:C0:79:8D:5E:35','198983',300.00,'2025-08-20 18:59:07','2025-08-20 18:59:07'),(69,9,NULL,NULL,NULL,NULL,'30:FC:EB:7A:0C:90','693194',1000.00,'2025-08-20 19:15:34','2025-08-20 19:15:34'),(70,9,NULL,NULL,NULL,NULL,'12:9B:F6:38:BA:E8','633183',1000.00,'2025-08-20 19:42:05','2025-08-20 19:42:05'),(71,9,NULL,NULL,NULL,NULL,'52:F8:FB:F8:E8:C6','478091',1000.00,'2025-08-20 19:46:17','2025-08-20 19:46:17'),(72,9,NULL,NULL,NULL,NULL,'12:9B:F6:38:BA:E8','801707',1000.00,'2025-08-20 19:51:26','2025-08-20 19:51:26'),(73,8,NULL,NULL,NULL,NULL,'CC:C0:79:8D:5E:35','516750',500.00,'2025-08-20 19:57:34','2025-08-20 19:57:34'),(74,7,NULL,NULL,NULL,NULL,'CC:C0:79:8D:5E:35','267320',300.00,'2025-08-20 20:00:12','2025-08-20 20:00:12'),(75,6,NULL,NULL,NULL,NULL,'1A:A9:97:24:0B:BF','994514',210.00,'2025-08-20 20:37:40','2025-08-20 20:37:40'),(76,6,NULL,NULL,NULL,NULL,'CA:CD:25:B3:8E:2B','069648',210.00,'2025-08-20 20:38:38','2025-08-20 20:38:38'),(77,9,NULL,NULL,NULL,NULL,'BE:FD:23:A1:58:ED','202311',1000.00,'2025-08-21 06:29:51','2025-08-21 06:29:51'),(78,8,NULL,NULL,NULL,NULL,'14:9F:3C:6B:96:77','030361',500.00,'2025-08-21 08:21:59','2025-08-21 08:21:59'),(79,8,NULL,NULL,NULL,NULL,'14:9F:3C:6B:96:77','243147',500.00,'2025-08-21 08:23:42','2025-08-21 08:23:42'),(80,8,NULL,NULL,NULL,NULL,'14:9F:3C:6B:96:77','163183',500.00,'2025-08-21 08:28:42','2025-08-21 08:28:42'),(81,7,NULL,NULL,NULL,NULL,'14:9F:3C:6B:96:77','932383',300.00,'2025-08-21 08:29:47','2025-08-21 08:29:47'),(82,8,NULL,NULL,NULL,NULL,'F2:14:5F:EE:3E:9B','472785',500.00,'2025-08-21 08:49:16','2025-08-21 08:49:16'),(83,8,NULL,NULL,NULL,NULL,'5A:22:D6:25:36:E9','098143',500.00,'2025-08-21 14:46:55','2025-08-21 14:46:55'),(84,8,NULL,NULL,NULL,NULL,'5A:22:D6:25:36:E9','551030',500.00,'2025-08-21 14:55:58','2025-08-21 14:55:58'),(85,8,NULL,NULL,NULL,NULL,'D4:67:D3:E3:17:BD','837890',500.00,'2025-08-21 16:13:23','2025-08-21 16:13:23'),(86,9,NULL,NULL,NULL,NULL,'D4:67:D3:E3:17:BD','866912',1000.00,'2025-08-21 16:16:11','2025-08-21 16:16:11'),(87,6,NULL,NULL,NULL,NULL,'7E:A5:C8:0E:3C:6A','219563',210.00,'2025-08-21 16:46:49','2025-08-21 16:46:49'),(88,8,NULL,NULL,NULL,NULL,'5A:22:D6:25:36:E9','758165',500.00,'2025-08-21 16:48:13','2025-08-21 16:48:13'),(89,8,NULL,NULL,NULL,NULL,'B2:24:D4:B2:3D:2D','359336',500.00,'2025-08-21 16:57:02','2025-08-21 16:57:02'),(90,8,NULL,NULL,NULL,NULL,'7E:A5:C8:0E:3C:6A','378712',500.00,'2025-08-21 16:58:13','2025-08-21 16:58:13'),(91,8,NULL,NULL,NULL,NULL,'7E:A5:C8:0E:3C:6A','410917',500.00,'2025-08-21 16:59:08','2025-08-21 16:59:08'),(92,8,NULL,NULL,NULL,NULL,'B2:24:D4:B2:3D:2D','187762',500.00,'2025-08-21 16:59:53','2025-08-21 16:59:53'),(93,26,NULL,NULL,NULL,NULL,'7E:A5:C8:0E:3C:6A','653469',7000.00,'2025-08-21 17:01:26','2025-08-21 17:01:26'),(94,8,NULL,NULL,NULL,NULL,'B2:24:D4:B2:3D:2D','982679',500.00,'2025-08-21 17:01:31','2025-08-21 17:01:31'),(95,8,NULL,NULL,NULL,NULL,'B2:24:D4:B2:3D:2D','513114',500.00,'2025-08-21 17:04:43','2025-08-21 17:04:43'),(96,8,NULL,NULL,NULL,NULL,'62:98:4F:47:C4:C9','015445',500.00,'2025-08-21 17:24:37','2025-08-21 17:24:37'),(97,8,NULL,NULL,NULL,NULL,'62:98:4F:47:C4:C9','434649',500.00,'2025-08-21 17:28:05','2025-08-21 17:28:05'),(98,8,NULL,NULL,NULL,NULL,'62:98:4F:47:C4:C9','465660',500.00,'2025-08-21 17:30:46','2025-08-21 17:30:46'),(99,8,NULL,NULL,NULL,NULL,'62:98:4F:47:C4:C9','429603',500.00,'2025-08-21 17:34:31','2025-08-21 17:34:31'),(100,8,NULL,NULL,NULL,NULL,'BE:B0:28:C2:D3:11','124047',500.00,'2025-08-21 17:40:48','2025-08-21 17:40:48'),(101,6,NULL,NULL,NULL,NULL,'06:9C:BA:9D:B1:E8','237769',210.00,'2025-08-21 18:03:42','2025-08-21 18:03:42'),(102,8,NULL,NULL,NULL,NULL,'CC:C0:79:8D:5E:35','949862',500.00,'2025-08-21 18:54:25','2025-08-21 18:54:25'),(103,26,NULL,NULL,NULL,NULL,'30:FC:EB:7A:0C:90','162886',7000.00,'2025-08-21 19:27:52','2025-08-21 19:27:52'),(104,8,NULL,NULL,NULL,NULL,'D6:12:9E:9D:91:0E','746427',500.00,'2025-08-21 19:37:38','2025-08-21 19:37:38'),(105,8,NULL,NULL,NULL,NULL,'14:9F:3C:6B:96:77','128942',500.00,'2025-08-21 19:49:23','2025-08-21 19:49:23'),(106,9,NULL,NULL,NULL,NULL,'0A:00:F5:20:D1:35','230315',1000.00,'2025-08-21 20:22:01','2025-08-21 20:22:01'),(107,8,NULL,NULL,NULL,NULL,'A2:E1:BA:8D:59:00','363486',500.00,'2025-08-22 06:45:38','2025-08-22 06:45:38'),(108,7,NULL,NULL,NULL,NULL,'5A:22:D6:25:36:E9','500624',300.00,'2025-08-22 07:24:39','2025-08-22 07:24:39'),(109,8,NULL,NULL,NULL,NULL,'14:9F:3C:6B:96:77','414063',500.00,'2025-08-22 10:13:26','2025-08-22 10:13:26'),(110,6,NULL,NULL,NULL,NULL,'7E:A5:C8:0E:3C:6A','973417',210.00,'2025-08-22 17:18:26','2025-08-22 17:18:26'),(111,9,NULL,NULL,NULL,NULL,'FE:96:EF:57:F0:70','564350',1000.00,'2025-08-22 17:26:11','2025-08-22 17:26:11'),(112,8,NULL,NULL,NULL,NULL,'5A:22:D6:25:36:E9','091414',500.00,'2025-08-22 18:59:54','2025-08-22 18:59:54'),(113,8,NULL,NULL,NULL,NULL,'F2:65:ED:BF:19:CD','246425',500.00,'2025-08-22 20:55:57','2025-08-22 20:55:57'),(114,8,NULL,NULL,NULL,NULL,'CC:C0:79:8D:5E:35','369937',500.00,'2025-08-22 21:30:02','2025-08-22 21:30:02'),(115,9,NULL,NULL,NULL,NULL,'0A:00:F5:20:D1:35','327234',1000.00,'2025-08-22 22:41:17','2025-08-22 22:41:17'),(116,7,NULL,NULL,NULL,NULL,'0A:00:F5:20:D1:35','836406',300.00,'2025-08-22 22:46:31','2025-08-22 22:46:31'),(117,6,NULL,NULL,NULL,NULL,'60:70:72:60:6A:C2','388319',210.00,'2025-08-22 23:20:13','2025-08-22 23:20:13'),(118,9,NULL,NULL,NULL,NULL,'4E:ED:DD:40:F3:A1','996468',1000.00,'2025-08-23 09:25:46','2025-08-23 09:25:46'),(119,24,NULL,NULL,NULL,NULL,'0A:00:F5:20:D1:35','540841',2500.00,'2025-08-23 12:30:39','2025-08-23 12:30:39'),(120,24,NULL,NULL,NULL,NULL,'0A:00:F5:20:D1:35','885814',2500.00,'2025-08-23 12:31:33','2025-08-23 12:31:33'),(121,24,NULL,NULL,NULL,NULL,'0A:00:F5:20:D1:35','282302',2500.00,'2025-08-23 12:31:36','2025-08-23 12:31:36'),(122,24,NULL,NULL,NULL,NULL,'0A:00:F5:20:D1:35','259503',2500.00,'2025-08-23 12:31:43','2025-08-23 12:31:43'),(123,24,NULL,NULL,NULL,NULL,'0A:00:F5:20:D1:35','522009',2500.00,'2025-08-23 12:32:26','2025-08-23 12:32:26'),(124,24,NULL,NULL,NULL,NULL,'0A:00:F5:20:D1:35','767316',2500.00,'2025-08-23 12:32:29','2025-08-23 12:32:29'),(125,24,NULL,NULL,NULL,NULL,'0A:00:F5:20:D1:35','556775',2500.00,'2025-08-23 12:32:33','2025-08-23 12:32:33'),(126,24,NULL,NULL,NULL,NULL,'0A:00:F5:20:D1:35','500414',2500.00,'2025-08-23 12:34:33','2025-08-23 12:34:33'),(127,24,NULL,NULL,NULL,NULL,'0A:00:F5:20:D1:35','109184',2500.00,'2025-08-23 12:34:36','2025-08-23 12:34:36'),(128,24,NULL,NULL,NULL,NULL,'0A:00:F5:20:D1:35','526822',2500.00,'2025-08-23 12:34:39','2025-08-23 12:34:39'),(129,9,NULL,NULL,NULL,NULL,'0A:00:F5:20:D1:35','842173',1000.00,'2025-08-23 12:35:16','2025-08-23 12:35:16'),(130,6,NULL,NULL,NULL,NULL,'D0:2A:AA:90:40:ED','280551',210.00,'2025-08-23 14:26:13','2025-08-23 14:26:13'),(131,6,NULL,NULL,NULL,NULL,'7E:A5:C8:0E:3C:6A','718557',210.00,'2025-08-23 16:39:08','2025-08-23 16:39:08'),(132,8,NULL,NULL,NULL,NULL,'F2:65:ED:BF:19:CD','924733',500.00,'2025-08-23 20:59:29','2025-08-23 20:59:29'),(133,7,NULL,NULL,NULL,NULL,'1E:1B:E0:50:5B:19','224566',300.00,'2025-08-24 04:03:34','2025-08-24 04:03:34'),(134,6,NULL,NULL,NULL,NULL,'1E:1B:E0:50:5B:19','594460',210.00,'2025-08-24 04:04:34','2025-08-24 04:04:34'),(135,6,NULL,NULL,NULL,NULL,'90:56:FC:DF:4A:E3','596434',210.00,'2025-08-24 07:15:26','2025-08-24 07:15:26'),(136,8,NULL,NULL,NULL,NULL,'5E:AB:0F:45:E5:21','577406',500.00,'2025-08-24 07:53:21','2025-08-24 07:53:21'),(137,8,NULL,NULL,NULL,NULL,'3E:A5:2D:34:21:C5','680604',500.00,'2025-08-24 08:24:03','2025-08-24 08:24:03'),(138,9,NULL,NULL,NULL,NULL,'16:E1:96:3C:2C:14','793156',1000.00,'2025-08-24 09:04:02','2025-08-24 09:04:02'),(139,7,NULL,NULL,NULL,NULL,'A6:85:AC:A3:94:CF','492517',300.00,'2025-08-24 09:27:55','2025-08-24 09:27:55'),(140,6,NULL,NULL,NULL,NULL,'A6:85:AC:A3:94:CF','402396',210.00,'2025-08-24 09:29:38','2025-08-24 09:29:38'),(141,9,NULL,NULL,NULL,NULL,'0E:C6:C3:E7:72:DB','156062',1000.00,'2025-08-24 13:11:18','2025-08-24 13:11:18'),(142,6,NULL,NULL,NULL,NULL,'2A:D7:59:12:C1:90','831234',210.00,'2025-08-24 15:34:15','2025-08-24 15:34:15'),(143,9,NULL,NULL,NULL,NULL,'5A:18:AE:46:F0:9A','580563',1000.00,'2025-08-24 17:57:20','2025-08-24 17:57:20'),(144,7,NULL,NULL,NULL,NULL,'F0:C7:45:88:DC:5D','691296',300.00,'2025-08-24 18:38:57','2025-08-24 18:38:57'),(145,7,NULL,NULL,NULL,NULL,'FC:AA:B6:3B:A0:48','301904',300.00,'2025-08-24 21:25:34','2025-08-24 21:25:34'),(146,7,NULL,NULL,NULL,NULL,'0A:00:F5:20:D1:35','274492',300.00,'2025-08-24 22:33:56','2025-08-24 22:33:56'),(147,8,NULL,NULL,NULL,NULL,'F2:65:ED:BF:19:CD','093513',500.00,'2025-08-24 22:36:13','2025-08-24 22:36:13'),(148,9,NULL,NULL,NULL,NULL,'66:BB:53:AB:22:4E','790430',1000.00,'2025-08-25 17:17:13','2025-08-25 17:17:13'),(149,8,NULL,NULL,NULL,NULL,'66:BB:53:AB:22:4E','639650',500.00,'2025-08-25 17:19:35','2025-08-25 17:19:35'),(150,8,NULL,NULL,NULL,NULL,'0E:06:50:49:08:C6','832104',500.00,'2025-08-25 17:19:43','2025-08-25 17:19:43'),(151,8,NULL,NULL,NULL,NULL,'0E:32:DD:A2:B3:84','629536',500.00,'2025-08-25 17:21:15','2025-08-25 17:21:15'),(152,9,NULL,NULL,NULL,NULL,'0E:32:DD:A2:B3:84','198458',1000.00,'2025-08-25 17:22:06','2025-08-25 17:22:06'),(153,9,NULL,NULL,NULL,NULL,'42:B6:CB:A6:FE:13','232501',1000.00,'2025-08-25 17:32:11','2025-08-25 17:32:11'),(154,8,NULL,NULL,NULL,NULL,'14:9F:3C:6B:96:77','364169',500.00,'2025-08-25 18:07:50','2025-08-25 18:07:50'),(155,8,NULL,NULL,NULL,NULL,'3E:A5:2D:34:21:C5','164429',500.00,'2025-08-25 18:27:58','2025-08-25 18:27:58'),(156,6,NULL,NULL,NULL,NULL,'0E:06:50:49:08:C6','337251',210.00,'2025-08-25 19:11:22','2025-08-25 19:11:22'),(157,9,NULL,NULL,NULL,NULL,'0E:06:50:49:08:C6','265677',1000.00,'2025-08-25 19:13:42','2025-08-25 19:13:42'),(158,6,NULL,NULL,NULL,NULL,'0E:06:50:49:08:C6','684657',210.00,'2025-08-25 19:14:42','2025-08-25 19:14:42'),(159,9,NULL,NULL,NULL,NULL,'0E:06:50:49:08:C6','950655',1000.00,'2025-08-25 19:15:38','2025-08-25 19:15:38'),(160,8,NULL,NULL,NULL,NULL,'FC:AA:B6:3B:A0:48','063636',500.00,'2025-08-25 20:53:38','2025-08-25 20:53:38'),(161,8,NULL,NULL,NULL,NULL,'F2:65:ED:BF:19:CD','678837',500.00,'2025-08-25 20:55:53','2025-08-25 20:55:53'),(162,8,NULL,NULL,NULL,NULL,'FC:AA:B6:3B:A0:48','485614',500.00,'2025-08-25 20:58:38','2025-08-25 20:58:38'),(163,8,NULL,NULL,NULL,NULL,'42:B6:CB:A6:FE:13','247889',500.00,'2025-08-26 12:03:24','2025-08-26 12:03:24'),(164,8,NULL,NULL,NULL,NULL,'5A:22:D6:25:36:E9','281061',500.00,'2025-08-26 14:50:55','2025-08-26 14:50:55'),(165,27,NULL,NULL,NULL,NULL,'82:B2:02:1D:E5:B8','212741',500.00,'2025-08-26 17:50:22','2025-08-26 17:50:22'),(166,27,NULL,NULL,NULL,NULL,'82:B2:02:1D:E5:B8','594517',500.00,'2025-08-26 17:51:22','2025-08-26 17:51:22'),(167,27,NULL,NULL,NULL,NULL,'82:B2:02:1D:E5:B8','943673',500.00,'2025-08-26 17:51:29','2025-08-26 17:51:29'),(168,27,NULL,NULL,NULL,NULL,'82:B2:02:1D:E5:B8','718710',500.00,'2025-08-26 17:51:34','2025-08-26 17:51:34'),(169,27,NULL,NULL,NULL,NULL,'82:B2:02:1D:E5:B8','717515',500.00,'2025-08-26 17:52:25','2025-08-26 17:52:25'),(170,36,NULL,NULL,NULL,NULL,'50:9A:4C:26:30:57','450158',8000.00,'2025-08-26 18:59:08','2025-08-26 18:59:08'),(171,8,NULL,NULL,NULL,NULL,'3E:A5:2D:34:21:C5','991841',500.00,'2025-08-26 19:10:11','2025-08-26 19:10:11'),(172,9,NULL,NULL,NULL,NULL,'42:BE:94:8E:99:FF','476738',1000.00,'2025-08-26 19:38:25','2025-08-26 19:38:25'),(173,38,NULL,NULL,NULL,NULL,'22:63:D2:CA:34:F3','398601',500.00,'2025-08-26 19:52:38','2025-08-26 19:52:38'),(174,39,NULL,NULL,NULL,NULL,'22:63:D2:CA:34:F3','630708',1000.00,'2025-08-26 19:54:02','2025-08-26 19:54:02'),(175,40,NULL,NULL,NULL,NULL,'22:63:D2:CA:34:F3','218373',5000.00,'2025-08-26 20:01:25','2025-08-26 20:01:25'),(176,38,NULL,NULL,NULL,NULL,'22:63:D2:CA:34:F3','396310',500.00,'2025-08-26 20:02:43','2025-08-26 20:02:43'),(177,38,NULL,NULL,NULL,NULL,'E2:23:F3:B5:17:BF','785888',500.00,'2025-08-26 20:04:39','2025-08-26 20:04:39'),(178,38,NULL,NULL,NULL,NULL,'82:B2:02:1D:E5:B8','790684',500.00,'2025-08-26 20:15:18','2025-08-26 20:15:18'),(179,40,NULL,NULL,NULL,NULL,'82:B2:02:1D:E5:B8','594457',5000.00,'2025-08-26 20:17:11','2025-08-26 20:17:11'),(180,8,NULL,NULL,NULL,NULL,'02:C0:AF:A7:33:40','191090',500.00,'2025-08-26 20:35:06','2025-08-26 20:35:06'),(181,8,NULL,NULL,NULL,NULL,'02:C0:AF:A7:33:40','484323',500.00,'2025-08-26 20:36:54','2025-08-26 20:36:54'),(182,8,NULL,NULL,NULL,NULL,'F2:65:ED:BF:19:CD','651226',500.00,'2025-08-26 20:44:17','2025-08-26 20:44:17'),(183,39,NULL,NULL,NULL,NULL,'82:B2:02:1D:E5:B8','983728',1000.00,'2025-08-26 20:49:45','2025-08-26 20:49:45'),(184,7,NULL,NULL,NULL,NULL,'F2:94:94:28:61:0A','537486',300.00,'2025-08-26 21:16:51','2025-08-26 21:16:51'),(185,6,NULL,NULL,NULL,NULL,'DE:C9:D5:36:F6:CE','044294',210.00,'2025-08-26 21:32:38','2025-08-26 21:32:38'),(186,26,NULL,NULL,NULL,NULL,'D6:23:01:B5:97:58','934000',7000.00,'2025-08-26 21:32:39','2025-08-26 21:32:39');

--
-- Table structure for table `tickets`
--

CREATE TABLE `tickets` (
  `id` bigint unsigned NOT NULL AUTO_INCREMENT,
  `ref_no` varchar(191) COLLATE utf8mb4_unicode_ci NOT NULL,
  `company_id` bigint unsigned NOT NULL,
  `company_router_id` bigint unsigned NOT NULL,
  `user_id` bigint unsigned NOT NULL,
  `issue_title` varchar(191) COLLATE utf8mb4_unicode_ci NOT NULL,
  `description` text COLLATE utf8mb4_unicode_ci NOT NULL,
  `reminder` datetime NOT NULL,
  `stage` enum('Open','In Progress','Resolved','Closed') COLLATE utf8mb4_unicode_ci NOT NULL DEFAULT 'Open',
  `status` int NOT NULL DEFAULT '1' COMMENT '0=Inactive, 1=Active',
  `created_at` timestamp NULL DEFAULT NULL,
  `updated_at` timestamp NULL DEFAULT NULL,
  `deleted_at` timestamp NULL DEFAULT NULL,
  PRIMARY KEY (`id`),
  KEY `tickets_company_id_foreign` (`company_id`),
  KEY `tickets_company_router_id_foreign` (`company_router_id`),
  KEY `tickets_user_id_foreign` (`user_id`),
  CONSTRAINT `tickets_company_id_foreign` FOREIGN KEY (`company_id`) REFERENCES `companies` (`id`) ON DELETE CASCADE,
  CONSTRAINT `tickets_company_router_id_foreign` FOREIGN KEY (`company_router_id`) REFERENCES `company_routers` (`id`) ON DELETE CASCADE,
  CONSTRAINT `tickets_user_id_foreign` FOREIGN KEY (`user_id`) REFERENCES `users` (`id`) ON DELETE CASCADE
) ENGINE=InnoDB DEFAULT CHARSET=utf8mb4 COLLATE=utf8mb4_unicode_ci;

--
-- Dumping data for table `tickets`
--


--
-- Table structure for table `transaction_frequencies`
--

CREATE TABLE `transaction_frequencies` (
  `id` bigint unsigned NOT NULL AUTO_INCREMENT,
  `name` varchar(191) COLLATE utf8mb4_unicode_ci NOT NULL,
  `number_of_days` int NOT NULL,
  `created_at` timestamp NULL DEFAULT NULL,
  `updated_at` timestamp NULL DEFAULT NULL,
  `deleted_at` timestamp NULL DEFAULT NULL,
  PRIMARY KEY (`id`)
) ENGINE=InnoDB AUTO_INCREMENT=6 DEFAULT CHARSET=utf8mb4 COLLATE=utf8mb4_unicode_ci;

--
-- Dumping data for table `transaction_frequencies`
--

INSERT INTO `transaction_frequencies` VALUES (1,'Instantly',0,'2025-08-03 19:10:02','2025-08-03 19:10:02',NULL),(2,'Daily',1,'2025-08-03 19:10:02','2025-08-03 19:10:02',NULL),(3,'Three Days',3,'2025-08-03 19:10:02','2025-08-03 19:10:02',NULL),(4,'Weekly',7,'2025-08-03 19:10:02','2025-08-03 19:10:02',NULL),(5,'Monthly',30,'2025-08-03 19:10:02','2025-08-03 19:10:02',NULL);

--
-- Table structure for table `user_verification_codes`
--

CREATE TABLE `user_verification_codes` (
  `id` bigint unsigned NOT NULL AUTO_INCREMENT,
  `user_id` bigint unsigned DEFAULT NULL,
  `phone_code` varchar(191) COLLATE utf8mb4_unicode_ci NOT NULL,
  `email_code` varchar(191) COLLATE utf8mb4_unicode_ci NOT NULL,
  `created_at` timestamp NULL DEFAULT NULL,
  `updated_at` timestamp NULL DEFAULT NULL,
  `deleted_at` timestamp NULL DEFAULT NULL,
  PRIMARY KEY (`id`),
  KEY `user_verification_codes_user_id_foreign` (`user_id`),
  CONSTRAINT `user_verification_codes_user_id_foreign` FOREIGN KEY (`user_id`) REFERENCES `users` (`id`) ON DELETE CASCADE
) ENGINE=InnoDB DEFAULT CHARSET=utf8mb4 COLLATE=utf8mb4_unicode_ci;

--
-- Dumping data for table `user_verification_codes`
--


--
-- Table structure for table `users`
--

CREATE TABLE `users` (
  `id` bigint unsigned NOT NULL AUTO_INCREMENT,
  `ref_no` varchar(191) COLLATE utf8mb4_unicode_ci NOT NULL,
  `username` varchar(191) COLLATE utf8mb4_unicode_ci NOT NULL,
  `phone` varchar(191) COLLATE utf8mb4_unicode_ci NOT NULL,
  `referrer_phone` varchar(191) COLLATE utf8mb4_unicode_ci DEFAULT NULL,
  `email` varchar(191) COLLATE utf8mb4_unicode_ci DEFAULT NULL,
  `email_verified_at` timestamp NULL DEFAULT NULL,
  `phone_verified_at` timestamp NULL DEFAULT NULL,
  `password` varchar(191) COLLATE utf8mb4_unicode_ci NOT NULL,
  `status` int NOT NULL DEFAULT '1' COMMENT '0=inactive, 1=active',
  `remember_token` varchar(100) COLLATE utf8mb4_unicode_ci DEFAULT NULL,
  `created_at` timestamp NULL DEFAULT NULL,
  `updated_at` timestamp NULL DEFAULT NULL,
  `deleted_at` timestamp NULL DEFAULT NULL,
  PRIMARY KEY (`id`),
  UNIQUE KEY `users_phone_unique` (`phone`),
  UNIQUE KEY `users_email_unique` (`email`)
) ENGINE=InnoDB AUTO_INCREMENT=22 DEFAULT CHARSET=utf8mb4 COLLATE=utf8mb4_unicode_ci;

--
-- Dumping data for table `users`
--

INSERT INTO `users` VALUES (1,'HF4Y6D','Super Admin','0712345678',NULL,'superadmin@gmail.com','2025-07-30 21:26:20','2025-07-30 21:26:20','$2y$12$sL9rLDiCAscrNQ.NY2RztOzzU0.cSCW6B5rNjnvO4i8ICYnXXnIbG',1,NULL,'2025-07-30 21:26:20','2025-08-13 09:20:47',NULL),(14,'H0ERF2','Ben','0745678',NULL,NULL,'2025-08-05 15:16:00','2025-08-05 15:16:00','$2y$12$mgPvt.LZISWEj4nKuYXv6urRN3LvIt1dML13T/snulGiRoOuGWkUq',1,NULL,'2025-08-05 15:16:00','2025-08-05 15:16:00',NULL),(15,'9E8FYP','Erick','0763752350',NULL,'sirnjovu86@gmail.com','2025-08-05 16:56:56','2025-08-05 16:56:56','$2y$12$t28h8a0Wo1XrJk0XZHrmS.zJKIvU002din28wiRKlPKVeRdv.Z10e',1,NULL,'2025-08-05 16:56:56','2025-08-09 11:59:27',NULL),(16,'5NGAQV','Admin','0712345679',NULL,NULL,'2025-08-12 12:25:52','2025-08-12 12:25:52','$2y$12$kuyPB0V6yohwp/aAz4epeO5VQrnpwnW7jJk9KLPTpKxBIfis8CiR2',1,NULL,'2025-08-12 12:25:52','2025-08-12 12:25:52',NULL),(17,'SGC5QD','Te','0694214936',NULL,'test@hmail.com','2025-08-13 07:21:07','2025-08-13 07:21:07','$2y$12$oIxyMmt3CSWOD/v2CEIzH..mKvXm0N61/x7IIMZ0x9Godd0pkXMYK',0,NULL,'2025-08-13 07:21:07','2025-08-13 20:48:18',NULL),(18,'W19D5P','Test','0693058471',NULL,'test@gmail.com','2025-08-13 07:21:55','2025-08-13 07:21:55','$2y$12$LE8vKzwYDwZHpw.hRN7oyuY4XhagL0O4oPpffvuNDZC70Vmt3lkkC',0,NULL,'2025-08-13 07:21:55','2025-08-13 20:48:00',NULL),(19,'2SZ35Y','Admin','0787109988',NULL,NULL,'2025-08-13 19:46:16','2025-08-13 19:46:16','$2y$12$tyfHnsegYuJzDVVrUGjj.eseTN4v2R2TCUmHZ/B09O6XeMd8Vc3bO',0,NULL,'2025-08-13 19:46:16','2025-08-13 20:47:46',NULL),(20,'Q3B8YT','Mwamba Cosmetics','0786000803',NULL,'Chrisa Mambo','2025-08-26 13:06:13','2025-08-26 13:06:13','$2y$12$uCNHl.eOqJ4Cw23ZhDqnJuDvwk2THQzfSY.1NWZI32y4LpYDGYumO',1,NULL,'2025-08-26 13:06:13','2025-08-26 19:07:39',NULL),(21,'L7E6BN','','',NULL,NULL,'2025-08-26 21:03:34','2025-08-26 21:03:34','$2y$12$URtrWLfAweZakJwzFv.USOUUbhgdMEs3zzFHqUjeBElzXMmbNc9qm',1,NULL,'2025-08-26 21:03:34','2025-08-26 21:25:09',NULL);


