--
-- Host: localhost    Database: heritage
-- ------------------------------------------------------


--
-- Table structure for table `b2b_outgoing_transaction_charges`
--

CREATE TABLE `b2b_outgoing_transaction_charges` (
  `id` bigint unsigned NOT NULL AUTO_INCREMENT,
  `min_amount` int NOT NULL DEFAULT '0',
  `max_amount` int NOT NULL DEFAULT '0',
  `charges` int NOT NULL DEFAULT '0',
  `created_at` timestamp NULL DEFAULT NULL,
  `updated_at` timestamp NULL DEFAULT NULL,
  `deleted_at` timestamp NULL DEFAULT NULL,
  PRIMARY KEY (`id`)
) ENGINE=InnoDB AUTO_INCREMENT=19 DEFAULT CHARSET=utf8mb4 COLLATE=utf8mb4_unicode_ci;

--
-- Dumping data for table `b2b_outgoing_transaction_charges`
--

INSERT INTO `b2b_outgoing_transaction_charges` VALUES (1,1,49,2,'2025-08-03 19:10:09','2025-08-03 19:10:09',NULL),(2,50,100,3,'2025-08-03 19:10:09','2025-08-03 19:10:09',NULL),(3,101,500,8,'2025-08-03 19:10:09','2025-08-03 19:10:09',NULL),(4,501,1000,13,'2025-08-03 19:10:09','2025-08-03 19:10:09',NULL),(5,1001,1500,18,'2025-08-03 19:10:09','2025-08-03 19:10:09',NULL),(6,1501,2500,25,'2025-08-03 19:10:09','2025-08-03 19:10:09',NULL),(7,2501,3500,30,'2025-08-03 19:10:09','2025-08-03 19:10:09',NULL),(8,3501,5000,39,'2025-08-03 19:10:09','2025-08-03 19:10:09',NULL),(9,5001,7500,48,'2025-08-03 19:10:09','2025-08-03 19:10:09',NULL),(10,7501,10000,54,'2025-08-03 19:10:09','2025-08-03 19:10:09',NULL),(11,10001,15000,63,'2025-08-03 19:10:09','2025-08-03 19:10:09',NULL),(12,15001,20000,68,'2025-08-03 19:10:09','2025-08-03 19:10:09',NULL),(13,20001,25000,74,'2025-08-03 19:10:09','2025-08-03 19:10:09',NULL),(14,25001,30000,79,'2025-08-03 19:10:09','2025-08-03 19:10:09',NULL),(15,30001,35000,90,'2025-08-03 19:10:09','2025-08-03 19:10:09',NULL),(16,35001,40000,106,'2025-08-03 19:10:09','2025-08-03 19:10:09',NULL),(17,40001,45000,110,'2025-08-03 19:10:09','2025-08-03 19:10:09',NULL),(18,45001,50000000,115,'2025-08-03 19:10:09','2025-08-03 19:10:09',NULL);

--
-- Table structure for table `b2c_outgoing_transaction_charges`
--

CREATE TABLE `b2c_outgoing_transaction_charges` (
  `id` bigint unsigned NOT NULL AUTO_INCREMENT,
  `min_amount` int NOT NULL DEFAULT '0',
  `max_amount` int NOT NULL DEFAULT '0',
  `charges` int NOT NULL DEFAULT '0',
  `created_at` timestamp NULL DEFAULT NULL,
  `updated_at` timestamp NULL DEFAULT NULL,
  `deleted_at` timestamp NULL DEFAULT NULL,
  PRIMARY KEY (`id`)
) ENGINE=InnoDB AUTO_INCREMENT=6 DEFAULT CHARSET=utf8mb4 COLLATE=utf8mb4_unicode_ci;

--
-- Dumping data for table `b2c_outgoing_transaction_charges`
--

INSERT INTO `b2c_outgoing_transaction_charges` VALUES (1,1,100,0,'2025-08-03 19:10:09','2025-08-03 19:10:09',NULL),(2,101,1500,5,'2025-08-03 19:10:09','2025-08-03 19:10:09',NULL),(3,1501,5000,9,'2025-08-03 19:10:09','2025-08-03 19:10:09',NULL),(4,15001,20000,11,'2025-08-03 19:10:09','2025-08-03 19:10:09',NULL),(5,20001,250000,13,'2025-08-03 19:10:09','2025-08-03 19:10:09',NULL);

--
-- Table structure for table `banks`
--

CREATE TABLE `banks` (
  `id` bigint unsigned NOT NULL AUTO_INCREMENT,
  `name` varchar(191) COLLATE utf8mb4_unicode_ci NOT NULL,
  `paybill` varchar(191) COLLATE utf8mb4_unicode_ci DEFAULT NULL,
  `status` int NOT NULL DEFAULT '1' COMMENT '0=inactive, 1=active',
  `created_at` timestamp NULL DEFAULT NULL,
  `updated_at` timestamp NULL DEFAULT NULL,
  `deleted_at` timestamp NULL DEFAULT NULL,
  PRIMARY KEY (`id`)
) ENGINE=InnoDB AUTO_INCREMENT=41 DEFAULT CHARSET=utf8mb4 COLLATE=utf8mb4_unicode_ci;

--
-- Dumping data for table `banks`
--

INSERT INTO `banks` VALUES (1,'KCB','522522',1,'2025-08-03 19:10:06','2025-08-03 19:10:06',NULL),(2,'ABSA','303030',1,'2025-08-03 19:10:06','2025-08-03 19:10:06',NULL),(3,'Bank of Africa','972900',1,'2025-08-03 19:10:06','2025-08-03 19:10:06',NULL),(4,'Bank of Baroda Kenya Ltd','902363',1,'2025-08-03 19:10:06','2025-08-03 19:10:06',NULL),(5,'Chase Bank','552800',1,'2025-08-03 19:10:06','2025-08-03 19:10:06',NULL),(6,'Citi Bank','200700',1,'2025-08-03 19:10:06','2025-08-03 19:10:06',NULL),(7,'Consolidated Bank of Kenya','508400',1,'2025-08-03 19:10:06','2025-08-03 19:10:06',NULL),(8,'Cooperative Bank','400200',1,'2025-08-03 19:10:06','2025-08-03 19:10:06',NULL),(9,'Credit Bank','972700',1,'2025-08-03 19:10:06','2025-08-03 19:10:06',NULL),(10,'Development Bank','',1,'2025-08-03 19:10:06','2025-08-03 19:10:06',NULL),(11,'Diamond Trust Bank','516600',1,'2025-08-03 19:10:06','2025-08-03 19:10:06',NULL),(12,'Eco Bank','700205',1,'2025-08-03 19:10:06','2025-08-03 19:10:06',NULL),(13,'Equity Bank','247247',1,'2025-08-03 19:10:06','2025-08-03 19:10:06',NULL),(14,'Family Bank','222111',1,'2025-08-03 19:10:06','2025-08-03 19:10:06',NULL),(15,'Faulu Bank','328585',1,'2025-08-03 19:10:06','2025-08-03 19:10:06',NULL),(16,'Fidelity Commercial Bank Ltd','',1,'2025-08-03 19:10:06','2025-08-03 19:10:06',NULL),(17,'First Community Bank','919700',1,'2025-08-03 19:10:06','2025-08-03 19:10:06',NULL),(18,'Giro Bank','',1,'2025-08-03 19:10:06','2025-08-03 19:10:06',NULL),(19,'GT Bank','910200',1,'2025-08-03 19:10:06','2025-08-03 19:10:06',NULL),(20,'Guardian Bank','344500',1,'2025-08-03 19:10:06','2025-08-03 19:10:06',NULL),(21,'Gulf African Bank','985050',1,'2025-08-03 19:10:06','2025-08-03 19:10:06',NULL),(22,'Habib Bank Ltd','',1,'2025-08-03 19:10:06','2025-08-03 19:10:06',NULL),(23,'Habib Bank Zurich','',1,'2025-08-03 19:10:06','2025-08-03 19:10:06',NULL),(24,'Housing Finance Bank','100400',1,'2025-08-03 19:10:06','2025-08-03 19:10:06',NULL),(25,'I & M Bank','542542',1,'2025-08-03 19:10:06','2025-08-03 19:10:06',NULL),(26,'Jamii Bora Bank','529901',1,'2025-08-03 19:10:06','2025-08-03 19:10:06',NULL),(27,'KWFT','101200',1,'2025-08-03 19:10:06','2025-08-03 19:10:06',NULL),(28,'National Bank of Kenya','547700',1,'2025-08-03 19:10:06','2025-08-03 19:10:06',NULL),(29,'NCBA','880100',1,'2025-08-03 19:10:06','2025-08-03 19:10:06',NULL),(30,'Oriental Commercial Bank','986500',1,'2025-08-03 19:10:06','2025-08-03 19:10:06',NULL),(31,'Paramount Bank','907950',1,'2025-08-03 19:10:06','2025-08-03 19:10:06',NULL),(32,'Post Bank','200999',1,'2025-08-03 19:10:06','2025-08-03 19:10:06',NULL),(33,'Prime Bank','982800',1,'2025-08-03 19:10:06','2025-08-03 19:10:06',NULL),(34,'Sidian Bank','990832',1,'2025-08-03 19:10:06','2025-08-03 19:10:06',NULL),(35,'Spire Bank','498100',1,'2025-08-03 19:10:06','2025-08-03 19:10:06',NULL),(36,'Stanbic Bank','600100',1,'2025-08-03 19:10:06','2025-08-03 19:10:06',NULL),(37,'Standard Chartered Bank','329329',1,'2025-08-03 19:10:06','2025-08-03 19:10:06',NULL),(38,'Transnational Bank','862862',1,'2025-08-03 19:10:06','2025-08-03 19:10:06',NULL),(39,'UBA Bank','559900',1,'2025-08-03 19:10:06','2025-08-03 19:10:06',NULL),(40,'Victoria Bank','842100',1,'2025-08-03 19:10:06','2025-08-03 19:10:06',NULL);

--
-- Table structure for table `cache`
--

CREATE TABLE `cache` (
  `key` varchar(191) COLLATE utf8mb4_unicode_ci NOT NULL,
  `value` mediumtext COLLATE utf8mb4_unicode_ci NOT NULL,
  `expiration` int NOT NULL,
  PRIMARY KEY (`key`)
) ENGINE=InnoDB DEFAULT CHARSET=utf8mb4 COLLATE=utf8mb4_unicode_ci;

--
-- Dumping data for table `cache`
--

INSERT INTO `cache` VALUES ('+19396993017|91.98.27.203','i:3;',1754409463),('+19396993017|91.98.27.203:timer','i:1754409463;',1754409463),('+254 655054056|197.186.5.87','i:1;',1754753236),('+254 655054056|197.186.5.87:timer','i:1754753236;',1754753236),('+254655054056|197.186.5.87','i:1;',1754753215),('+254655054056|197.186.5.87:timer','i:1754753215;',1754753215),('+255712345678|197.250.99.136','i:1;',1755458160),('+255712345678|197.250.99.136:timer','i:1755458160;',1755458160),('+255742114498|197.186.3.235','i:1;',1755100031),('+255742114498|197.186.3.235:timer','i:1755100031;',1755100031),('+447782590045|45.13.225.69','i:1;',1754451641),('+447782590045|45.13.225.69:timer','i:1754451641;',1754451641),('0655054056|197.186.2.12','i:2;',1754648810),('0655054056|197.186.2.12:timer','i:1754648810;',1754648810),('0655054056|197.186.5.87','i:1;',1754753135),('0655054056|197.186.5.87:timer','i:1754753135;',1754753135),('0700000000|102.208.180.254','i:1;',1754302964),('0700000000|102.208.180.254:timer','i:1754302964;',1754302964),('0712345678|105.113.80.194','i:3;',1755198142),('0712345678|105.113.80.194:timer','i:1755198142;',1755198142),('0712345678|154.74.190.2','i:1;',1755108530),('0712345678|154.74.190.2:timer','i:1755108530;',1755108530),('0712345678|196.249.95.203','i:1;',1755110991),('0712345678|196.249.95.203:timer','i:1755110991;',1755110991),('0712345678|197.250.99.136','i:1;',1755458126),('0712345678|197.250.99.136:timer','i:1755458126;',1755458126),('0712345679|102.213.48.6','i:1;',1754998068),('0712345679|102.213.48.6:timer','i:1754998068;',1754998068),('0716327828|102.208.180.254','i:1;',1756126422),('0716327828|102.208.180.254:timer','i:1756126422;',1756126422),('071658313|41.59.21.44','i:2;',1754882592),('071658313|41.59.21.44:timer','i:1754882592;',1754882592),('0716583413|102.213.48.6','i:1;',1754999241),('0716583413|102.213.48.6:timer','i:1754999241;',1754999241),('0716583413|197.250.101.181','i:2;',1754756905),('0716583413|197.250.101.181:timer','i:1754756905;',1754756905),('0716583413|41.59.21.44','i:2;',1754882611),('0716583413|41.59.21.44:timer','i:1754882611;',1754882611),('0762752350|197.250.50.115','i:2;',1756156158),('0762752350|197.250.50.115:timer','i:1756156158;',1756156158),('0762752350|41.59.21.44','i:1;',1754802800),('0762752350|41.59.21.44:timer','i:1754802800;',1754802800),('0763552350|197.250.103.106','i:2;',1755926965),('0763552350|197.250.103.106:timer','i:1755926965;',1755926965),('076375235012345|41.59.21.160','i:1;',1756116396),('076375235012345|41.59.21.160:timer','i:1756116396;',1756116396),('0763752359|197.186.6.145','i:1;',1755435886),('0763752359|197.186.6.145:timer','i:1755435886;',1755435886),('0763752359|197.250.101.181','i:1;',1754756951),('0763752359|197.250.101.181:timer','i:1754756951;',1754756951),('0796785188|41.212.35.91','i:1;',1755112966),('0796785188|41.212.35.91:timer','i:1755112966;',1755112966),('655054056|197.186.5.87','i:1;',1754753246),('655054056|197.186.5.87:timer','i:1754753246;',1754753246),('7782590045|185.220.101.105','i:1;',1754451657),('7782590045|185.220.101.105:timer','i:1754451657;',1754451657),('7782590045|45.13.225.69','i:4;',1754451634),('7782590045|45.13.225.69:timer','i:1754451634;',1754451634),('9396993017|91.98.27.203','i:3;',1754409470),('9396993017|91.98.27.203:timer','i:1754409470;',1754409470),('admin|41.222.88.126','i:1;',1754992397),('admin|41.222.88.126:timer','i:1754992397;',1754992397),('admin|41.59.161.245','i:2;',1754411228),('admin|41.59.161.245:timer','i:1754411228;',1754411228),('banks','O:39:\"Illuminate\\Database\\Eloquent\\Collection\":2:{s:8:\"\0*\0items\";a:40:{i:0;O:15:\"App\\Models\\Bank\":31:{s:13:\"\0*\0connection\";s:5:\"mysql\";s:8:\"\0*\0table\";s:5:\"banks\";s:13:\"\0*\0primaryKey\";s:2:\"id\";s:10:\"\0*\0keyType\";s:3:\"int\";s:12:\"incrementing\";b:1;s:7:\"\0*\0with\";a:0:{}s:12:\"\0*\0withCount\";a:0:{}s:19:\"preventsLazyLoading\";b:0;s:10:\"\0*\0perPage\";i:15;s:6:\"exists\";b:1;s:18:\"wasRecentlyCreated\";b:0;s:28:\"\0*\0escapeWhenCastingToString\";b:0;s:13:\"\0*\0attributes\";a:7:{s:2:\"id\";i:1;s:4:\"name\";s:3:\"KCB\";s:7:\"paybill\";s:6:\"522522\";s:6:\"status\";i:1;s:10:\"created_at\";s:19:\"2025-08-03 21:10:06\";s:10:\"updated_at\";s:19:\"2025-08-03 21:10:06\";s:10:\"deleted_at\";N;}s:11:\"\0*\0original\";a:7:{s:2:\"id\";i:1;s:4:\"name\";s:3:\"KCB\";s:7:\"paybill\";s:6:\"522522\";s:6:\"status\";i:1;s:10:\"created_at\";s:19:\"2025-08-03 21:10:06\";s:10:\"updated_at\";s:19:\"2025-08-03 21:10:06\";s:10:\"deleted_at\";N;}s:10:\"\0*\0changes\";a:0:{}s:8:\"\0*\0casts\";a:1:{s:10:\"deleted_at\";s:8:\"datetime\";}s:17:\"\0*\0classCastCache\";a:0:{}s:21:\"\0*\0attributeCastCache\";a:0:{}s:13:\"\0*\0dateFormat\";N;s:10:\"\0*\0appends\";a:0:{}s:19:\"\0*\0dispatchesEvents\";a:0:{}s:14:\"\0*\0observables\";a:0:{}s:12:\"\0*\0relations\";a:0:{}s:10:\"\0*\0touches\";a:0:{}s:10:\"timestamps\";b:1;s:13:\"usesUniqueIds\";b:0;s:9:\"\0*\0hidden\";a:0:{}s:10:\"\0*\0visible\";a:0:{}s:11:\"\0*\0fillable\";a:3:{i:0;s:4:\"name\";i:1;s:7:\"paybill\";i:2;s:6:\"status\";}s:10:\"\0*\0guarded\";a:1:{i:0;s:1:\"*\";}s:16:\"\0*\0forceDeleting\";b:0;}i:1;O:15:\"App\\Models\\Bank\":31:{s:13:\"\0*\0connection\";s:5:\"mysql\";s:8:\"\0*\0table\";s:5:\"banks\";s:13:\"\0*\0primaryKey\";s:2:\"id\";s:10:\"\0*\0keyType\";s:3:\"int\";s:12:\"incrementing\";b:1;s:7:\"\0*\0with\";a:0:{}s:12:\"\0*\0withCount\";a:0:{}s:19:\"preventsLazyLoading\";b:0;s:10:\"\0*\0perPage\";i:15;s:6:\"exists\";b:1;s:18:\"wasRecentlyCreated\";b:0;s:28:\"\0*\0escapeWhenCastingToString\";b:0;s:13:\"\0*\0attributes\";a:7:{s:2:\"id\";i:2;s:4:\"name\";s:4:\"ABSA\";s:7:\"paybill\";s:6:\"303030\";s:6:\"status\";i:1;s:10:\"created_at\";s:19:\"2025-08-03 21:10:06\";s:10:\"updated_at\";s:19:\"2025-08-03 21:10:06\";s:10:\"deleted_at\";N;}s:11:\"\0*\0original\";a:7:{s:2:\"id\";i:2;s:4:\"name\";s:4:\"ABSA\";s:7:\"paybill\";s:6:\"303030\";s:6:\"status\";i:1;s:10:\"created_at\";s:19:\"2025-08-03 21:10:06\";s:10:\"updated_at\";s:19:\"2025-08-03 21:10:06\";s:10:\"deleted_at\";N;}s:10:\"\0*\0changes\";a:0:{}s:8:\"\0*\0casts\";a:1:{s:10:\"deleted_at\";s:8:\"datetime\";}s:17:\"\0*\0classCastCache\";a:0:{}s:21:\"\0*\0attributeCastCache\";a:0:{}s:13:\"\0*\0dateFormat\";N;s:10:\"\0*\0appends\";a:0:{}s:19:\"\0*\0dispatchesEvents\";a:0:{}s:14:\"\0*\0observables\";a:0:{}s:12:\"\0*\0relations\";a:0:{}s:10:\"\0*\0touches\";a:0:{}s:10:\"timestamps\";b:1;s:13:\"usesUniqueIds\";b:0;s:9:\"\0*\0hidden\";a:0:{}s:10:\"\0*\0visible\";a:0:{}s:11:\"\0*\0fillable\";a:3:{i:0;s:4:\"name\";i:1;s:7:\"paybill\";i:2;s:6:\"status\";}s:10:\"\0*\0guarded\";a:1:{i:0;s:1:\"*\";}s:16:\"\0*\0forceDeleting\";b:0;}i:2;O:15:\"App\\Models\\Bank\":31:{s:13:\"\0*\0connection\";s:5:\"mysql\";s:8:\"\0*\0table\";s:5:\"banks\";s:13:\"\0*\0primaryKey\";s:2:\"id\";s:10:\"\0*\0keyType\";s:3:\"int\";s:12:\"incrementing\";b:1;s:7:\"\0*\0with\";a:0:{}s:12:\"\0*\0withCount\";a:0:{}s:19:\"preventsLazyLoading\";b:0;s:10:\"\0*\0perPage\";i:15;s:6:\"exists\";b:1;s:18:\"wasRecentlyCreated\";b:0;s:28:\"\0*\0escapeWhenCastingToString\";b:0;s:13:\"\0*\0attributes\";a:7:{s:2:\"id\";i:3;s:4:\"name\";s:14:\"Bank of Africa\";s:7:\"paybill\";s:6:\"972900\";s:6:\"status\";i:1;s:10:\"created_at\";s:19:\"2025-08-03 21:10:06\";s:10:\"updated_at\";s:19:\"2025-08-03 21:10:06\";s:10:\"deleted_at\";N;}s:11:\"\0*\0original\";a:7:{s:2:\"id\";i:3;s:4:\"name\";s:14:\"Bank of Africa\";s:7:\"paybill\";s:6:\"972900\";s:6:\"status\";i:1;s:10:\"created_at\";s:19:\"2025-08-03 21:10:06\";s:10:\"updated_at\";s:19:\"2025-08-03 21:10:06\";s:10:\"deleted_at\";N;}s:10:\"\0*\0changes\";a:0:{}s:8:\"\0*\0casts\";a:1:{s:10:\"deleted_at\";s:8:\"datetime\";}s:17:\"\0*\0classCastCache\";a:0:{}s:21:\"\0*\0attributeCastCache\";a:0:{}s:13:\"\0*\0dateFormat\";N;s:10:\"\0*\0appends\";a:0:{}s:19:\"\0*\0dispatchesEvents\";a:0:{}s:14:\"\0*\0observables\";a:0:{}s:12:\"\0*\0relations\";a:0:{}s:10:\"\0*\0touches\";a:0:{}s:10:\"timestamps\";b:1;s:13:\"usesUniqueIds\";b:0;s:9:\"\0*\0hidden\";a:0:{}s:10:\"\0*\0visible\";a:0:{}s:11:\"\0*\0fillable\";a:3:{i:0;s:4:\"name\";i:1;s:7:\"paybill\";i:2;s:6:\"status\";}s:10:\"\0*\0guarded\";a:1:{i:0;s:1:\"*\";}s:16:\"\0*\0forceDeleting\";b:0;}i:3;O:15:\"App\\Models\\Bank\":31:{s:13:\"\0*\0connection\";s:5:\"mysql\";s:8:\"\0*\0table\";s:5:\"banks\";s:13:\"\0*\0primaryKey\";s:2:\"id\";s:10:\"\0*\0keyType\";s:3:\"int\";s:12:\"incrementing\";b:1;s:7:\"\0*\0with\";a:0:{}s:12:\"\0*\0withCount\";a:0:{}s:19:\"preventsLazyLoading\";b:0;s:10:\"\0*\0perPage\";i:15;s:6:\"exists\";b:1;s:18:\"wasRecentlyCreated\";b:0;s:28:\"\0*\0escapeWhenCastingToString\";b:0;s:13:\"\0*\0attributes\";a:7:{s:2:\"id\";i:4;s:4:\"name\";s:24:\"Bank of Baroda Kenya Ltd\";s:7:\"paybill\";s:6:\"902363\";s:6:\"status\";i:1;s:10:\"created_at\";s:19:\"2025-08-03 21:10:06\";s:10:\"updated_at\";s:19:\"2025-08-03 21:10:06\";s:10:\"deleted_at\";N;}s:11:\"\0*\0original\";a:7:{s:2:\"id\";i:4;s:4:\"name\";s:24:\"Bank of Baroda Kenya Ltd\";s:7:\"paybill\";s:6:\"902363\";s:6:\"status\";i:1;s:10:\"created_at\";s:19:\"2025-08-03 21:10:06\";s:10:\"updated_at\";s:19:\"2025-08-03 21:10:06\";s:10:\"deleted_at\";N;}s:10:\"\0*\0changes\";a:0:{}s:8:\"\0*\0casts\";a:1:{s:10:\"deleted_at\";s:8:\"datetime\";}s:17:\"\0*\0classCastCache\";a:0:{}s:21:\"\0*\0attributeCastCache\";a:0:{}s:13:\"\0*\0dateFormat\";N;s:10:\"\0*\0appends\";a:0:{}s:19:\"\0*\0dispatchesEvents\";a:0:{}s:14:\"\0*\0observables\";a:0:{}s:12:\"\0*\0relations\";a:0:{}s:10:\"\0*\0touches\";a:0:{}s:10:\"timestamps\";b:1;s:13:\"usesUniqueIds\";b:0;s:9:\"\0*\0hidden\";a:0:{}s:10:\"\0*\0visible\";a:0:{}s:11:\"\0*\0fillable\";a:3:{i:0;s:4:\"name\";i:1;s:7:\"paybill\";i:2;s:6:\"status\";}s:10:\"\0*\0guarded\";a:1:{i:0;s:1:\"*\";}s:16:\"\0*\0forceDeleting\";b:0;}i:4;O:15:\"App\\Models\\Bank\":31:{s:13:\"\0*\0connection\";s:5:\"mysql\";s:8:\"\0*\0table\";s:5:\"banks\";s:13:\"\0*\0primaryKey\";s:2:\"id\";s:10:\"\0*\0keyType\";s:3:\"int\";s:12:\"incrementing\";b:1;s:7:\"\0*\0with\";a:0:{}s:12:\"\0*\0withCount\";a:0:{}s:19:\"preventsLazyLoading\";b:0;s:10:\"\0*\0perPage\";i:15;s:6:\"exists\";b:1;s:18:\"wasRecentlyCreated\";b:0;s:28:\"\0*\0escapeWhenCastingToString\";b:0;s:13:\"\0*\0attributes\";a:7:{s:2:\"id\";i:5;s:4:\"name\";s:10:\"Chase Bank\";s:7:\"paybill\";s:6:\"552800\";s:6:\"status\";i:1;s:10:\"created_at\";s:19:\"2025-08-03 21:10:06\";s:10:\"updated_at\";s:19:\"2025-08-03 21:10:06\";s:10:\"deleted_at\";N;}s:11:\"\0*\0original\";a:7:{s:2:\"id\";i:5;s:4:\"name\";s:10:\"Chase Bank\";s:7:\"paybill\";s:6:\"552800\";s:6:\"status\";i:1;s:10:\"created_at\";s:19:\"2025-08-03 21:10:06\";s:10:\"updated_at\";s:19:\"2025-08-03 21:10:06\";s:10:\"deleted_at\";N;}s:10:\"\0*\0changes\";a:0:{}s:8:\"\0*\0casts\";a:1:{s:10:\"deleted_at\";s:8:\"datetime\";}s:17:\"\0*\0classCastCache\";a:0:{}s:21:\"\0*\0attributeCastCache\";a:0:{}s:13:\"\0*\0dateFormat\";N;s:10:\"\0*\0appends\";a:0:{}s:19:\"\0*\0dispatchesEvents\";a:0:{}s:14:\"\0*\0observables\";a:0:{}s:12:\"\0*\0relations\";a:0:{}s:10:\"\0*\0touches\";a:0:{}s:10:\"timestamps\";b:1;s:13:\"usesUniqueIds\";b:0;s:9:\"\0*\0hidden\";a:0:{}s:10:\"\0*\0visible\";a:0:{}s:11:\"\0*\0fillable\";a:3:{i:0;s:4:\"name\";i:1;s:7:\"paybill\";i:2;s:6:\"status\";}s:10:\"\0*\0guarded\";a:1:{i:0;s:1:\"*\";}s:16:\"\0*\0forceDeleting\";b:0;}i:5;O:15:\"App\\Models\\Bank\":31:{s:13:\"\0*\0connection\";s:5:\"mysql\";s:8:\"\0*\0table\";s:5:\"banks\";s:13:\"\0*\0primaryKey\";s:2:\"id\";s:10:\"\0*\0keyType\";s:3:\"int\";s:12:\"incrementing\";b:1;s:7:\"\0*\0with\";a:0:{}s:12:\"\0*\0withCount\";a:0:{}s:19:\"preventsLazyLoading\";b:0;s:10:\"\0*\0perPage\";i:15;s:6:\"exists\";b:1;s:18:\"wasRecentlyCreated\";b:0;s:28:\"\0*\0escapeWhenCastingToString\";b:0;s:13:\"\0*\0attributes\";a:7:{s:2:\"id\";i:6;s:4:\"name\";s:9:\"Citi Bank\";s:7:\"paybill\";s:6:\"200700\";s:6:\"status\";i:1;s:10:\"created_at\";s:19:\"2025-08-03 21:10:06\";s:10:\"updated_at\";s:19:\"2025-08-03 21:10:06\";s:10:\"deleted_at\";N;}s:11:\"\0*\0original\";a:7:{s:2:\"id\";i:6;s:4:\"name\";s:9:\"Citi Bank\";s:7:\"paybill\";s:6:\"200700\";s:6:\"status\";i:1;s:10:\"created_at\";s:19:\"2025-08-03 21:10:06\";s:10:\"updated_at\";s:19:\"2025-08-03 21:10:06\";s:10:\"deleted_at\";N;}s:10:\"\0*\0changes\";a:0:{}s:8:\"\0*\0casts\";a:1:{s:10:\"deleted_at\";s:8:\"datetime\";}s:17:\"\0*\0classCastCache\";a:0:{}s:21:\"\0*\0attributeCastCache\";a:0:{}s:13:\"\0*\0dateFormat\";N;s:10:\"\0*\0appends\";a:0:{}s:19:\"\0*\0dispatchesEvents\";a:0:{}s:14:\"\0*\0observables\";a:0:{}s:12:\"\0*\0relations\";a:0:{}s:10:\"\0*\0touches\";a:0:{}s:10:\"timestamps\";b:1;s:13:\"usesUniqueIds\";b:0;s:9:\"\0*\0hidden\";a:0:{}s:10:\"\0*\0visible\";a:0:{}s:11:\"\0*\0fillable\";a:3:{i:0;s:4:\"name\";i:1;s:7:\"paybill\";i:2;s:6:\"status\";}s:10:\"\0*\0guarded\";a:1:{i:0;s:1:\"*\";}s:16:\"\0*\0forceDeleting\";b:0;}i:6;O:15:\"App\\Models\\Bank\":31:{s:13:\"\0*\0connection\";s:5:\"mysql\";s:8:\"\0*\0table\";s:5:\"banks\";s:13:\"\0*\0primaryKey\";s:2:\"id\";s:10:\"\0*\0keyType\";s:3:\"int\";s:12:\"incrementing\";b:1;s:7:\"\0*\0with\";a:0:{}s:12:\"\0*\0withCount\";a:0:{}s:19:\"preventsLazyLoading\";b:0;s:10:\"\0*\0perPage\";i:15;s:6:\"exists\";b:1;s:18:\"wasRecentlyCreated\";b:0;s:28:\"\0*\0escapeWhenCastingToString\";b:0;s:13:\"\0*\0attributes\";a:7:{s:2:\"id\";i:7;s:4:\"name\";s:26:\"Consolidated Bank of Kenya\";s:7:\"paybill\";s:6:\"508400\";s:6:\"status\";i:1;s:10:\"created_at\";s:19:\"2025-08-03 21:10:06\";s:10:\"updated_at\";s:19:\"2025-08-03 21:10:06\";s:10:\"deleted_at\";N;}s:11:\"\0*\0original\";a:7:{s:2:\"id\";i:7;s:4:\"name\";s:26:\"Consolidated Bank of Kenya\";s:7:\"paybill\";s:6:\"508400\";s:6:\"status\";i:1;s:10:\"created_at\";s:19:\"2025-08-03 21:10:06\";s:10:\"updated_at\";s:19:\"2025-08-03 21:10:06\";s:10:\"deleted_at\";N;}s:10:\"\0*\0changes\";a:0:{}s:8:\"\0*\0casts\";a:1:{s:10:\"deleted_at\";s:8:\"datetime\";}s:17:\"\0*\0classCastCache\";a:0:{}s:21:\"\0*\0attributeCastCache\";a:0:{}s:13:\"\0*\0dateFormat\";N;s:10:\"\0*\0appends\";a:0:{}s:19:\"\0*\0dispatchesEvents\";a:0:{}s:14:\"\0*\0observables\";a:0:{}s:12:\"\0*\0relations\";a:0:{}s:10:\"\0*\0touches\";a:0:{}s:10:\"timestamps\";b:1;s:13:\"usesUniqueIds\";b:0;s:9:\"\0*\0hidden\";a:0:{}s:10:\"\0*\0visible\";a:0:{}s:11:\"\0*\0fillable\";a:3:{i:0;s:4:\"name\";i:1;s:7:\"paybill\";i:2;s:6:\"status\";}s:10:\"\0*\0guarded\";a:1:{i:0;s:1:\"*\";}s:16:\"\0*\0forceDeleting\";b:0;}i:7;O:15:\"App\\Models\\Bank\":31:{s:13:\"\0*\0connection\";s:5:\"mysql\";s:8:\"\0*\0table\";s:5:\"banks\";s:13:\"\0*\0primaryKey\";s:2:\"id\";s:10:\"\0*\0keyType\";s:3:\"int\";s:12:\"incrementing\";b:1;s:7:\"\0*\0with\";a:0:{}s:12:\"\0*\0withCount\";a:0:{}s:19:\"preventsLazyLoading\";b:0;s:10:\"\0*\0perPage\";i:15;s:6:\"exists\";b:1;s:18:\"wasRecentlyCreated\";b:0;s:28:\"\0*\0escapeWhenCastingToString\";b:0;s:13:\"\0*\0attributes\";a:7:{s:2:\"id\";i:8;s:4:\"name\";s:16:\"Cooperative Bank\";s:7:\"paybill\";s:6:\"400200\";s:6:\"status\";i:1;s:10:\"created_at\";s:19:\"2025-08-03 21:10:06\";s:10:\"updated_at\";s:19:\"2025-08-03 21:10:06\";s:10:\"deleted_at\";N;}s:11:\"\0*\0original\";a:7:{s:2:\"id\";i:8;s:4:\"name\";s:16:\"Cooperative Bank\";s:7:\"paybill\";s:6:\"400200\";s:6:\"status\";i:1;s:10:\"created_at\";s:19:\"2025-08-03 21:10:06\";s:10:\"updated_at\";s:19:\"2025-08-03 21:10:06\";s:10:\"deleted_at\";N;}s:10:\"\0*\0changes\";a:0:{}s:8:\"\0*\0casts\";a:1:{s:10:\"deleted_at\";s:8:\"datetime\";}s:17:\"\0*\0classCastCache\";a:0:{}s:21:\"\0*\0attributeCastCache\";a:0:{}s:13:\"\0*\0dateFormat\";N;s:10:\"\0*\0appends\";a:0:{}s:19:\"\0*\0dispatchesEvents\";a:0:{}s:14:\"\0*\0observables\";a:0:{}s:12:\"\0*\0relations\";a:0:{}s:10:\"\0*\0touches\";a:0:{}s:10:\"timestamps\";b:1;s:13:\"usesUniqueIds\";b:0;s:9:\"\0*\0hidden\";a:0:{}s:10:\"\0*\0visible\";a:0:{}s:11:\"\0*\0fillable\";a:3:{i:0;s:4:\"name\";i:1;s:7:\"paybill\";i:2;s:6:\"status\";}s:10:\"\0*\0guarded\";a:1:{i:0;s:1:\"*\";}s:16:\"\0*\0forceDeleting\";b:0;}i:8;O:15:\"App\\Models\\Bank\":31:{s:13:\"\0*\0connection\";s:5:\"mysql\";s:8:\"\0*\0table\";s:5:\"banks\";s:13:\"\0*\0primaryKey\";s:2:\"id\";s:10:\"\0*\0keyType\";s:3:\"int\";s:12:\"incrementing\";b:1;s:7:\"\0*\0with\";a:0:{}s:12:\"\0*\0withCount\";a:0:{}s:19:\"preventsLazyLoading\";b:0;s:10:\"\0*\0perPage\";i:15;s:6:\"exists\";b:1;s:18:\"wasRecentlyCreated\";b:0;s:28:\"\0*\0escapeWhenCastingToString\";b:0;s:13:\"\0*\0attributes\";a:7:{s:2:\"id\";i:9;s:4:\"name\";s:11:\"Credit Bank\";s:7:\"paybill\";s:6:\"972700\";s:6:\"status\";i:1;s:10:\"created_at\";s:19:\"2025-08-03 21:10:06\";s:10:\"updated_at\";s:19:\"2025-08-03 21:10:06\";s:10:\"deleted_at\";N;}s:11:\"\0*\0original\";a:7:{s:2:\"id\";i:9;s:4:\"name\";s:11:\"Credit Bank\";s:7:\"paybill\";s:6:\"972700\";s:6:\"status\";i:1;s:10:\"created_at\";s:19:\"2025-08-03 21:10:06\";s:10:\"updated_at\";s:19:\"2025-08-03 21:10:06\";s:10:\"deleted_at\";N;}s:10:\"\0*\0changes\";a:0:{}s:8:\"\0*\0casts\";a:1:{s:10:\"deleted_at\";s:8:\"datetime\";}s:17:\"\0*\0classCastCache\";a:0:{}s:21:\"\0*\0attributeCastCache\";a:0:{}s:13:\"\0*\0dateFormat\";N;s:10:\"\0*\0appends\";a:0:{}s:19:\"\0*\0dispatchesEvents\";a:0:{}s:14:\"\0*\0observables\";a:0:{}s:12:\"\0*\0relations\";a:0:{}s:10:\"\0*\0touches\";a:0:{}s:10:\"timestamps\";b:1;s:13:\"usesUniqueIds\";b:0;s:9:\"\0*\0hidden\";a:0:{}s:10:\"\0*\0visible\";a:0:{}s:11:\"\0*\0fillable\";a:3:{i:0;s:4:\"name\";i:1;s:7:\"paybill\";i:2;s:6:\"status\";}s:10:\"\0*\0guarded\";a:1:{i:0;s:1:\"*\";}s:16:\"\0*\0forceDeleting\";b:0;}i:9;O:15:\"App\\Models\\Bank\":31:{s:13:\"\0*\0connection\";s:5:\"mysql\";s:8:\"\0*\0table\";s:5:\"banks\";s:13:\"\0*\0primaryKey\";s:2:\"id\";s:10:\"\0*\0keyType\";s:3:\"int\";s:12:\"incrementing\";b:1;s:7:\"\0*\0with\";a:0:{}s:12:\"\0*\0withCount\";a:0:{}s:19:\"preventsLazyLoading\";b:0;s:10:\"\0*\0perPage\";i:15;s:6:\"exists\";b:1;s:18:\"wasRecentlyCreated\";b:0;s:28:\"\0*\0escapeWhenCastingToString\";b:0;s:13:\"\0*\0attributes\";a:7:{s:2:\"id\";i:10;s:4:\"name\";s:16:\"Development Bank\";s:7:\"paybill\";s:0:\"\";s:6:\"status\";i:1;s:10:\"created_at\";s:19:\"2025-08-03 21:10:06\";s:10:\"updated_at\";s:19:\"2025-08-03 21:10:06\";s:10:\"deleted_at\";N;}s:11:\"\0*\0original\";a:7:{s:2:\"id\";i:10;s:4:\"name\";s:16:\"Development Bank\";s:7:\"paybill\";s:0:\"\";s:6:\"status\";i:1;s:10:\"created_at\";s:19:\"2025-08-03 21:10:06\";s:10:\"updated_at\";s:19:\"2025-08-03 21:10:06\";s:10:\"deleted_at\";N;}s:10:\"\0*\0changes\";a:0:{}s:8:\"\0*\0casts\";a:1:{s:10:\"deleted_at\";s:8:\"datetime\";}s:17:\"\0*\0classCastCache\";a:0:{}s:21:\"\0*\0attributeCastCache\";a:0:{}s:13:\"\0*\0dateFormat\";N;s:10:\"\0*\0appends\";a:0:{}s:19:\"\0*\0dispatchesEvents\";a:0:{}s:14:\"\0*\0observables\";a:0:{}s:12:\"\0*\0relations\";a:0:{}s:10:\"\0*\0touches\";a:0:{}s:10:\"timestamps\";b:1;s:13:\"usesUniqueIds\";b:0;s:9:\"\0*\0hidden\";a:0:{}s:10:\"\0*\0visible\";a:0:{}s:11:\"\0*\0fillable\";a:3:{i:0;s:4:\"name\";i:1;s:7:\"paybill\";i:2;s:6:\"status\";}s:10:\"\0*\0guarded\";a:1:{i:0;s:1:\"*\";}s:16:\"\0*\0forceDeleting\";b:0;}i:10;O:15:\"App\\Models\\Bank\":31:{s:13:\"\0*\0connection\";s:5:\"mysql\";s:8:\"\0*\0table\";s:5:\"banks\";s:13:\"\0*\0primaryKey\";s:2:\"id\";s:10:\"\0*\0keyType\";s:3:\"int\";s:12:\"incrementing\";b:1;s:7:\"\0*\0with\";a:0:{}s:12:\"\0*\0withCount\";a:0:{}s:19:\"preventsLazyLoading\";b:0;s:10:\"\0*\0perPage\";i:15;s:6:\"exists\";b:1;s:18:\"wasRecentlyCreated\";b:0;s:28:\"\0*\0escapeWhenCastingToString\";b:0;s:13:\"\0*\0attributes\";a:7:{s:2:\"id\";i:11;s:4:\"name\";s:18:\"Diamond Trust Bank\";s:7:\"paybill\";s:6:\"516600\";s:6:\"status\";i:1;s:10:\"created_at\";s:19:\"2025-08-03 21:10:06\";s:10:\"updated_at\";s:19:\"2025-08-03 21:10:06\";s:10:\"deleted_at\";N;}s:11:\"\0*\0original\";a:7:{s:2:\"id\";i:11;s:4:\"name\";s:18:\"Diamond Trust Bank\";s:7:\"paybill\";s:6:\"516600\";s:6:\"status\";i:1;s:10:\"created_at\";s:19:\"2025-08-03 21:10:06\";s:10:\"updated_at\";s:19:\"2025-08-03 21:10:06\";s:10:\"deleted_at\";N;}s:10:\"\0*\0changes\";a:0:{}s:8:\"\0*\0casts\";a:1:{s:10:\"deleted_at\";s:8:\"datetime\";}s:17:\"\0*\0classCastCache\";a:0:{}s:21:\"\0*\0attributeCastCache\";a:0:{}s:13:\"\0*\0dateFormat\";N;s:10:\"\0*\0appends\";a:0:{}s:19:\"\0*\0dispatchesEvents\";a:0:{}s:14:\"\0*\0observables\";a:0:{}s:12:\"\0*\0relations\";a:0:{}s:10:\"\0*\0touches\";a:0:{}s:10:\"timestamps\";b:1;s:13:\"usesUniqueIds\";b:0;s:9:\"\0*\0hidden\";a:0:{}s:10:\"\0*\0visible\";a:0:{}s:11:\"\0*\0fillable\";a:3:{i:0;s:4:\"name\";i:1;s:7:\"paybill\";i:2;s:6:\"status\";}s:10:\"\0*\0guarded\";a:1:{i:0;s:1:\"*\";}s:16:\"\0*\0forceDeleting\";b:0;}i:11;O:15:\"App\\Models\\Bank\":31:{s:13:\"\0*\0connection\";s:5:\"mysql\";s:8:\"\0*\0table\";s:5:\"banks\";s:13:\"\0*\0primaryKey\";s:2:\"id\";s:10:\"\0*\0keyType\";s:3:\"int\";s:12:\"incrementing\";b:1;s:7:\"\0*\0with\";a:0:{}s:12:\"\0*\0withCount\";a:0:{}s:19:\"preventsLazyLoading\";b:0;s:10:\"\0*\0perPage\";i:15;s:6:\"exists\";b:1;s:18:\"wasRecentlyCreated\";b:0;s:28:\"\0*\0escapeWhenCastingToString\";b:0;s:13:\"\0*\0attributes\";a:7:{s:2:\"id\";i:12;s:4:\"name\";s:8:\"Eco Bank\";s:7:\"paybill\";s:6:\"700205\";s:6:\"status\";i:1;s:10:\"created_at\";s:19:\"2025-08-03 21:10:06\";s:10:\"updated_at\";s:19:\"2025-08-03 21:10:06\";s:10:\"deleted_at\";N;}s:11:\"\0*\0original\";a:7:{s:2:\"id\";i:12;s:4:\"name\";s:8:\"Eco Bank\";s:7:\"paybill\";s:6:\"700205\";s:6:\"status\";i:1;s:10:\"created_at\";s:19:\"2025-08-03 21:10:06\";s:10:\"updated_at\";s:19:\"2025-08-03 21:10:06\";s:10:\"deleted_at\";N;}s:10:\"\0*\0changes\";a:0:{}s:8:\"\0*\0casts\";a:1:{s:10:\"deleted_at\";s:8:\"datetime\";}s:17:\"\0*\0classCastCache\";a:0:{}s:21:\"\0*\0attributeCastCache\";a:0:{}s:13:\"\0*\0dateFormat\";N;s:10:\"\0*\0appends\";a:0:{}s:19:\"\0*\0dispatchesEvents\";a:0:{}s:14:\"\0*\0observables\";a:0:{}s:12:\"\0*\0relations\";a:0:{}s:10:\"\0*\0touches\";a:0:{}s:10:\"timestamps\";b:1;s:13:\"usesUniqueIds\";b:0;s:9:\"\0*\0hidden\";a:0:{}s:10:\"\0*\0visible\";a:0:{}s:11:\"\0*\0fillable\";a:3:{i:0;s:4:\"name\";i:1;s:7:\"paybill\";i:2;s:6:\"status\";}s:10:\"\0*\0guarded\";a:1:{i:0;s:1:\"*\";}s:16:\"\0*\0forceDeleting\";b:0;}i:12;O:15:\"App\\Models\\Bank\":31:{s:13:\"\0*\0connection\";s:5:\"mysql\";s:8:\"\0*\0table\";s:5:\"banks\";s:13:\"\0*\0primaryKey\";s:2:\"id\";s:10:\"\0*\0keyType\";s:3:\"int\";s:12:\"incrementing\";b:1;s:7:\"\0*\0with\";a:0:{}s:12:\"\0*\0withCount\";a:0:{}s:19:\"preventsLazyLoading\";b:0;s:10:\"\0*\0perPage\";i:15;s:6:\"exists\";b:1;s:18:\"wasRecentlyCreated\";b:0;s:28:\"\0*\0escapeWhenCastingToString\";b:0;s:13:\"\0*\0attributes\";a:7:{s:2:\"id\";i:13;s:4:\"name\";s:11:\"Equity Bank\";s:7:\"paybill\";s:6:\"247247\";s:6:\"status\";i:1;s:10:\"created_at\";s:19:\"2025-08-03 21:10:06\";s:10:\"updated_at\";s:19:\"2025-08-03 21:10:06\";s:10:\"deleted_at\";N;}s:11:\"\0*\0original\";a:7:{s:2:\"id\";i:13;s:4:\"name\";s:11:\"Equity Bank\";s:7:\"paybill\";s:6:\"247247\";s:6:\"status\";i:1;s:10:\"created_at\";s:19:\"2025-08-03 21:10:06\";s:10:\"updated_at\";s:19:\"2025-08-03 21:10:06\";s:10:\"deleted_at\";N;}s:10:\"\0*\0changes\";a:0:{}s:8:\"\0*\0casts\";a:1:{s:10:\"deleted_at\";s:8:\"datetime\";}s:17:\"\0*\0classCastCache\";a:0:{}s:21:\"\0*\0attributeCastCache\";a:0:{}s:13:\"\0*\0dateFormat\";N;s:10:\"\0*\0appends\";a:0:{}s:19:\"\0*\0dispatchesEvents\";a:0:{}s:14:\"\0*\0observables\";a:0:{}s:12:\"\0*\0relations\";a:0:{}s:10:\"\0*\0touches\";a:0:{}s:10:\"timestamps\";b:1;s:13:\"usesUniqueIds\";b:0;s:9:\"\0*\0hidden\";a:0:{}s:10:\"\0*\0visible\";a:0:{}s:11:\"\0*\0fillable\";a:3:{i:0;s:4:\"name\";i:1;s:7:\"paybill\";i:2;s:6:\"status\";}s:10:\"\0*\0guarded\";a:1:{i:0;s:1:\"*\";}s:16:\"\0*\0forceDeleting\";b:0;}i:13;O:15:\"App\\Models\\Bank\":31:{s:13:\"\0*\0connection\";s:5:\"mysql\";s:8:\"\0*\0table\";s:5:\"banks\";s:13:\"\0*\0primaryKey\";s:2:\"id\";s:10:\"\0*\0keyType\";s:3:\"int\";s:12:\"incrementing\";b:1;s:7:\"\0*\0with\";a:0:{}s:12:\"\0*\0withCount\";a:0:{}s:19:\"preventsLazyLoading\";b:0;s:10:\"\0*\0perPage\";i:15;s:6:\"exists\";b:1;s:18:\"wasRecentlyCreated\";b:0;s:28:\"\0*\0escapeWhenCastingToString\";b:0;s:13:\"\0*\0attributes\";a:7:{s:2:\"id\";i:14;s:4:\"name\";s:11:\"Family Bank\";s:7:\"paybill\";s:6:\"222111\";s:6:\"status\";i:1;s:10:\"created_at\";s:19:\"2025-08-03 21:10:06\";s:10:\"updated_at\";s:19:\"2025-08-03 21:10:06\";s:10:\"deleted_at\";N;}s:11:\"\0*\0original\";a:7:{s:2:\"id\";i:14;s:4:\"name\";s:11:\"Family Bank\";s:7:\"paybill\";s:6:\"222111\";s:6:\"status\";i:1;s:10:\"created_at\";s:19:\"2025-08-03 21:10:06\";s:10:\"updated_at\";s:19:\"2025-08-03 21:10:06\";s:10:\"deleted_at\";N;}s:10:\"\0*\0changes\";a:0:{}s:8:\"\0*\0casts\";a:1:{s:10:\"deleted_at\";s:8:\"datetime\";}s:17:\"\0*\0classCastCache\";a:0:{}s:21:\"\0*\0attributeCastCache\";a:0:{}s:13:\"\0*\0dateFormat\";N;s:10:\"\0*\0appends\";a:0:{}s:19:\"\0*\0dispatchesEvents\";a:0:{}s:14:\"\0*\0observables\";a:0:{}s:12:\"\0*\0relations\";a:0:{}s:10:\"\0*\0touches\";a:0:{}s:10:\"timestamps\";b:1;s:13:\"usesUniqueIds\";b:0;s:9:\"\0*\0hidden\";a:0:{}s:10:\"\0*\0visible\";a:0:{}s:11:\"\0*\0fillable\";a:3:{i:0;s:4:\"name\";i:1;s:7:\"paybill\";i:2;s:6:\"status\";}s:10:\"\0*\0guarded\";a:1:{i:0;s:1:\"*\";}s:16:\"\0*\0forceDeleting\";b:0;}i:14;O:15:\"App\\Models\\Bank\":31:{s:13:\"\0*\0connection\";s:5:\"mysql\";s:8:\"\0*\0table\";s:5:\"banks\";s:13:\"\0*\0primaryKey\";s:2:\"id\";s:10:\"\0*\0keyType\";s:3:\"int\";s:12:\"incrementing\";b:1;s:7:\"\0*\0with\";a:0:{}s:12:\"\0*\0withCount\";a:0:{}s:19:\"preventsLazyLoading\";b:0;s:10:\"\0*\0perPage\";i:15;s:6:\"exists\";b:1;s:18:\"wasRecentlyCreated\";b:0;s:28:\"\0*\0escapeWhenCastingToString\";b:0;s:13:\"\0*\0attributes\";a:7:{s:2:\"id\";i:15;s:4:\"name\";s:10:\"Faulu Bank\";s:7:\"paybill\";s:6:\"328585\";s:6:\"status\";i:1;s:10:\"created_at\";s:19:\"2025-08-03 21:10:06\";s:10:\"updated_at\";s:19:\"2025-08-03 21:10:06\";s:10:\"deleted_at\";N;}s:11:\"\0*\0original\";a:7:{s:2:\"id\";i:15;s:4:\"name\";s:10:\"Faulu Bank\";s:7:\"paybill\";s:6:\"328585\";s:6:\"status\";i:1;s:10:\"created_at\";s:19:\"2025-08-03 21:10:06\";s:10:\"updated_at\";s:19:\"2025-08-03 21:10:06\";s:10:\"deleted_at\";N;}s:10:\"\0*\0changes\";a:0:{}s:8:\"\0*\0casts\";a:1:{s:10:\"deleted_at\";s:8:\"datetime\";}s:17:\"\0*\0classCastCache\";a:0:{}s:21:\"\0*\0attributeCastCache\";a:0:{}s:13:\"\0*\0dateFormat\";N;s:10:\"\0*\0appends\";a:0:{}s:19:\"\0*\0dispatchesEvents\";a:0:{}s:14:\"\0*\0observables\";a:0:{}s:12:\"\0*\0relations\";a:0:{}s:10:\"\0*\0touches\";a:0:{}s:10:\"timestamps\";b:1;s:13:\"usesUniqueIds\";b:0;s:9:\"\0*\0hidden\";a:0:{}s:10:\"\0*\0visible\";a:0:{}s:11:\"\0*\0fillable\";a:3:{i:0;s:4:\"name\";i:1;s:7:\"paybill\";i:2;s:6:\"status\";}s:10:\"\0*\0guarded\";a:1:{i:0;s:1:\"*\";}s:16:\"\0*\0forceDeleting\";b:0;}i:15;O:15:\"App\\Models\\Bank\":31:{s:13:\"\0*\0connection\";s:5:\"mysql\";s:8:\"\0*\0table\";s:5:\"banks\";s:13:\"\0*\0primaryKey\";s:2:\"id\";s:10:\"\0*\0keyType\";s:3:\"int\";s:12:\"incrementing\";b:1;s:7:\"\0*\0with\";a:0:{}s:12:\"\0*\0withCount\";a:0:{}s:19:\"preventsLazyLoading\";b:0;s:10:\"\0*\0perPage\";i:15;s:6:\"exists\";b:1;s:18:\"wasRecentlyCreated\";b:0;s:28:\"\0*\0escapeWhenCastingToString\";b:0;s:13:\"\0*\0attributes\";a:7:{s:2:\"id\";i:16;s:4:\"name\";s:28:\"Fidelity Commercial Bank Ltd\";s:7:\"paybill\";s:0:\"\";s:6:\"status\";i:1;s:10:\"created_at\";s:19:\"2025-08-03 21:10:06\";s:10:\"updated_at\";s:19:\"2025-08-03 21:10:06\";s:10:\"deleted_at\";N;}s:11:\"\0*\0original\";a:7:{s:2:\"id\";i:16;s:4:\"name\";s:28:\"Fidelity Commercial Bank Ltd\";s:7:\"paybill\";s:0:\"\";s:6:\"status\";i:1;s:10:\"created_at\";s:19:\"2025-08-03 21:10:06\";s:10:\"updated_at\";s:19:\"2025-08-03 21:10:06\";s:10:\"deleted_at\";N;}s:10:\"\0*\0changes\";a:0:{}s:8:\"\0*\0casts\";a:1:{s:10:\"deleted_at\";s:8:\"datetime\";}s:17:\"\0*\0classCastCache\";a:0:{}s:21:\"\0*\0attributeCastCache\";a:0:{}s:13:\"\0*\0dateFormat\";N;s:10:\"\0*\0appends\";a:0:{}s:19:\"\0*\0dispatchesEvents\";a:0:{}s:14:\"\0*\0observables\";a:0:{}s:12:\"\0*\0relations\";a:0:{}s:10:\"\0*\0touches\";a:0:{}s:10:\"timestamps\";b:1;s:13:\"usesUniqueIds\";b:0;s:9:\"\0*\0hidden\";a:0:{}s:10:\"\0*\0visible\";a:0:{}s:11:\"\0*\0fillable\";a:3:{i:0;s:4:\"name\";i:1;s:7:\"paybill\";i:2;s:6:\"status\";}s:10:\"\0*\0guarded\";a:1:{i:0;s:1:\"*\";}s:16:\"\0*\0forceDeleting\";b:0;}i:16;O:15:\"App\\Models\\Bank\":31:{s:13:\"\0*\0connection\";s:5:\"mysql\";s:8:\"\0*\0table\";s:5:\"banks\";s:13:\"\0*\0primaryKey\";s:2:\"id\";s:10:\"\0*\0keyType\";s:3:\"int\";s:12:\"incrementing\";b:1;s:7:\"\0*\0with\";a:0:{}s:12:\"\0*\0withCount\";a:0:{}s:19:\"preventsLazyLoading\";b:0;s:10:\"\0*\0perPage\";i:15;s:6:\"exists\";b:1;s:18:\"wasRecentlyCreated\";b:0;s:28:\"\0*\0escapeWhenCastingToString\";b:0;s:13:\"\0*\0attributes\";a:7:{s:2:\"id\";i:17;s:4:\"name\";s:20:\"First Community Bank\";s:7:\"paybill\";s:6:\"919700\";s:6:\"status\";i:1;s:10:\"created_at\";s:19:\"2025-08-03 21:10:06\";s:10:\"updated_at\";s:19:\"2025-08-03 21:10:06\";s:10:\"deleted_at\";N;}s:11:\"\0*\0original\";a:7:{s:2:\"id\";i:17;s:4:\"name\";s:20:\"First Community Bank\";s:7:\"paybill\";s:6:\"919700\";s:6:\"status\";i:1;s:10:\"created_at\";s:19:\"2025-08-03 21:10:06\";s:10:\"updated_at\";s:19:\"2025-08-03 21:10:06\";s:10:\"deleted_at\";N;}s:10:\"\0*\0changes\";a:0:{}s:8:\"\0*\0casts\";a:1:{s:10:\"deleted_at\";s:8:\"datetime\";}s:17:\"\0*\0classCastCache\";a:0:{}s:21:\"\0*\0attributeCastCache\";a:0:{}s:13:\"\0*\0dateFormat\";N;s:10:\"\0*\0appends\";a:0:{}s:19:\"\0*\0dispatchesEvents\";a:0:{}s:14:\"\0*\0observables\";a:0:{}s:12:\"\0*\0relations\";a:0:{}s:10:\"\0*\0touches\";a:0:{}s:10:\"timestamps\";b:1;s:13:\"usesUniqueIds\";b:0;s:9:\"\0*\0hidden\";a:0:{}s:10:\"\0*\0visible\";a:0:{}s:11:\"\0*\0fillable\";a:3:{i:0;s:4:\"name\";i:1;s:7:\"paybill\";i:2;s:6:\"status\";}s:10:\"\0*\0guarded\";a:1:{i:0;s:1:\"*\";}s:16:\"\0*\0forceDeleting\";b:0;}i:17;O:15:\"App\\Models\\Bank\":31:{s:13:\"\0*\0connection\";s:5:\"mysql\";s:8:\"\0*\0table\";s:5:\"banks\";s:13:\"\0*\0primaryKey\";s:2:\"id\";s:10:\"\0*\0keyType\";s:3:\"int\";s:12:\"incrementing\";b:1;s:7:\"\0*\0with\";a:0:{}s:12:\"\0*\0withCount\";a:0:{}s:19:\"preventsLazyLoading\";b:0;s:10:\"\0*\0perPage\";i:15;s:6:\"exists\";b:1;s:18:\"wasRecentlyCreated\";b:0;s:28:\"\0*\0escapeWhenCastingToString\";b:0;s:13:\"\0*\0attributes\";a:7:{s:2:\"id\";i:18;s:4:\"name\";s:9:\"Giro Bank\";s:7:\"paybill\";s:0:\"\";s:6:\"status\";i:1;s:10:\"created_at\";s:19:\"2025-08-03 21:10:06\";s:10:\"updated_at\";s:19:\"2025-08-03 21:10:06\";s:10:\"deleted_at\";N;}s:11:\"\0*\0original\";a:7:{s:2:\"id\";i:18;s:4:\"name\";s:9:\"Giro Bank\";s:7:\"paybill\";s:0:\"\";s:6:\"status\";i:1;s:10:\"created_at\";s:19:\"2025-08-03 21:10:06\";s:10:\"updated_at\";s:19:\"2025-08-03 21:10:06\";s:10:\"deleted_at\";N;}s:10:\"\0*\0changes\";a:0:{}s:8:\"\0*\0casts\";a:1:{s:10:\"deleted_at\";s:8:\"datetime\";}s:17:\"\0*\0classCastCache\";a:0:{}s:21:\"\0*\0attributeCastCache\";a:0:{}s:13:\"\0*\0dateFormat\";N;s:10:\"\0*\0appends\";a:0:{}s:19:\"\0*\0dispatchesEvents\";a:0:{}s:14:\"\0*\0observables\";a:0:{}s:12:\"\0*\0relations\";a:0:{}s:10:\"\0*\0touches\";a:0:{}s:10:\"timestamps\";b:1;s:13:\"usesUniqueIds\";b:0;s:9:\"\0*\0hidden\";a:0:{}s:10:\"\0*\0visible\";a:0:{}s:11:\"\0*\0fillable\";a:3:{i:0;s:4:\"name\";i:1;s:7:\"paybill\";i:2;s:6:\"status\";}s:10:\"\0*\0guarded\";a:1:{i:0;s:1:\"*\";}s:16:\"\0*\0forceDeleting\";b:0;}i:18;O:15:\"App\\Models\\Bank\":31:{s:13:\"\0*\0connection\";s:5:\"mysql\";s:8:\"\0*\0table\";s:5:\"banks\";s:13:\"\0*\0primaryKey\";s:2:\"id\";s:10:\"\0*\0keyType\";s:3:\"int\";s:12:\"incrementing\";b:1;s:7:\"\0*\0with\";a:0:{}s:12:\"\0*\0withCount\";a:0:{}s:19:\"preventsLazyLoading\";b:0;s:10:\"\0*\0perPage\";i:15;s:6:\"exists\";b:1;s:18:\"wasRecentlyCreated\";b:0;s:28:\"\0*\0escapeWhenCastingToString\";b:0;s:13:\"\0*\0attributes\";a:7:{s:2:\"id\";i:19;s:4:\"name\";s:7:\"GT Bank\";s:7:\"paybill\";s:6:\"910200\";s:6:\"status\";i:1;s:10:\"created_at\";s:19:\"2025-08-03 21:10:06\";s:10:\"updated_at\";s:19:\"2025-08-03 21:10:06\";s:10:\"deleted_at\";N;}s:11:\"\0*\0original\";a:7:{s:2:\"id\";i:19;s:4:\"name\";s:7:\"GT Bank\";s:7:\"paybill\";s:6:\"910200\";s:6:\"status\";i:1;s:10:\"created_at\";s:19:\"2025-08-03 21:10:06\";s:10:\"updated_at\";s:19:\"2025-08-03 21:10:06\";s:10:\"deleted_at\";N;}s:10:\"\0*\0changes\";a:0:{}s:8:\"\0*\0casts\";a:1:{s:10:\"deleted_at\";s:8:\"datetime\";}s:17:\"\0*\0classCastCache\";a:0:{}s:21:\"\0*\0attributeCastCache\";a:0:{}s:13:\"\0*\0dateFormat\";N;s:10:\"\0*\0appends\";a:0:{}s:19:\"\0*\0dispatchesEvents\";a:0:{}s:14:\"\0*\0observables\";a:0:{}s:12:\"\0*\0relations\";a:0:{}s:10:\"\0*\0touches\";a:0:{}s:10:\"timestamps\";b:1;s:13:\"usesUniqueIds\";b:0;s:9:\"\0*\0hidden\";a:0:{}s:10:\"\0*\0visible\";a:0:{}s:11:\"\0*\0fillable\";a:3:{i:0;s:4:\"name\";i:1;s:7:\"paybill\";i:2;s:6:\"status\";}s:10:\"\0*\0guarded\";a:1:{i:0;s:1:\"*\";}s:16:\"\0*\0forceDeleting\";b:0;}i:19;O:15:\"App\\Models\\Bank\":31:{s:13:\"\0*\0connection\";s:5:\"mysql\";s:8:\"\0*\0table\";s:5:\"banks\";s:13:\"\0*\0primaryKey\";s:2:\"id\";s:10:\"\0*\0keyType\";s:3:\"int\";s:12:\"incrementing\";b:1;s:7:\"\0*\0with\";a:0:{}s:12:\"\0*\0withCount\";a:0:{}s:19:\"preventsLazyLoading\";b:0;s:10:\"\0*\0perPage\";i:15;s:6:\"exists\";b:1;s:18:\"wasRecentlyCreated\";b:0;s:28:\"\0*\0escapeWhenCastingToString\";b:0;s:13:\"\0*\0attributes\";a:7:{s:2:\"id\";i:20;s:4:\"name\";s:13:\"Guardian Bank\";s:7:\"paybill\";s:6:\"344500\";s:6:\"status\";i:1;s:10:\"created_at\";s:19:\"2025-08-03 21:10:06\";s:10:\"updated_at\";s:19:\"2025-08-03 21:10:06\";s:10:\"deleted_at\";N;}s:11:\"\0*\0original\";a:7:{s:2:\"id\";i:20;s:4:\"name\";s:13:\"Guardian Bank\";s:7:\"paybill\";s:6:\"344500\";s:6:\"status\";i:1;s:10:\"created_at\";s:19:\"2025-08-03 21:10:06\";s:10:\"updated_at\";s:19:\"2025-08-03 21:10:06\";s:10:\"deleted_at\";N;}s:10:\"\0*\0changes\";a:0:{}s:8:\"\0*\0casts\";a:1:{s:10:\"deleted_at\";s:8:\"datetime\";}s:17:\"\0*\0classCastCache\";a:0:{}s:21:\"\0*\0attributeCastCache\";a:0:{}s:13:\"\0*\0dateFormat\";N;s:10:\"\0*\0appends\";a:0:{}s:19:\"\0*\0dispatchesEvents\";a:0:{}s:14:\"\0*\0observables\";a:0:{}s:12:\"\0*\0relations\";a:0:{}s:10:\"\0*\0touches\";a:0:{}s:10:\"timestamps\";b:1;s:13:\"usesUniqueIds\";b:0;s:9:\"\0*\0hidden\";a:0:{}s:10:\"\0*\0visible\";a:0:{}s:11:\"\0*\0fillable\";a:3:{i:0;s:4:\"name\";i:1;s:7:\"paybill\";i:2;s:6:\"status\";}s:10:\"\0*\0guarded\";a:1:{i:0;s:1:\"*\";}s:16:\"\0*\0forceDeleting\";b:0;}i:20;O:15:\"App\\Models\\Bank\":31:{s:13:\"\0*\0connection\";s:5:\"mysql\";s:8:\"\0*\0table\";s:5:\"banks\";s:13:\"\0*\0primaryKey\";s:2:\"id\";s:10:\"\0*\0keyType\";s:3:\"int\";s:12:\"incrementing\";b:1;s:7:\"\0*\0with\";a:0:{}s:12:\"\0*\0withCount\";a:0:{}s:19:\"preventsLazyLoading\";b:0;s:10:\"\0*\0perPage\";i:15;s:6:\"exists\";b:1;s:18:\"wasRecentlyCreated\";b:0;s:28:\"\0*\0escapeWhenCastingToString\";b:0;s:13:\"\0*\0attributes\";a:7:{s:2:\"id\";i:21;s:4:\"name\";s:17:\"Gulf African Bank\";s:7:\"paybill\";s:6:\"985050\";s:6:\"status\";i:1;s:10:\"created_at\";s:19:\"2025-08-03 21:10:06\";s:10:\"updated_at\";s:19:\"2025-08-03 21:10:06\";s:10:\"deleted_at\";N;}s:11:\"\0*\0original\";a:7:{s:2:\"id\";i:21;s:4:\"name\";s:17:\"Gulf African Bank\";s:7:\"paybill\";s:6:\"985050\";s:6:\"status\";i:1;s:10:\"created_at\";s:19:\"2025-08-03 21:10:06\";s:10:\"updated_at\";s:19:\"2025-08-03 21:10:06\";s:10:\"deleted_at\";N;}s:10:\"\0*\0changes\";a:0:{}s:8:\"\0*\0casts\";a:1:{s:10:\"deleted_at\";s:8:\"datetime\";}s:17:\"\0*\0classCastCache\";a:0:{}s:21:\"\0*\0attributeCastCache\";a:0:{}s:13:\"\0*\0dateFormat\";N;s:10:\"\0*\0appends\";a:0:{}s:19:\"\0*\0dispatchesEvents\";a:0:{}s:14:\"\0*\0observables\";a:0:{}s:12:\"\0*\0relations\";a:0:{}s:10:\"\0*\0touches\";a:0:{}s:10:\"timestamps\";b:1;s:13:\"usesUniqueIds\";b:0;s:9:\"\0*\0hidden\";a:0:{}s:10:\"\0*\0visible\";a:0:{}s:11:\"\0*\0fillable\";a:3:{i:0;s:4:\"name\";i:1;s:7:\"paybill\";i:2;s:6:\"status\";}s:10:\"\0*\0guarded\";a:1:{i:0;s:1:\"*\";}s:16:\"\0*\0forceDeleting\";b:0;}i:21;O:15:\"App\\Models\\Bank\":31:{s:13:\"\0*\0connection\";s:5:\"mysql\";s:8:\"\0*\0table\";s:5:\"banks\";s:13:\"\0*\0primaryKey\";s:2:\"id\";s:10:\"\0*\0keyType\";s:3:\"int\";s:12:\"incrementing\";b:1;s:7:\"\0*\0with\";a:0:{}s:12:\"\0*\0withCount\";a:0:{}s:19:\"preventsLazyLoading\";b:0;s:10:\"\0*\0perPage\";i:15;s:6:\"exists\";b:1;s:18:\"wasRecentlyCreated\";b:0;s:28:\"\0*\0escapeWhenCastingToString\";b:0;s:13:\"\0*\0attributes\";a:7:{s:2:\"id\";i:22;s:4:\"name\";s:14:\"Habib Bank Ltd\";s:7:\"paybill\";s:0:\"\";s:6:\"status\";i:1;s:10:\"created_at\";s:19:\"2025-08-03 21:10:06\";s:10:\"updated_at\";s:19:\"2025-08-03 21:10:06\";s:10:\"deleted_at\";N;}s:11:\"\0*\0original\";a:7:{s:2:\"id\";i:22;s:4:\"name\";s:14:\"Habib Bank Ltd\";s:7:\"paybill\";s:0:\"\";s:6:\"status\";i:1;s:10:\"created_at\";s:19:\"2025-08-03 21:10:06\";s:10:\"updated_at\";s:19:\"2025-08-03 21:10:06\";s:10:\"deleted_at\";N;}s:10:\"\0*\0changes\";a:0:{}s:8:\"\0*\0casts\";a:1:{s:10:\"deleted_at\";s:8:\"datetime\";}s:17:\"\0*\0classCastCache\";a:0:{}s:21:\"\0*\0attributeCastCache\";a:0:{}s:13:\"\0*\0dateFormat\";N;s:10:\"\0*\0appends\";a:0:{}s:19:\"\0*\0dispatchesEvents\";a:0:{}s:14:\"\0*\0observables\";a:0:{}s:12:\"\0*\0relations\";a:0:{}s:10:\"\0*\0touches\";a:0:{}s:10:\"timestamps\";b:1;s:13:\"usesUniqueIds\";b:0;s:9:\"\0*\0hidden\";a:0:{}s:10:\"\0*\0visible\";a:0:{}s:11:\"\0*\0fillable\";a:3:{i:0;s:4:\"name\";i:1;s:7:\"paybill\";i:2;s:6:\"status\";}s:10:\"\0*\0guarded\";a:1:{i:0;s:1:\"*\";}s:16:\"\0*\0forceDeleting\";b:0;}i:22;O:15:\"App\\Models\\Bank\":31:{s:13:\"\0*\0connection\";s:5:\"mysql\";s:8:\"\0*\0table\";s:5:\"banks\";s:13:\"\0*\0primaryKey\";s:2:\"id\";s:10:\"\0*\0keyType\";s:3:\"int\";s:12:\"incrementing\";b:1;s:7:\"\0*\0with\";a:0:{}s:12:\"\0*\0withCount\";a:0:{}s:19:\"preventsLazyLoading\";b:0;s:10:\"\0*\0perPage\";i:15;s:6:\"exists\";b:1;s:18:\"wasRecentlyCreated\";b:0;s:28:\"\0*\0escapeWhenCastingToString\";b:0;s:13:\"\0*\0attributes\";a:7:{s:2:\"id\";i:23;s:4:\"name\";s:17:\"Habib Bank Zurich\";s:7:\"paybill\";s:0:\"\";s:6:\"status\";i:1;s:10:\"created_at\";s:19:\"2025-08-03 21:10:06\";s:10:\"updated_at\";s:19:\"2025-08-03 21:10:06\";s:10:\"deleted_at\";N;}s:11:\"\0*\0original\";a:7:{s:2:\"id\";i:23;s:4:\"name\";s:17:\"Habib Bank Zurich\";s:7:\"paybill\";s:0:\"\";s:6:\"status\";i:1;s:10:\"created_at\";s:19:\"2025-08-03 21:10:06\";s:10:\"updated_at\";s:19:\"2025-08-03 21:10:06\";s:10:\"deleted_at\";N;}s:10:\"\0*\0changes\";a:0:{}s:8:\"\0*\0casts\";a:1:{s:10:\"deleted_at\";s:8:\"datetime\";}s:17:\"\0*\0classCastCache\";a:0:{}s:21:\"\0*\0attributeCastCache\";a:0:{}s:13:\"\0*\0dateFormat\";N;s:10:\"\0*\0appends\";a:0:{}s:19:\"\0*\0dispatchesEvents\";a:0:{}s:14:\"\0*\0observables\";a:0:{}s:12:\"\0*\0relations\";a:0:{}s:10:\"\0*\0touches\";a:0:{}s:10:\"timestamps\";b:1;s:13:\"usesUniqueIds\";b:0;s:9:\"\0*\0hidden\";a:0:{}s:10:\"\0*\0visible\";a:0:{}s:11:\"\0*\0fillable\";a:3:{i:0;s:4:\"name\";i:1;s:7:\"paybill\";i:2;s:6:\"status\";}s:10:\"\0*\0guarded\";a:1:{i:0;s:1:\"*\";}s:16:\"\0*\0forceDeleting\";b:0;}i:23;O:15:\"App\\Models\\Bank\":31:{s:13:\"\0*\0connection\";s:5:\"mysql\";s:8:\"\0*\0table\";s:5:\"banks\";s:13:\"\0*\0primaryKey\";s:2:\"id\";s:10:\"\0*\0keyType\";s:3:\"int\";s:12:\"incrementing\";b:1;s:7:\"\0*\0with\";a:0:{}s:12:\"\0*\0withCount\";a:0:{}s:19:\"preventsLazyLoading\";b:0;s:10:\"\0*\0perPage\";i:15;s:6:\"exists\";b:1;s:18:\"wasRecentlyCreated\";b:0;s:28:\"\0*\0escapeWhenCastingToString\";b:0;s:13:\"\0*\0attributes\";a:7:{s:2:\"id\";i:24;s:4:\"name\";s:20:\"Housing Finance Bank\";s:7:\"paybill\";s:6:\"100400\";s:6:\"status\";i:1;s:10:\"created_at\";s:19:\"2025-08-03 21:10:06\";s:10:\"updated_at\";s:19:\"2025-08-03 21:10:06\";s:10:\"deleted_at\";N;}s:11:\"\0*\0original\";a:7:{s:2:\"id\";i:24;s:4:\"name\";s:20:\"Housing Finance Bank\";s:7:\"paybill\";s:6:\"100400\";s:6:\"status\";i:1;s:10:\"created_at\";s:19:\"2025-08-03 21:10:06\";s:10:\"updated_at\";s:19:\"2025-08-03 21:10:06\";s:10:\"deleted_at\";N;}s:10:\"\0*\0changes\";a:0:{}s:8:\"\0*\0casts\";a:1:{s:10:\"deleted_at\";s:8:\"datetime\";}s:17:\"\0*\0classCastCache\";a:0:{}s:21:\"\0*\0attributeCastCache\";a:0:{}s:13:\"\0*\0dateFormat\";N;s:10:\"\0*\0appends\";a:0:{}s:19:\"\0*\0dispatchesEvents\";a:0:{}s:14:\"\0*\0observables\";a:0:{}s:12:\"\0*\0relations\";a:0:{}s:10:\"\0*\0touches\";a:0:{}s:10:\"timestamps\";b:1;s:13:\"usesUniqueIds\";b:0;s:9:\"\0*\0hidden\";a:0:{}s:10:\"\0*\0visible\";a:0:{}s:11:\"\0*\0fillable\";a:3:{i:0;s:4:\"name\";i:1;s:7:\"paybill\";i:2;s:6:\"status\";}s:10:\"\0*\0guarded\";a:1:{i:0;s:1:\"*\";}s:16:\"\0*\0forceDeleting\";b:0;}i:24;O:15:\"App\\Models\\Bank\":31:{s:13:\"\0*\0connection\";s:5:\"mysql\";s:8:\"\0*\0table\";s:5:\"banks\";s:13:\"\0*\0primaryKey\";s:2:\"id\";s:10:\"\0*\0keyType\";s:3:\"int\";s:12:\"incrementing\";b:1;s:7:\"\0*\0with\";a:0:{}s:12:\"\0*\0withCount\";a:0:{}s:19:\"preventsLazyLoading\";b:0;s:10:\"\0*\0perPage\";i:15;s:6:\"exists\";b:1;s:18:\"wasRecentlyCreated\";b:0;s:28:\"\0*\0escapeWhenCastingToString\";b:0;s:13:\"\0*\0attributes\";a:7:{s:2:\"id\";i:25;s:4:\"name\";s:10:\"I & M Bank\";s:7:\"paybill\";s:6:\"542542\";s:6:\"status\";i:1;s:10:\"created_at\";s:19:\"2025-08-03 21:10:06\";s:10:\"updated_at\";s:19:\"2025-08-03 21:10:06\";s:10:\"deleted_at\";N;}s:11:\"\0*\0original\";a:7:{s:2:\"id\";i:25;s:4:\"name\";s:10:\"I & M Bank\";s:7:\"paybill\";s:6:\"542542\";s:6:\"status\";i:1;s:10:\"created_at\";s:19:\"2025-08-03 21:10:06\";s:10:\"updated_at\";s:19:\"2025-08-03 21:10:06\";s:10:\"deleted_at\";N;}s:10:\"\0*\0changes\";a:0:{}s:8:\"\0*\0casts\";a:1:{s:10:\"deleted_at\";s:8:\"datetime\";}s:17:\"\0*\0classCastCache\";a:0:{}s:21:\"\0*\0attributeCastCache\";a:0:{}s:13:\"\0*\0dateFormat\";N;s:10:\"\0*\0appends\";a:0:{}s:19:\"\0*\0dispatchesEvents\";a:0:{}s:14:\"\0*\0observables\";a:0:{}s:12:\"\0*\0relations\";a:0:{}s:10:\"\0*\0touches\";a:0:{}s:10:\"timestamps\";b:1;s:13:\"usesUniqueIds\";b:0;s:9:\"\0*\0hidden\";a:0:{}s:10:\"\0*\0visible\";a:0:{}s:11:\"\0*\0fillable\";a:3:{i:0;s:4:\"name\";i:1;s:7:\"paybill\";i:2;s:6:\"status\";}s:10:\"\0*\0guarded\";a:1:{i:0;s:1:\"*\";}s:16:\"\0*\0forceDeleting\";b:0;}i:25;O:15:\"App\\Models\\Bank\":31:{s:13:\"\0*\0connection\";s:5:\"mysql\";s:8:\"\0*\0table\";s:5:\"banks\";s:13:\"\0*\0primaryKey\";s:2:\"id\";s:10:\"\0*\0keyType\";s:3:\"int\";s:12:\"incrementing\";b:1;s:7:\"\0*\0with\";a:0:{}s:12:\"\0*\0withCount\";a:0:{}s:19:\"preventsLazyLoading\";b:0;s:10:\"\0*\0perPage\";i:15;s:6:\"exists\";b:1;s:18:\"wasRecentlyCreated\";b:0;s:28:\"\0*\0escapeWhenCastingToString\";b:0;s:13:\"\0*\0attributes\";a:7:{s:2:\"id\";i:26;s:4:\"name\";s:15:\"Jamii Bora Bank\";s:7:\"paybill\";s:6:\"529901\";s:6:\"status\";i:1;s:10:\"created_at\";s:19:\"2025-08-03 21:10:06\";s:10:\"updated_at\";s:19:\"2025-08-03 21:10:06\";s:10:\"deleted_at\";N;}s:11:\"\0*\0original\";a:7:{s:2:\"id\";i:26;s:4:\"name\";s:15:\"Jamii Bora Bank\";s:7:\"paybill\";s:6:\"529901\";s:6:\"status\";i:1;s:10:\"created_at\";s:19:\"2025-08-03 21:10:06\";s:10:\"updated_at\";s:19:\"2025-08-03 21:10:06\";s:10:\"deleted_at\";N;}s:10:\"\0*\0changes\";a:0:{}s:8:\"\0*\0casts\";a:1:{s:10:\"deleted_at\";s:8:\"datetime\";}s:17:\"\0*\0classCastCache\";a:0:{}s:21:\"\0*\0attributeCastCache\";a:0:{}s:13:\"\0*\0dateFormat\";N;s:10:\"\0*\0appends\";a:0:{}s:19:\"\0*\0dispatchesEvents\";a:0:{}s:14:\"\0*\0observables\";a:0:{}s:12:\"\0*\0relations\";a:0:{}s:10:\"\0*\0touches\";a:0:{}s:10:\"timestamps\";b:1;s:13:\"usesUniqueIds\";b:0;s:9:\"\0*\0hidden\";a:0:{}s:10:\"\0*\0visible\";a:0:{}s:11:\"\0*\0fillable\";a:3:{i:0;s:4:\"name\";i:1;s:7:\"paybill\";i:2;s:6:\"status\";}s:10:\"\0*\0guarded\";a:1:{i:0;s:1:\"*\";}s:16:\"\0*\0forceDeleting\";b:0;}i:26;O:15:\"App\\Models\\Bank\":31:{s:13:\"\0*\0connection\";s:5:\"mysql\";s:8:\"\0*\0table\";s:5:\"banks\";s:13:\"\0*\0primaryKey\";s:2:\"id\";s:10:\"\0*\0keyType\";s:3:\"int\";s:12:\"incrementing\";b:1;s:7:\"\0*\0with\";a:0:{}s:12:\"\0*\0withCount\";a:0:{}s:19:\"preventsLazyLoading\";b:0;s:10:\"\0*\0perPage\";i:15;s:6:\"exists\";b:1;s:18:\"wasRecentlyCreated\";b:0;s:28:\"\0*\0escapeWhenCastingToString\";b:0;s:13:\"\0*\0attributes\";a:7:{s:2:\"id\";i:27;s:4:\"name\";s:4:\"KWFT\";s:7:\"paybill\";s:6:\"101200\";s:6:\"status\";i:1;s:10:\"created_at\";s:19:\"2025-08-03 21:10:06\";s:10:\"updated_at\";s:19:\"2025-08-03 21:10:06\";s:10:\"deleted_at\";N;}s:11:\"\0*\0original\";a:7:{s:2:\"id\";i:27;s:4:\"name\";s:4:\"KWFT\";s:7:\"paybill\";s:6:\"101200\";s:6:\"status\";i:1;s:10:\"created_at\";s:19:\"2025-08-03 21:10:06\";s:10:\"updated_at\";s:19:\"2025-08-03 21:10:06\";s:10:\"deleted_at\";N;}s:10:\"\0*\0changes\";a:0:{}s:8:\"\0*\0casts\";a:1:{s:10:\"deleted_at\";s:8:\"datetime\";}s:17:\"\0*\0classCastCache\";a:0:{}s:21:\"\0*\0attributeCastCache\";a:0:{}s:13:\"\0*\0dateFormat\";N;s:10:\"\0*\0appends\";a:0:{}s:19:\"\0*\0dispatchesEvents\";a:0:{}s:14:\"\0*\0observables\";a:0:{}s:12:\"\0*\0relations\";a:0:{}s:10:\"\0*\0touches\";a:0:{}s:10:\"timestamps\";b:1;s:13:\"usesUniqueIds\";b:0;s:9:\"\0*\0hidden\";a:0:{}s:10:\"\0*\0visible\";a:0:{}s:11:\"\0*\0fillable\";a:3:{i:0;s:4:\"name\";i:1;s:7:\"paybill\";i:2;s:6:\"status\";}s:10:\"\0*\0guarded\";a:1:{i:0;s:1:\"*\";}s:16:\"\0*\0forceDeleting\";b:0;}i:27;O:15:\"App\\Models\\Bank\":31:{s:13:\"\0*\0connection\";s:5:\"mysql\";s:8:\"\0*\0table\";s:5:\"banks\";s:13:\"\0*\0primaryKey\";s:2:\"id\";s:10:\"\0*\0keyType\";s:3:\"int\";s:12:\"incrementing\";b:1;s:7:\"\0*\0with\";a:0:{}s:12:\"\0*\0withCount\";a:0:{}s:19:\"preventsLazyLoading\";b:0;s:10:\"\0*\0perPage\";i:15;s:6:\"exists\";b:1;s:18:\"wasRecentlyCreated\";b:0;s:28:\"\0*\0escapeWhenCastingToString\";b:0;s:13:\"\0*\0attributes\";a:7:{s:2:\"id\";i:28;s:4:\"name\";s:22:\"National Bank of Kenya\";s:7:\"paybill\";s:6:\"547700\";s:6:\"status\";i:1;s:10:\"created_at\";s:19:\"2025-08-03 21:10:06\";s:10:\"updated_at\";s:19:\"2025-08-03 21:10:06\";s:10:\"deleted_at\";N;}s:11:\"\0*\0original\";a:7:{s:2:\"id\";i:28;s:4:\"name\";s:22:\"National Bank of Kenya\";s:7:\"paybill\";s:6:\"547700\";s:6:\"status\";i:1;s:10:\"created_at\";s:19:\"2025-08-03 21:10:06\";s:10:\"updated_at\";s:19:\"2025-08-03 21:10:06\";s:10:\"deleted_at\";N;}s:10:\"\0*\0changes\";a:0:{}s:8:\"\0*\0casts\";a:1:{s:10:\"deleted_at\";s:8:\"datetime\";}s:17:\"\0*\0classCastCache\";a:0:{}s:21:\"\0*\0attributeCastCache\";a:0:{}s:13:\"\0*\0dateFormat\";N;s:10:\"\0*\0appends\";a:0:{}s:19:\"\0*\0dispatchesEvents\";a:0:{}s:14:\"\0*\0observables\";a:0:{}s:12:\"\0*\0relations\";a:0:{}s:10:\"\0*\0touches\";a:0:{}s:10:\"timestamps\";b:1;s:13:\"usesUniqueIds\";b:0;s:9:\"\0*\0hidden\";a:0:{}s:10:\"\0*\0visible\";a:0:{}s:11:\"\0*\0fillable\";a:3:{i:0;s:4:\"name\";i:1;s:7:\"paybill\";i:2;s:6:\"status\";}s:10:\"\0*\0guarded\";a:1:{i:0;s:1:\"*\";}s:16:\"\0*\0forceDeleting\";b:0;}i:28;O:15:\"App\\Models\\Bank\":31:{s:13:\"\0*\0connection\";s:5:\"mysql\";s:8:\"\0*\0table\";s:5:\"banks\";s:13:\"\0*\0primaryKey\";s:2:\"id\";s:10:\"\0*\0keyType\";s:3:\"int\";s:12:\"incrementing\";b:1;s:7:\"\0*\0with\";a:0:{}s:12:\"\0*\0withCount\";a:0:{}s:19:\"preventsLazyLoading\";b:0;s:10:\"\0*\0perPage\";i:15;s:6:\"exists\";b:1;s:18:\"wasRecentlyCreated\";b:0;s:28:\"\0*\0escapeWhenCastingToString\";b:0;s:13:\"\0*\0attributes\";a:7:{s:2:\"id\";i:29;s:4:\"name\";s:4:\"NCBA\";s:7:\"paybill\";s:6:\"880100\";s:6:\"status\";i:1;s:10:\"created_at\";s:19:\"2025-08-03 21:10:06\";s:10:\"updated_at\";s:19:\"2025-08-03 21:10:06\";s:10:\"deleted_at\";N;}s:11:\"\0*\0original\";a:7:{s:2:\"id\";i:29;s:4:\"name\";s:4:\"NCBA\";s:7:\"paybill\";s:6:\"880100\";s:6:\"status\";i:1;s:10:\"created_at\";s:19:\"2025-08-03 21:10:06\";s:10:\"updated_at\";s:19:\"2025-08-03 21:10:06\";s:10:\"deleted_at\";N;}s:10:\"\0*\0changes\";a:0:{}s:8:\"\0*\0casts\";a:1:{s:10:\"deleted_at\";s:8:\"datetime\";}s:17:\"\0*\0classCastCache\";a:0:{}s:21:\"\0*\0attributeCastCache\";a:0:{}s:13:\"\0*\0dateFormat\";N;s:10:\"\0*\0appends\";a:0:{}s:19:\"\0*\0dispatchesEvents\";a:0:{}s:14:\"\0*\0observables\";a:0:{}s:12:\"\0*\0relations\";a:0:{}s:10:\"\0*\0touches\";a:0:{}s:10:\"timestamps\";b:1;s:13:\"usesUniqueIds\";b:0;s:9:\"\0*\0hidden\";a:0:{}s:10:\"\0*\0visible\";a:0:{}s:11:\"\0*\0fillable\";a:3:{i:0;s:4:\"name\";i:1;s:7:\"paybill\";i:2;s:6:\"status\";}s:10:\"\0*\0guarded\";a:1:{i:0;s:1:\"*\";}s:16:\"\0*\0forceDeleting\";b:0;}i:29;O:15:\"App\\Models\\Bank\":31:{s:13:\"\0*\0connection\";s:5:\"mysql\";s:8:\"\0*\0table\";s:5:\"banks\";s:13:\"\0*\0primaryKey\";s:2:\"id\";s:10:\"\0*\0keyType\";s:3:\"int\";s:12:\"incrementing\";b:1;s:7:\"\0*\0with\";a:0:{}s:12:\"\0*\0withCount\";a:0:{}s:19:\"preventsLazyLoading\";b:0;s:10:\"\0*\0perPage\";i:15;s:6:\"exists\";b:1;s:18:\"wasRecentlyCreated\";b:0;s:28:\"\0*\0escapeWhenCastingToString\";b:0;s:13:\"\0*\0attributes\";a:7:{s:2:\"id\";i:30;s:4:\"name\";s:24:\"Oriental Commercial Bank\";s:7:\"paybill\";s:6:\"986500\";s:6:\"status\";i:1;s:10:\"created_at\";s:19:\"2025-08-03 21:10:06\";s:10:\"updated_at\";s:19:\"2025-08-03 21:10:06\";s:10:\"deleted_at\";N;}s:11:\"\0*\0original\";a:7:{s:2:\"id\";i:30;s:4:\"name\";s:24:\"Oriental Commercial Bank\";s:7:\"paybill\";s:6:\"986500\";s:6:\"status\";i:1;s:10:\"created_at\";s:19:\"2025-08-03 21:10:06\";s:10:\"updated_at\";s:19:\"2025-08-03 21:10:06\";s:10:\"deleted_at\";N;}s:10:\"\0*\0changes\";a:0:{}s:8:\"\0*\0casts\";a:1:{s:10:\"deleted_at\";s:8:\"datetime\";}s:17:\"\0*\0classCastCache\";a:0:{}s:21:\"\0*\0attributeCastCache\";a:0:{}s:13:\"\0*\0dateFormat\";N;s:10:\"\0*\0appends\";a:0:{}s:19:\"\0*\0dispatchesEvents\";a:0:{}s:14:\"\0*\0observables\";a:0:{}s:12:\"\0*\0relations\";a:0:{}s:10:\"\0*\0touches\";a:0:{}s:10:\"timestamps\";b:1;s:13:\"usesUniqueIds\";b:0;s:9:\"\0*\0hidden\";a:0:{}s:10:\"\0*\0visible\";a:0:{}s:11:\"\0*\0fillable\";a:3:{i:0;s:4:\"name\";i:1;s:7:\"paybill\";i:2;s:6:\"status\";}s:10:\"\0*\0guarded\";a:1:{i:0;s:1:\"*\";}s:16:\"\0*\0forceDeleting\";b:0;}i:30;O:15:\"App\\Models\\Bank\":31:{s:13:\"\0*\0connection\";s:5:\"mysql\";s:8:\"\0*\0table\";s:5:\"banks\";s:13:\"\0*\0primaryKey\";s:2:\"id\";s:10:\"\0*\0keyType\";s:3:\"int\";s:12:\"incrementing\";b:1;s:7:\"\0*\0with\";a:0:{}s:12:\"\0*\0withCount\";a:0:{}s:19:\"preventsLazyLoading\";b:0;s:10:\"\0*\0perPage\";i:15;s:6:\"exists\";b:1;s:18:\"wasRecentlyCreated\";b:0;s:28:\"\0*\0escapeWhenCastingToString\";b:0;s:13:\"\0*\0attributes\";a:7:{s:2:\"id\";i:31;s:4:\"name\";s:14:\"Paramount Bank\";s:7:\"paybill\";s:6:\"907950\";s:6:\"status\";i:1;s:10:\"created_at\";s:19:\"2025-08-03 21:10:06\";s:10:\"updated_at\";s:19:\"2025-08-03 21:10:06\";s:10:\"deleted_at\";N;}s:11:\"\0*\0original\";a:7:{s:2:\"id\";i:31;s:4:\"name\";s:14:\"Paramount Bank\";s:7:\"paybill\";s:6:\"907950\";s:6:\"status\";i:1;s:10:\"created_at\";s:19:\"2025-08-03 21:10:06\";s:10:\"updated_at\";s:19:\"2025-08-03 21:10:06\";s:10:\"deleted_at\";N;}s:10:\"\0*\0changes\";a:0:{}s:8:\"\0*\0casts\";a:1:{s:10:\"deleted_at\";s:8:\"datetime\";}s:17:\"\0*\0classCastCache\";a:0:{}s:21:\"\0*\0attributeCastCache\";a:0:{}s:13:\"\0*\0dateFormat\";N;s:10:\"\0*\0appends\";a:0:{}s:19:\"\0*\0dispatchesEvents\";a:0:{}s:14:\"\0*\0observables\";a:0:{}s:12:\"\0*\0relations\";a:0:{}s:10:\"\0*\0touches\";a:0:{}s:10:\"timestamps\";b:1;s:13:\"usesUniqueIds\";b:0;s:9:\"\0*\0hidden\";a:0:{}s:10:\"\0*\0visible\";a:0:{}s:11:\"\0*\0fillable\";a:3:{i:0;s:4:\"name\";i:1;s:7:\"paybill\";i:2;s:6:\"status\";}s:10:\"\0*\0guarded\";a:1:{i:0;s:1:\"*\";}s:16:\"\0*\0forceDeleting\";b:0;}i:31;O:15:\"App\\Models\\Bank\":31:{s:13:\"\0*\0connection\";s:5:\"mysql\";s:8:\"\0*\0table\";s:5:\"banks\";s:13:\"\0*\0primaryKey\";s:2:\"id\";s:10:\"\0*\0keyType\";s:3:\"int\";s:12:\"incrementing\";b:1;s:7:\"\0*\0with\";a:0:{}s:12:\"\0*\0withCount\";a:0:{}s:19:\"preventsLazyLoading\";b:0;s:10:\"\0*\0perPage\";i:15;s:6:\"exists\";b:1;s:18:\"wasRecentlyCreated\";b:0;s:28:\"\0*\0escapeWhenCastingToString\";b:0;s:13:\"\0*\0attributes\";a:7:{s:2:\"id\";i:32;s:4:\"name\";s:9:\"Post Bank\";s:7:\"paybill\";s:6:\"200999\";s:6:\"status\";i:1;s:10:\"created_at\";s:19:\"2025-08-03 21:10:06\";s:10:\"updated_at\";s:19:\"2025-08-03 21:10:06\";s:10:\"deleted_at\";N;}s:11:\"\0*\0original\";a:7:{s:2:\"id\";i:32;s:4:\"name\";s:9:\"Post Bank\";s:7:\"paybill\";s:6:\"200999\";s:6:\"status\";i:1;s:10:\"created_at\";s:19:\"2025-08-03 21:10:06\";s:10:\"updated_at\";s:19:\"2025-08-03 21:10:06\";s:10:\"deleted_at\";N;}s:10:\"\0*\0changes\";a:0:{}s:8:\"\0*\0casts\";a:1:{s:10:\"deleted_at\";s:8:\"datetime\";}s:17:\"\0*\0classCastCache\";a:0:{}s:21:\"\0*\0attributeCastCache\";a:0:{}s:13:\"\0*\0dateFormat\";N;s:10:\"\0*\0appends\";a:0:{}s:19:\"\0*\0dispatchesEvents\";a:0:{}s:14:\"\0*\0observables\";a:0:{}s:12:\"\0*\0relations\";a:0:{}s:10:\"\0*\0touches\";a:0:{}s:10:\"timestamps\";b:1;s:13:\"usesUniqueIds\";b:0;s:9:\"\0*\0hidden\";a:0:{}s:10:\"\0*\0visible\";a:0:{}s:11:\"\0*\0fillable\";a:3:{i:0;s:4:\"name\";i:1;s:7:\"paybill\";i:2;s:6:\"status\";}s:10:\"\0*\0guarded\";a:1:{i:0;s:1:\"*\";}s:16:\"\0*\0forceDeleting\";b:0;}i:32;O:15:\"App\\Models\\Bank\":31:{s:13:\"\0*\0connection\";s:5:\"mysql\";s:8:\"\0*\0table\";s:5:\"banks\";s:13:\"\0*\0primaryKey\";s:2:\"id\";s:10:\"\0*\0keyType\";s:3:\"int\";s:12:\"incrementing\";b:1;s:7:\"\0*\0with\";a:0:{}s:12:\"\0*\0withCount\";a:0:{}s:19:\"preventsLazyLoading\";b:0;s:10:\"\0*\0perPage\";i:15;s:6:\"exists\";b:1;s:18:\"wasRecentlyCreated\";b:0;s:28:\"\0*\0escapeWhenCastingToString\";b:0;s:13:\"\0*\0attributes\";a:7:{s:2:\"id\";i:33;s:4:\"name\";s:10:\"Prime Bank\";s:7:\"paybill\";s:6:\"982800\";s:6:\"status\";i:1;s:10:\"created_at\";s:19:\"2025-08-03 21:10:06\";s:10:\"updated_at\";s:19:\"2025-08-03 21:10:06\";s:10:\"deleted_at\";N;}s:11:\"\0*\0original\";a:7:{s:2:\"id\";i:33;s:4:\"name\";s:10:\"Prime Bank\";s:7:\"paybill\";s:6:\"982800\";s:6:\"status\";i:1;s:10:\"created_at\";s:19:\"2025-08-03 21:10:06\";s:10:\"updated_at\";s:19:\"2025-08-03 21:10:06\";s:10:\"deleted_at\";N;}s:10:\"\0*\0changes\";a:0:{}s:8:\"\0*\0casts\";a:1:{s:10:\"deleted_at\";s:8:\"datetime\";}s:17:\"\0*\0classCastCache\";a:0:{}s:21:\"\0*\0attributeCastCache\";a:0:{}s:13:\"\0*\0dateFormat\";N;s:10:\"\0*\0appends\";a:0:{}s:19:\"\0*\0dispatchesEvents\";a:0:{}s:14:\"\0*\0observables\";a:0:{}s:12:\"\0*\0relations\";a:0:{}s:10:\"\0*\0touches\";a:0:{}s:10:\"timestamps\";b:1;s:13:\"usesUniqueIds\";b:0;s:9:\"\0*\0hidden\";a:0:{}s:10:\"\0*\0visible\";a:0:{}s:11:\"\0*\0fillable\";a:3:{i:0;s:4:\"name\";i:1;s:7:\"paybill\";i:2;s:6:\"status\";}s:10:\"\0*\0guarded\";a:1:{i:0;s:1:\"*\";}s:16:\"\0*\0forceDeleting\";b:0;}i:33;O:15:\"App\\Models\\Bank\":31:{s:13:\"\0*\0connection\";s:5:\"mysql\";s:8:\"\0*\0table\";s:5:\"banks\";s:13:\"\0*\0primaryKey\";s:2:\"id\";s:10:\"\0*\0keyType\";s:3:\"int\";s:12:\"incrementing\";b:1;s:7:\"\0*\0with\";a:0:{}s:12:\"\0*\0withCount\";a:0:{}s:19:\"preventsLazyLoading\";b:0;s:10:\"\0*\0perPage\";i:15;s:6:\"exists\";b:1;s:18:\"wasRecentlyCreated\";b:0;s:28:\"\0*\0escapeWhenCastingToString\";b:0;s:13:\"\0*\0attributes\";a:7:{s:2:\"id\";i:34;s:4:\"name\";s:11:\"Sidian Bank\";s:7:\"paybill\";s:6:\"990832\";s:6:\"status\";i:1;s:10:\"created_at\";s:19:\"2025-08-03 21:10:06\";s:10:\"updated_at\";s:19:\"2025-08-03 21:10:06\";s:10:\"deleted_at\";N;}s:11:\"\0*\0original\";a:7:{s:2:\"id\";i:34;s:4:\"name\";s:11:\"Sidian Bank\";s:7:\"paybill\";s:6:\"990832\";s:6:\"status\";i:1;s:10:\"created_at\";s:19:\"2025-08-03 21:10:06\";s:10:\"updated_at\";s:19:\"2025-08-03 21:10:06\";s:10:\"deleted_at\";N;}s:10:\"\0*\0changes\";a:0:{}s:8:\"\0*\0casts\";a:1:{s:10:\"deleted_at\";s:8:\"datetime\";}s:17:\"\0*\0classCastCache\";a:0:{}s:21:\"\0*\0attributeCastCache\";a:0:{}s:13:\"\0*\0dateFormat\";N;s:10:\"\0*\0appends\";a:0:{}s:19:\"\0*\0dispatchesEvents\";a:0:{}s:14:\"\0*\0observables\";a:0:{}s:12:\"\0*\0relations\";a:0:{}s:10:\"\0*\0touches\";a:0:{}s:10:\"timestamps\";b:1;s:13:\"usesUniqueIds\";b:0;s:9:\"\0*\0hidden\";a:0:{}s:10:\"\0*\0visible\";a:0:{}s:11:\"\0*\0fillable\";a:3:{i:0;s:4:\"name\";i:1;s:7:\"paybill\";i:2;s:6:\"status\";}s:10:\"\0*\0guarded\";a:1:{i:0;s:1:\"*\";}s:16:\"\0*\0forceDeleting\";b:0;}i:34;O:15:\"App\\Models\\Bank\":31:{s:13:\"\0*\0connection\";s:5:\"mysql\";s:8:\"\0*\0table\";s:5:\"banks\";s:13:\"\0*\0primaryKey\";s:2:\"id\";s:10:\"\0*\0keyType\";s:3:\"int\";s:12:\"incrementing\";b:1;s:7:\"\0*\0with\";a:0:{}s:12:\"\0*\0withCount\";a:0:{}s:19:\"preventsLazyLoading\";b:0;s:10:\"\0*\0perPage\";i:15;s:6:\"exists\";b:1;s:18:\"wasRecentlyCreated\";b:0;s:28:\"\0*\0escapeWhenCastingToString\";b:0;s:13:\"\0*\0attributes\";a:7:{s:2:\"id\";i:35;s:4:\"name\";s:10:\"Spire Bank\";s:7:\"paybill\";s:6:\"498100\";s:6:\"status\";i:1;s:10:\"created_at\";s:19:\"2025-08-03 21:10:06\";s:10:\"updated_at\";s:19:\"2025-08-03 21:10:06\";s:10:\"deleted_at\";N;}s:11:\"\0*\0original\";a:7:{s:2:\"id\";i:35;s:4:\"name\";s:10:\"Spire Bank\";s:7:\"paybill\";s:6:\"498100\";s:6:\"status\";i:1;s:10:\"created_at\";s:19:\"2025-08-03 21:10:06\";s:10:\"updated_at\";s:19:\"2025-08-03 21:10:06\";s:10:\"deleted_at\";N;}s:10:\"\0*\0changes\";a:0:{}s:8:\"\0*\0casts\";a:1:{s:10:\"deleted_at\";s:8:\"datetime\";}s:17:\"\0*\0classCastCache\";a:0:{}s:21:\"\0*\0attributeCastCache\";a:0:{}s:13:\"\0*\0dateFormat\";N;s:10:\"\0*\0appends\";a:0:{}s:19:\"\0*\0dispatchesEvents\";a:0:{}s:14:\"\0*\0observables\";a:0:{}s:12:\"\0*\0relations\";a:0:{}s:10:\"\0*\0touches\";a:0:{}s:10:\"timestamps\";b:1;s:13:\"usesUniqueIds\";b:0;s:9:\"\0*\0hidden\";a:0:{}s:10:\"\0*\0visible\";a:0:{}s:11:\"\0*\0fillable\";a:3:{i:0;s:4:\"name\";i:1;s:7:\"paybill\";i:2;s:6:\"status\";}s:10:\"\0*\0guarded\";a:1:{i:0;s:1:\"*\";}s:16:\"\0*\0forceDeleting\";b:0;}i:35;O:15:\"App\\Models\\Bank\":31:{s:13:\"\0*\0connection\";s:5:\"mysql\";s:8:\"\0*\0table\";s:5:\"banks\";s:13:\"\0*\0primaryKey\";s:2:\"id\";s:10:\"\0*\0keyType\";s:3:\"int\";s:12:\"incrementing\";b:1;s:7:\"\0*\0with\";a:0:{}s:12:\"\0*\0withCount\";a:0:{}s:19:\"preventsLazyLoading\";b:0;s:10:\"\0*\0perPage\";i:15;s:6:\"exists\";b:1;s:18:\"wasRecentlyCreated\";b:0;s:28:\"\0*\0escapeWhenCastingToString\";b:0;s:13:\"\0*\0attributes\";a:7:{s:2:\"id\";i:36;s:4:\"name\";s:12:\"Stanbic Bank\";s:7:\"paybill\";s:6:\"600100\";s:6:\"status\";i:1;s:10:\"created_at\";s:19:\"2025-08-03 21:10:06\";s:10:\"updated_at\";s:19:\"2025-08-03 21:10:06\";s:10:\"deleted_at\";N;}s:11:\"\0*\0original\";a:7:{s:2:\"id\";i:36;s:4:\"name\";s:12:\"Stanbic Bank\";s:7:\"paybill\";s:6:\"600100\";s:6:\"status\";i:1;s:10:\"created_at\";s:19:\"2025-08-03 21:10:06\";s:10:\"updated_at\";s:19:\"2025-08-03 21:10:06\";s:10:\"deleted_at\";N;}s:10:\"\0*\0changes\";a:0:{}s:8:\"\0*\0casts\";a:1:{s:10:\"deleted_at\";s:8:\"datetime\";}s:17:\"\0*\0classCastCache\";a:0:{}s:21:\"\0*\0attributeCastCache\";a:0:{}s:13:\"\0*\0dateFormat\";N;s:10:\"\0*\0appends\";a:0:{}s:19:\"\0*\0dispatchesEvents\";a:0:{}s:14:\"\0*\0observables\";a:0:{}s:12:\"\0*\0relations\";a:0:{}s:10:\"\0*\0touches\";a:0:{}s:10:\"timestamps\";b:1;s:13:\"usesUniqueIds\";b:0;s:9:\"\0*\0hidden\";a:0:{}s:10:\"\0*\0visible\";a:0:{}s:11:\"\0*\0fillable\";a:3:{i:0;s:4:\"name\";i:1;s:7:\"paybill\";i:2;s:6:\"status\";}s:10:\"\0*\0guarded\";a:1:{i:0;s:1:\"*\";}s:16:\"\0*\0forceDeleting\";b:0;}i:36;O:15:\"App\\Models\\Bank\":31:{s:13:\"\0*\0connection\";s:5:\"mysql\";s:8:\"\0*\0table\";s:5:\"banks\";s:13:\"\0*\0primaryKey\";s:2:\"id\";s:10:\"\0*\0keyType\";s:3:\"int\";s:12:\"incrementing\";b:1;s:7:\"\0*\0with\";a:0:{}s:12:\"\0*\0withCount\";a:0:{}s:19:\"preventsLazyLoading\";b:0;s:10:\"\0*\0perPage\";i:15;s:6:\"exists\";b:1;s:18:\"wasRecentlyCreated\";b:0;s:28:\"\0*\0escapeWhenCastingToString\";b:0;s:13:\"\0*\0attributes\";a:7:{s:2:\"id\";i:37;s:4:\"name\";s:23:\"Standard Chartered Bank\";s:7:\"paybill\";s:6:\"329329\";s:6:\"status\";i:1;s:10:\"created_at\";s:19:\"2025-08-03 21:10:06\";s:10:\"updated_at\";s:19:\"2025-08-03 21:10:06\";s:10:\"deleted_at\";N;}s:11:\"\0*\0original\";a:7:{s:2:\"id\";i:37;s:4:\"name\";s:23:\"Standard Chartered Bank\";s:7:\"paybill\";s:6:\"329329\";s:6:\"status\";i:1;s:10:\"created_at\";s:19:\"2025-08-03 21:10:06\";s:10:\"updated_at\";s:19:\"2025-08-03 21:10:06\";s:10:\"deleted_at\";N;}s:10:\"\0*\0changes\";a:0:{}s:8:\"\0*\0casts\";a:1:{s:10:\"deleted_at\";s:8:\"datetime\";}s:17:\"\0*\0classCastCache\";a:0:{}s:21:\"\0*\0attributeCastCache\";a:0:{}s:13:\"\0*\0dateFormat\";N;s:10:\"\0*\0appends\";a:0:{}s:19:\"\0*\0dispatchesEvents\";a:0:{}s:14:\"\0*\0observables\";a:0:{}s:12:\"\0*\0relations\";a:0:{}s:10:\"\0*\0touches\";a:0:{}s:10:\"timestamps\";b:1;s:13:\"usesUniqueIds\";b:0;s:9:\"\0*\0hidden\";a:0:{}s:10:\"\0*\0visible\";a:0:{}s:11:\"\0*\0fillable\";a:3:{i:0;s:4:\"name\";i:1;s:7:\"paybill\";i:2;s:6:\"status\";}s:10:\"\0*\0guarded\";a:1:{i:0;s:1:\"*\";}s:16:\"\0*\0forceDeleting\";b:0;}i:37;O:15:\"App\\Models\\Bank\":31:{s:13:\"\0*\0connection\";s:5:\"mysql\";s:8:\"\0*\0table\";s:5:\"banks\";s:13:\"\0*\0primaryKey\";s:2:\"id\";s:10:\"\0*\0keyType\";s:3:\"int\";s:12:\"incrementing\";b:1;s:7:\"\0*\0with\";a:0:{}s:12:\"\0*\0withCount\";a:0:{}s:19:\"preventsLazyLoading\";b:0;s:10:\"\0*\0perPage\";i:15;s:6:\"exists\";b:1;s:18:\"wasRecentlyCreated\";b:0;s:28:\"\0*\0escapeWhenCastingToString\";b:0;s:13:\"\0*\0attributes\";a:7:{s:2:\"id\";i:38;s:4:\"name\";s:18:\"Transnational Bank\";s:7:\"paybill\";s:6:\"862862\";s:6:\"status\";i:1;s:10:\"created_at\";s:19:\"2025-08-03 21:10:06\";s:10:\"updated_at\";s:19:\"2025-08-03 21:10:06\";s:10:\"deleted_at\";N;}s:11:\"\0*\0original\";a:7:{s:2:\"id\";i:38;s:4:\"name\";s:18:\"Transnational Bank\";s:7:\"paybill\";s:6:\"862862\";s:6:\"status\";i:1;s:10:\"created_at\";s:19:\"2025-08-03 21:10:06\";s:10:\"updated_at\";s:19:\"2025-08-03 21:10:06\";s:10:\"deleted_at\";N;}s:10:\"\0*\0changes\";a:0:{}s:8:\"\0*\0casts\";a:1:{s:10:\"deleted_at\";s:8:\"datetime\";}s:17:\"\0*\0classCastCache\";a:0:{}s:21:\"\0*\0attributeCastCache\";a:0:{}s:13:\"\0*\0dateFormat\";N;s:10:\"\0*\0appends\";a:0:{}s:19:\"\0*\0dispatchesEvents\";a:0:{}s:14:\"\0*\0observables\";a:0:{}s:12:\"\0*\0relations\";a:0:{}s:10:\"\0*\0touches\";a:0:{}s:10:\"timestamps\";b:1;s:13:\"usesUniqueIds\";b:0;s:9:\"\0*\0hidden\";a:0:{}s:10:\"\0*\0visible\";a:0:{}s:11:\"\0*\0fillable\";a:3:{i:0;s:4:\"name\";i:1;s:7:\"paybill\";i:2;s:6:\"status\";}s:10:\"\0*\0guarded\";a:1:{i:0;s:1:\"*\";}s:16:\"\0*\0forceDeleting\";b:0;}i:38;O:15:\"App\\Models\\Bank\":31:{s:13:\"\0*\0connection\";s:5:\"mysql\";s:8:\"\0*\0table\";s:5:\"banks\";s:13:\"\0*\0primaryKey\";s:2:\"id\";s:10:\"\0*\0keyType\";s:3:\"int\";s:12:\"incrementing\";b:1;s:7:\"\0*\0with\";a:0:{}s:12:\"\0*\0withCount\";a:0:{}s:19:\"preventsLazyLoading\";b:0;s:10:\"\0*\0perPage\";i:15;s:6:\"exists\";b:1;s:18:\"wasRecentlyCreated\";b:0;s:28:\"\0*\0escapeWhenCastingToString\";b:0;s:13:\"\0*\0attributes\";a:7:{s:2:\"id\";i:39;s:4:\"name\";s:8:\"UBA Bank\";s:7:\"paybill\";s:6:\"559900\";s:6:\"status\";i:1;s:10:\"created_at\";s:19:\"2025-08-03 21:10:06\";s:10:\"updated_at\";s:19:\"2025-08-03 21:10:06\";s:10:\"deleted_at\";N;}s:11:\"\0*\0original\";a:7:{s:2:\"id\";i:39;s:4:\"name\";s:8:\"UBA Bank\";s:7:\"paybill\";s:6:\"559900\";s:6:\"status\";i:1;s:10:\"created_at\";s:19:\"2025-08-03 21:10:06\";s:10:\"updated_at\";s:19:\"2025-08-03 21:10:06\";s:10:\"deleted_at\";N;}s:10:\"\0*\0changes\";a:0:{}s:8:\"\0*\0casts\";a:1:{s:10:\"deleted_at\";s:8:\"datetime\";}s:17:\"\0*\0classCastCache\";a:0:{}s:21:\"\0*\0attributeCastCache\";a:0:{}s:13:\"\0*\0dateFormat\";N;s:10:\"\0*\0appends\";a:0:{}s:19:\"\0*\0dispatchesEvents\";a:0:{}s:14:\"\0*\0observables\";a:0:{}s:12:\"\0*\0relations\";a:0:{}s:10:\"\0*\0touches\";a:0:{}s:10:\"timestamps\";b:1;s:13:\"usesUniqueIds\";b:0;s:9:\"\0*\0hidden\";a:0:{}s:10:\"\0*\0visible\";a:0:{}s:11:\"\0*\0fillable\";a:3:{i:0;s:4:\"name\";i:1;s:7:\"paybill\";i:2;s:6:\"status\";}s:10:\"\0*\0guarded\";a:1:{i:0;s:1:\"*\";}s:16:\"\0*\0forceDeleting\";b:0;}i:39;O:15:\"App\\Models\\Bank\":31:{s:13:\"\0*\0connection\";s:5:\"mysql\";s:8:\"\0*\0table\";s:5:\"banks\";s:13:\"\0*\0primaryKey\";s:2:\"id\";s:10:\"\0*\0keyType\";s:3:\"int\";s:12:\"incrementing\";b:1;s:7:\"\0*\0with\";a:0:{}s:12:\"\0*\0withCount\";a:0:{}s:19:\"preventsLazyLoading\";b:0;s:10:\"\0*\0perPage\";i:15;s:6:\"exists\";b:1;s:18:\"wasRecentlyCreated\";b:0;s:28:\"\0*\0escapeWhenCastingToString\";b:0;s:13:\"\0*\0attributes\";a:7:{s:2:\"id\";i:40;s:4:\"name\";s:13:\"Victoria Bank\";s:7:\"paybill\";s:6:\"842100\";s:6:\"status\";i:1;s:10:\"created_at\";s:19:\"2025-08-03 21:10:06\";s:10:\"updated_at\";s:19:\"2025-08-03 21:10:06\";s:10:\"deleted_at\";N;}s:11:\"\0*\0original\";a:7:{s:2:\"id\";i:40;s:4:\"name\";s:13:\"Victoria Bank\";s:7:\"paybill\";s:6:\"842100\";s:6:\"status\";i:1;s:10:\"created_at\";s:19:\"2025-08-03 21:10:06\";s:10:\"updated_at\";s:19:\"2025-08-03 21:10:06\";s:10:\"deleted_at\";N;}s:10:\"\0*\0changes\";a:0:{}s:8:\"\0*\0casts\";a:1:{s:10:\"deleted_at\";s:8:\"datetime\";}s:17:\"\0*\0classCastCache\";a:0:{}s:21:\"\0*\0attributeCastCache\";a:0:{}s:13:\"\0*\0dateFormat\";N;s:10:\"\0*\0appends\";a:0:{}s:19:\"\0*\0dispatchesEvents\";a:0:{}s:14:\"\0*\0observables\";a:0:{}s:12:\"\0*\0relations\";a:0:{}s:10:\"\0*\0touches\";a:0:{}s:10:\"timestamps\";b:1;s:13:\"usesUniqueIds\";b:0;s:9:\"\0*\0hidden\";a:0:{}s:10:\"\0*\0visible\";a:0:{}s:11:\"\0*\0fillable\";a:3:{i:0;s:4:\"name\";i:1;s:7:\"paybill\";i:2;s:6:\"status\";}s:10:\"\0*\0guarded\";a:1:{i:0;s:1:\"*\";}s:16:\"\0*\0forceDeleting\";b:0;}}s:28:\"\0*\0escapeWhenCastingToString\";b:0;}',2069609613),('message_modes','O:39:\"Illuminate\\Database\\Eloquent\\Collection\":2:{s:8:\"\0*\0items\";a:3:{i:0;O:22:\"App\\Models\\MessageMode\":31:{s:13:\"\0*\0connection\";s:5:\"mysql\";s:8:\"\0*\0table\";s:13:\"message_modes\";s:13:\"\0*\0primaryKey\";s:2:\"id\";s:10:\"\0*\0keyType\";s:3:\"int\";s:12:\"incrementing\";b:1;s:7:\"\0*\0with\";a:0:{}s:12:\"\0*\0withCount\";a:0:{}s:19:\"preventsLazyLoading\";b:0;s:10:\"\0*\0perPage\";i:15;s:6:\"exists\";b:1;s:18:\"wasRecentlyCreated\";b:0;s:28:\"\0*\0escapeWhenCastingToString\";b:0;s:13:\"\0*\0attributes\";a:6:{s:2:\"id\";i:1;s:4:\"name\";s:3:\"SMS\";s:6:\"status\";i:1;s:10:\"created_at\";s:19:\"2025-08-03 21:10:04\";s:10:\"updated_at\";s:19:\"2025-08-03 21:10:04\";s:10:\"deleted_at\";N;}s:11:\"\0*\0original\";a:6:{s:2:\"id\";i:1;s:4:\"name\";s:3:\"SMS\";s:6:\"status\";i:1;s:10:\"created_at\";s:19:\"2025-08-03 21:10:04\";s:10:\"updated_at\";s:19:\"2025-08-03 21:10:04\";s:10:\"deleted_at\";N;}s:10:\"\0*\0changes\";a:0:{}s:8:\"\0*\0casts\";a:1:{s:10:\"deleted_at\";s:8:\"datetime\";}s:17:\"\0*\0classCastCache\";a:0:{}s:21:\"\0*\0attributeCastCache\";a:0:{}s:13:\"\0*\0dateFormat\";N;s:10:\"\0*\0appends\";a:0:{}s:19:\"\0*\0dispatchesEvents\";a:0:{}s:14:\"\0*\0observables\";a:0:{}s:12:\"\0*\0relations\";a:0:{}s:10:\"\0*\0touches\";a:0:{}s:10:\"timestamps\";b:1;s:13:\"usesUniqueIds\";b:0;s:9:\"\0*\0hidden\";a:0:{}s:10:\"\0*\0visible\";a:0:{}s:11:\"\0*\0fillable\";a:2:{i:0;s:4:\"name\";i:1;s:6:\"status\";}s:10:\"\0*\0guarded\";a:1:{i:0;s:1:\"*\";}s:16:\"\0*\0forceDeleting\";b:0;}i:1;O:22:\"App\\Models\\MessageMode\":31:{s:13:\"\0*\0connection\";s:5:\"mysql\";s:8:\"\0*\0table\";s:13:\"message_modes\";s:13:\"\0*\0primaryKey\";s:2:\"id\";s:10:\"\0*\0keyType\";s:3:\"int\";s:12:\"incrementing\";b:1;s:7:\"\0*\0with\";a:0:{}s:12:\"\0*\0withCount\";a:0:{}s:19:\"preventsLazyLoading\";b:0;s:10:\"\0*\0perPage\";i:15;s:6:\"exists\";b:1;s:18:\"wasRecentlyCreated\";b:0;s:28:\"\0*\0escapeWhenCastingToString\";b:0;s:13:\"\0*\0attributes\";a:6:{s:2:\"id\";i:2;s:4:\"name\";s:5:\"Email\";s:6:\"status\";i:1;s:10:\"created_at\";s:19:\"2025-08-03 21:10:04\";s:10:\"updated_at\";s:19:\"2025-08-03 21:10:04\";s:10:\"deleted_at\";N;}s:11:\"\0*\0original\";a:6:{s:2:\"id\";i:2;s:4:\"name\";s:5:\"Email\";s:6:\"status\";i:1;s:10:\"created_at\";s:19:\"2025-08-03 21:10:04\";s:10:\"updated_at\";s:19:\"2025-08-03 21:10:04\";s:10:\"deleted_at\";N;}s:10:\"\0*\0changes\";a:0:{}s:8:\"\0*\0casts\";a:1:{s:10:\"deleted_at\";s:8:\"datetime\";}s:17:\"\0*\0classCastCache\";a:0:{}s:21:\"\0*\0attributeCastCache\";a:0:{}s:13:\"\0*\0dateFormat\";N;s:10:\"\0*\0appends\";a:0:{}s:19:\"\0*\0dispatchesEvents\";a:0:{}s:14:\"\0*\0observables\";a:0:{}s:12:\"\0*\0relations\";a:0:{}s:10:\"\0*\0touches\";a:0:{}s:10:\"timestamps\";b:1;s:13:\"usesUniqueIds\";b:0;s:9:\"\0*\0hidden\";a:0:{}s:10:\"\0*\0visible\";a:0:{}s:11:\"\0*\0fillable\";a:2:{i:0;s:4:\"name\";i:1;s:6:\"status\";}s:10:\"\0*\0guarded\";a:1:{i:0;s:1:\"*\";}s:16:\"\0*\0forceDeleting\";b:0;}i:2;O:22:\"App\\Models\\MessageMode\":31:{s:13:\"\0*\0connection\";s:5:\"mysql\";s:8:\"\0*\0table\";s:13:\"message_modes\";s:13:\"\0*\0primaryKey\";s:2:\"id\";s:10:\"\0*\0keyType\";s:3:\"int\";s:12:\"incrementing\";b:1;s:7:\"\0*\0with\";a:0:{}s:12:\"\0*\0withCount\";a:0:{}s:19:\"preventsLazyLoading\";b:0;s:10:\"\0*\0perPage\";i:15;s:6:\"exists\";b:1;s:18:\"wasRecentlyCreated\";b:0;s:28:\"\0*\0escapeWhenCastingToString\";b:0;s:13:\"\0*\0attributes\";a:6:{s:2:\"id\";i:3;s:4:\"name\";s:8:\"WhatsApp\";s:6:\"status\";i:1;s:10:\"created_at\";s:19:\"2025-08-03 21:10:04\";s:10:\"updated_at\";s:19:\"2025-08-03 21:10:04\";s:10:\"deleted_at\";N;}s:11:\"\0*\0original\";a:6:{s:2:\"id\";i:3;s:4:\"name\";s:8:\"WhatsApp\";s:6:\"status\";i:1;s:10:\"created_at\";s:19:\"2025-08-03 21:10:04\";s:10:\"updated_at\";s:19:\"2025-08-03 21:10:04\";s:10:\"deleted_at\";N;}s:10:\"\0*\0changes\";a:0:{}s:8:\"\0*\0casts\";a:1:{s:10:\"deleted_at\";s:8:\"datetime\";}s:17:\"\0*\0classCastCache\";a:0:{}s:21:\"\0*\0attributeCastCache\";a:0:{}s:13:\"\0*\0dateFormat\";N;s:10:\"\0*\0appends\";a:0:{}s:19:\"\0*\0dispatchesEvents\";a:0:{}s:14:\"\0*\0observables\";a:0:{}s:12:\"\0*\0relations\";a:0:{}s:10:\"\0*\0touches\";a:0:{}s:10:\"timestamps\";b:1;s:13:\"usesUniqueIds\";b:0;s:9:\"\0*\0hidden\";a:0:{}s:10:\"\0*\0visible\";a:0:{}s:11:\"\0*\0fillable\";a:2:{i:0;s:4:\"name\";i:1;s:6:\"status\";}s:10:\"\0*\0guarded\";a:1:{i:0;s:1:\"*\";}s:16:\"\0*\0forceDeleting\";b:0;}}s:28:\"\0*\0escapeWhenCastingToString\";b:0;}',2069609613),('payment_modes','O:39:\"Illuminate\\Database\\Eloquent\\Collection\":2:{s:8:\"\0*\0items\";a:3:{i:0;O:22:\"App\\Models\\PaymentMode\":31:{s:13:\"\0*\0connection\";s:5:\"mysql\";s:8:\"\0*\0table\";s:13:\"payment_modes\";s:13:\"\0*\0primaryKey\";s:2:\"id\";s:10:\"\0*\0keyType\";s:3:\"int\";s:12:\"incrementing\";b:1;s:7:\"\0*\0with\";a:0:{}s:12:\"\0*\0withCount\";a:0:{}s:19:\"preventsLazyLoading\";b:0;s:10:\"\0*\0perPage\";i:15;s:6:\"exists\";b:1;s:18:\"wasRecentlyCreated\";b:0;s:28:\"\0*\0escapeWhenCastingToString\";b:0;s:13:\"\0*\0attributes\";a:7:{s:2:\"id\";i:1;s:6:\"ref_no\";s:4:\"0001\";s:4:\"name\";s:6:\"M-PESA\";s:6:\"status\";i:1;s:10:\"created_at\";s:19:\"2025-08-03 21:10:05\";s:10:\"updated_at\";s:19:\"2025-08-03 21:10:05\";s:10:\"deleted_at\";N;}s:11:\"\0*\0original\";a:7:{s:2:\"id\";i:1;s:6:\"ref_no\";s:4:\"0001\";s:4:\"name\";s:6:\"M-PESA\";s:6:\"status\";i:1;s:10:\"created_at\";s:19:\"2025-08-03 21:10:05\";s:10:\"updated_at\";s:19:\"2025-08-03 21:10:05\";s:10:\"deleted_at\";N;}s:10:\"\0*\0changes\";a:0:{}s:8:\"\0*\0casts\";a:1:{s:10:\"deleted_at\";s:8:\"datetime\";}s:17:\"\0*\0classCastCache\";a:0:{}s:21:\"\0*\0attributeCastCache\";a:0:{}s:13:\"\0*\0dateFormat\";N;s:10:\"\0*\0appends\";a:0:{}s:19:\"\0*\0dispatchesEvents\";a:0:{}s:14:\"\0*\0observables\";a:0:{}s:12:\"\0*\0relations\";a:0:{}s:10:\"\0*\0touches\";a:0:{}s:10:\"timestamps\";b:1;s:13:\"usesUniqueIds\";b:0;s:9:\"\0*\0hidden\";a:0:{}s:10:\"\0*\0visible\";a:0:{}s:11:\"\0*\0fillable\";a:3:{i:0;s:6:\"ref_no\";i:1;s:4:\"name\";i:2;s:6:\"status\";}s:10:\"\0*\0guarded\";a:1:{i:0;s:1:\"*\";}s:16:\"\0*\0forceDeleting\";b:0;}i:1;O:22:\"App\\Models\\PaymentMode\":31:{s:13:\"\0*\0connection\";s:5:\"mysql\";s:8:\"\0*\0table\";s:13:\"payment_modes\";s:13:\"\0*\0primaryKey\";s:2:\"id\";s:10:\"\0*\0keyType\";s:3:\"int\";s:12:\"incrementing\";b:1;s:7:\"\0*\0with\";a:0:{}s:12:\"\0*\0withCount\";a:0:{}s:19:\"preventsLazyLoading\";b:0;s:10:\"\0*\0perPage\";i:15;s:6:\"exists\";b:1;s:18:\"wasRecentlyCreated\";b:0;s:28:\"\0*\0escapeWhenCastingToString\";b:0;s:13:\"\0*\0attributes\";a:7:{s:2:\"id\";i:2;s:6:\"ref_no\";s:4:\"0002\";s:4:\"name\";s:17:\"M-PESA (Manually)\";s:6:\"status\";i:1;s:10:\"created_at\";s:19:\"2025-08-03 21:10:05\";s:10:\"updated_at\";s:19:\"2025-08-03 21:10:05\";s:10:\"deleted_at\";N;}s:11:\"\0*\0original\";a:7:{s:2:\"id\";i:2;s:6:\"ref_no\";s:4:\"0002\";s:4:\"name\";s:17:\"M-PESA (Manually)\";s:6:\"status\";i:1;s:10:\"created_at\";s:19:\"2025-08-03 21:10:05\";s:10:\"updated_at\";s:19:\"2025-08-03 21:10:05\";s:10:\"deleted_at\";N;}s:10:\"\0*\0changes\";a:0:{}s:8:\"\0*\0casts\";a:1:{s:10:\"deleted_at\";s:8:\"datetime\";}s:17:\"\0*\0classCastCache\";a:0:{}s:21:\"\0*\0attributeCastCache\";a:0:{}s:13:\"\0*\0dateFormat\";N;s:10:\"\0*\0appends\";a:0:{}s:19:\"\0*\0dispatchesEvents\";a:0:{}s:14:\"\0*\0observables\";a:0:{}s:12:\"\0*\0relations\";a:0:{}s:10:\"\0*\0touches\";a:0:{}s:10:\"timestamps\";b:1;s:13:\"usesUniqueIds\";b:0;s:9:\"\0*\0hidden\";a:0:{}s:10:\"\0*\0visible\";a:0:{}s:11:\"\0*\0fillable\";a:3:{i:0;s:6:\"ref_no\";i:1;s:4:\"name\";i:2;s:6:\"status\";}s:10:\"\0*\0guarded\";a:1:{i:0;s:1:\"*\";}s:16:\"\0*\0forceDeleting\";b:0;}i:2;O:22:\"App\\Models\\PaymentMode\":31:{s:13:\"\0*\0connection\";s:5:\"mysql\";s:8:\"\0*\0table\";s:13:\"payment_modes\";s:13:\"\0*\0primaryKey\";s:2:\"id\";s:10:\"\0*\0keyType\";s:3:\"int\";s:12:\"incrementing\";b:1;s:7:\"\0*\0with\";a:0:{}s:12:\"\0*\0withCount\";a:0:{}s:19:\"preventsLazyLoading\";b:0;s:10:\"\0*\0perPage\";i:15;s:6:\"exists\";b:1;s:18:\"wasRecentlyCreated\";b:0;s:28:\"\0*\0escapeWhenCastingToString\";b:0;s:13:\"\0*\0attributes\";a:7:{s:2:\"id\";i:3;s:6:\"ref_no\";s:4:\"0003\";s:4:\"name\";s:4:\"Cash\";s:6:\"status\";i:1;s:10:\"created_at\";s:19:\"2025-08-03 21:10:05\";s:10:\"updated_at\";s:19:\"2025-08-03 21:10:05\";s:10:\"deleted_at\";N;}s:11:\"\0*\0original\";a:7:{s:2:\"id\";i:3;s:6:\"ref_no\";s:4:\"0003\";s:4:\"name\";s:4:\"Cash\";s:6:\"status\";i:1;s:10:\"created_at\";s:19:\"2025-08-03 21:10:05\";s:10:\"updated_at\";s:19:\"2025-08-03 21:10:05\";s:10:\"deleted_at\";N;}s:10:\"\0*\0changes\";a:0:{}s:8:\"\0*\0casts\";a:1:{s:10:\"deleted_at\";s:8:\"datetime\";}s:17:\"\0*\0classCastCache\";a:0:{}s:21:\"\0*\0attributeCastCache\";a:0:{}s:13:\"\0*\0dateFormat\";N;s:10:\"\0*\0appends\";a:0:{}s:19:\"\0*\0dispatchesEvents\";a:0:{}s:14:\"\0*\0observables\";a:0:{}s:12:\"\0*\0relations\";a:0:{}s:10:\"\0*\0touches\";a:0:{}s:10:\"timestamps\";b:1;s:13:\"usesUniqueIds\";b:0;s:9:\"\0*\0hidden\";a:0:{}s:10:\"\0*\0visible\";a:0:{}s:11:\"\0*\0fillable\";a:3:{i:0;s:6:\"ref_no\";i:1;s:4:\"name\";i:2;s:6:\"status\";}s:10:\"\0*\0guarded\";a:1:{i:0;s:1:\"*\";}s:16:\"\0*\0forceDeleting\";b:0;}}s:28:\"\0*\0escapeWhenCastingToString\";b:0;}',2069609613),('plan_validity_types','O:39:\"Illuminate\\Database\\Eloquent\\Collection\":2:{s:8:\"\0*\0items\";a:3:{i:0;O:27:\"App\\Models\\PlanValidityType\":31:{s:13:\"\0*\0connection\";s:5:\"mysql\";s:8:\"\0*\0table\";s:19:\"plan_validity_types\";s:13:\"\0*\0primaryKey\";s:2:\"id\";s:10:\"\0*\0keyType\";s:3:\"int\";s:12:\"incrementing\";b:1;s:7:\"\0*\0with\";a:0:{}s:12:\"\0*\0withCount\";a:0:{}s:19:\"preventsLazyLoading\";b:0;s:10:\"\0*\0perPage\";i:15;s:6:\"exists\";b:1;s:18:\"wasRecentlyCreated\";b:0;s:28:\"\0*\0escapeWhenCastingToString\";b:0;s:13:\"\0*\0attributes\";a:7:{s:2:\"id\";i:1;s:6:\"ref_no\";s:4:\"0001\";s:4:\"name\";s:7:\"Minutes\";s:6:\"entity\";s:1:\"m\";s:10:\"created_at\";s:19:\"2025-08-03 21:10:02\";s:10:\"updated_at\";s:19:\"2025-08-03 21:10:02\";s:10:\"deleted_at\";N;}s:11:\"\0*\0original\";a:7:{s:2:\"id\";i:1;s:6:\"ref_no\";s:4:\"0001\";s:4:\"name\";s:7:\"Minutes\";s:6:\"entity\";s:1:\"m\";s:10:\"created_at\";s:19:\"2025-08-03 21:10:02\";s:10:\"updated_at\";s:19:\"2025-08-03 21:10:02\";s:10:\"deleted_at\";N;}s:10:\"\0*\0changes\";a:0:{}s:8:\"\0*\0casts\";a:1:{s:10:\"deleted_at\";s:8:\"datetime\";}s:17:\"\0*\0classCastCache\";a:0:{}s:21:\"\0*\0attributeCastCache\";a:0:{}s:13:\"\0*\0dateFormat\";N;s:10:\"\0*\0appends\";a:0:{}s:19:\"\0*\0dispatchesEvents\";a:0:{}s:14:\"\0*\0observables\";a:0:{}s:12:\"\0*\0relations\";a:0:{}s:10:\"\0*\0touches\";a:0:{}s:10:\"timestamps\";b:1;s:13:\"usesUniqueIds\";b:0;s:9:\"\0*\0hidden\";a:0:{}s:10:\"\0*\0visible\";a:0:{}s:11:\"\0*\0fillable\";a:3:{i:0;s:6:\"ref_no\";i:1;s:4:\"name\";i:2;s:6:\"entity\";}s:10:\"\0*\0guarded\";a:1:{i:0;s:1:\"*\";}s:16:\"\0*\0forceDeleting\";b:0;}i:1;O:27:\"App\\Models\\PlanValidityType\":31:{s:13:\"\0*\0connection\";s:5:\"mysql\";s:8:\"\0*\0table\";s:19:\"plan_validity_types\";s:13:\"\0*\0primaryKey\";s:2:\"id\";s:10:\"\0*\0keyType\";s:3:\"int\";s:12:\"incrementing\";b:1;s:7:\"\0*\0with\";a:0:{}s:12:\"\0*\0withCount\";a:0:{}s:19:\"preventsLazyLoading\";b:0;s:10:\"\0*\0perPage\";i:15;s:6:\"exists\";b:1;s:18:\"wasRecentlyCreated\";b:0;s:28:\"\0*\0escapeWhenCastingToString\";b:0;s:13:\"\0*\0attributes\";a:7:{s:2:\"id\";i:2;s:6:\"ref_no\";s:4:\"0002\";s:4:\"name\";s:5:\"Hours\";s:6:\"entity\";s:1:\"h\";s:10:\"created_at\";s:19:\"2025-08-03 21:10:02\";s:10:\"updated_at\";s:19:\"2025-08-03 21:10:02\";s:10:\"deleted_at\";N;}s:11:\"\0*\0original\";a:7:{s:2:\"id\";i:2;s:6:\"ref_no\";s:4:\"0002\";s:4:\"name\";s:5:\"Hours\";s:6:\"entity\";s:1:\"h\";s:10:\"created_at\";s:19:\"2025-08-03 21:10:02\";s:10:\"updated_at\";s:19:\"2025-08-03 21:10:02\";s:10:\"deleted_at\";N;}s:10:\"\0*\0changes\";a:0:{}s:8:\"\0*\0casts\";a:1:{s:10:\"deleted_at\";s:8:\"datetime\";}s:17:\"\0*\0classCastCache\";a:0:{}s:21:\"\0*\0attributeCastCache\";a:0:{}s:13:\"\0*\0dateFormat\";N;s:10:\"\0*\0appends\";a:0:{}s:19:\"\0*\0dispatchesEvents\";a:0:{}s:14:\"\0*\0observables\";a:0:{}s:12:\"\0*\0relations\";a:0:{}s:10:\"\0*\0touches\";a:0:{}s:10:\"timestamps\";b:1;s:13:\"usesUniqueIds\";b:0;s:9:\"\0*\0hidden\";a:0:{}s:10:\"\0*\0visible\";a:0:{}s:11:\"\0*\0fillable\";a:3:{i:0;s:6:\"ref_no\";i:1;s:4:\"name\";i:2;s:6:\"entity\";}s:10:\"\0*\0guarded\";a:1:{i:0;s:1:\"*\";}s:16:\"\0*\0forceDeleting\";b:0;}i:2;O:27:\"App\\Models\\PlanValidityType\":31:{s:13:\"\0*\0connection\";s:5:\"mysql\";s:8:\"\0*\0table\";s:19:\"plan_validity_types\";s:13:\"\0*\0primaryKey\";s:2:\"id\";s:10:\"\0*\0keyType\";s:3:\"int\";s:12:\"incrementing\";b:1;s:7:\"\0*\0with\";a:0:{}s:12:\"\0*\0withCount\";a:0:{}s:19:\"preventsLazyLoading\";b:0;s:10:\"\0*\0perPage\";i:15;s:6:\"exists\";b:1;s:18:\"wasRecentlyCreated\";b:0;s:28:\"\0*\0escapeWhenCastingToString\";b:0;s:13:\"\0*\0attributes\";a:7:{s:2:\"id\";i:3;s:6:\"ref_no\";s:4:\"0003\";s:4:\"name\";s:4:\"Days\";s:6:\"entity\";s:1:\"d\";s:10:\"created_at\";s:19:\"2025-08-03 21:10:02\";s:10:\"updated_at\";s:19:\"2025-08-03 21:10:02\";s:10:\"deleted_at\";N;}s:11:\"\0*\0original\";a:7:{s:2:\"id\";i:3;s:6:\"ref_no\";s:4:\"0003\";s:4:\"name\";s:4:\"Days\";s:6:\"entity\";s:1:\"d\";s:10:\"created_at\";s:19:\"2025-08-03 21:10:02\";s:10:\"updated_at\";s:19:\"2025-08-03 21:10:02\";s:10:\"deleted_at\";N;}s:10:\"\0*\0changes\";a:0:{}s:8:\"\0*\0casts\";a:1:{s:10:\"deleted_at\";s:8:\"datetime\";}s:17:\"\0*\0classCastCache\";a:0:{}s:21:\"\0*\0attributeCastCache\";a:0:{}s:13:\"\0*\0dateFormat\";N;s:10:\"\0*\0appends\";a:0:{}s:19:\"\0*\0dispatchesEvents\";a:0:{}s:14:\"\0*\0observables\";a:0:{}s:12:\"\0*\0relations\";a:0:{}s:10:\"\0*\0touches\";a:0:{}s:10:\"timestamps\";b:1;s:13:\"usesUniqueIds\";b:0;s:9:\"\0*\0hidden\";a:0:{}s:10:\"\0*\0visible\";a:0:{}s:11:\"\0*\0fillable\";a:3:{i:0;s:6:\"ref_no\";i:1;s:4:\"name\";i:2;s:6:\"entity\";}s:10:\"\0*\0guarded\";a:1:{i:0;s:1:\"*\";}s:16:\"\0*\0forceDeleting\";b:0;}}s:28:\"\0*\0escapeWhenCastingToString\";b:0;}',2069609613),('roles_with_user_counts','O:39:\"Illuminate\\Database\\Eloquent\\Collection\":2:{s:8:\"\0*\0items\";a:3:{i:0;O:29:\"Spatie\\Permission\\Models\\Role\":30:{s:13:\"\0*\0connection\";s:5:\"mysql\";s:8:\"\0*\0table\";s:5:\"roles\";s:13:\"\0*\0primaryKey\";s:2:\"id\";s:10:\"\0*\0keyType\";s:3:\"int\";s:12:\"incrementing\";b:1;s:7:\"\0*\0with\";a:0:{}s:12:\"\0*\0withCount\";a:0:{}s:19:\"preventsLazyLoading\";b:0;s:10:\"\0*\0perPage\";i:15;s:6:\"exists\";b:1;s:18:\"wasRecentlyCreated\";b:0;s:28:\"\0*\0escapeWhenCastingToString\";b:0;s:13:\"\0*\0attributes\";a:6:{s:2:\"id\";i:1;s:4:\"name\";s:13:\"Administrator\";s:10:\"guard_name\";s:3:\"web\";s:10:\"created_at\";s:19:\"2025-08-03 21:10:01\";s:10:\"updated_at\";s:19:\"2025-08-03 21:10:01\";s:11:\"users_count\";i:4;}s:11:\"\0*\0original\";a:6:{s:2:\"id\";i:1;s:4:\"name\";s:13:\"Administrator\";s:10:\"guard_name\";s:3:\"web\";s:10:\"created_at\";s:19:\"2025-08-03 21:10:01\";s:10:\"updated_at\";s:19:\"2025-08-03 21:10:01\";s:11:\"users_count\";i:4;}s:10:\"\0*\0changes\";a:0:{}s:8:\"\0*\0casts\";a:0:{}s:17:\"\0*\0classCastCache\";a:0:{}s:21:\"\0*\0attributeCastCache\";a:0:{}s:13:\"\0*\0dateFormat\";N;s:10:\"\0*\0appends\";a:0:{}s:19:\"\0*\0dispatchesEvents\";a:0:{}s:14:\"\0*\0observables\";a:0:{}s:12:\"\0*\0relations\";a:0:{}s:10:\"\0*\0touches\";a:0:{}s:10:\"timestamps\";b:1;s:13:\"usesUniqueIds\";b:0;s:9:\"\0*\0hidden\";a:0:{}s:10:\"\0*\0visible\";a:0:{}s:11:\"\0*\0fillable\";a:0:{}s:10:\"\0*\0guarded\";a:1:{i:0;s:2:\"id\";}}i:1;O:29:\"Spatie\\Permission\\Models\\Role\":30:{s:13:\"\0*\0connection\";s:5:\"mysql\";s:8:\"\0*\0table\";s:5:\"roles\";s:13:\"\0*\0primaryKey\";s:2:\"id\";s:10:\"\0*\0keyType\";s:3:\"int\";s:12:\"incrementing\";b:1;s:7:\"\0*\0with\";a:0:{}s:12:\"\0*\0withCount\";a:0:{}s:19:\"preventsLazyLoading\";b:0;s:10:\"\0*\0perPage\";i:15;s:6:\"exists\";b:1;s:18:\"wasRecentlyCreated\";b:0;s:28:\"\0*\0escapeWhenCastingToString\";b:0;s:13:\"\0*\0attributes\";a:6:{s:2:\"id\";i:2;s:4:\"name\";s:6:\"Client\";s:10:\"guard_name\";s:3:\"web\";s:10:\"created_at\";s:19:\"2025-08-03 21:10:01\";s:10:\"updated_at\";s:19:\"2025-08-03 21:10:01\";s:11:\"users_count\";i:3;}s:11:\"\0*\0original\";a:6:{s:2:\"id\";i:2;s:4:\"name\";s:6:\"Client\";s:10:\"guard_name\";s:3:\"web\";s:10:\"created_at\";s:19:\"2025-08-03 21:10:01\";s:10:\"updated_at\";s:19:\"2025-08-03 21:10:01\";s:11:\"users_count\";i:3;}s:10:\"\0*\0changes\";a:0:{}s:8:\"\0*\0casts\";a:0:{}s:17:\"\0*\0classCastCache\";a:0:{}s:21:\"\0*\0attributeCastCache\";a:0:{}s:13:\"\0*\0dateFormat\";N;s:10:\"\0*\0appends\";a:0:{}s:19:\"\0*\0dispatchesEvents\";a:0:{}s:14:\"\0*\0observables\";a:0:{}s:12:\"\0*\0relations\";a:0:{}s:10:\"\0*\0touches\";a:0:{}s:10:\"timestamps\";b:1;s:13:\"usesUniqueIds\";b:0;s:9:\"\0*\0hidden\";a:0:{}s:10:\"\0*\0visible\";a:0:{}s:11:\"\0*\0fillable\";a:0:{}s:10:\"\0*\0guarded\";a:1:{i:0;s:2:\"id\";}}i:2;O:29:\"Spatie\\Permission\\Models\\Role\":30:{s:13:\"\0*\0connection\";s:5:\"mysql\";s:8:\"\0*\0table\";s:5:\"roles\";s:13:\"\0*\0primaryKey\";s:2:\"id\";s:10:\"\0*\0keyType\";s:3:\"int\";s:12:\"incrementing\";b:1;s:7:\"\0*\0with\";a:0:{}s:12:\"\0*\0withCount\";a:0:{}s:19:\"preventsLazyLoading\";b:0;s:10:\"\0*\0perPage\";i:15;s:6:\"exists\";b:1;s:18:\"wasRecentlyCreated\";b:0;s:28:\"\0*\0escapeWhenCastingToString\";b:0;s:13:\"\0*\0attributes\";a:6:{s:2:\"id\";i:3;s:4:\"name\";s:8:\"Referrer\";s:10:\"guard_name\";s:3:\"web\";s:10:\"created_at\";s:19:\"2025-08-03 21:10:01\";s:10:\"updated_at\";s:19:\"2025-08-03 21:10:01\";s:11:\"users_count\";i:0;}s:11:\"\0*\0original\";a:6:{s:2:\"id\";i:3;s:4:\"name\";s:8:\"Referrer\";s:10:\"guard_name\";s:3:\"web\";s:10:\"created_at\";s:19:\"2025-08-03 21:10:01\";s:10:\"updated_at\";s:19:\"2025-08-03 21:10:01\";s:11:\"users_count\";i:0;}s:10:\"\0*\0changes\";a:0:{}s:8:\"\0*\0casts\";a:0:{}s:17:\"\0*\0classCastCache\";a:0:{}s:21:\"\0*\0attributeCastCache\";a:0:{}s:13:\"\0*\0dateFormat\";N;s:10:\"\0*\0appends\";a:0:{}s:19:\"\0*\0dispatchesEvents\";a:0:{}s:14:\"\0*\0observables\";a:0:{}s:12:\"\0*\0relations\";a:0:{}s:10:\"\0*\0touches\";a:0:{}s:10:\"timestamps\";b:1;s:13:\"usesUniqueIds\";b:0;s:9:\"\0*\0hidden\";a:0:{}s:10:\"\0*\0visible\";a:0:{}s:11:\"\0*\0fillable\";a:0:{}s:10:\"\0*\0guarded\";a:1:{i:0;s:2:\"id\";}}}s:28:\"\0*\0escapeWhenCastingToString\";b:0;}',1756200529),('service_plans','O:39:\"Illuminate\\Database\\Eloquent\\Collection\":2:{s:8:\"\0*\0items\";a:3:{i:0;O:22:\"App\\Models\\ServicePlan\":31:{s:13:\"\0*\0connection\";s:5:\"mysql\";s:8:\"\0*\0table\";s:13:\"service_plans\";s:13:\"\0*\0primaryKey\";s:2:\"id\";s:10:\"\0*\0keyType\";s:3:\"int\";s:12:\"incrementing\";b:1;s:7:\"\0*\0with\";a:0:{}s:12:\"\0*\0withCount\";a:0:{}s:19:\"preventsLazyLoading\";b:0;s:10:\"\0*\0perPage\";i:15;s:6:\"exists\";b:1;s:18:\"wasRecentlyCreated\";b:0;s:28:\"\0*\0escapeWhenCastingToString\";b:0;s:13:\"\0*\0attributes\";a:7:{s:2:\"id\";i:1;s:6:\"ref_no\";s:4:\"0001\";s:4:\"name\";s:13:\"Hotspot Plans\";s:6:\"status\";i:1;s:10:\"created_at\";s:19:\"2025-08-03 21:10:02\";s:10:\"updated_at\";s:19:\"2025-08-03 21:10:02\";s:10:\"deleted_at\";N;}s:11:\"\0*\0original\";a:7:{s:2:\"id\";i:1;s:6:\"ref_no\";s:4:\"0001\";s:4:\"name\";s:13:\"Hotspot Plans\";s:6:\"status\";i:1;s:10:\"created_at\";s:19:\"2025-08-03 21:10:02\";s:10:\"updated_at\";s:19:\"2025-08-03 21:10:02\";s:10:\"deleted_at\";N;}s:10:\"\0*\0changes\";a:0:{}s:8:\"\0*\0casts\";a:1:{s:10:\"deleted_at\";s:8:\"datetime\";}s:17:\"\0*\0classCastCache\";a:0:{}s:21:\"\0*\0attributeCastCache\";a:0:{}s:13:\"\0*\0dateFormat\";N;s:10:\"\0*\0appends\";a:0:{}s:19:\"\0*\0dispatchesEvents\";a:0:{}s:14:\"\0*\0observables\";a:0:{}s:12:\"\0*\0relations\";a:0:{}s:10:\"\0*\0touches\";a:0:{}s:10:\"timestamps\";b:1;s:13:\"usesUniqueIds\";b:0;s:9:\"\0*\0hidden\";a:0:{}s:10:\"\0*\0visible\";a:0:{}s:11:\"\0*\0fillable\";a:3:{i:0;s:6:\"ref_no\";i:1;s:4:\"name\";i:2;s:6:\"status\";}s:10:\"\0*\0guarded\";a:1:{i:0;s:1:\"*\";}s:16:\"\0*\0forceDeleting\";b:0;}i:1;O:22:\"App\\Models\\ServicePlan\":31:{s:13:\"\0*\0connection\";s:5:\"mysql\";s:8:\"\0*\0table\";s:13:\"service_plans\";s:13:\"\0*\0primaryKey\";s:2:\"id\";s:10:\"\0*\0keyType\";s:3:\"int\";s:12:\"incrementing\";b:1;s:7:\"\0*\0with\";a:0:{}s:12:\"\0*\0withCount\";a:0:{}s:19:\"preventsLazyLoading\";b:0;s:10:\"\0*\0perPage\";i:15;s:6:\"exists\";b:1;s:18:\"wasRecentlyCreated\";b:0;s:28:\"\0*\0escapeWhenCastingToString\";b:0;s:13:\"\0*\0attributes\";a:7:{s:2:\"id\";i:2;s:6:\"ref_no\";s:4:\"0002\";s:4:\"name\";s:11:\"PPPoE Plans\";s:6:\"status\";i:1;s:10:\"created_at\";s:19:\"2025-08-03 21:10:02\";s:10:\"updated_at\";s:19:\"2025-08-03 21:10:02\";s:10:\"deleted_at\";N;}s:11:\"\0*\0original\";a:7:{s:2:\"id\";i:2;s:6:\"ref_no\";s:4:\"0002\";s:4:\"name\";s:11:\"PPPoE Plans\";s:6:\"status\";i:1;s:10:\"created_at\";s:19:\"2025-08-03 21:10:02\";s:10:\"updated_at\";s:19:\"2025-08-03 21:10:02\";s:10:\"deleted_at\";N;}s:10:\"\0*\0changes\";a:0:{}s:8:\"\0*\0casts\";a:1:{s:10:\"deleted_at\";s:8:\"datetime\";}s:17:\"\0*\0classCastCache\";a:0:{}s:21:\"\0*\0attributeCastCache\";a:0:{}s:13:\"\0*\0dateFormat\";N;s:10:\"\0*\0appends\";a:0:{}s:19:\"\0*\0dispatchesEvents\";a:0:{}s:14:\"\0*\0observables\";a:0:{}s:12:\"\0*\0relations\";a:0:{}s:10:\"\0*\0touches\";a:0:{}s:10:\"timestamps\";b:1;s:13:\"usesUniqueIds\";b:0;s:9:\"\0*\0hidden\";a:0:{}s:10:\"\0*\0visible\";a:0:{}s:11:\"\0*\0fillable\";a:3:{i:0;s:6:\"ref_no\";i:1;s:4:\"name\";i:2;s:6:\"status\";}s:10:\"\0*\0guarded\";a:1:{i:0;s:1:\"*\";}s:16:\"\0*\0forceDeleting\";b:0;}i:2;O:22:\"App\\Models\\ServicePlan\":31:{s:13:\"\0*\0connection\";s:5:\"mysql\";s:8:\"\0*\0table\";s:13:\"service_plans\";s:13:\"\0*\0primaryKey\";s:2:\"id\";s:10:\"\0*\0keyType\";s:3:\"int\";s:12:\"incrementing\";b:1;s:7:\"\0*\0with\";a:0:{}s:12:\"\0*\0withCount\";a:0:{}s:19:\"preventsLazyLoading\";b:0;s:10:\"\0*\0perPage\";i:15;s:6:\"exists\";b:1;s:18:\"wasRecentlyCreated\";b:0;s:28:\"\0*\0escapeWhenCastingToString\";b:0;s:13:\"\0*\0attributes\";a:7:{s:2:\"id\";i:3;s:6:\"ref_no\";s:4:\"0003\";s:4:\"name\";s:12:\"Static Plans\";s:6:\"status\";i:1;s:10:\"created_at\";s:19:\"2025-08-03 21:10:02\";s:10:\"updated_at\";s:19:\"2025-08-03 21:10:02\";s:10:\"deleted_at\";N;}s:11:\"\0*\0original\";a:7:{s:2:\"id\";i:3;s:6:\"ref_no\";s:4:\"0003\";s:4:\"name\";s:12:\"Static Plans\";s:6:\"status\";i:1;s:10:\"created_at\";s:19:\"2025-08-03 21:10:02\";s:10:\"updated_at\";s:19:\"2025-08-03 21:10:02\";s:10:\"deleted_at\";N;}s:10:\"\0*\0changes\";a:0:{}s:8:\"\0*\0casts\";a:1:{s:10:\"deleted_at\";s:8:\"datetime\";}s:17:\"\0*\0classCastCache\";a:0:{}s:21:\"\0*\0attributeCastCache\";a:0:{}s:13:\"\0*\0dateFormat\";N;s:10:\"\0*\0appends\";a:0:{}s:19:\"\0*\0dispatchesEvents\";a:0:{}s:14:\"\0*\0observables\";a:0:{}s:12:\"\0*\0relations\";a:0:{}s:10:\"\0*\0touches\";a:0:{}s:10:\"timestamps\";b:1;s:13:\"usesUniqueIds\";b:0;s:9:\"\0*\0hidden\";a:0:{}s:10:\"\0*\0visible\";a:0:{}s:11:\"\0*\0fillable\";a:3:{i:0;s:6:\"ref_no\";i:1;s:4:\"name\";i:2;s:6:\"status\";}s:10:\"\0*\0guarded\";a:1:{i:0;s:1:\"*\";}s:16:\"\0*\0forceDeleting\";b:0;}}s:28:\"\0*\0escapeWhenCastingToString\";b:0;}',2069609613),('sms_provider_requirements','O:39:\"Illuminate\\Database\\Eloquent\\Collection\":2:{s:8:\"\0*\0items\";a:8:{i:0;O:33:\"App\\Models\\SmsProviderRequirement\":31:{s:13:\"\0*\0connection\";s:5:\"mysql\";s:8:\"\0*\0table\";s:25:\"sms_provider_requirements\";s:13:\"\0*\0primaryKey\";s:2:\"id\";s:10:\"\0*\0keyType\";s:3:\"int\";s:12:\"incrementing\";b:1;s:7:\"\0*\0with\";a:0:{}s:12:\"\0*\0withCount\";a:0:{}s:19:\"preventsLazyLoading\";b:0;s:10:\"\0*\0perPage\";i:15;s:6:\"exists\";b:1;s:18:\"wasRecentlyCreated\";b:0;s:28:\"\0*\0escapeWhenCastingToString\";b:0;s:13:\"\0*\0attributes\";a:6:{s:2:\"id\";i:1;s:15:\"sms_provider_id\";i:1;s:18:\"sms_requirement_id\";i:1;s:10:\"created_at\";s:19:\"2025-08-03 21:10:04\";s:10:\"updated_at\";s:19:\"2025-08-03 21:10:04\";s:10:\"deleted_at\";N;}s:11:\"\0*\0original\";a:6:{s:2:\"id\";i:1;s:15:\"sms_provider_id\";i:1;s:18:\"sms_requirement_id\";i:1;s:10:\"created_at\";s:19:\"2025-08-03 21:10:04\";s:10:\"updated_at\";s:19:\"2025-08-03 21:10:04\";s:10:\"deleted_at\";N;}s:10:\"\0*\0changes\";a:0:{}s:8:\"\0*\0casts\";a:1:{s:10:\"deleted_at\";s:8:\"datetime\";}s:17:\"\0*\0classCastCache\";a:0:{}s:21:\"\0*\0attributeCastCache\";a:0:{}s:13:\"\0*\0dateFormat\";N;s:10:\"\0*\0appends\";a:0:{}s:19:\"\0*\0dispatchesEvents\";a:0:{}s:14:\"\0*\0observables\";a:0:{}s:12:\"\0*\0relations\";a:0:{}s:10:\"\0*\0touches\";a:0:{}s:10:\"timestamps\";b:1;s:13:\"usesUniqueIds\";b:0;s:9:\"\0*\0hidden\";a:0:{}s:10:\"\0*\0visible\";a:0:{}s:11:\"\0*\0fillable\";a:2:{i:0;s:15:\"sms_provider_id\";i:1;s:18:\"sms_requirement_id\";}s:10:\"\0*\0guarded\";a:1:{i:0;s:1:\"*\";}s:16:\"\0*\0forceDeleting\";b:0;}i:1;O:33:\"App\\Models\\SmsProviderRequirement\":31:{s:13:\"\0*\0connection\";s:5:\"mysql\";s:8:\"\0*\0table\";s:25:\"sms_provider_requirements\";s:13:\"\0*\0primaryKey\";s:2:\"id\";s:10:\"\0*\0keyType\";s:3:\"int\";s:12:\"incrementing\";b:1;s:7:\"\0*\0with\";a:0:{}s:12:\"\0*\0withCount\";a:0:{}s:19:\"preventsLazyLoading\";b:0;s:10:\"\0*\0perPage\";i:15;s:6:\"exists\";b:1;s:18:\"wasRecentlyCreated\";b:0;s:28:\"\0*\0escapeWhenCastingToString\";b:0;s:13:\"\0*\0attributes\";a:6:{s:2:\"id\";i:2;s:15:\"sms_provider_id\";i:1;s:18:\"sms_requirement_id\";i:3;s:10:\"created_at\";s:19:\"2025-08-03 21:10:04\";s:10:\"updated_at\";s:19:\"2025-08-03 21:10:04\";s:10:\"deleted_at\";N;}s:11:\"\0*\0original\";a:6:{s:2:\"id\";i:2;s:15:\"sms_provider_id\";i:1;s:18:\"sms_requirement_id\";i:3;s:10:\"created_at\";s:19:\"2025-08-03 21:10:04\";s:10:\"updated_at\";s:19:\"2025-08-03 21:10:04\";s:10:\"deleted_at\";N;}s:10:\"\0*\0changes\";a:0:{}s:8:\"\0*\0casts\";a:1:{s:10:\"deleted_at\";s:8:\"datetime\";}s:17:\"\0*\0classCastCache\";a:0:{}s:21:\"\0*\0attributeCastCache\";a:0:{}s:13:\"\0*\0dateFormat\";N;s:10:\"\0*\0appends\";a:0:{}s:19:\"\0*\0dispatchesEvents\";a:0:{}s:14:\"\0*\0observables\";a:0:{}s:12:\"\0*\0relations\";a:0:{}s:10:\"\0*\0touches\";a:0:{}s:10:\"timestamps\";b:1;s:13:\"usesUniqueIds\";b:0;s:9:\"\0*\0hidden\";a:0:{}s:10:\"\0*\0visible\";a:0:{}s:11:\"\0*\0fillable\";a:2:{i:0;s:15:\"sms_provider_id\";i:1;s:18:\"sms_requirement_id\";}s:10:\"\0*\0guarded\";a:1:{i:0;s:1:\"*\";}s:16:\"\0*\0forceDeleting\";b:0;}i:2;O:33:\"App\\Models\\SmsProviderRequirement\":31:{s:13:\"\0*\0connection\";s:5:\"mysql\";s:8:\"\0*\0table\";s:25:\"sms_provider_requirements\";s:13:\"\0*\0primaryKey\";s:2:\"id\";s:10:\"\0*\0keyType\";s:3:\"int\";s:12:\"incrementing\";b:1;s:7:\"\0*\0with\";a:0:{}s:12:\"\0*\0withCount\";a:0:{}s:19:\"preventsLazyLoading\";b:0;s:10:\"\0*\0perPage\";i:15;s:6:\"exists\";b:1;s:18:\"wasRecentlyCreated\";b:0;s:28:\"\0*\0escapeWhenCastingToString\";b:0;s:13:\"\0*\0attributes\";a:6:{s:2:\"id\";i:3;s:15:\"sms_provider_id\";i:1;s:18:\"sms_requirement_id\";i:4;s:10:\"created_at\";s:19:\"2025-08-03 21:10:04\";s:10:\"updated_at\";s:19:\"2025-08-03 21:10:04\";s:10:\"deleted_at\";N;}s:11:\"\0*\0original\";a:6:{s:2:\"id\";i:3;s:15:\"sms_provider_id\";i:1;s:18:\"sms_requirement_id\";i:4;s:10:\"created_at\";s:19:\"2025-08-03 21:10:04\";s:10:\"updated_at\";s:19:\"2025-08-03 21:10:04\";s:10:\"deleted_at\";N;}s:10:\"\0*\0changes\";a:0:{}s:8:\"\0*\0casts\";a:1:{s:10:\"deleted_at\";s:8:\"datetime\";}s:17:\"\0*\0classCastCache\";a:0:{}s:21:\"\0*\0attributeCastCache\";a:0:{}s:13:\"\0*\0dateFormat\";N;s:10:\"\0*\0appends\";a:0:{}s:19:\"\0*\0dispatchesEvents\";a:0:{}s:14:\"\0*\0observables\";a:0:{}s:12:\"\0*\0relations\";a:0:{}s:10:\"\0*\0touches\";a:0:{}s:10:\"timestamps\";b:1;s:13:\"usesUniqueIds\";b:0;s:9:\"\0*\0hidden\";a:0:{}s:10:\"\0*\0visible\";a:0:{}s:11:\"\0*\0fillable\";a:2:{i:0;s:15:\"sms_provider_id\";i:1;s:18:\"sms_requirement_id\";}s:10:\"\0*\0guarded\";a:1:{i:0;s:1:\"*\";}s:16:\"\0*\0forceDeleting\";b:0;}i:3;O:33:\"App\\Models\\SmsProviderRequirement\":31:{s:13:\"\0*\0connection\";s:5:\"mysql\";s:8:\"\0*\0table\";s:25:\"sms_provider_requirements\";s:13:\"\0*\0primaryKey\";s:2:\"id\";s:10:\"\0*\0keyType\";s:3:\"int\";s:12:\"incrementing\";b:1;s:7:\"\0*\0with\";a:0:{}s:12:\"\0*\0withCount\";a:0:{}s:19:\"preventsLazyLoading\";b:0;s:10:\"\0*\0perPage\";i:15;s:6:\"exists\";b:1;s:18:\"wasRecentlyCreated\";b:0;s:28:\"\0*\0escapeWhenCastingToString\";b:0;s:13:\"\0*\0attributes\";a:6:{s:2:\"id\";i:4;s:15:\"sms_provider_id\";i:2;s:18:\"sms_requirement_id\";i:1;s:10:\"created_at\";s:19:\"2025-08-03 21:10:04\";s:10:\"updated_at\";s:19:\"2025-08-03 21:10:04\";s:10:\"deleted_at\";N;}s:11:\"\0*\0original\";a:6:{s:2:\"id\";i:4;s:15:\"sms_provider_id\";i:2;s:18:\"sms_requirement_id\";i:1;s:10:\"created_at\";s:19:\"2025-08-03 21:10:04\";s:10:\"updated_at\";s:19:\"2025-08-03 21:10:04\";s:10:\"deleted_at\";N;}s:10:\"\0*\0changes\";a:0:{}s:8:\"\0*\0casts\";a:1:{s:10:\"deleted_at\";s:8:\"datetime\";}s:17:\"\0*\0classCastCache\";a:0:{}s:21:\"\0*\0attributeCastCache\";a:0:{}s:13:\"\0*\0dateFormat\";N;s:10:\"\0*\0appends\";a:0:{}s:19:\"\0*\0dispatchesEvents\";a:0:{}s:14:\"\0*\0observables\";a:0:{}s:12:\"\0*\0relations\";a:0:{}s:10:\"\0*\0touches\";a:0:{}s:10:\"timestamps\";b:1;s:13:\"usesUniqueIds\";b:0;s:9:\"\0*\0hidden\";a:0:{}s:10:\"\0*\0visible\";a:0:{}s:11:\"\0*\0fillable\";a:2:{i:0;s:15:\"sms_provider_id\";i:1;s:18:\"sms_requirement_id\";}s:10:\"\0*\0guarded\";a:1:{i:0;s:1:\"*\";}s:16:\"\0*\0forceDeleting\";b:0;}i:4;O:33:\"App\\Models\\SmsProviderRequirement\":31:{s:13:\"\0*\0connection\";s:5:\"mysql\";s:8:\"\0*\0table\";s:25:\"sms_provider_requirements\";s:13:\"\0*\0primaryKey\";s:2:\"id\";s:10:\"\0*\0keyType\";s:3:\"int\";s:12:\"incrementing\";b:1;s:7:\"\0*\0with\";a:0:{}s:12:\"\0*\0withCount\";a:0:{}s:19:\"preventsLazyLoading\";b:0;s:10:\"\0*\0perPage\";i:15;s:6:\"exists\";b:1;s:18:\"wasRecentlyCreated\";b:0;s:28:\"\0*\0escapeWhenCastingToString\";b:0;s:13:\"\0*\0attributes\";a:6:{s:2:\"id\";i:5;s:15:\"sms_provider_id\";i:2;s:18:\"sms_requirement_id\";i:5;s:10:\"created_at\";s:19:\"2025-08-03 21:10:04\";s:10:\"updated_at\";s:19:\"2025-08-03 21:10:04\";s:10:\"deleted_at\";N;}s:11:\"\0*\0original\";a:6:{s:2:\"id\";i:5;s:15:\"sms_provider_id\";i:2;s:18:\"sms_requirement_id\";i:5;s:10:\"created_at\";s:19:\"2025-08-03 21:10:04\";s:10:\"updated_at\";s:19:\"2025-08-03 21:10:04\";s:10:\"deleted_at\";N;}s:10:\"\0*\0changes\";a:0:{}s:8:\"\0*\0casts\";a:1:{s:10:\"deleted_at\";s:8:\"datetime\";}s:17:\"\0*\0classCastCache\";a:0:{}s:21:\"\0*\0attributeCastCache\";a:0:{}s:13:\"\0*\0dateFormat\";N;s:10:\"\0*\0appends\";a:0:{}s:19:\"\0*\0dispatchesEvents\";a:0:{}s:14:\"\0*\0observables\";a:0:{}s:12:\"\0*\0relations\";a:0:{}s:10:\"\0*\0touches\";a:0:{}s:10:\"timestamps\";b:1;s:13:\"usesUniqueIds\";b:0;s:9:\"\0*\0hidden\";a:0:{}s:10:\"\0*\0visible\";a:0:{}s:11:\"\0*\0fillable\";a:2:{i:0;s:15:\"sms_provider_id\";i:1;s:18:\"sms_requirement_id\";}s:10:\"\0*\0guarded\";a:1:{i:0;s:1:\"*\";}s:16:\"\0*\0forceDeleting\";b:0;}i:5;O:33:\"App\\Models\\SmsProviderRequirement\":31:{s:13:\"\0*\0connection\";s:5:\"mysql\";s:8:\"\0*\0table\";s:25:\"sms_provider_requirements\";s:13:\"\0*\0primaryKey\";s:2:\"id\";s:10:\"\0*\0keyType\";s:3:\"int\";s:12:\"incrementing\";b:1;s:7:\"\0*\0with\";a:0:{}s:12:\"\0*\0withCount\";a:0:{}s:19:\"preventsLazyLoading\";b:0;s:10:\"\0*\0perPage\";i:15;s:6:\"exists\";b:1;s:18:\"wasRecentlyCreated\";b:0;s:28:\"\0*\0escapeWhenCastingToString\";b:0;s:13:\"\0*\0attributes\";a:6:{s:2:\"id\";i:6;s:15:\"sms_provider_id\";i:2;s:18:\"sms_requirement_id\";i:2;s:10:\"created_at\";s:19:\"2025-08-03 21:10:04\";s:10:\"updated_at\";s:19:\"2025-08-03 21:10:04\";s:10:\"deleted_at\";N;}s:11:\"\0*\0original\";a:6:{s:2:\"id\";i:6;s:15:\"sms_provider_id\";i:2;s:18:\"sms_requirement_id\";i:2;s:10:\"created_at\";s:19:\"2025-08-03 21:10:04\";s:10:\"updated_at\";s:19:\"2025-08-03 21:10:04\";s:10:\"deleted_at\";N;}s:10:\"\0*\0changes\";a:0:{}s:8:\"\0*\0casts\";a:1:{s:10:\"deleted_at\";s:8:\"datetime\";}s:17:\"\0*\0classCastCache\";a:0:{}s:21:\"\0*\0attributeCastCache\";a:0:{}s:13:\"\0*\0dateFormat\";N;s:10:\"\0*\0appends\";a:0:{}s:19:\"\0*\0dispatchesEvents\";a:0:{}s:14:\"\0*\0observables\";a:0:{}s:12:\"\0*\0relations\";a:0:{}s:10:\"\0*\0touches\";a:0:{}s:10:\"timestamps\";b:1;s:13:\"usesUniqueIds\";b:0;s:9:\"\0*\0hidden\";a:0:{}s:10:\"\0*\0visible\";a:0:{}s:11:\"\0*\0fillable\";a:2:{i:0;s:15:\"sms_provider_id\";i:1;s:18:\"sms_requirement_id\";}s:10:\"\0*\0guarded\";a:1:{i:0;s:1:\"*\";}s:16:\"\0*\0forceDeleting\";b:0;}i:6;O:33:\"App\\Models\\SmsProviderRequirement\":31:{s:13:\"\0*\0connection\";s:5:\"mysql\";s:8:\"\0*\0table\";s:25:\"sms_provider_requirements\";s:13:\"\0*\0primaryKey\";s:2:\"id\";s:10:\"\0*\0keyType\";s:3:\"int\";s:12:\"incrementing\";b:1;s:7:\"\0*\0with\";a:0:{}s:12:\"\0*\0withCount\";a:0:{}s:19:\"preventsLazyLoading\";b:0;s:10:\"\0*\0perPage\";i:15;s:6:\"exists\";b:1;s:18:\"wasRecentlyCreated\";b:0;s:28:\"\0*\0escapeWhenCastingToString\";b:0;s:13:\"\0*\0attributes\";a:6:{s:2:\"id\";i:7;s:15:\"sms_provider_id\";i:4;s:18:\"sms_requirement_id\";i:1;s:10:\"created_at\";s:19:\"2025-08-03 21:10:04\";s:10:\"updated_at\";s:19:\"2025-08-03 21:10:04\";s:10:\"deleted_at\";N;}s:11:\"\0*\0original\";a:6:{s:2:\"id\";i:7;s:15:\"sms_provider_id\";i:4;s:18:\"sms_requirement_id\";i:1;s:10:\"created_at\";s:19:\"2025-08-03 21:10:04\";s:10:\"updated_at\";s:19:\"2025-08-03 21:10:04\";s:10:\"deleted_at\";N;}s:10:\"\0*\0changes\";a:0:{}s:8:\"\0*\0casts\";a:1:{s:10:\"deleted_at\";s:8:\"datetime\";}s:17:\"\0*\0classCastCache\";a:0:{}s:21:\"\0*\0attributeCastCache\";a:0:{}s:13:\"\0*\0dateFormat\";N;s:10:\"\0*\0appends\";a:0:{}s:19:\"\0*\0dispatchesEvents\";a:0:{}s:14:\"\0*\0observables\";a:0:{}s:12:\"\0*\0relations\";a:0:{}s:10:\"\0*\0touches\";a:0:{}s:10:\"timestamps\";b:1;s:13:\"usesUniqueIds\";b:0;s:9:\"\0*\0hidden\";a:0:{}s:10:\"\0*\0visible\";a:0:{}s:11:\"\0*\0fillable\";a:2:{i:0;s:15:\"sms_provider_id\";i:1;s:18:\"sms_requirement_id\";}s:10:\"\0*\0guarded\";a:1:{i:0;s:1:\"*\";}s:16:\"\0*\0forceDeleting\";b:0;}i:7;O:33:\"App\\Models\\SmsProviderRequirement\":31:{s:13:\"\0*\0connection\";s:5:\"mysql\";s:8:\"\0*\0table\";s:25:\"sms_provider_requirements\";s:13:\"\0*\0primaryKey\";s:2:\"id\";s:10:\"\0*\0keyType\";s:3:\"int\";s:12:\"incrementing\";b:1;s:7:\"\0*\0with\";a:0:{}s:12:\"\0*\0withCount\";a:0:{}s:19:\"preventsLazyLoading\";b:0;s:10:\"\0*\0perPage\";i:15;s:6:\"exists\";b:1;s:18:\"wasRecentlyCreated\";b:0;s:28:\"\0*\0escapeWhenCastingToString\";b:0;s:13:\"\0*\0attributes\";a:6:{s:2:\"id\";i:8;s:15:\"sms_provider_id\";i:4;s:18:\"sms_requirement_id\";i:2;s:10:\"created_at\";s:19:\"2025-08-03 21:10:04\";s:10:\"updated_at\";s:19:\"2025-08-03 21:10:04\";s:10:\"deleted_at\";N;}s:11:\"\0*\0original\";a:6:{s:2:\"id\";i:8;s:15:\"sms_provider_id\";i:4;s:18:\"sms_requirement_id\";i:2;s:10:\"created_at\";s:19:\"2025-08-03 21:10:04\";s:10:\"updated_at\";s:19:\"2025-08-03 21:10:04\";s:10:\"deleted_at\";N;}s:10:\"\0*\0changes\";a:0:{}s:8:\"\0*\0casts\";a:1:{s:10:\"deleted_at\";s:8:\"datetime\";}s:17:\"\0*\0classCastCache\";a:0:{}s:21:\"\0*\0attributeCastCache\";a:0:{}s:13:\"\0*\0dateFormat\";N;s:10:\"\0*\0appends\";a:0:{}s:19:\"\0*\0dispatchesEvents\";a:0:{}s:14:\"\0*\0observables\";a:0:{}s:12:\"\0*\0relations\";a:0:{}s:10:\"\0*\0touches\";a:0:{}s:10:\"timestamps\";b:1;s:13:\"usesUniqueIds\";b:0;s:9:\"\0*\0hidden\";a:0:{}s:10:\"\0*\0visible\";a:0:{}s:11:\"\0*\0fillable\";a:2:{i:0;s:15:\"sms_provider_id\";i:1;s:18:\"sms_requirement_id\";}s:10:\"\0*\0guarded\";a:1:{i:0;s:1:\"*\";}s:16:\"\0*\0forceDeleting\";b:0;}}s:28:\"\0*\0escapeWhenCastingToString\";b:0;}',2069609613),('sms_template_types','O:39:\"Illuminate\\Database\\Eloquent\\Collection\":2:{s:8:\"\0*\0items\";a:12:{i:0;O:26:\"App\\Models\\SmsTemplateType\":31:{s:13:\"\0*\0connection\";s:5:\"mysql\";s:8:\"\0*\0table\";s:18:\"sms_template_types\";s:13:\"\0*\0primaryKey\";s:2:\"id\";s:10:\"\0*\0keyType\";s:3:\"int\";s:12:\"incrementing\";b:1;s:7:\"\0*\0with\";a:0:{}s:12:\"\0*\0withCount\";a:0:{}s:19:\"preventsLazyLoading\";b:0;s:10:\"\0*\0perPage\";i:15;s:6:\"exists\";b:1;s:18:\"wasRecentlyCreated\";b:0;s:28:\"\0*\0escapeWhenCastingToString\";b:0;s:13:\"\0*\0attributes\";a:5:{s:2:\"id\";i:1;s:4:\"name\";s:28:\"Upcoming plan/package expiry\";s:10:\"created_at\";s:19:\"2025-08-03 21:10:08\";s:10:\"updated_at\";s:19:\"2025-08-03 21:10:08\";s:10:\"deleted_at\";N;}s:11:\"\0*\0original\";a:5:{s:2:\"id\";i:1;s:4:\"name\";s:28:\"Upcoming plan/package expiry\";s:10:\"created_at\";s:19:\"2025-08-03 21:10:08\";s:10:\"updated_at\";s:19:\"2025-08-03 21:10:08\";s:10:\"deleted_at\";N;}s:10:\"\0*\0changes\";a:0:{}s:8:\"\0*\0casts\";a:1:{s:10:\"deleted_at\";s:8:\"datetime\";}s:17:\"\0*\0classCastCache\";a:0:{}s:21:\"\0*\0attributeCastCache\";a:0:{}s:13:\"\0*\0dateFormat\";N;s:10:\"\0*\0appends\";a:0:{}s:19:\"\0*\0dispatchesEvents\";a:0:{}s:14:\"\0*\0observables\";a:0:{}s:12:\"\0*\0relations\";a:0:{}s:10:\"\0*\0touches\";a:0:{}s:10:\"timestamps\";b:1;s:13:\"usesUniqueIds\";b:0;s:9:\"\0*\0hidden\";a:0:{}s:10:\"\0*\0visible\";a:0:{}s:11:\"\0*\0fillable\";a:1:{i:0;s:4:\"name\";}s:10:\"\0*\0guarded\";a:1:{i:0;s:1:\"*\";}s:16:\"\0*\0forceDeleting\";b:0;}i:1;O:26:\"App\\Models\\SmsTemplateType\":31:{s:13:\"\0*\0connection\";s:5:\"mysql\";s:8:\"\0*\0table\";s:18:\"sms_template_types\";s:13:\"\0*\0primaryKey\";s:2:\"id\";s:10:\"\0*\0keyType\";s:3:\"int\";s:12:\"incrementing\";b:1;s:7:\"\0*\0with\";a:0:{}s:12:\"\0*\0withCount\";a:0:{}s:19:\"preventsLazyLoading\";b:0;s:10:\"\0*\0perPage\";i:15;s:6:\"exists\";b:1;s:18:\"wasRecentlyCreated\";b:0;s:28:\"\0*\0escapeWhenCastingToString\";b:0;s:13:\"\0*\0attributes\";a:5:{s:2:\"id\";i:2;s:4:\"name\";s:20:\"Invoice notification\";s:10:\"created_at\";s:19:\"2025-08-03 21:10:08\";s:10:\"updated_at\";s:19:\"2025-08-03 21:10:08\";s:10:\"deleted_at\";N;}s:11:\"\0*\0original\";a:5:{s:2:\"id\";i:2;s:4:\"name\";s:20:\"Invoice notification\";s:10:\"created_at\";s:19:\"2025-08-03 21:10:08\";s:10:\"updated_at\";s:19:\"2025-08-03 21:10:08\";s:10:\"deleted_at\";N;}s:10:\"\0*\0changes\";a:0:{}s:8:\"\0*\0casts\";a:1:{s:10:\"deleted_at\";s:8:\"datetime\";}s:17:\"\0*\0classCastCache\";a:0:{}s:21:\"\0*\0attributeCastCache\";a:0:{}s:13:\"\0*\0dateFormat\";N;s:10:\"\0*\0appends\";a:0:{}s:19:\"\0*\0dispatchesEvents\";a:0:{}s:14:\"\0*\0observables\";a:0:{}s:12:\"\0*\0relations\";a:0:{}s:10:\"\0*\0touches\";a:0:{}s:10:\"timestamps\";b:1;s:13:\"usesUniqueIds\";b:0;s:9:\"\0*\0hidden\";a:0:{}s:10:\"\0*\0visible\";a:0:{}s:11:\"\0*\0fillable\";a:1:{i:0;s:4:\"name\";}s:10:\"\0*\0guarded\";a:1:{i:0;s:1:\"*\";}s:16:\"\0*\0forceDeleting\";b:0;}i:2;O:26:\"App\\Models\\SmsTemplateType\":31:{s:13:\"\0*\0connection\";s:5:\"mysql\";s:8:\"\0*\0table\";s:18:\"sms_template_types\";s:13:\"\0*\0primaryKey\";s:2:\"id\";s:10:\"\0*\0keyType\";s:3:\"int\";s:12:\"incrementing\";b:1;s:7:\"\0*\0with\";a:0:{}s:12:\"\0*\0withCount\";a:0:{}s:19:\"preventsLazyLoading\";b:0;s:10:\"\0*\0perPage\";i:15;s:6:\"exists\";b:1;s:18:\"wasRecentlyCreated\";b:0;s:28:\"\0*\0escapeWhenCastingToString\";b:0;s:13:\"\0*\0attributes\";a:5:{s:2:\"id\";i:3;s:4:\"name\";s:20:\"Payment confirmation\";s:10:\"created_at\";s:19:\"2025-08-03 21:10:08\";s:10:\"updated_at\";s:19:\"2025-08-03 21:10:08\";s:10:\"deleted_at\";N;}s:11:\"\0*\0original\";a:5:{s:2:\"id\";i:3;s:4:\"name\";s:20:\"Payment confirmation\";s:10:\"created_at\";s:19:\"2025-08-03 21:10:08\";s:10:\"updated_at\";s:19:\"2025-08-03 21:10:08\";s:10:\"deleted_at\";N;}s:10:\"\0*\0changes\";a:0:{}s:8:\"\0*\0casts\";a:1:{s:10:\"deleted_at\";s:8:\"datetime\";}s:17:\"\0*\0classCastCache\";a:0:{}s:21:\"\0*\0attributeCastCache\";a:0:{}s:13:\"\0*\0dateFormat\";N;s:10:\"\0*\0appends\";a:0:{}s:19:\"\0*\0dispatchesEvents\";a:0:{}s:14:\"\0*\0observables\";a:0:{}s:12:\"\0*\0relations\";a:0:{}s:10:\"\0*\0touches\";a:0:{}s:10:\"timestamps\";b:1;s:13:\"usesUniqueIds\";b:0;s:9:\"\0*\0hidden\";a:0:{}s:10:\"\0*\0visible\";a:0:{}s:11:\"\0*\0fillable\";a:1:{i:0;s:4:\"name\";}s:10:\"\0*\0guarded\";a:1:{i:0;s:1:\"*\";}s:16:\"\0*\0forceDeleting\";b:0;}i:3;O:26:\"App\\Models\\SmsTemplateType\":31:{s:13:\"\0*\0connection\";s:5:\"mysql\";s:8:\"\0*\0table\";s:18:\"sms_template_types\";s:13:\"\0*\0primaryKey\";s:2:\"id\";s:10:\"\0*\0keyType\";s:3:\"int\";s:12:\"incrementing\";b:1;s:7:\"\0*\0with\";a:0:{}s:12:\"\0*\0withCount\";a:0:{}s:19:\"preventsLazyLoading\";b:0;s:10:\"\0*\0perPage\";i:15;s:6:\"exists\";b:1;s:18:\"wasRecentlyCreated\";b:0;s:28:\"\0*\0escapeWhenCastingToString\";b:0;s:13:\"\0*\0attributes\";a:5:{s:2:\"id\";i:4;s:4:\"name\";s:16:\"Payment reminder\";s:10:\"created_at\";s:19:\"2025-08-03 21:10:08\";s:10:\"updated_at\";s:19:\"2025-08-03 21:10:08\";s:10:\"deleted_at\";N;}s:11:\"\0*\0original\";a:5:{s:2:\"id\";i:4;s:4:\"name\";s:16:\"Payment reminder\";s:10:\"created_at\";s:19:\"2025-08-03 21:10:08\";s:10:\"updated_at\";s:19:\"2025-08-03 21:10:08\";s:10:\"deleted_at\";N;}s:10:\"\0*\0changes\";a:0:{}s:8:\"\0*\0casts\";a:1:{s:10:\"deleted_at\";s:8:\"datetime\";}s:17:\"\0*\0classCastCache\";a:0:{}s:21:\"\0*\0attributeCastCache\";a:0:{}s:13:\"\0*\0dateFormat\";N;s:10:\"\0*\0appends\";a:0:{}s:19:\"\0*\0dispatchesEvents\";a:0:{}s:14:\"\0*\0observables\";a:0:{}s:12:\"\0*\0relations\";a:0:{}s:10:\"\0*\0touches\";a:0:{}s:10:\"timestamps\";b:1;s:13:\"usesUniqueIds\";b:0;s:9:\"\0*\0hidden\";a:0:{}s:10:\"\0*\0visible\";a:0:{}s:11:\"\0*\0fillable\";a:1:{i:0;s:4:\"name\";}s:10:\"\0*\0guarded\";a:1:{i:0;s:1:\"*\";}s:16:\"\0*\0forceDeleting\";b:0;}i:4;O:26:\"App\\Models\\SmsTemplateType\":31:{s:13:\"\0*\0connection\";s:5:\"mysql\";s:8:\"\0*\0table\";s:18:\"sms_template_types\";s:13:\"\0*\0primaryKey\";s:2:\"id\";s:10:\"\0*\0keyType\";s:3:\"int\";s:12:\"incrementing\";b:1;s:7:\"\0*\0with\";a:0:{}s:12:\"\0*\0withCount\";a:0:{}s:19:\"preventsLazyLoading\";b:0;s:10:\"\0*\0perPage\";i:15;s:6:\"exists\";b:1;s:18:\"wasRecentlyCreated\";b:0;s:28:\"\0*\0escapeWhenCastingToString\";b:0;s:13:\"\0*\0attributes\";a:5:{s:2:\"id\";i:5;s:4:\"name\";s:23:\"Overdue payment warning\";s:10:\"created_at\";s:19:\"2025-08-03 21:10:08\";s:10:\"updated_at\";s:19:\"2025-08-03 21:10:08\";s:10:\"deleted_at\";N;}s:11:\"\0*\0original\";a:5:{s:2:\"id\";i:5;s:4:\"name\";s:23:\"Overdue payment warning\";s:10:\"created_at\";s:19:\"2025-08-03 21:10:08\";s:10:\"updated_at\";s:19:\"2025-08-03 21:10:08\";s:10:\"deleted_at\";N;}s:10:\"\0*\0changes\";a:0:{}s:8:\"\0*\0casts\";a:1:{s:10:\"deleted_at\";s:8:\"datetime\";}s:17:\"\0*\0classCastCache\";a:0:{}s:21:\"\0*\0attributeCastCache\";a:0:{}s:13:\"\0*\0dateFormat\";N;s:10:\"\0*\0appends\";a:0:{}s:19:\"\0*\0dispatchesEvents\";a:0:{}s:14:\"\0*\0observables\";a:0:{}s:12:\"\0*\0relations\";a:0:{}s:10:\"\0*\0touches\";a:0:{}s:10:\"timestamps\";b:1;s:13:\"usesUniqueIds\";b:0;s:9:\"\0*\0hidden\";a:0:{}s:10:\"\0*\0visible\";a:0:{}s:11:\"\0*\0fillable\";a:1:{i:0;s:4:\"name\";}s:10:\"\0*\0guarded\";a:1:{i:0;s:1:\"*\";}s:16:\"\0*\0forceDeleting\";b:0;}i:5;O:26:\"App\\Models\\SmsTemplateType\":31:{s:13:\"\0*\0connection\";s:5:\"mysql\";s:8:\"\0*\0table\";s:18:\"sms_template_types\";s:13:\"\0*\0primaryKey\";s:2:\"id\";s:10:\"\0*\0keyType\";s:3:\"int\";s:12:\"incrementing\";b:1;s:7:\"\0*\0with\";a:0:{}s:12:\"\0*\0withCount\";a:0:{}s:19:\"preventsLazyLoading\";b:0;s:10:\"\0*\0perPage\";i:15;s:6:\"exists\";b:1;s:18:\"wasRecentlyCreated\";b:0;s:28:\"\0*\0escapeWhenCastingToString\";b:0;s:13:\"\0*\0attributes\";a:5:{s:2:\"id\";i:6;s:4:\"name\";s:28:\"Service disconnection notice\";s:10:\"created_at\";s:19:\"2025-08-03 21:10:08\";s:10:\"updated_at\";s:19:\"2025-08-03 21:10:08\";s:10:\"deleted_at\";N;}s:11:\"\0*\0original\";a:5:{s:2:\"id\";i:6;s:4:\"name\";s:28:\"Service disconnection notice\";s:10:\"created_at\";s:19:\"2025-08-03 21:10:08\";s:10:\"updated_at\";s:19:\"2025-08-03 21:10:08\";s:10:\"deleted_at\";N;}s:10:\"\0*\0changes\";a:0:{}s:8:\"\0*\0casts\";a:1:{s:10:\"deleted_at\";s:8:\"datetime\";}s:17:\"\0*\0classCastCache\";a:0:{}s:21:\"\0*\0attributeCastCache\";a:0:{}s:13:\"\0*\0dateFormat\";N;s:10:\"\0*\0appends\";a:0:{}s:19:\"\0*\0dispatchesEvents\";a:0:{}s:14:\"\0*\0observables\";a:0:{}s:12:\"\0*\0relations\";a:0:{}s:10:\"\0*\0touches\";a:0:{}s:10:\"timestamps\";b:1;s:13:\"usesUniqueIds\";b:0;s:9:\"\0*\0hidden\";a:0:{}s:10:\"\0*\0visible\";a:0:{}s:11:\"\0*\0fillable\";a:1:{i:0;s:4:\"name\";}s:10:\"\0*\0guarded\";a:1:{i:0;s:1:\"*\";}s:16:\"\0*\0forceDeleting\";b:0;}i:6;O:26:\"App\\Models\\SmsTemplateType\":31:{s:13:\"\0*\0connection\";s:5:\"mysql\";s:8:\"\0*\0table\";s:18:\"sms_template_types\";s:13:\"\0*\0primaryKey\";s:2:\"id\";s:10:\"\0*\0keyType\";s:3:\"int\";s:12:\"incrementing\";b:1;s:7:\"\0*\0with\";a:0:{}s:12:\"\0*\0withCount\";a:0:{}s:19:\"preventsLazyLoading\";b:0;s:10:\"\0*\0perPage\";i:15;s:6:\"exists\";b:1;s:18:\"wasRecentlyCreated\";b:0;s:28:\"\0*\0escapeWhenCastingToString\";b:0;s:13:\"\0*\0attributes\";a:5:{s:2:\"id\";i:7;s:4:\"name\";s:32:\"Service restoration notification\";s:10:\"created_at\";s:19:\"2025-08-03 21:10:08\";s:10:\"updated_at\";s:19:\"2025-08-03 21:10:08\";s:10:\"deleted_at\";N;}s:11:\"\0*\0original\";a:5:{s:2:\"id\";i:7;s:4:\"name\";s:32:\"Service restoration notification\";s:10:\"created_at\";s:19:\"2025-08-03 21:10:08\";s:10:\"updated_at\";s:19:\"2025-08-03 21:10:08\";s:10:\"deleted_at\";N;}s:10:\"\0*\0changes\";a:0:{}s:8:\"\0*\0casts\";a:1:{s:10:\"deleted_at\";s:8:\"datetime\";}s:17:\"\0*\0classCastCache\";a:0:{}s:21:\"\0*\0attributeCastCache\";a:0:{}s:13:\"\0*\0dateFormat\";N;s:10:\"\0*\0appends\";a:0:{}s:19:\"\0*\0dispatchesEvents\";a:0:{}s:14:\"\0*\0observables\";a:0:{}s:12:\"\0*\0relations\";a:0:{}s:10:\"\0*\0touches\";a:0:{}s:10:\"timestamps\";b:1;s:13:\"usesUniqueIds\";b:0;s:9:\"\0*\0hidden\";a:0:{}s:10:\"\0*\0visible\";a:0:{}s:11:\"\0*\0fillable\";a:1:{i:0;s:4:\"name\";}s:10:\"\0*\0guarded\";a:1:{i:0;s:1:\"*\";}s:16:\"\0*\0forceDeleting\";b:0;}i:7;O:26:\"App\\Models\\SmsTemplateType\":31:{s:13:\"\0*\0connection\";s:5:\"mysql\";s:8:\"\0*\0table\";s:18:\"sms_template_types\";s:13:\"\0*\0primaryKey\";s:2:\"id\";s:10:\"\0*\0keyType\";s:3:\"int\";s:12:\"incrementing\";b:1;s:7:\"\0*\0with\";a:0:{}s:12:\"\0*\0withCount\";a:0:{}s:19:\"preventsLazyLoading\";b:0;s:10:\"\0*\0perPage\";i:15;s:6:\"exists\";b:1;s:18:\"wasRecentlyCreated\";b:0;s:28:\"\0*\0escapeWhenCastingToString\";b:0;s:13:\"\0*\0attributes\";a:5:{s:2:\"id\";i:8;s:4:\"name\";s:29:\"New subscription confirmation\";s:10:\"created_at\";s:19:\"2025-08-03 21:10:08\";s:10:\"updated_at\";s:19:\"2025-08-03 21:10:08\";s:10:\"deleted_at\";N;}s:11:\"\0*\0original\";a:5:{s:2:\"id\";i:8;s:4:\"name\";s:29:\"New subscription confirmation\";s:10:\"created_at\";s:19:\"2025-08-03 21:10:08\";s:10:\"updated_at\";s:19:\"2025-08-03 21:10:08\";s:10:\"deleted_at\";N;}s:10:\"\0*\0changes\";a:0:{}s:8:\"\0*\0casts\";a:1:{s:10:\"deleted_at\";s:8:\"datetime\";}s:17:\"\0*\0classCastCache\";a:0:{}s:21:\"\0*\0attributeCastCache\";a:0:{}s:13:\"\0*\0dateFormat\";N;s:10:\"\0*\0appends\";a:0:{}s:19:\"\0*\0dispatchesEvents\";a:0:{}s:14:\"\0*\0observables\";a:0:{}s:12:\"\0*\0relations\";a:0:{}s:10:\"\0*\0touches\";a:0:{}s:10:\"timestamps\";b:1;s:13:\"usesUniqueIds\";b:0;s:9:\"\0*\0hidden\";a:0:{}s:10:\"\0*\0visible\";a:0:{}s:11:\"\0*\0fillable\";a:1:{i:0;s:4:\"name\";}s:10:\"\0*\0guarded\";a:1:{i:0;s:1:\"*\";}s:16:\"\0*\0forceDeleting\";b:0;}i:8;O:26:\"App\\Models\\SmsTemplateType\":31:{s:13:\"\0*\0connection\";s:5:\"mysql\";s:8:\"\0*\0table\";s:18:\"sms_template_types\";s:13:\"\0*\0primaryKey\";s:2:\"id\";s:10:\"\0*\0keyType\";s:3:\"int\";s:12:\"incrementing\";b:1;s:7:\"\0*\0with\";a:0:{}s:12:\"\0*\0withCount\";a:0:{}s:19:\"preventsLazyLoading\";b:0;s:10:\"\0*\0perPage\";i:15;s:6:\"exists\";b:1;s:18:\"wasRecentlyCreated\";b:0;s:28:\"\0*\0escapeWhenCastingToString\";b:0;s:13:\"\0*\0attributes\";a:5:{s:2:\"id\";i:9;s:4:\"name\";s:38:\"Plan upgrade or downgrade confirmation\";s:10:\"created_at\";s:19:\"2025-08-03 21:10:08\";s:10:\"updated_at\";s:19:\"2025-08-03 21:10:08\";s:10:\"deleted_at\";N;}s:11:\"\0*\0original\";a:5:{s:2:\"id\";i:9;s:4:\"name\";s:38:\"Plan upgrade or downgrade confirmation\";s:10:\"created_at\";s:19:\"2025-08-03 21:10:08\";s:10:\"updated_at\";s:19:\"2025-08-03 21:10:08\";s:10:\"deleted_at\";N;}s:10:\"\0*\0changes\";a:0:{}s:8:\"\0*\0casts\";a:1:{s:10:\"deleted_at\";s:8:\"datetime\";}s:17:\"\0*\0classCastCache\";a:0:{}s:21:\"\0*\0attributeCastCache\";a:0:{}s:13:\"\0*\0dateFormat\";N;s:10:\"\0*\0appends\";a:0:{}s:19:\"\0*\0dispatchesEvents\";a:0:{}s:14:\"\0*\0observables\";a:0:{}s:12:\"\0*\0relations\";a:0:{}s:10:\"\0*\0touches\";a:0:{}s:10:\"timestamps\";b:1;s:13:\"usesUniqueIds\";b:0;s:9:\"\0*\0hidden\";a:0:{}s:10:\"\0*\0visible\";a:0:{}s:11:\"\0*\0fillable\";a:1:{i:0;s:4:\"name\";}s:10:\"\0*\0guarded\";a:1:{i:0;s:1:\"*\";}s:16:\"\0*\0forceDeleting\";b:0;}i:9;O:26:\"App\\Models\\SmsTemplateType\":31:{s:13:\"\0*\0connection\";s:5:\"mysql\";s:8:\"\0*\0table\";s:18:\"sms_template_types\";s:13:\"\0*\0primaryKey\";s:2:\"id\";s:10:\"\0*\0keyType\";s:3:\"int\";s:12:\"incrementing\";b:1;s:7:\"\0*\0with\";a:0:{}s:12:\"\0*\0withCount\";a:0:{}s:19:\"preventsLazyLoading\";b:0;s:10:\"\0*\0perPage\";i:15;s:6:\"exists\";b:1;s:18:\"wasRecentlyCreated\";b:0;s:28:\"\0*\0escapeWhenCastingToString\";b:0;s:13:\"\0*\0attributes\";a:5:{s:2:\"id\";i:10;s:4:\"name\";s:32:\"Service maintenance notification\";s:10:\"created_at\";s:19:\"2025-08-03 21:10:08\";s:10:\"updated_at\";s:19:\"2025-08-03 21:10:08\";s:10:\"deleted_at\";N;}s:11:\"\0*\0original\";a:5:{s:2:\"id\";i:10;s:4:\"name\";s:32:\"Service maintenance notification\";s:10:\"created_at\";s:19:\"2025-08-03 21:10:08\";s:10:\"updated_at\";s:19:\"2025-08-03 21:10:08\";s:10:\"deleted_at\";N;}s:10:\"\0*\0changes\";a:0:{}s:8:\"\0*\0casts\";a:1:{s:10:\"deleted_at\";s:8:\"datetime\";}s:17:\"\0*\0classCastCache\";a:0:{}s:21:\"\0*\0attributeCastCache\";a:0:{}s:13:\"\0*\0dateFormat\";N;s:10:\"\0*\0appends\";a:0:{}s:19:\"\0*\0dispatchesEvents\";a:0:{}s:14:\"\0*\0observables\";a:0:{}s:12:\"\0*\0relations\";a:0:{}s:10:\"\0*\0touches\";a:0:{}s:10:\"timestamps\";b:1;s:13:\"usesUniqueIds\";b:0;s:9:\"\0*\0hidden\";a:0:{}s:10:\"\0*\0visible\";a:0:{}s:11:\"\0*\0fillable\";a:1:{i:0;s:4:\"name\";}s:10:\"\0*\0guarded\";a:1:{i:0;s:1:\"*\";}s:16:\"\0*\0forceDeleting\";b:0;}i:10;O:26:\"App\\Models\\SmsTemplateType\":31:{s:13:\"\0*\0connection\";s:5:\"mysql\";s:8:\"\0*\0table\";s:18:\"sms_template_types\";s:13:\"\0*\0primaryKey\";s:2:\"id\";s:10:\"\0*\0keyType\";s:3:\"int\";s:12:\"incrementing\";b:1;s:7:\"\0*\0with\";a:0:{}s:12:\"\0*\0withCount\";a:0:{}s:19:\"preventsLazyLoading\";b:0;s:10:\"\0*\0perPage\";i:15;s:6:\"exists\";b:1;s:18:\"wasRecentlyCreated\";b:0;s:28:\"\0*\0escapeWhenCastingToString\";b:0;s:13:\"\0*\0attributes\";a:5:{s:2:\"id\";i:11;s:4:\"name\";s:20:\"Service outage alert\";s:10:\"created_at\";s:19:\"2025-08-03 21:10:08\";s:10:\"updated_at\";s:19:\"2025-08-03 21:10:08\";s:10:\"deleted_at\";N;}s:11:\"\0*\0original\";a:5:{s:2:\"id\";i:11;s:4:\"name\";s:20:\"Service outage alert\";s:10:\"created_at\";s:19:\"2025-08-03 21:10:08\";s:10:\"updated_at\";s:19:\"2025-08-03 21:10:08\";s:10:\"deleted_at\";N;}s:10:\"\0*\0changes\";a:0:{}s:8:\"\0*\0casts\";a:1:{s:10:\"deleted_at\";s:8:\"datetime\";}s:17:\"\0*\0classCastCache\";a:0:{}s:21:\"\0*\0attributeCastCache\";a:0:{}s:13:\"\0*\0dateFormat\";N;s:10:\"\0*\0appends\";a:0:{}s:19:\"\0*\0dispatchesEvents\";a:0:{}s:14:\"\0*\0observables\";a:0:{}s:12:\"\0*\0relations\";a:0:{}s:10:\"\0*\0touches\";a:0:{}s:10:\"timestamps\";b:1;s:13:\"usesUniqueIds\";b:0;s:9:\"\0*\0hidden\";a:0:{}s:10:\"\0*\0visible\";a:0:{}s:11:\"\0*\0fillable\";a:1:{i:0;s:4:\"name\";}s:10:\"\0*\0guarded\";a:1:{i:0;s:1:\"*\";}s:16:\"\0*\0forceDeleting\";b:0;}i:11;O:26:\"App\\Models\\SmsTemplateType\":31:{s:13:\"\0*\0connection\";s:5:\"mysql\";s:8:\"\0*\0table\";s:18:\"sms_template_types\";s:13:\"\0*\0primaryKey\";s:2:\"id\";s:10:\"\0*\0keyType\";s:3:\"int\";s:12:\"incrementing\";b:1;s:7:\"\0*\0with\";a:0:{}s:12:\"\0*\0withCount\";a:0:{}s:19:\"preventsLazyLoading\";b:0;s:10:\"\0*\0perPage\";i:15;s:6:\"exists\";b:1;s:18:\"wasRecentlyCreated\";b:0;s:28:\"\0*\0escapeWhenCastingToString\";b:0;s:13:\"\0*\0attributes\";a:5:{s:2:\"id\";i:12;s:4:\"name\";s:21:\"Hotspot Plan Purchase\";s:10:\"created_at\";s:19:\"2025-08-03 21:10:08\";s:10:\"updated_at\";s:19:\"2025-08-03 21:10:08\";s:10:\"deleted_at\";N;}s:11:\"\0*\0original\";a:5:{s:2:\"id\";i:12;s:4:\"name\";s:21:\"Hotspot Plan Purchase\";s:10:\"created_at\";s:19:\"2025-08-03 21:10:08\";s:10:\"updated_at\";s:19:\"2025-08-03 21:10:08\";s:10:\"deleted_at\";N;}s:10:\"\0*\0changes\";a:0:{}s:8:\"\0*\0casts\";a:1:{s:10:\"deleted_at\";s:8:\"datetime\";}s:17:\"\0*\0classCastCache\";a:0:{}s:21:\"\0*\0attributeCastCache\";a:0:{}s:13:\"\0*\0dateFormat\";N;s:10:\"\0*\0appends\";a:0:{}s:19:\"\0*\0dispatchesEvents\";a:0:{}s:14:\"\0*\0observables\";a:0:{}s:12:\"\0*\0relations\";a:0:{}s:10:\"\0*\0touches\";a:0:{}s:10:\"timestamps\";b:1;s:13:\"usesUniqueIds\";b:0;s:9:\"\0*\0hidden\";a:0:{}s:10:\"\0*\0visible\";a:0:{}s:11:\"\0*\0fillable\";a:1:{i:0;s:4:\"name\";}s:10:\"\0*\0guarded\";a:1:{i:0;s:1:\"*\";}s:16:\"\0*\0forceDeleting\";b:0;}}s:28:\"\0*\0escapeWhenCastingToString\";b:0;}',2069609613),('spatie.permission.cache','a:3:{s:5:\"alias\";a:4:{s:1:\"a\";s:2:\"id\";s:1:\"b\";s:4:\"name\";s:1:\"c\";s:5:\"group\";s:1:\"d\";s:10:\"guard_name\";}s:11:\"permissions\";a:2:{i:0;a:4:{s:1:\"a\";i:1;s:1:\"b\";s:18:\"Administer Company\";s:1:\"c\";N;s:1:\"d\";s:3:\"web\";}i:1;a:4:{s:1:\"a\";i:2;s:1:\"b\";s:5:\"Staff\";s:1:\"c\";N;s:1:\"d\";s:3:\"web\";}}s:5:\"roles\";a:0:{}}',1756215934);

--
-- Table structure for table `cache_locks`
--

CREATE TABLE `cache_locks` (
  `key` varchar(191) COLLATE utf8mb4_unicode_ci NOT NULL,
  `owner` varchar(191) COLLATE utf8mb4_unicode_ci NOT NULL,
  `expiration` int NOT NULL,
  PRIMARY KEY (`key`)
) ENGINE=InnoDB DEFAULT CHARSET=utf8mb4 COLLATE=utf8mb4_unicode_ci;

--
-- Dumping data for table `cache_locks`
--


--
-- Table structure for table `client_to_be_disconnecteds`
--

CREATE TABLE `client_to_be_disconnecteds` (
  `id` bigint unsigned NOT NULL AUTO_INCREMENT,
  `company_customer_service_plan_id` int NOT NULL,
  `created_at` timestamp NULL DEFAULT NULL,
  `updated_at` timestamp NULL DEFAULT NULL,
  PRIMARY KEY (`id`)
) ENGINE=InnoDB DEFAULT CHARSET=utf8mb4 COLLATE=utf8mb4_unicode_ci;

--
-- Dumping data for table `client_to_be_disconnecteds`
--


--
-- Table structure for table `companies`
--

CREATE TABLE `companies` (
  `id` bigint unsigned NOT NULL AUTO_INCREMENT,
  `ref_no` varchar(191) COLLATE utf8mb4_unicode_ci NOT NULL,
  `user_id` bigint unsigned NOT NULL,
  `name` varchar(191) COLLATE utf8mb4_unicode_ci NOT NULL,
  `phone` varchar(191) COLLATE utf8mb4_unicode_ci NOT NULL,
  `email` varchar(191) CHARACTER SET utf8mb4 COLLATE utf8mb4_unicode_ci DEFAULT NULL,
  `box_address` varchar(191) COLLATE utf8mb4_unicode_ci DEFAULT NULL,
  `location` varchar(191) COLLATE utf8mb4_unicode_ci DEFAULT NULL,
  `latitude` varchar(191) COLLATE utf8mb4_unicode_ci DEFAULT NULL,
  `longitude` varchar(191) COLLATE utf8mb4_unicode_ci DEFAULT NULL,
  `logo` varchar(191) COLLATE utf8mb4_unicode_ci DEFAULT NULL,
  `subscription_expiry_date` varchar(191) COLLATE utf8mb4_unicode_ci DEFAULT NULL,
  `status` int NOT NULL DEFAULT '1' COMMENT '0=inactive, 1=active',
  `created_at` timestamp NULL DEFAULT NULL,
  `updated_at` timestamp NULL DEFAULT NULL,
  `deleted_at` timestamp NULL DEFAULT NULL,
  PRIMARY KEY (`id`),
  KEY `companies_user_id_foreign` (`user_id`),
  CONSTRAINT `companies_user_id_foreign` FOREIGN KEY (`user_id`) REFERENCES `users` (`id`) ON DELETE CASCADE
) ENGINE=InnoDB AUTO_INCREMENT=11 DEFAULT CHARSET=utf8mb4 COLLATE=utf8mb4_unicode_ci;

--
-- Dumping data for table `companies`
--

INSERT INTO `companies` VALUES (7,'Z0NMLW',14,'Ben Ltd','0745678',NULL,NULL,NULL,NULL,NULL,NULL,NULL,1,'2025-08-05 15:16:01','2025-08-05 15:16:01',NULL),(8,'G4CXZF',15,'Ngoni Net','0716583413','sirnjovu86@gmail.com',NULL,'Dar',NULL,NULL,NULL,NULL,1,'2025-08-05 16:56:56','2025-08-07 19:29:06',NULL),(9,'59GXBR',16,'Admin','0712345679',NULL,NULL,NULL,NULL,NULL,NULL,NULL,1,'2025-08-12 12:25:52','2025-08-12 12:25:52',NULL),(10,'A0BENR',15,'Ngoni Net','0763752350','sirnjovu86@gmail.com',NULL,NULL,NULL,NULL,'CcK60wMoPJAhqf3w1oMRN4fb5tMV4tJlspeXQwUe.webp','2025-09-19 22:43:26',0,'2025-08-19 20:43:26','2025-08-20 06:04:03',NULL);

--
-- Table structure for table `company_bulk_messages`
--

CREATE TABLE `company_bulk_messages` (
  `id` bigint unsigned NOT NULL AUTO_INCREMENT,
  `ref_no` varchar(191) COLLATE utf8mb4_unicode_ci NOT NULL,
  `user_id` int DEFAULT NULL,
  `company_id` int DEFAULT NULL,
  `company_router_id` int DEFAULT NULL,
  `company_customer_service_plan_id` int DEFAULT NULL,
  `message_mode_id` bigint unsigned NOT NULL,
  `phone` varchar(191) COLLATE utf8mb4_unicode_ci DEFAULT NULL,
  `email` varchar(191) COLLATE utf8mb4_unicode_ci DEFAULT NULL,
  `title` varchar(191) COLLATE utf8mb4_unicode_ci DEFAULT NULL,
  `filename` varchar(191) COLLATE utf8mb4_unicode_ci DEFAULT NULL,
  `content` longtext COLLATE utf8mb4_unicode_ci NOT NULL,
  `created_at` timestamp NULL DEFAULT NULL,
  `updated_at` timestamp NULL DEFAULT NULL,
  `deleted_at` timestamp NULL DEFAULT NULL,
  PRIMARY KEY (`id`),
  KEY `company_bulk_messages_message_mode_id_foreign` (`message_mode_id`),
  CONSTRAINT `company_bulk_messages_message_mode_id_foreign` FOREIGN KEY (`message_mode_id`) REFERENCES `message_modes` (`id`) ON DELETE CASCADE
) ENGINE=InnoDB AUTO_INCREMENT=4 DEFAULT CHARSET=utf8mb4 COLLATE=utf8mb4_unicode_ci;

--
-- Dumping data for table `company_bulk_messages`
--

INSERT INTO `company_bulk_messages` VALUES (1,'BKXJA2',NULL,NULL,3,NULL,1,'0745678',NULL,NULL,NULL,'Dear Ben, this is a notification that your billing system subscription has expired. Pay Ksh 20,000 using below link; https://heritagegroup.co.ke/renew-company-router-subscription/3 ','2025-08-09 06:00:07','2025-08-16 22:30:10','2025-08-16 22:30:10'),(2,'HIOF8D',1,0,NULL,NULL,1,'0745678',NULL,NULL,NULL,'Dear Ben, your invoice for Aug amounting to Ksh  has been generated. Please pay via paybill -  and account number ','2025-08-12 08:53:24','2025-08-19 22:30:13','2025-08-19 22:30:13'),(3,'HIOF8D',1,0,NULL,NULL,1,'0763752350',NULL,NULL,NULL,'Dear Erick, your invoice for Aug amounting to Ksh  has been generated. Please pay via paybill -  and account number ','2025-08-12 08:53:24','2025-08-19 22:30:13','2025-08-19 22:30:13');

--
-- Table structure for table `company_customer_invoice_notify_rates`
--

CREATE TABLE `company_customer_invoice_notify_rates` (
  `id` bigint unsigned NOT NULL AUTO_INCREMENT,
  `company_id` bigint unsigned DEFAULT NULL,
  `days_before` varchar(191) COLLATE utf8mb4_unicode_ci NOT NULL,
  `created_at` timestamp NULL DEFAULT NULL,
  `updated_at` timestamp NULL DEFAULT NULL,
  PRIMARY KEY (`id`),
  KEY `company_customer_invoice_notify_rates_company_id_foreign` (`company_id`),
  CONSTRAINT `company_customer_invoice_notify_rates_company_id_foreign` FOREIGN KEY (`company_id`) REFERENCES `companies` (`id`) ON DELETE CASCADE
) ENGINE=InnoDB DEFAULT CHARSET=utf8mb4 COLLATE=utf8mb4_unicode_ci;

--
-- Dumping data for table `company_customer_invoice_notify_rates`
--


--
-- Table structure for table `company_customer_invoice_payments`
--

CREATE TABLE `company_customer_invoice_payments` (
  `id` bigint unsigned NOT NULL AUTO_INCREMENT,
  `customer_invoice_id` int NOT NULL,
  `grouped_transaction_id` int NOT NULL,
  `amount` decimal(8,2) NOT NULL DEFAULT '0.00',
  `payment_date` timestamp NOT NULL DEFAULT CURRENT_TIMESTAMP,
  `created_at` timestamp NULL DEFAULT NULL,
  `updated_at` timestamp NULL DEFAULT NULL,
  `deleted_at` timestamp NULL DEFAULT NULL,
  PRIMARY KEY (`id`)
) ENGINE=InnoDB AUTO_INCREMENT=7 DEFAULT CHARSET=utf8mb4 COLLATE=utf8mb4_unicode_ci;

--
-- Dumping data for table `company_customer_invoice_payments`
--

INSERT INTO `company_customer_invoice_payments` VALUES (1,2,15,40000.00,'2025-08-16 22:00:00','2025-08-17 13:57:20','2025-08-17 13:57:20',NULL),(2,1,16,40000.00,'2025-08-16 22:00:00','2025-08-17 13:59:11','2025-08-17 13:59:11',NULL),(3,3,17,40000.00,'2025-08-16 22:00:00','2025-08-17 14:00:50','2025-08-17 14:00:50',NULL),(4,4,18,40000.00,'2025-08-16 22:00:00','2025-08-17 14:05:43','2025-08-17 14:05:43',NULL),(5,5,33,40000.00,'2025-08-20 22:00:00','2025-08-21 04:24:26','2025-08-21 04:24:26',NULL),(6,6,34,40000.00,'2025-08-18 22:00:00','2025-08-21 04:33:24','2025-08-21 04:33:24',NULL);

--
-- Table structure for table `company_customer_invoices`
--

CREATE TABLE `company_customer_invoices` (
  `id` bigint unsigned NOT NULL AUTO_INCREMENT,
  `ref_no` varchar(191) COLLATE utf8mb4_unicode_ci NOT NULL,
  `company_customer_id` bigint unsigned NOT NULL,
  `customer_service_plan_id` int NOT NULL,
  `company_service_plan_id` bigint unsigned NOT NULL,
  `from_date` timestamp NOT NULL,
  `to_date` timestamp NOT NULL,
  `amount` decimal(8,2) NOT NULL DEFAULT '0.00',
  `status` int NOT NULL DEFAULT '0' COMMENT '0=pending, 1=paid, 2=overdue',
  `created_at` timestamp NULL DEFAULT NULL,
  `updated_at` timestamp NULL DEFAULT NULL,
  `deleted_at` timestamp NULL DEFAULT NULL,
  PRIMARY KEY (`id`),
  KEY `company_customer_invoices_company_customer_id_foreign` (`company_customer_id`),
  KEY `company_customer_invoices_company_service_plan_id_foreign` (`company_service_plan_id`),
  CONSTRAINT `company_customer_invoices_company_customer_id_foreign` FOREIGN KEY (`company_customer_id`) REFERENCES `company_customers` (`id`) ON DELETE CASCADE,
  CONSTRAINT `company_customer_invoices_company_service_plan_id_foreign` FOREIGN KEY (`company_service_plan_id`) REFERENCES `company_service_plans` (`id`) ON DELETE CASCADE
) ENGINE=InnoDB AUTO_INCREMENT=7 DEFAULT CHARSET=utf8mb4 COLLATE=utf8mb4_unicode_ci;

--
-- Dumping data for table `company_customer_invoices`
--

INSERT INTO `company_customer_invoices` VALUES (1,'X7VM30',19,16,22,'2025-08-17 08:18:10','2025-09-17 08:18:10',40000.00,1,'2025-08-17 08:18:10','2025-08-17 13:59:11',NULL),(2,'9DW5GU',20,17,22,'2025-08-17 13:16:10','2025-09-17 13:16:10',40000.00,1,'2025-08-17 13:16:10','2025-08-17 13:57:20',NULL),(3,'N8LV3C',21,18,22,'2025-08-17 14:00:15','2025-09-17 14:00:15',40000.00,1,'2025-08-17 14:00:15','2025-08-17 14:00:50',NULL),(4,'5JCK71',22,19,22,'2025-08-17 14:05:10','2025-09-17 14:05:10',40000.00,1,'2025-08-17 14:05:10','2025-08-17 14:05:43',NULL),(5,'0O4GCT',23,20,22,'2025-08-17 14:08:43','2025-09-17 14:08:43',40000.00,1,'2025-08-17 14:08:43','2025-08-21 04:24:26',NULL),(6,'V3SGJC',61,67,22,'2025-08-20 14:09:02','2025-09-20 14:09:02',40000.00,1,'2025-08-20 14:09:02','2025-08-21 04:33:24',NULL);

--
-- Table structure for table `company_customer_service_plan_installation_item_payments`
--

CREATE TABLE `company_customer_service_plan_installation_item_payments` (
  `id` bigint unsigned NOT NULL AUTO_INCREMENT,
  `company_customer_service_plan_installation_item_id` int NOT NULL,
  `company_grouped_transaction_id` int DEFAULT NULL,
  `amount` decimal(8,2) NOT NULL DEFAULT '0.00',
  `created_at` timestamp NULL DEFAULT NULL,
  `updated_at` timestamp NULL DEFAULT NULL,
  `deleted_at` timestamp NULL DEFAULT NULL,
  PRIMARY KEY (`id`)
) ENGINE=InnoDB AUTO_INCREMENT=3 DEFAULT CHARSET=utf8mb4 COLLATE=utf8mb4_unicode_ci;

--
-- Dumping data for table `company_customer_service_plan_installation_item_payments`
--

INSERT INTO `company_customer_service_plan_installation_item_payments` VALUES (1,1,17,21000.00,'2025-08-17 14:00:50','2025-08-17 14:00:50',NULL),(2,2,18,21000.00,'2025-08-17 14:05:43','2025-08-17 14:05:43',NULL);

--
-- Table structure for table `company_customer_service_plan_installation_items`
--

CREATE TABLE `company_customer_service_plan_installation_items` (
  `id` bigint unsigned NOT NULL AUTO_INCREMENT,
  `company_customer_service_plan_id` int NOT NULL,
  `name` varchar(191) COLLATE utf8mb4_unicode_ci NOT NULL,
  `cost` decimal(8,2) NOT NULL DEFAULT '0.00',
  `status` int NOT NULL DEFAULT '0' COMMENT '0=pending, 1=settled',
  `created_at` timestamp NULL DEFAULT NULL,
  `updated_at` timestamp NULL DEFAULT NULL,
  `deleted_at` timestamp NULL DEFAULT NULL,
  PRIMARY KEY (`id`)
) ENGINE=InnoDB AUTO_INCREMENT=3 DEFAULT CHARSET=utf8mb4 COLLATE=utf8mb4_unicode_ci;

--
-- Dumping data for table `company_customer_service_plan_installation_items`
--

INSERT INTO `company_customer_service_plan_installation_items` VALUES (1,18,'Tenda',21000.00,1,'2025-08-17 14:00:15','2025-08-17 14:00:50',NULL),(2,19,'Tenda Router',21000.00,1,'2025-08-17 14:05:10','2025-08-17 14:05:43',NULL);

--
-- Table structure for table `company_customer_service_plan_previous_debt_payments`
--

CREATE TABLE `company_customer_service_plan_previous_debt_payments` (
  `id` bigint unsigned NOT NULL AUTO_INCREMENT,
  `customer_service_plan_id` int DEFAULT NULL,
  `amount` decimal(8,2) NOT NULL DEFAULT '0.00',
  `created_at` timestamp NULL DEFAULT NULL,
  `updated_at` timestamp NULL DEFAULT NULL,
  `deleted_at` timestamp NULL DEFAULT NULL,
  PRIMARY KEY (`id`)
) ENGINE=InnoDB DEFAULT CHARSET=utf8mb4 COLLATE=utf8mb4_unicode_ci;

--
-- Dumping data for table `company_customer_service_plan_previous_debt_payments`
--


--
-- Table structure for table `company_customer_service_plans`
--

CREATE TABLE `company_customer_service_plans` (
  `id` bigint unsigned NOT NULL AUTO_INCREMENT,
  `ref_no` varchar(191) COLLATE utf8mb4_unicode_ci NOT NULL,
  `company_customer_id` int DEFAULT NULL,
  `company_router_id` bigint unsigned NOT NULL,
  `location` varchar(191) COLLATE utf8mb4_unicode_ci DEFAULT NULL,
  `latitude` varchar(191) COLLATE utf8mb4_unicode_ci DEFAULT NULL,
  `longitude` varchar(191) COLLATE utf8mb4_unicode_ci DEFAULT NULL,
  `installation_amount` decimal(8,2) NOT NULL DEFAULT '0.00',
  `profile_name` varchar(191) COLLATE utf8mb4_unicode_ci DEFAULT NULL,
  `username` varchar(191) COLLATE utf8mb4_unicode_ci DEFAULT NULL,
  `password` varchar(191) COLLATE utf8mb4_unicode_ci DEFAULT NULL,
  `mac_address` varchar(191) COLLATE utf8mb4_unicode_ci DEFAULT NULL,
  `static_ip_address` varchar(191) COLLATE utf8mb4_unicode_ci DEFAULT NULL,
  `ip_prefix_length_id` int DEFAULT NULL,
  `company_router_interface_id` int DEFAULT NULL,
  `company_service_plan_id` bigint unsigned NOT NULL,
  `company_grouped_transaction_id` int DEFAULT NULL,
  `company_prepaid_voucher_id` int DEFAULT NULL,
  `previous_debt` decimal(8,2) NOT NULL DEFAULT '0.00',
  `previous_overpayment` decimal(8,2) NOT NULL DEFAULT '0.00',
  `subscription_expiry_date` varchar(191) COLLATE utf8mb4_unicode_ci NOT NULL,
  `last_notified_at` timestamp NULL DEFAULT NULL,
  `monthly_sub_amount` decimal(8,2) NOT NULL DEFAULT '0.00',
  `online_status` int NOT NULL DEFAULT '1' COMMENT '0=offline, 1=online',
  `updated_status_id` int NOT NULL DEFAULT '0',
  `status` int NOT NULL DEFAULT '1' COMMENT '0=inactive, 1=active, 2=expired',
  `created_at` timestamp NULL DEFAULT NULL,
  `updated_at` timestamp NULL DEFAULT NULL,
  PRIMARY KEY (`id`),
  KEY `company_customer_service_plans_company_router_id_foreign` (`company_router_id`),
  KEY `company_customer_service_plans_company_service_plan_id_foreign` (`company_service_plan_id`),
  CONSTRAINT `company_customer_service_plans_company_router_id_foreign` FOREIGN KEY (`company_router_id`) REFERENCES `company_routers` (`id`) ON DELETE CASCADE,
  CONSTRAINT `company_customer_service_plans_company_service_plan_id_foreign` FOREIGN KEY (`company_service_plan_id`) REFERENCES `company_service_plans` (`id`) ON DELETE CASCADE
) ENGINE=InnoDB AUTO_INCREMENT=216 DEFAULT CHARSET=utf8mb4 COLLATE=utf8mb4_unicode_ci;

--
-- Dumping data for table `company_customer_service_plans`
--

INSERT INTO `company_customer_service_plans` VALUES (20,'A5YHRI',23,2,NULL,NULL,NULL,0.00,'njovu',NULL,'njovu@2025',NULL,NULL,NULL,NULL,22,NULL,NULL,0.00,0.00,'2025-09-21 05:00:00','2025-08-17 14:08:43',40000.00,0,0,1,'2025-08-17 14:08:43','2025-08-26 04:36:04'),(31,'EVA2JQ',30,2,NULL,NULL,NULL,0.00,'F2:14:5F:EE:3E:9B','547408','7395',NULL,NULL,NULL,NULL,10,NULL,31,0.00,0.00,'2025-08-26 23:30:23',NULL,0.00,1,0,1,'2025-08-19 16:30:23','2025-08-26 04:36:04'),(34,'RXU2NY',32,2,NULL,NULL,NULL,0.00,'E2:84:BA:DF:E2:FF','689557','4970',NULL,NULL,NULL,NULL,23,NULL,22,0.00,0.00,'2025-09-19 00:09:03',NULL,0.00,1,0,1,'2025-08-19 17:09:03','2025-08-26 04:36:04'),(38,'C6EM4P',36,2,NULL,NULL,NULL,0.00,'BA:DB:D0:F5:76:38','429430','2868',NULL,NULL,NULL,NULL,23,NULL,23,0.00,0.00,'2025-09-19 00:52:09',NULL,0.00,1,0,1,'2025-08-19 17:52:09','2025-08-26 04:36:04'),(40,'G6MIYV',38,2,NULL,NULL,NULL,0.00,'16:E1:2F:D6:6C:77','375533','8634',NULL,NULL,NULL,NULL,23,NULL,24,0.00,0.00,'2025-09-19 01:21:47',NULL,0.00,1,0,1,'2025-08-19 18:21:47','2025-08-26 04:36:04'),(41,'HYL4JN',39,2,NULL,NULL,NULL,0.00,'0A:79:38:7D:E8:50','280742','7730',NULL,NULL,NULL,NULL,23,NULL,25,0.00,0.00,'2025-09-19 01:23:40',NULL,0.00,1,0,1,'2025-08-19 18:23:40','2025-08-26 04:36:04'),(47,'TW103C',44,2,NULL,NULL,NULL,0.00,'BE:1F:0E:C7:2C:2E','093551','2533',NULL,NULL,NULL,NULL,23,NULL,26,0.00,0.00,'2025-09-19 02:43:02',NULL,0.00,0,0,1,'2025-08-19 19:43:02','2025-08-26 04:36:04'),(52,'VTBW4X',49,2,NULL,NULL,NULL,0.00,'52:DC:6F:39:5E:38','764594','4877',NULL,NULL,NULL,NULL,23,NULL,28,0.00,0.00,'2025-09-19 04:59:49',NULL,0.00,1,0,1,'2025-08-19 21:59:49','2025-08-26 04:36:04'),(67,'308FUS',61,2,NULL,NULL,NULL,0.00,'Faith',NULL,'Faith@2025',NULL,NULL,NULL,NULL,22,NULL,NULL,0.00,0.00,'2025-09-20 21:09:02','2025-08-20 14:09:02',40000.00,0,0,1,'2025-08-20 14:09:02','2025-08-26 04:36:04'),(100,'LI741F',82,2,NULL,NULL,NULL,0.00,'16:EA:1A:01:32:2F','753879','4051',NULL,NULL,NULL,NULL,10,NULL,33,0.00,0.00,'2025-08-29 00:52:51',NULL,0.00,1,0,1,'2025-08-21 17:52:51','2025-08-26 04:36:04'),(101,'S2R674',83,2,NULL,NULL,NULL,0.00,'1A:D7:EF:F0:3C:77','933245','6497',NULL,NULL,NULL,NULL,26,NULL,72,0.00,0.00,'2025-09-05 00:57:16',NULL,0.00,1,0,1,'2025-08-21 17:57:16','2025-08-26 04:36:04'),(104,'B6NJC0',26,2,NULL,NULL,NULL,0.00,'30:FC:EB:7A:0C:90','162886','7373',NULL,NULL,NULL,NULL,26,39,NULL,0.00,0.00,'2025-09-05 02:29:19',NULL,0.00,0,1,1,'2025-08-21 19:29:19','2025-08-26 04:36:04'),(118,'13QE5N',91,2,NULL,NULL,NULL,0.00,'0E:7D:7A:05:A6:07','105714','1822',NULL,NULL,NULL,NULL,23,NULL,29,0.00,0.00,'2025-09-22 01:51:49',NULL,0.00,1,0,1,'2025-08-22 18:51:49','2025-08-26 04:36:04'),(159,'TCBA8P',60,2,NULL,NULL,NULL,0.00,'12:99:03:12:47:1B','455017','3788',NULL,NULL,NULL,NULL,26,NULL,71,0.00,0.00,'2025-09-03 20:59:48',NULL,0.00,1,0,1,'2025-08-24 12:12:44','2025-08-26 04:36:04'),(168,'7NCJYG',116,2,NULL,NULL,NULL,0.00,'BC:2B:02:D8:C1:71','339121','9963',NULL,NULL,NULL,NULL,26,NULL,73,0.00,0.00,'2025-09-07 22:14:25',NULL,0.00,1,0,1,'2025-08-24 15:14:25','2025-08-26 04:36:04'),(191,'EK4FZI',51,2,NULL,NULL,NULL,0.00,'66:80:E3:9A:BF:4A','319220','4611',NULL,NULL,NULL,NULL,9,NULL,169,0.00,0.00,'2025-08-26 12:58:46',NULL,0.00,1,0,1,'2025-08-25 05:58:46','2025-08-26 04:36:04'),(192,'F2SMXR',87,2,NULL,NULL,NULL,0.00,'A2:E1:BA:8D:59:00','366615','3656',NULL,NULL,NULL,NULL,9,NULL,173,0.00,0.00,'2025-08-26 14:26:23',NULL,0.00,0,0,1,'2025-08-25 07:26:23','2025-08-26 04:36:04'),(193,'8UE45D',125,2,NULL,NULL,NULL,0.00,'7A:8E:7E:5D:EA:A0','980402','0968',NULL,NULL,NULL,NULL,9,NULL,177,0.00,0.00,'2025-08-26 15:08:18',NULL,0.00,1,0,1,'2025-08-25 08:08:18','2025-08-26 04:36:04'),(194,'MIZHB3',50,2,NULL,NULL,NULL,0.00,'2A:EB:B5:6D:D2:1A','259216','7063',NULL,NULL,NULL,NULL,23,NULL,27,0.00,0.00,'2025-09-19 06:16:12',NULL,0.00,1,0,1,'2025-08-25 11:07:38','2025-08-26 04:36:04'),(196,'DG6QVM',27,2,NULL,NULL,NULL,0.00,'0A:00:F5:20:D1:35','449839','3777',NULL,NULL,NULL,NULL,24,NULL,211,0.00,0.00,'2025-08-28 22:01:42',NULL,0.00,1,0,1,'2025-08-25 15:01:42','2025-08-26 04:36:04'),(198,'7HDFQT',126,2,NULL,NULL,NULL,0.00,'0E:32:DD:A2:B3:84','198458','5409',NULL,NULL,NULL,NULL,9,56,NULL,0.00,0.00,'2025-08-27 00:22:24',NULL,0.00,1,1,1,'2025-08-25 17:22:24','2025-08-26 04:36:04'),(199,'39Q0OV',127,2,NULL,NULL,NULL,0.00,'42:B6:CB:A6:FE:13','232501','1016',NULL,NULL,NULL,NULL,9,57,NULL,0.00,0.00,'2025-08-27 00:32:30',NULL,0.00,1,1,1,'2025-08-25 17:32:30','2025-08-26 04:36:04'),(201,'CR2B1Y',69,2,NULL,NULL,NULL,0.00,'12:3F:E4:20:8A:DC','078519','0183',NULL,NULL,NULL,NULL,9,NULL,113,0.00,0.00,'2025-08-26 23:27:57',NULL,0.00,1,0,1,'2025-08-25 17:42:00','2025-08-26 04:36:04'),(202,'R9PLZS',48,2,NULL,NULL,NULL,0.00,'34:5A:06:0F:6E:57','475504','9570',NULL,NULL,NULL,NULL,9,NULL,138,0.00,0.00,'2025-08-27 00:58:08',NULL,0.00,1,0,1,'2025-08-25 17:58:08','2025-08-26 04:36:04'),(203,'2J8KVQ',37,2,NULL,NULL,NULL,0.00,'5A:22:D6:25:36:E9','784443','9495',NULL,NULL,NULL,NULL,8,NULL,193,0.00,0.00,'2025-08-26 13:07:50',NULL,0.00,1,0,1,'2025-08-25 18:07:50','2025-08-26 04:36:04'),(204,'OH8PDZ',58,2,NULL,NULL,NULL,0.00,'14:9F:3C:6B:96:77','364169','4421',NULL,NULL,NULL,NULL,8,58,NULL,0.00,0.00,'2025-08-26 13:08:10',NULL,0.00,1,1,1,'2025-08-25 18:08:10','2025-08-26 04:36:04'),(205,'DWFZQ9',43,2,NULL,NULL,NULL,0.00,'FE:96:EF:57:F0:70','732896','7239',NULL,NULL,NULL,NULL,9,NULL,96,0.00,0.00,'2025-08-27 01:23:11',NULL,0.00,0,0,1,'2025-08-25 18:23:11','2025-08-26 08:05:52'),(206,'O4L6WQ',68,2,NULL,NULL,NULL,0.00,'3E:A5:2D:34:21:C5','164429','5883',NULL,NULL,NULL,NULL,8,59,NULL,0.00,0.00,'2025-08-26 13:28:29',NULL,0.00,0,1,1,'2025-08-25 18:28:29','2025-08-26 08:05:51'),(208,'HXI5DE',76,2,NULL,NULL,NULL,0.00,'82:3C:70:3C:89:C1','450115','0022',NULL,NULL,NULL,NULL,9,NULL,103,0.00,0.00,'2025-08-27 01:51:18',NULL,0.00,0,0,1,'2025-08-25 18:51:18','2025-08-26 08:05:50'),(209,'P05Z8B',128,2,NULL,NULL,NULL,0.00,'0E:06:50:49:08:C6','950655','1950',NULL,NULL,NULL,NULL,9,60,NULL,0.00,0.00,'2025-08-27 02:15:59',NULL,0.00,0,1,1,'2025-08-25 19:15:59','2025-08-26 08:05:49'),(210,'YPX967',129,2,NULL,NULL,NULL,0.00,'82:E4:6A:BC:4A:2A','627858','8333',NULL,NULL,NULL,NULL,9,NULL,126,0.00,0.00,'2025-08-27 02:52:40',NULL,0.00,0,0,1,'2025-08-25 19:52:40','2025-08-26 08:05:48'),(211,'N5B3TV',92,2,NULL,NULL,NULL,0.00,'52:F8:FB:F8:E8:C6','308830','6924',NULL,NULL,NULL,NULL,9,NULL,100,0.00,0.00,'2025-08-27 02:56:08',NULL,0.00,0,0,1,'2025-08-25 19:56:08','2025-08-26 08:05:42'),(212,'036XW4',31,2,NULL,NULL,NULL,0.00,'86:42:4F:AE:AF:67','511838','1854',NULL,NULL,NULL,NULL,9,NULL,161,0.00,0.00,'2025-08-26 19:24:47',NULL,0.00,0,0,1,'2025-08-25 20:46:19','2025-08-26 04:36:04'),(213,'9FM5B2',99,2,NULL,NULL,NULL,0.00,'52:23:86:29:18:8C','167738','8640',NULL,NULL,NULL,NULL,9,NULL,131,0.00,0.00,'2025-08-27 03:48:01',NULL,0.00,0,0,1,'2025-08-25 20:48:01','2025-08-26 08:05:40'),(214,'8WHZUI',94,2,NULL,NULL,NULL,0.00,'F2:65:ED:BF:19:CD','678837','0114',NULL,NULL,NULL,NULL,8,61,NULL,0.00,0.00,'2025-08-26 15:56:28',NULL,0.00,0,1,1,'2025-08-25 20:56:28','2025-08-26 04:40:05'),(215,'MZ82WU',124,2,NULL,NULL,NULL,0.00,'FC:AA:B6:3B:A0:48','485614','9947',NULL,NULL,NULL,NULL,8,62,NULL,0.00,0.00,'2025-08-26 15:59:05',NULL,0.00,0,1,1,'2025-08-25 20:59:05','2025-08-26 04:40:04');

--
-- Table structure for table `company_customers`
--

CREATE TABLE `company_customers` (
  `id` bigint unsigned NOT NULL AUTO_INCREMENT,
  `ref_no` varchar(191) COLLATE utf8mb4_unicode_ci NOT NULL,
  `company_id` bigint unsigned NOT NULL,
  `company_router_id` bigint unsigned NOT NULL,
  `names` varchar(191) COLLATE utf8mb4_unicode_ci DEFAULT NULL,
  `mac_address` varchar(191) COLLATE utf8mb4_unicode_ci DEFAULT NULL,
  `static_ip_address` varchar(191) COLLATE utf8mb4_unicode_ci DEFAULT NULL,
  `interface` varchar(191) COLLATE utf8mb4_unicode_ci DEFAULT NULL,
  `phone` varchar(191) COLLATE utf8mb4_unicode_ci DEFAULT NULL,
  `email` varchar(191) COLLATE utf8mb4_unicode_ci DEFAULT NULL,
  `status` int NOT NULL DEFAULT '1' COMMENT '0=inactive, 1=active',
  `created_at` timestamp NULL DEFAULT NULL,
  `updated_at` timestamp NULL DEFAULT NULL,
  `deleted_at` timestamp NULL DEFAULT NULL,
  PRIMARY KEY (`id`),
  KEY `company_customers_company_id_foreign` (`company_id`),
  KEY `company_customers_company_router_id_foreign` (`company_router_id`),
  CONSTRAINT `company_customers_company_id_foreign` FOREIGN KEY (`company_id`) REFERENCES `companies` (`id`) ON DELETE CASCADE,
  CONSTRAINT `company_customers_company_router_id_foreign` FOREIGN KEY (`company_router_id`) REFERENCES `company_routers` (`id`) ON DELETE CASCADE
) ENGINE=InnoDB AUTO_INCREMENT=130 DEFAULT CHARSET=utf8mb4 COLLATE=utf8mb4_unicode_ci;

--
-- Dumping data for table `company_customers`
--

INSERT INTO `company_customers` VALUES (2,'LVXIS4',8,2,'7E:A5:C8:0E:3C:6A',NULL,NULL,NULL,'255763752350',NULL,1,'2025-08-05 18:59:16','2025-08-20 05:38:54',NULL),(3,'NJ36Y5',8,2,'5A:DD:D5:00:65:24',NULL,NULL,NULL,'255693311437',NULL,1,'2025-08-05 19:03:34','2025-08-14 20:20:44',NULL),(4,'VUPXM5',8,2,'72:82:9F:D3:BA:72',NULL,NULL,NULL,'255672040034',NULL,1,'2025-08-07 18:53:51','2025-08-19 17:08:40',NULL),(5,'NY7OVJ',8,2,'5A:DD:D5:00:65:24',NULL,NULL,NULL,NULL,NULL,1,'2025-08-07 20:43:52','2025-08-07 20:43:52',NULL),(6,'ZAUNO6',8,2,'5E:32:CC:C1:11:35',NULL,NULL,NULL,'255617595193',NULL,1,'2025-08-08 15:56:01','2025-08-09 13:37:12',NULL),(7,'VDX9AI',8,2,'D4:67:D3:E3:17:BD',NULL,NULL,NULL,'255656056606',NULL,1,'2025-08-09 11:05:16','2025-08-21 16:16:40',NULL),(8,'54N78W',7,3,'-','DYNAMIC;','-','C',NULL,NULL,1,'2025-08-09 16:29:00','2025-08-09 16:31:49',NULL),(9,'MRQWV7',7,3,'MAC-ADDRESS,','INTERFACE,','MAC-ADDRESS,','STATUS',NULL,NULL,1,'2025-08-09 16:29:00','2025-08-09 16:31:49',NULL),(10,'IS0Z1E',7,3,'MAC-ADDRESS','INTERFACE','MAC-ADDRESS','STATUS',NULL,NULL,1,'2025-08-09 16:29:00','2025-08-09 16:31:49',NULL),(11,'E0AOUH',7,3,'192.168.0.1','B0:BE:76:17:40:F0','192.168.0.1','ether1',NULL,NULL,1,'2025-08-09 16:29:00','2025-08-09 16:31:49',NULL),(12,'SGF261',7,3,'192.168.0.103','1E:C1:72:3B:8D:2E','192.168.0.103','ether1',NULL,NULL,1,'2025-08-09 16:29:00','2025-08-09 16:31:49',NULL),(13,'OCVXI8',7,3,'192.168.88.254','D0:C6:37:D4:77:5E','192.168.88.254','bridge',NULL,NULL,1,'2025-08-09 16:29:00','2025-08-09 16:31:49',NULL),(14,'MY9KFA',8,2,'86:65:3C:6B:E1:84',NULL,NULL,NULL,'255618250327',NULL,1,'2025-08-11 19:33:35','2025-08-17 21:17:12',NULL),(19,'0PJL3Y',8,2,'Silus Gichugi',NULL,NULL,NULL,'0796230626',NULL,1,'2025-08-17 08:18:10','2025-08-17 08:18:10',NULL),(20,'0IRVBG',8,2,'wankrew',NULL,NULL,NULL,'0792222222',NULL,1,'2025-08-17 13:16:10','2025-08-17 13:16:10',NULL),(21,'7FZYAS',8,2,'Singola',NULL,NULL,NULL,'0723232334',NULL,1,'2025-08-17 14:00:15','2025-08-17 14:00:15',NULL),(22,'GAZM61',8,2,'Singola',NULL,NULL,NULL,'0723232323',NULL,1,'2025-08-17 14:05:10','2025-08-17 14:05:10',NULL),(23,'S6TZOJ',8,2,'Erick Njovu',NULL,NULL,NULL,'0763752350',NULL,1,'2025-08-17 14:08:43','2025-08-17 14:08:43',NULL),(24,'BVCX4K',8,2,'EA:58:A4:7A:3F:40',NULL,NULL,NULL,'255746278281',NULL,1,'2025-08-17 15:44:23','2025-08-19 12:58:28',NULL),(25,'L0UOR5',8,2,'14:9F:3C:6B:96:77',NULL,NULL,NULL,NULL,NULL,1,'2025-08-19 08:15:30','2025-08-19 09:34:32',NULL),(26,'056BHA',8,2,'30:FC:EB:7A:0C:90',NULL,NULL,NULL,'255758728802',NULL,1,'2025-08-19 09:09:34','2025-08-21 19:29:19',NULL),(27,'95LX3V',8,2,'0A:00:F5:20:D1:35',NULL,NULL,NULL,NULL,NULL,1,'2025-08-19 12:24:49','2025-08-25 15:01:42',NULL),(28,'Y5O3IE',8,2,'A2:74:55:A8:D1:B7',NULL,NULL,NULL,NULL,NULL,1,'2025-08-19 13:33:05','2025-08-19 13:33:05',NULL),(29,'QDYVF2',8,2,'8E:3E:5A:00:D6:B4',NULL,NULL,NULL,NULL,NULL,1,'2025-08-19 15:47:06','2025-08-19 15:47:06',NULL),(30,'3VYRCK',8,2,'F2:14:5F:EE:3E:9B',NULL,NULL,NULL,NULL,NULL,1,'2025-08-19 16:30:23','2025-08-19 16:30:23',NULL),(31,'49DCGJ',8,2,'86:42:4F:AE:AF:67',NULL,NULL,NULL,NULL,NULL,1,'2025-08-19 16:34:11','2025-08-25 20:46:19',NULL),(32,'78G4JB',8,2,'E2:84:BA:DF:E2:FF',NULL,NULL,NULL,NULL,NULL,1,'2025-08-19 17:09:03','2025-08-19 17:09:03',NULL),(33,'UF130M',8,2,'8E:9F:9D:CE:AF:38',NULL,NULL,NULL,NULL,NULL,1,'2025-08-19 17:32:51','2025-08-24 20:55:38',NULL),(34,'X6M3GL',8,2,'62:06:D0:8C:47:36',NULL,NULL,NULL,'255673093138',NULL,1,'2025-08-19 17:48:08','2025-08-19 17:48:08',NULL),(35,'W513ST',8,2,'30:07:4D:C1:22:74',NULL,NULL,NULL,NULL,NULL,1,'2025-08-19 17:49:53','2025-08-25 18:29:14',NULL),(36,'BZX6US',8,2,'BA:DB:D0:F5:76:38',NULL,NULL,NULL,NULL,NULL,1,'2025-08-19 17:52:09','2025-08-19 17:52:09',NULL),(37,'30BXID',8,2,'5A:22:D6:25:36:E9',NULL,NULL,NULL,NULL,NULL,1,'2025-08-19 18:04:58','2025-08-25 18:07:50',NULL),(38,'W9AHPC',8,2,'16:E1:2F:D6:6C:77',NULL,NULL,NULL,NULL,NULL,1,'2025-08-19 18:21:47','2025-08-19 18:21:47',NULL),(39,'27BLZQ',8,2,'0A:79:38:7D:E8:50',NULL,NULL,NULL,NULL,NULL,1,'2025-08-19 18:23:40','2025-08-19 18:23:40',NULL),(40,'DN398U',8,2,'5A:CD:6A:FF:0E:F2',NULL,NULL,NULL,NULL,NULL,1,'2025-08-19 18:31:57','2025-08-19 18:31:57',NULL),(41,'P9NB6D',8,2,'32:09:62:EC:9D:FD',NULL,NULL,NULL,NULL,NULL,1,'2025-08-19 18:33:07','2025-08-23 19:03:06',NULL),(42,'58S7IO',8,2,'56:06:7B:29:60:43',NULL,NULL,NULL,NULL,NULL,1,'2025-08-19 18:50:00','2025-08-23 14:40:43',NULL),(43,'J2VSK6',8,2,'FE:96:EF:57:F0:70',NULL,NULL,NULL,NULL,NULL,1,'2025-08-19 18:52:23','2025-08-25 18:23:11',NULL),(44,'HQE1SV',8,2,'BE:1F:0E:C7:2C:2E',NULL,NULL,NULL,NULL,NULL,1,'2025-08-19 19:43:02','2025-08-19 19:43:02',NULL),(45,'QEKO71',8,2,'B2:27:36:AA:EB:F0',NULL,NULL,NULL,NULL,NULL,1,'2025-08-19 19:56:05','2025-08-19 19:56:05',NULL),(46,'5JCUKM',8,2,'FC:AA:B6:3B:A0:48',NULL,NULL,NULL,NULL,NULL,1,'2025-08-19 19:59:22','2025-08-23 19:10:52',NULL),(47,'WPHA0J',8,2,'E6:12:A3:41:F4:AD',NULL,NULL,NULL,'255746184273',NULL,1,'2025-08-19 20:41:06','2025-08-19 20:41:06',NULL),(48,'VJ6O0K',8,2,'34:5A:06:0F:6E:57',NULL,NULL,NULL,NULL,NULL,1,'2025-08-19 21:35:17','2025-08-25 17:58:08',NULL),(49,'8V2SXO',8,2,'52:DC:6F:39:5E:38',NULL,NULL,NULL,NULL,NULL,1,'2025-08-19 21:59:49','2025-08-19 21:59:49',NULL),(50,'J3KRHX',8,2,'2A:EB:B5:6D:D2:1A',NULL,NULL,NULL,NULL,NULL,1,'2025-08-19 23:16:12','2025-08-25 11:07:38',NULL),(51,'LPZR2X',8,2,'66:80:E3:9A:BF:4A',NULL,NULL,NULL,NULL,NULL,1,'2025-08-20 06:41:47','2025-08-25 05:58:46',NULL),(52,'87EASF',8,2,'6E:6D:A0:6D:BD:9E',NULL,NULL,NULL,NULL,NULL,1,'2025-08-20 08:04:34','2025-08-21 13:55:03',NULL),(53,'AL8NY2',8,2,'FE:1B:4A:B2:E2:A9',NULL,NULL,NULL,NULL,NULL,1,'2025-08-20 08:06:59','2025-08-20 08:06:59',NULL),(54,'89QYAM',8,2,'C2:08:B3:A8:F9:28',NULL,NULL,NULL,NULL,NULL,1,'2025-08-20 08:23:05','2025-08-24 20:23:11',NULL),(55,'PLIQE1',8,2,'F6:43:6B:C4:35:D6',NULL,NULL,NULL,NULL,NULL,1,'2025-08-20 08:31:40','2025-08-20 08:31:40',NULL),(56,'VNS7W6',8,2,'0E:8F:95:4A:91:A7',NULL,NULL,NULL,NULL,NULL,1,'2025-08-20 09:52:11','2025-08-20 09:52:11',NULL),(57,'FEY31V',8,2,'2E:86:96:AC:FF:06',NULL,NULL,NULL,NULL,NULL,1,'2025-08-20 10:00:42','2025-08-24 18:52:59',NULL),(58,'I7HSA0',8,2,'14:9F:3C:6B:96:77',NULL,NULL,NULL,'255783709549',NULL,1,'2025-08-20 10:01:10','2025-08-25 18:08:10',NULL),(59,'15JDS6',8,2,'F2:50:95:0B:4B:27',NULL,NULL,NULL,'255747101974',NULL,1,'2025-08-20 13:10:29','2025-08-20 13:10:29',NULL),(60,'317P5O',8,2,'12:99:03:12:47:1B',NULL,NULL,NULL,NULL,NULL,1,'2025-08-20 13:59:48','2025-08-24 12:12:44',NULL),(61,'459QGL',8,2,'Faith',NULL,NULL,NULL,'0712050835',NULL,1,'2025-08-20 14:09:02','2025-08-20 14:09:02',NULL),(62,'WKO4BZ',8,2,'22:CA:22:F4:49:10',NULL,NULL,NULL,NULL,NULL,1,'2025-08-20 15:20:36','2025-08-20 15:20:36',NULL),(63,'OUHZD0',8,2,'C6:06:37:DF:3F:50',NULL,NULL,NULL,NULL,NULL,1,'2025-08-20 15:24:11','2025-08-20 15:24:11',NULL),(64,'58JPYT',8,2,'D6:12:9E:9D:91:0E',NULL,NULL,NULL,NULL,NULL,1,'2025-08-20 15:26:05','2025-08-20 15:26:05',NULL),(65,'7GQC69',8,2,'5A:22:D6:25:36:E9',NULL,NULL,NULL,'255616535743',NULL,1,'2025-08-20 18:26:13','2025-08-20 18:26:13',NULL),(66,'WNX731',8,2,'42:B6:CB:A6:FE:13',NULL,NULL,NULL,NULL,NULL,1,'2025-08-20 18:44:19','2025-08-22 20:16:24',NULL),(67,'ZXJV86',8,2,'A6:68:C9:8A:59:2B',NULL,NULL,NULL,NULL,NULL,1,'2025-08-20 19:17:58','2025-08-20 19:17:58',NULL),(68,'VYD3BH',8,2,'3E:A5:2D:34:21:C5',NULL,NULL,NULL,'255617223653',NULL,1,'2025-08-20 20:00:36','2025-08-25 18:28:29',NULL),(69,'0HEV94',8,2,'12:3F:E4:20:8A:DC',NULL,NULL,NULL,NULL,NULL,1,'2025-08-20 20:14:04','2025-08-25 17:42:00',NULL),(70,'6P71JS',8,2,'42:C7:00:F9:B6:D8',NULL,NULL,NULL,NULL,NULL,1,'2025-08-21 05:56:51','2025-08-21 05:56:51',NULL),(71,'1LFACQ',8,2,'36:C9:AA:48:C9:18',NULL,NULL,NULL,NULL,NULL,1,'2025-08-21 06:26:45','2025-08-24 11:05:47',NULL),(72,'8EZRYD',8,2,'BE:FD:23:A1:58:ED',NULL,NULL,NULL,'255654966625',NULL,1,'2025-08-21 06:30:08','2025-08-21 06:30:08',NULL),(73,'YDU4O6',8,2,'A2:8F:C3:A2:51:29',NULL,NULL,NULL,NULL,NULL,1,'2025-08-21 07:15:26','2025-08-21 07:15:26',NULL),(74,'1JB6ZI',8,2,'2E:02:FF:6E:4D:83',NULL,NULL,NULL,NULL,NULL,1,'2025-08-21 07:26:15','2025-08-24 14:43:23',NULL),(75,'XZWH3F',8,2,'A2:93:36:53:94:B6',NULL,NULL,NULL,NULL,NULL,1,'2025-08-21 07:35:16','2025-08-21 07:35:16',NULL),(76,'GO6YDH',8,2,'82:3C:70:3C:89:C1',NULL,NULL,NULL,NULL,NULL,1,'2025-08-21 08:14:20','2025-08-25 18:51:18',NULL),(77,'C1TI0B',8,2,'52:D4:49:C9:A4:9F',NULL,NULL,NULL,NULL,NULL,1,'2025-08-21 13:48:59','2025-08-21 13:48:59',NULL),(78,'30K6J1',8,2,'5A:30:F8:4F:9D:81',NULL,NULL,NULL,NULL,NULL,1,'2025-08-21 13:50:04','2025-08-21 13:50:04',NULL),(79,'L2XK3E',8,2,'22:31:3F:58:BE:B7',NULL,NULL,NULL,NULL,NULL,1,'2025-08-21 17:02:12','2025-08-21 17:02:12',NULL),(80,'V16IA9',8,2,'B2:24:D4:B2:3D:2D',NULL,NULL,NULL,NULL,NULL,1,'2025-08-21 17:11:58','2025-08-22 17:57:13',NULL),(81,'5D9M7S',8,2,'CE:02:E8:0C:2F:DB',NULL,NULL,NULL,NULL,NULL,1,'2025-08-21 17:24:37','2025-08-24 16:54:07',NULL),(82,'BFH98U',8,2,'16:EA:1A:01:32:2F',NULL,NULL,NULL,NULL,NULL,1,'2025-08-21 17:52:51','2025-08-21 17:52:51',NULL),(83,'DB4ZXQ',8,2,'1A:D7:EF:F0:3C:77',NULL,NULL,NULL,NULL,NULL,1,'2025-08-21 17:57:16','2025-08-21 17:57:16',NULL),(84,'P3EM8S',8,2,'50:9A:4C:26:30:57',NULL,NULL,NULL,NULL,NULL,1,'2025-08-21 18:09:08','2025-08-21 18:09:08',NULL),(85,'SEZCB4',8,2,'D6:12:9E:9D:91:0E',NULL,NULL,NULL,'255625284273',NULL,1,'2025-08-21 19:38:06','2025-08-21 19:38:06',NULL),(86,'VN92EX',8,2,'0A:00:F5:20:D1:35',NULL,NULL,NULL,'255769211401',NULL,1,'2025-08-21 20:22:20','2025-08-21 20:22:20',NULL),(87,'8GU3RC',8,2,'A2:E1:BA:8D:59:00',NULL,NULL,NULL,NULL,NULL,1,'2025-08-22 07:11:39','2025-08-25 07:26:23',NULL),(88,'A317KZ',8,2,'7E:B5:65:CB:F8:5F',NULL,NULL,NULL,NULL,NULL,1,'2025-08-22 15:02:05','2025-08-22 15:02:05',NULL),(89,'8FLRMV',8,2,'A2:D2:60:AC:C8:1C',NULL,NULL,NULL,NULL,NULL,1,'2025-08-22 15:30:21','2025-08-22 15:30:21',NULL),(90,'D8N3M5',8,2,'FE:96:EF:57:F0:70',NULL,NULL,NULL,'255714840147',NULL,1,'2025-08-22 17:26:43','2025-08-22 17:26:43',NULL),(91,'Z2Q9EX',8,2,'0E:7D:7A:05:A6:07',NULL,NULL,NULL,NULL,NULL,1,'2025-08-22 18:51:49','2025-08-22 18:51:49',NULL),(92,'CYVD51',8,2,'52:F8:FB:F8:E8:C6',NULL,NULL,NULL,NULL,NULL,1,'2025-08-22 20:13:55','2025-08-25 19:56:08',NULL),(93,'PES3XK',8,2,'16:00:B8:BF:9A:2E',NULL,NULL,NULL,NULL,NULL,1,'2025-08-22 20:41:20','2025-08-22 20:41:20',NULL),(94,'LYED0X',8,2,'F2:65:ED:BF:19:CD',NULL,NULL,NULL,'255785162610',NULL,1,'2025-08-22 20:56:29','2025-08-25 20:56:28',NULL),(95,'TQ1Z20',8,2,'EA:A7:81:95:DC:52',NULL,NULL,NULL,NULL,NULL,1,'2025-08-22 21:54:11','2025-08-22 21:54:11',NULL),(96,'9K8ROY',8,2,'0A:00:F5:20:D1:35',NULL,NULL,NULL,'255629671401',NULL,1,'2025-08-22 22:46:53','2025-08-24 22:34:19',NULL),(97,'LMS2JO',8,2,'60:70:72:60:6A:C2',NULL,NULL,NULL,NULL,NULL,1,'2025-08-22 23:22:40','2025-08-23 23:49:09',NULL),(98,'VRGCW2',8,2,'92:85:32:EB:61:BE',NULL,NULL,NULL,NULL,NULL,1,'2025-08-23 08:31:09','2025-08-24 12:25:36',NULL),(99,'UASI1E',8,2,'52:23:86:29:18:8C',NULL,NULL,NULL,NULL,NULL,1,'2025-08-23 09:07:55','2025-08-25 20:48:01',NULL),(100,'1RFAVM',8,2,'4E:ED:DD:40:F3:A1',NULL,NULL,NULL,'255792736886',NULL,1,'2025-08-23 09:26:25','2025-08-23 09:26:25',NULL),(101,'2ZGF80',8,2,'36:24:BC:82:EE:F6',NULL,NULL,NULL,NULL,NULL,1,'2025-08-23 10:00:15','2025-08-23 10:00:15',NULL),(102,'9NYM27',8,2,'56:32:88:69:D0:ED',NULL,NULL,NULL,NULL,NULL,1,'2025-08-23 12:12:29','2025-08-23 12:12:29',NULL),(103,'PNVUO5',8,2,'CE:74:22:E0:34:EE',NULL,NULL,NULL,NULL,NULL,1,'2025-08-23 13:29:29','2025-08-23 13:29:29',NULL),(104,'08KFJ1',8,2,'62:D2:99:2F:ED:99',NULL,NULL,NULL,NULL,NULL,1,'2025-08-23 14:33:16','2025-08-23 14:52:32',NULL),(105,'D2UKT5',8,2,'66:D9:0F:17:4D:4C',NULL,NULL,NULL,NULL,NULL,1,'2025-08-23 14:36:56','2025-08-24 20:08:58',NULL),(106,'195A2E',8,2,'4E:37:21:D1:E9:69',NULL,NULL,NULL,NULL,NULL,1,'2025-08-23 17:46:12','2025-08-24 13:31:39',NULL),(107,'KLPQX8',8,2,'8A:A4:59:CB:01:7F',NULL,NULL,NULL,NULL,NULL,1,'2025-08-23 18:09:03','2025-08-24 18:46:16',NULL),(108,'CU9FTX',8,2,'16:E1:96:3C:2C:14',NULL,NULL,NULL,NULL,NULL,1,'2025-08-23 19:45:06','2025-08-23 19:45:06',NULL),(109,'J62MR1',8,2,'A6:85:AC:A3:94:CF',NULL,NULL,NULL,'255742925839',NULL,1,'2025-08-24 09:30:08','2025-08-24 09:30:08',NULL),(110,'Y57D0F',8,2,'B2:18:2F:52:2C:01',NULL,NULL,NULL,NULL,NULL,1,'2025-08-24 11:33:52','2025-08-24 11:33:52',NULL),(111,'2QP6SF',8,2,'12:9B:F6:38:BA:E8',NULL,NULL,NULL,NULL,NULL,1,'2025-08-24 11:44:55','2025-08-24 11:44:55',NULL),(112,'2VRITB',8,2,'52:01:65:53:35:3C',NULL,NULL,NULL,NULL,NULL,1,'2025-08-24 11:51:52','2025-08-24 11:51:52',NULL),(113,'ZCMG6T',8,2,'7E:3C:AF:99:2E:C8',NULL,NULL,NULL,NULL,NULL,1,'2025-08-24 13:13:20','2025-08-24 13:13:20',NULL),(114,'WB89D5',8,2,'F2:C6:C1:71:E4:92',NULL,NULL,NULL,NULL,NULL,1,'2025-08-24 14:47:56','2025-08-24 14:47:56',NULL),(115,'QA4J3H',8,2,'5E:31:65:EC:DD:43',NULL,NULL,NULL,NULL,NULL,0,'2025-08-24 14:54:03','2025-08-25 13:38:15',NULL),(116,'27ZV4F',8,2,'BC:2B:02:D8:C1:71',NULL,NULL,NULL,NULL,NULL,1,'2025-08-24 15:14:25','2025-08-24 15:14:25',NULL),(117,'WSAHX8',8,2,'BA:39:52:5C:0D:F2',NULL,NULL,NULL,NULL,NULL,1,'2025-08-24 15:22:10','2025-08-24 15:22:10',NULL),(118,'DSFX7P',8,2,'36:5C:47:10:2B:43',NULL,NULL,NULL,NULL,NULL,1,'2025-08-24 16:52:17','2025-08-24 16:52:17',NULL),(119,'1QHILJ',8,2,'7E:CF:C7:E6:C9:A1',NULL,NULL,NULL,NULL,NULL,1,'2025-08-24 17:24:52','2025-08-24 17:24:52',NULL),(120,'K437YJ',8,2,'EE:27:90:CF:93:40',NULL,NULL,NULL,NULL,NULL,1,'2025-08-24 18:20:30','2025-08-24 18:20:30',NULL),(121,'RDA6NM',8,2,'F0:C7:45:88:DC:5D',NULL,NULL,NULL,NULL,NULL,1,'2025-08-24 18:42:07','2025-08-24 18:42:07',NULL),(122,'VEOD4M',8,2,'66:B6:E7:2B:0C:88',NULL,NULL,NULL,NULL,NULL,1,'2025-08-24 19:45:18','2025-08-24 19:45:18',NULL),(123,'SNOBX1',8,2,'16:A3:3C:59:CF:A6',NULL,NULL,NULL,NULL,NULL,1,'2025-08-24 20:56:41','2025-08-24 20:56:41',NULL),(124,'DTY491',8,2,'FC:AA:B6:3B:A0:48',NULL,NULL,NULL,'255769039595',NULL,1,'2025-08-24 21:25:55','2025-08-25 20:59:05',NULL),(125,'SF1J7Z',8,2,'7A:8E:7E:5D:EA:A0',NULL,NULL,NULL,NULL,NULL,1,'2025-08-25 08:08:18','2025-08-25 08:08:18',NULL),(126,'439K7A',8,2,'0E:32:DD:A2:B3:84',NULL,NULL,NULL,'255715060369',NULL,1,'2025-08-25 17:22:24','2025-08-25 17:22:24',NULL),(127,'LJU6XD',8,2,'42:B6:CB:A6:FE:13',NULL,NULL,NULL,'255774422687',NULL,1,'2025-08-25 17:32:30','2025-08-25 17:32:30',NULL),(128,'L63X1P',8,2,'0E:06:50:49:08:C6',NULL,NULL,NULL,'255775514233',NULL,1,'2025-08-25 19:15:59','2025-08-25 19:15:59',NULL),(129,'BPM3SK',8,2,'82:E4:6A:BC:4A:2A',NULL,NULL,NULL,NULL,NULL,1,'2025-08-25 19:52:40','2025-08-25 19:52:40',NULL);

--
-- Table structure for table `company_email_configurations`
--

CREATE TABLE `company_email_configurations` (
  `id` bigint unsigned NOT NULL AUTO_INCREMENT,
  `company_id` bigint unsigned NOT NULL,
  `mail_driver` varchar(191) COLLATE utf8mb4_unicode_ci NOT NULL,
  `mail_host` varchar(191) COLLATE utf8mb4_unicode_ci NOT NULL,
  `mail_port` varchar(191) COLLATE utf8mb4_unicode_ci NOT NULL,
  `mail_username` varchar(191) COLLATE utf8mb4_unicode_ci NOT NULL,
  `mail_password` varchar(191) COLLATE utf8mb4_unicode_ci NOT NULL,
  `mail_encryption` varchar(191) COLLATE utf8mb4_unicode_ci NOT NULL,
  `mail_from_address` varchar(191) COLLATE utf8mb4_unicode_ci NOT NULL,
  `mail_from_name` varchar(191) COLLATE utf8mb4_unicode_ci NOT NULL,
  `created_at` timestamp NULL DEFAULT NULL,
  `updated_at` timestamp NULL DEFAULT NULL,
  `deleted_at` timestamp NULL DEFAULT NULL,
  PRIMARY KEY (`id`),
  KEY `company_email_configurations_company_id_foreign` (`company_id`),
  CONSTRAINT `company_email_configurations_company_id_foreign` FOREIGN KEY (`company_id`) REFERENCES `companies` (`id`) ON DELETE CASCADE
) ENGINE=InnoDB DEFAULT CHARSET=utf8mb4 COLLATE=utf8mb4_unicode_ci;

--
-- Dumping data for table `company_email_configurations`
--


--
-- Table structure for table `company_escrow_transactions`
--

CREATE TABLE `company_escrow_transactions` (
  `id` bigint unsigned NOT NULL AUTO_INCREMENT,
  `ref_no` varchar(191) COLLATE utf8mb4_unicode_ci NOT NULL,
  `company_id` int DEFAULT NULL,
  `company_customer_id` int DEFAULT NULL,
  `company_customer_service_plan_id` int DEFAULT NULL,
  `grouped_transaction_id` int DEFAULT NULL,
  `user_id` int DEFAULT NULL,
  `payment_mode_id` bigint unsigned NOT NULL,
  `phone_used` varchar(191) COLLATE utf8mb4_unicode_ci DEFAULT NULL,
  `transaction_code` varchar(191) COLLATE utf8mb4_unicode_ci DEFAULT NULL,
  `amount` decimal(8,2) NOT NULL DEFAULT '0.00',
  `checkout_id` varchar(191) COLLATE utf8mb4_unicode_ci DEFAULT NULL,
  `account_number` varchar(191) COLLATE utf8mb4_unicode_ci DEFAULT NULL,
  `short_code` varchar(191) COLLATE utf8mb4_unicode_ci DEFAULT NULL,
  `status` int NOT NULL DEFAULT '0' COMMENT '0=active, 1=inactive',
  `created_at` timestamp NULL DEFAULT NULL,
  `updated_at` timestamp NULL DEFAULT NULL,
  `deleted_at` timestamp NULL DEFAULT NULL,
  PRIMARY KEY (`id`),
  KEY `company_escrow_transactions_payment_mode_id_foreign` (`payment_mode_id`),
  CONSTRAINT `company_escrow_transactions_payment_mode_id_foreign` FOREIGN KEY (`payment_mode_id`) REFERENCES `payment_modes` (`id`) ON DELETE CASCADE
) ENGINE=InnoDB DEFAULT CHARSET=utf8mb4 COLLATE=utf8mb4_unicode_ci;

--
-- Dumping data for table `company_escrow_transactions`
--


--
-- Table structure for table `company_grouped_transactions`
--

CREATE TABLE `company_grouped_transactions` (
  `id` bigint unsigned NOT NULL AUTO_INCREMENT,
  `ref_no` varchar(191) COLLATE utf8mb4_unicode_ci NOT NULL,
  `company_id` bigint unsigned NOT NULL,
  `company_router_id` int DEFAULT NULL,
  `company_customer_id` bigint unsigned NOT NULL,
  `service_plan_id` bigint unsigned NOT NULL,
  `payment_mode_id` bigint unsigned NOT NULL,
  `phone_used` varchar(191) COLLATE utf8mb4_unicode_ci DEFAULT NULL,
  `transaction_code` varchar(191) COLLATE utf8mb4_unicode_ci DEFAULT NULL,
  `mac_address` varchar(191) COLLATE utf8mb4_unicode_ci DEFAULT NULL,
  `username` varchar(191) COLLATE utf8mb4_unicode_ci DEFAULT NULL,
  `password` varchar(191) COLLATE utf8mb4_unicode_ci DEFAULT NULL,
  `amount` decimal(8,2) NOT NULL DEFAULT '0.00',
  `checkout_id` varchar(191) COLLATE utf8mb4_unicode_ci DEFAULT NULL,
  `account_number` varchar(191) COLLATE utf8mb4_unicode_ci DEFAULT NULL,
  `settled_status` int NOT NULL DEFAULT '0' COMMENT '0=pending, 1=settled',
  `status` int NOT NULL DEFAULT '0' COMMENT '0=unused, 1=used',
  `created_at` timestamp NULL DEFAULT NULL,
  `updated_at` timestamp NULL DEFAULT NULL,
  `deleted_at` timestamp NULL DEFAULT NULL,
  PRIMARY KEY (`id`),
  KEY `company_grouped_transactions_company_id_foreign` (`company_id`),
  KEY `company_grouped_transactions_company_customer_id_foreign` (`company_customer_id`),
  KEY `company_grouped_transactions_service_plan_id_foreign` (`service_plan_id`),
  KEY `company_grouped_transactions_payment_mode_id_foreign` (`payment_mode_id`),
  CONSTRAINT `company_grouped_transactions_company_customer_id_foreign` FOREIGN KEY (`company_customer_id`) REFERENCES `company_customers` (`id`) ON DELETE CASCADE,
  CONSTRAINT `company_grouped_transactions_company_id_foreign` FOREIGN KEY (`company_id`) REFERENCES `companies` (`id`) ON DELETE CASCADE,
  CONSTRAINT `company_grouped_transactions_payment_mode_id_foreign` FOREIGN KEY (`payment_mode_id`) REFERENCES `payment_modes` (`id`) ON DELETE CASCADE,
  CONSTRAINT `company_grouped_transactions_service_plan_id_foreign` FOREIGN KEY (`service_plan_id`) REFERENCES `service_plans` (`id`) ON DELETE CASCADE
) ENGINE=InnoDB AUTO_INCREMENT=63 DEFAULT CHARSET=utf8mb4 COLLATE=utf8mb4_unicode_ci;

--
-- Dumping data for table `company_grouped_transactions`
--

INSERT INTO `company_grouped_transactions` VALUES (1,'U053Q4',8,2,2,1,1,'255763752350','0964382013',NULL,'E4:A4:71:0E:D7:FB','0035',210.00,'169443',NULL,0,0,'2025-08-05 18:59:16','2025-08-05 18:59:16',NULL),(2,'ELW06P',8,2,2,1,1,'255763752350','0964382832',NULL,'E4:A4:71:0E:D7:FB','5016',210.00,'022928',NULL,0,1,'2025-08-05 19:01:00','2025-08-07 07:24:12',NULL),(3,'V5A6PT',8,2,3,1,1,'255693311437','0964383972',NULL,'3A:EE:47:56:31:8E','2428',210.00,'514066',NULL,1,1,'2025-08-05 19:03:34','2025-08-07 07:24:18',NULL),(4,'58MNIO',8,2,2,1,1,'255763752350','0964774233',NULL,'16:54:CC:BC:13:7C','7933',210.00,'151783',NULL,1,1,'2025-08-06 20:02:45','2025-08-07 07:24:24',NULL),(5,'BA4L25',8,2,4,1,1,'255672040034','1307377571',NULL,'72:82:9F:D3:BA:72','7784',1000.00,'788624',NULL,1,1,'2025-08-07 18:53:51','2025-08-08 18:54:07',NULL),(6,'0VW3OZ',8,2,6,1,1,'255617595193','1308639764',NULL,'5E:32:CC:C1:11:35','1053',500.00,'762516',NULL,1,1,'2025-08-08 15:56:01','2025-08-09 03:56:07',NULL),(7,'4BCEHN',8,2,7,1,1,'255656056606','1309788641',NULL,'D4:67:D3:E3:17:BD','1807',1000.00,'465166',NULL,1,1,'2025-08-09 11:05:16','2025-08-10 11:06:07',NULL),(8,'5WM6L2',8,2,6,1,1,'255617595193','1309940132',NULL,'5E:32:CC:C1:11:35','1317',500.00,'320618',NULL,1,1,'2025-08-09 13:37:12','2025-08-10 01:38:05',NULL),(9,'W7DAJS',8,2,4,1,1,'255672040034','1310045490',NULL,'72:82:9F:D3:BA:72','3414',1000.00,'184295',NULL,1,1,'2025-08-09 15:21:54','2025-08-10 15:22:06',NULL),(10,'AW7J06',8,2,4,1,1,'255672040034','1311713416',NULL,'72:82:9F:D3:BA:72','3468',1000.00,'792168',NULL,1,0,'2025-08-10 19:09:44','2025-08-10 19:09:47',NULL),(11,'VGXA5Z',8,2,4,1,1,'255672040034','1313139026',NULL,'72:82:9F:D3:BA:72','2305',1000.00,'431003',NULL,1,1,'2025-08-11 18:56:19','2025-08-12 18:57:07',NULL),(12,'Z4L19T',8,2,14,1,1,'255618250327','1313175196',NULL,'86:65:3C:6B:E1:84','7261',1000.00,'021868',NULL,1,1,'2025-08-11 19:33:35','2025-08-12 19:34:07',NULL),(13,'KL67EW',8,2,3,1,1,'255693311437','0967592079',NULL,'5A:DD:D5:00:65:24','2255',210.00,'118106',NULL,1,1,'2025-08-14 20:20:44','2025-08-14 21:21:06',NULL),(14,'3QU719',8,2,14,1,1,'255618250327','1319598138',NULL,'86:65:3C:6B:E1:84','6604',1000.00,'580259',NULL,1,1,'2025-08-16 06:35:13','2025-08-17 06:36:06',NULL),(15,'9DFG7X',8,2,20,2,2,NULL,'TSHDSINOS',NULL,NULL,NULL,40000.00,NULL,NULL,1,0,'2025-08-17 13:57:20','2025-08-17 13:57:20',NULL),(16,'LAJO7Q',8,2,19,2,2,NULL,'THSDFNJD',NULL,NULL,NULL,40000.00,NULL,NULL,1,0,'2025-08-17 13:59:11','2025-08-17 13:59:11',NULL),(17,'GUT82M',8,2,21,2,3,NULL,'',NULL,NULL,NULL,61000.00,NULL,NULL,1,0,'2025-08-17 14:00:50','2025-08-17 14:00:50',NULL),(18,'X80OJB',8,2,22,2,2,NULL,'TSHRTH823',NULL,NULL,NULL,61000.00,NULL,NULL,1,0,'2025-08-17 14:05:43','2025-08-17 14:05:43',NULL),(19,'FPJKN2',8,2,24,1,1,'255746278281','0968586204',NULL,'EA:58:A4:7A:3F:40','5360',1000.00,'713354',NULL,1,1,'2025-08-17 15:44:23','2025-08-18 20:47:06',NULL),(20,'JY1WK4',8,2,14,1,1,'255618250327','1321920468',NULL,'86:65:3C:6B:E1:84','7977',1000.00,'933255',NULL,1,1,'2025-08-17 21:17:12','2025-08-18 21:18:05',NULL),(21,'B52KR3',8,2,26,1,1,'255758728802','0969166320',NULL,'30:FC:EB:7A:0C:90','3293',500.00,'201884',NULL,1,1,'2025-08-19 09:09:34','2025-08-19 21:10:07',NULL),(22,'5IA10R',8,2,26,1,1,'255758728802','0969175485',NULL,'20:2B:20:82:46:81','2282',500.00,'186315',NULL,1,1,'2025-08-19 09:33:55','2025-08-19 21:34:06',NULL),(23,'WBS1N6',8,2,24,1,1,'255746278281','0969248715',NULL,'EA:58:A4:7A:3F:40','0872',1000.00,'416356',NULL,1,1,'2025-08-19 12:58:28','2025-08-20 12:59:07',NULL),(24,'VWP1G6',8,2,4,1,1,'255672040034','1324551624',NULL,'72:82:9F:D3:BA:72','2378',1000.00,'422101',NULL,1,1,'2025-08-19 17:08:40','2025-08-20 17:09:07',NULL),(25,'MFQ0G1',8,2,34,1,1,'255673093138','1324591932',NULL,'62:06:D0:8C:47:36','8188',2500.00,'151565',NULL,1,1,'2025-08-19 17:48:08','2025-08-22 17:49:06',NULL),(26,'C8EWXO',8,2,47,1,1,'255746184273','0969441231',NULL,'E6:12:A3:41:F4:AD','9790',1000.00,'951620',NULL,1,1,'2025-08-19 20:41:06','2025-08-20 20:42:06',NULL),(27,'BDJT5L',8,2,2,1,1,'255763752350','0969473613',NULL,'7E:A5:C8:0E:3C:6A','3853',210.00,'666402',NULL,1,1,'2025-08-20 05:38:54','2025-08-20 06:39:06',NULL),(28,'N2V97H',8,2,58,1,1,'255783709549','0969551613',NULL,'14:9F:3C:6B:96:77','7357',500.00,'798382',NULL,1,1,'2025-08-20 10:01:10','2025-08-20 22:02:06',NULL),(29,'1NXGIY',8,2,59,1,1,'255747101974','0969616332',NULL,'F2:50:95:0B:4B:27','3101',500.00,'172820',NULL,1,1,'2025-08-20 13:10:29','2025-08-21 01:11:05',NULL),(30,'2VOYDQ',8,2,65,1,1,'255616535743','1326069582',NULL,'5A:22:D6:25:36:E9','3079',500.00,'072790',NULL,1,1,'2025-08-20 18:26:13','2025-08-21 06:27:07',NULL),(31,'W37N5Z',8,2,26,1,1,'255758728802','0969781086',NULL,'30:FC:EB:7A:0C:90','6358',1000.00,'693194',NULL,1,1,'2025-08-20 19:16:07','2025-08-21 19:17:11',NULL),(32,'2EAFIG',8,2,68,1,1,'255617223653','1326163804',NULL,'CC:C0:79:8D:5E:35','5726',300.00,'267320',NULL,1,1,'2025-08-20 20:00:36','2025-08-21 02:01:06',NULL),(33,'C82FMP',8,2,23,2,3,NULL,'',NULL,NULL,NULL,40000.00,NULL,NULL,1,0,'2025-08-21 04:24:26','2025-08-21 04:24:26',NULL),(34,'O9NZ8F',8,2,61,2,3,NULL,'0004',NULL,NULL,NULL,40000.00,NULL,NULL,1,0,'2025-08-21 04:33:24','2025-08-21 04:33:24',NULL),(35,'BM276E',8,2,72,1,1,'255654966625','1326793657',NULL,'BE:FD:23:A1:58:ED','9316',1000.00,'202311',NULL,1,1,'2025-08-21 06:30:08','2025-08-22 06:31:06',NULL),(36,'T91KXU',8,2,58,1,1,'255783709549','0969886245',NULL,'14:9F:3C:6B:96:77','3007',300.00,'932383',NULL,1,1,'2025-08-21 08:30:08','2025-08-21 14:31:09',NULL),(37,'CXZKI2',8,2,7,1,1,'255656056606','1327379710',NULL,'D4:67:D3:E3:17:BD','5382',1000.00,'866912',NULL,1,1,'2025-08-21 16:16:40','2025-08-22 16:17:07',NULL),(38,'DHYP2R',8,2,68,1,1,'255617223653','1327537305',NULL,'CC:C0:79:8D:5E:35','8076',500.00,'949862',NULL,1,1,'2025-08-21 18:54:51','2025-08-22 06:55:06',NULL),(39,'TF5QI4',8,2,26,1,1,'255758728802','0970166574',NULL,'30:FC:EB:7A:0C:90','7373',7000.00,'162886',NULL,1,0,'2025-08-21 19:29:19','2025-08-21 19:29:19',NULL),(40,'4TCYVX',8,2,85,1,1,'255625284273','1327581249',NULL,'D6:12:9E:9D:91:0E','4196',500.00,'746427',NULL,1,1,'2025-08-21 19:38:06','2025-08-22 07:39:06',NULL),(41,'AU1O2G',8,2,58,1,1,'255783709549','0970174665',NULL,'14:9F:3C:6B:96:77','0216',500.00,'128942',NULL,1,1,'2025-08-21 19:49:48','2025-08-22 07:50:06',NULL),(42,'8BIWDP',8,2,86,1,1,'255769211401','0970184688',NULL,'0A:00:F5:20:D1:35','1302',1000.00,'230315',NULL,1,1,'2025-08-21 20:22:20','2025-08-22 20:23:06',NULL),(43,'3FZA4T',8,2,58,1,1,'255783709549','0970314282',NULL,'14:9F:3C:6B:96:77','7983',500.00,'414063',NULL,1,1,'2025-08-22 10:13:46','2025-08-22 22:14:07',NULL),(44,'5S0QN9',8,2,90,1,1,'255714840147','1328889501',NULL,'FE:96:EF:57:F0:70','7672',1000.00,'564350',NULL,1,1,'2025-08-22 17:26:43','2025-08-23 17:27:06',NULL),(45,'UXKS3Z',8,2,94,1,1,'255785162610','0970586583',NULL,'F2:65:ED:BF:19:CD','2288',500.00,'246425',NULL,1,1,'2025-08-22 20:56:29','2025-08-23 08:57:06',NULL),(46,'XLZ7QF',8,2,68,1,1,'255617223653','1329133623',NULL,'CC:C0:79:8D:5E:35','2064',500.00,'369937',NULL,1,1,'2025-08-22 21:30:24','2025-08-23 09:31:06',NULL),(47,'Y9BWZS',8,2,96,1,1,'255629671401','1329210337',NULL,'0A:00:F5:20:D1:35','2311',300.00,'836406',NULL,1,1,'2025-08-22 22:46:53','2025-08-23 04:47:05',NULL),(48,'YTGO1M',8,2,100,1,1,'255792736886','0970696899',NULL,'4E:ED:DD:40:F3:A1','8128',1000.00,'996468',NULL,1,1,'2025-08-23 09:26:25','2025-08-24 09:27:06',NULL),(49,'AV6QS9',8,2,96,1,1,'255629671401','1330038656',NULL,'0A:00:F5:20:D1:35','4678',2500.00,'885814',NULL,1,0,'2025-08-23 12:39:10','2025-08-23 12:39:10',NULL),(50,'73D2BO',8,2,94,1,1,'255785162610','0970987422',NULL,'F2:65:ED:BF:19:CD','3966',500.00,'924733',NULL,1,1,'2025-08-23 20:59:56','2025-08-24 09:00:06',NULL),(51,'2MCUWB',8,2,68,1,1,'255617223653','1331227620',NULL,'3E:A5:2D:34:21:C5','9509',500.00,'680604',NULL,1,1,'2025-08-24 08:24:28','2025-08-24 20:25:06',NULL),(52,'JM453C',8,2,109,1,1,'255742925839','0971078370',NULL,'A6:85:AC:A3:94:CF','8367',210.00,'402396',NULL,1,1,'2025-08-24 09:30:08','2025-08-24 10:31:06',NULL),(53,'IAMU6Q',8,2,124,1,1,'255769039595','0971328915',NULL,'FC:AA:B6:3B:A0:48','2056',300.00,'301904',NULL,1,1,'2025-08-24 21:25:55','2025-08-25 03:26:06',NULL),(54,'NX439K',8,2,96,1,1,'255629671401','1332077398',NULL,'0A:00:F5:20:D1:35','8922',300.00,'274492',NULL,1,1,'2025-08-24 22:34:19','2025-08-25 04:35:06',NULL),(55,'CE0LVP',8,2,94,1,1,'255785162610','0971336424',NULL,'F2:65:ED:BF:19:CD','0384',500.00,'093513',NULL,1,1,'2025-08-24 22:36:42','2025-08-25 10:37:08',NULL),(56,'TJ9ME1',8,2,126,1,1,'255715060369','1333205825',NULL,'0E:32:DD:A2:B3:84','5409',1000.00,'198458',NULL,1,0,'2025-08-25 17:22:24','2025-08-25 17:22:24',NULL),(57,'JSV3CH',8,2,127,1,1,'255774422687','1333215093',NULL,'42:B6:CB:A6:FE:13','1016',1000.00,'232501',NULL,1,0,'2025-08-25 17:32:30','2025-08-25 17:32:30',NULL),(58,'RCQV9P',8,2,58,1,1,'255783709549','0971666835',NULL,'14:9F:3C:6B:96:77','4421',500.00,'364169',NULL,1,0,'2025-08-25 18:08:10','2025-08-25 18:08:10',NULL),(59,'4FT6W3',8,2,68,1,1,'255617223653','1333271180',NULL,'3E:A5:2D:34:21:C5','5883',500.00,'164429',NULL,1,0,'2025-08-25 18:28:29','2025-08-25 18:28:29',NULL),(60,'H63V94',8,2,128,1,1,'255775514233','1333319340',NULL,'0E:06:50:49:08:C6','1950',1000.00,'950655',NULL,1,0,'2025-08-25 19:15:59','2025-08-25 19:15:59',NULL),(61,'NZGX72',8,2,94,1,1,'255785162610','0971732031',NULL,'F2:65:ED:BF:19:CD','0114',500.00,'678837',NULL,1,0,'2025-08-25 20:56:28','2025-08-25 20:56:28',NULL),(62,'Q7WIV5',8,2,124,1,1,'255769039595','0971732583',NULL,'FC:AA:B6:3B:A0:48','9947',500.00,'485614',NULL,1,0,'2025-08-25 20:59:05','2025-08-25 20:59:05',NULL);

--
-- Table structure for table `company_inventories`
--

CREATE TABLE `company_inventories` (
  `id` bigint unsigned NOT NULL AUTO_INCREMENT,
  `ref_no` varchar(191) COLLATE utf8mb4_unicode_ci NOT NULL,
  `company_id` int DEFAULT NULL,
  `name` varchar(191) COLLATE utf8mb4_unicode_ci NOT NULL,
  `description` longtext COLLATE utf8mb4_unicode_ci,
  `cost` decimal(8,2) NOT NULL DEFAULT '0.00',
  `serial_number` varchar(191) COLLATE utf8mb4_unicode_ci DEFAULT NULL,
  `type` varchar(191) COLLATE utf8mb4_unicode_ci DEFAULT NULL,
  `model` varchar(191) COLLATE utf8mb4_unicode_ci DEFAULT NULL,
  `model_number` varchar(191) COLLATE utf8mb4_unicode_ci DEFAULT NULL,
  `date_bought` date DEFAULT NULL,
  `state` varchar(191) COLLATE utf8mb4_unicode_ci NOT NULL DEFAULT 'in store',
  `location` varchar(191) COLLATE utf8mb4_unicode_ci DEFAULT NULL,
  `supplier` varchar(191) COLLATE utf8mb4_unicode_ci DEFAULT NULL,
  `status` int NOT NULL DEFAULT '1' COMMENT '0=inactive, 1=active',
  `created_at` timestamp NULL DEFAULT NULL,
  `updated_at` timestamp NULL DEFAULT NULL,
  `deleted_at` timestamp NULL DEFAULT NULL,
  PRIMARY KEY (`id`)
) ENGINE=InnoDB DEFAULT CHARSET=utf8mb4 COLLATE=utf8mb4_unicode_ci;

--
-- Dumping data for table `company_inventories`
--


--
-- Table structure for table `company_ip_pools`
--

CREATE TABLE `company_ip_pools` (
  `id` bigint unsigned NOT NULL AUTO_INCREMENT,
  `ref_no` varchar(191) COLLATE utf8mb4_unicode_ci NOT NULL,
  `company_id` bigint unsigned NOT NULL,
  `company_router_id` bigint unsigned NOT NULL,
  `name` varchar(191) COLLATE utf8mb4_unicode_ci NOT NULL,
  `ip_from_range` varchar(191) COLLATE utf8mb4_unicode_ci NOT NULL,
  `ip_to_range` varchar(191) COLLATE utf8mb4_unicode_ci NOT NULL,
  `status` int NOT NULL DEFAULT '1' COMMENT '0=inactive, 1=active',
  `created_at` timestamp NULL DEFAULT NULL,
  `updated_at` timestamp NULL DEFAULT NULL,
  `deleted_at` timestamp NULL DEFAULT NULL,
  PRIMARY KEY (`id`),
  KEY `company_ip_pools_company_id_foreign` (`company_id`),
  KEY `company_ip_pools_company_router_id_foreign` (`company_router_id`),
  CONSTRAINT `company_ip_pools_company_id_foreign` FOREIGN KEY (`company_id`) REFERENCES `companies` (`id`) ON DELETE CASCADE,
  CONSTRAINT `company_ip_pools_company_router_id_foreign` FOREIGN KEY (`company_router_id`) REFERENCES `company_routers` (`id`) ON DELETE CASCADE
) ENGINE=InnoDB AUTO_INCREMENT=6 DEFAULT CHARSET=utf8mb4 COLLATE=utf8mb4_unicode_ci;

--
-- Dumping data for table `company_ip_pools`
--

INSERT INTO `company_ip_pools` VALUES (1,'LPKCN0',7,1,'hotspot-pool ','192.168.88.10','192.168.88.254',1,'2025-08-05 15:58:33','2025-08-05 15:58:33',NULL),(2,'Q7IZT8',7,3,'pppoe-pool ','192.168.90.2','192.168.90.254',1,'2025-08-05 15:58:33','2025-08-08 23:43:08',NULL),(3,'3SIWZT',8,2,'hotspot-pool','10.10.1.3','10.10.1.254',1,'2025-08-05 17:41:13','2025-08-18 20:56:56',NULL),(4,'E1S7M0',8,2,'pppoe-pool','10.20.1.2','10.20.1.254',1,'2025-08-05 17:41:29','2025-08-18 20:57:15',NULL),(5,'K29764',7,3,'hotspot-pool ','192.168.88.2','192.168.88.254',1,'2025-08-08 23:43:08','2025-08-08 23:43:08',NULL);

--
-- Table structure for table `company_payment_accounts`
--

CREATE TABLE `company_payment_accounts` (
  `id` bigint unsigned NOT NULL AUTO_INCREMENT,
  `company_id` bigint unsigned NOT NULL,
  `company_router_id` bigint unsigned NOT NULL,
  `ref_no` varchar(191) COLLATE utf8mb4_unicode_ci NOT NULL,
  `selcom_api_key` varchar(191) COLLATE utf8mb4_unicode_ci NOT NULL,
  `status` int NOT NULL DEFAULT '1' COMMENT '0=inactive, 1=active',
  `created_at` timestamp NULL DEFAULT NULL,
  `updated_at` timestamp NULL DEFAULT NULL,
  `deleted_at` timestamp NULL DEFAULT NULL,
  PRIMARY KEY (`id`),
  KEY `company_payment_accounts_company_id_foreign` (`company_id`),
  KEY `company_payment_accounts_company_router_id_foreign` (`company_router_id`),
  CONSTRAINT `company_payment_accounts_company_id_foreign` FOREIGN KEY (`company_id`) REFERENCES `companies` (`id`) ON DELETE CASCADE,
  CONSTRAINT `company_payment_accounts_company_router_id_foreign` FOREIGN KEY (`company_router_id`) REFERENCES `company_routers` (`id`) ON DELETE CASCADE
) ENGINE=InnoDB AUTO_INCREMENT=2 DEFAULT CHARSET=utf8mb4 COLLATE=utf8mb4_unicode_ci;

--
-- Dumping data for table `company_payment_accounts`
--

INSERT INTO `company_payment_accounts` VALUES (1,8,2,'W0EP3M','5TAM_PlbVMgHWjIUICX-KULVxOhoQZu-SUqlX4De2dinX2fCT_06oJJogTnde5vwESkhW_Xr9nM3AMlt53AIVw',1,'2025-08-17 08:47:37','2025-08-17 10:05:32',NULL);

--
-- Table structure for table `company_prepaid_users`
--

CREATE TABLE `company_prepaid_users` (
  `id` bigint unsigned NOT NULL AUTO_INCREMENT,
  `ref_no` varchar(191) COLLATE utf8mb4_unicode_ci NOT NULL,
  `company_id` bigint unsigned NOT NULL,
  `username` varchar(191) COLLATE utf8mb4_unicode_ci NOT NULL,
  `names` varchar(191) COLLATE utf8mb4_unicode_ci DEFAULT NULL,
  `plan_name` varchar(191) COLLATE utf8mb4_unicode_ci NOT NULL,
  `company_service_plan_id` bigint unsigned NOT NULL,
  `mac_address` varchar(191) COLLATE utf8mb4_unicode_ci NOT NULL,
  `expires_on` varchar(191) COLLATE utf8mb4_unicode_ci NOT NULL,
  `method` varchar(191) COLLATE utf8mb4_unicode_ci NOT NULL,
  `created_at` timestamp NULL DEFAULT NULL,
  `updated_at` timestamp NULL DEFAULT NULL,
  `deleted_at` timestamp NULL DEFAULT NULL,
  PRIMARY KEY (`id`),
  KEY `company_prepaid_users_company_id_foreign` (`company_id`),
  KEY `company_prepaid_users_company_service_plan_id_foreign` (`company_service_plan_id`),
  CONSTRAINT `company_prepaid_users_company_id_foreign` FOREIGN KEY (`company_id`) REFERENCES `companies` (`id`) ON DELETE CASCADE,
  CONSTRAINT `company_prepaid_users_company_service_plan_id_foreign` FOREIGN KEY (`company_service_plan_id`) REFERENCES `company_service_plans` (`id`) ON DELETE CASCADE
) ENGINE=InnoDB DEFAULT CHARSET=utf8mb4 COLLATE=utf8mb4_unicode_ci;

--
-- Dumping data for table `company_prepaid_users`
--


--
-- Table structure for table `company_prepaid_vouchers`
--

CREATE TABLE `company_prepaid_vouchers` (
  `id` bigint unsigned NOT NULL AUTO_INCREMENT,
  `ref_no` varchar(191) COLLATE utf8mb4_unicode_ci NOT NULL,
  `company_id` bigint unsigned NOT NULL,
  `company_router_id` bigint unsigned NOT NULL,
  `company_service_plan_id` bigint unsigned NOT NULL,
  `voucher_code` varchar(191) COLLATE utf8mb4_unicode_ci NOT NULL,
  `engaged_voucher` int NOT NULL DEFAULT '0' COMMENT '0=inactive, 1=active',
  `status` int NOT NULL DEFAULT '1' COMMENT '0=inactive, 1=active',
  `created_at` timestamp NULL DEFAULT NULL,
  `updated_at` timestamp NULL DEFAULT NULL,
  `deleted_at` timestamp NULL DEFAULT NULL,
  PRIMARY KEY (`id`),
  KEY `company_prepaid_vouchers_company_id_foreign` (`company_id`),
  KEY `company_prepaid_vouchers_company_router_id_foreign` (`company_router_id`),
  KEY `company_prepaid_vouchers_company_service_plan_id_foreign` (`company_service_plan_id`),
  CONSTRAINT `company_prepaid_vouchers_company_id_foreign` FOREIGN KEY (`company_id`) REFERENCES `companies` (`id`) ON DELETE CASCADE,
  CONSTRAINT `company_prepaid_vouchers_company_router_id_foreign` FOREIGN KEY (`company_router_id`) REFERENCES `company_routers` (`id`) ON DELETE CASCADE,
  CONSTRAINT `company_prepaid_vouchers_company_service_plan_id_foreign` FOREIGN KEY (`company_service_plan_id`) REFERENCES `company_service_plans` (`id`) ON DELETE CASCADE
) ENGINE=InnoDB AUTO_INCREMENT=231 DEFAULT CHARSET=utf8mb4 COLLATE=utf8mb4_unicode_ci;

--
-- Dumping data for table `company_prepaid_vouchers`
--

INSERT INTO `company_prepaid_vouchers` VALUES (1,'9JL37Y',8,2,9,'5OXVS8',1,0,'2025-08-07 19:47:42','2025-08-22 11:25:02','2025-08-22 11:25:02'),(2,'9JL37Y',8,2,9,'SD66WK',1,1,'2025-08-07 19:47:42','2025-08-22 11:25:02','2025-08-22 11:25:02'),(3,'9JL37Y',8,2,9,'4ZAEYQ',1,0,'2025-08-07 19:47:42','2025-08-22 11:25:02','2025-08-22 11:25:02'),(4,'9JL37Y',8,2,9,'WGPFG5',1,0,'2025-08-07 19:47:42','2025-08-22 11:25:02','2025-08-22 11:25:02'),(5,'9JL37Y',8,2,9,'ABT6O4',1,0,'2025-08-07 19:47:42','2025-08-22 11:25:02','2025-08-22 11:25:02'),(6,'9JL37Y',8,2,9,'IOM23Q',1,0,'2025-08-07 19:47:42','2025-08-22 11:25:02','2025-08-22 11:25:02'),(7,'9JL37Y',8,2,9,'JAB0E4',1,0,'2025-08-07 19:47:42','2025-08-22 11:25:02','2025-08-22 11:25:02'),(8,'9JL37Y',8,2,9,'1A8653',1,0,'2025-08-07 19:47:42','2025-08-22 11:25:02','2025-08-22 11:25:02'),(9,'9JL37Y',8,2,9,'NPORDB',1,0,'2025-08-07 19:47:42','2025-08-22 11:25:02','2025-08-22 11:25:02'),(10,'9JL37Y',8,2,9,'DD93WK',1,0,'2025-08-07 19:47:42','2025-08-22 11:25:02','2025-08-22 11:25:02'),(11,'7EYA6J',8,2,8,'1FYF9P',1,0,'2025-08-19 09:34:40','2025-08-20 00:25:06',NULL),(12,'7EYA6J',8,2,8,'5YLCAP',1,0,'2025-08-19 09:34:40','2025-08-20 06:05:06',NULL),(13,'7EYA6J',8,2,8,'V0WVF3',1,0,'2025-08-19 09:34:40','2025-08-20 05:50:06',NULL),(14,'7EYA6J',8,2,8,'6RGSKW',1,0,'2025-08-19 09:34:40','2025-08-20 08:00:07',NULL),(15,'7EYA6J',8,2,8,'74MHL9',1,0,'2025-08-19 09:34:40','2025-08-22 19:12:06',NULL),(16,'7EYA6J',8,2,8,'884CKJ',1,0,'2025-08-19 09:34:40','2025-08-22 05:12:05',NULL),(17,'7EYA6J',8,2,8,'U3ELZ2',1,0,'2025-08-19 09:34:40','2025-08-23 08:01:05',NULL),(18,'7EYA6J',8,2,8,'FJTXKH',1,0,'2025-08-19 09:34:40','2025-08-24 23:34:05',NULL),(19,'7EYA6J',8,2,8,'O4R7CE',1,0,'2025-08-19 09:34:40','2025-08-25 01:14:06',NULL),(20,'7EYA6J',8,2,8,'FVAO35',1,0,'2025-08-19 09:34:40','2025-08-24 07:46:06',NULL),(21,'1YD9M8',8,2,23,'TLUKBO',1,1,'2025-08-19 12:06:16','2025-08-19 13:33:07',NULL),(22,'1YD9M8',8,2,23,'SV8IFR',1,1,'2025-08-19 12:06:16','2025-08-19 17:09:05',NULL),(23,'1YD9M8',8,2,23,'9QRWCH',1,1,'2025-08-19 12:06:16','2025-08-19 17:52:11',NULL),(24,'1YD9M8',8,2,23,'DT26E8',1,1,'2025-08-19 12:06:16','2025-08-19 18:21:49',NULL),(25,'1YD9M8',8,2,23,'6W5ILG',1,1,'2025-08-19 12:06:16','2025-08-19 18:23:41',NULL),(26,'1YD9M8',8,2,23,'VOK43T',1,1,'2025-08-19 12:06:16','2025-08-19 19:43:03',NULL),(27,'1YD9M8',8,2,23,'30GU3F',1,1,'2025-08-19 12:06:16','2025-08-19 23:16:14',NULL),(28,'1YD9M8',8,2,23,'TTTANM',1,1,'2025-08-19 12:06:16','2025-08-19 21:59:51',NULL),(29,'1YD9M8',8,2,23,'J1TLPH',1,1,'2025-08-19 12:06:16','2025-08-22 18:51:51',NULL),(30,'1YD9M8',8,2,23,'B8SOP2',0,1,'2025-08-19 12:06:16','2025-08-19 12:06:16',NULL),(31,'56P1UQ',8,2,10,'EJR2O1',1,1,'2025-08-19 16:27:23','2025-08-19 16:30:25',NULL),(32,'56P1UQ',8,2,10,'S722NR',0,1,'2025-08-19 16:27:23','2025-08-19 16:27:23',NULL),(33,'56P1UQ',8,2,10,'USAZ7R',1,1,'2025-08-19 16:27:23','2025-08-21 17:52:53',NULL),(34,'56P1UQ',8,2,10,'49ZEL5',0,1,'2025-08-19 16:27:23','2025-08-19 16:27:23',NULL),(35,'56P1UQ',8,2,10,'ATSZJV',0,1,'2025-08-19 16:27:23','2025-08-19 16:27:23',NULL),(36,'56P1UQ',8,2,10,'C9I7EO',0,1,'2025-08-19 16:27:23','2025-08-19 16:27:23',NULL),(37,'56P1UQ',8,2,10,'5D6N2K',0,1,'2025-08-19 16:27:23','2025-08-19 16:27:23',NULL),(38,'56P1UQ',8,2,10,'SQPF28',0,1,'2025-08-19 16:27:23','2025-08-19 16:27:23',NULL),(39,'56P1UQ',8,2,10,'M68DHY',0,1,'2025-08-19 16:27:23','2025-08-19 16:27:23',NULL),(40,'56P1UQ',8,2,10,'ALLS5I',0,1,'2025-08-19 16:27:23','2025-08-19 16:27:23',NULL),(41,'CAYWD6',8,2,9,'TMXSSN',1,0,'2025-08-19 17:30:10','2025-08-20 19:57:06',NULL),(42,'CAYWD6',8,2,9,'JN9PBI',1,0,'2025-08-19 17:30:10','2025-08-21 06:42:07',NULL),(43,'CAYWD6',8,2,9,'TN57P0',1,0,'2025-08-19 17:30:10','2025-08-25 11:52:07',NULL),(44,'CAYWD6',8,2,9,'WNF394',1,0,'2025-08-19 17:30:10','2025-08-22 07:16:06',NULL),(45,'CAYWD6',8,2,9,'YWUX73',1,0,'2025-08-19 17:30:10','2025-08-21 09:53:06',NULL),(46,'CAYWD6',8,2,9,'ANMM8E',1,0,'2025-08-19 17:30:10','2025-08-21 15:21:08',NULL),(47,'CAYWD6',8,2,9,'CIBMOT',1,0,'2025-08-19 17:30:10','2025-08-21 19:18:08',NULL),(48,'CAYWD6',8,2,9,'C4H4IC',1,0,'2025-08-19 17:30:10','2025-08-25 11:45:07',NULL),(49,'CAYWD6',8,2,9,'7IW9Q5',1,0,'2025-08-19 17:30:10','2025-08-21 20:13:07',NULL),(50,'CAYWD6',8,2,9,'YSNH0Y',1,0,'2025-08-19 17:30:10','2025-08-22 17:03:06',NULL),(51,'CAYWD6',8,2,9,'4WS2K9',1,0,'2025-08-19 17:30:10','2025-08-22 06:27:06',NULL),(52,'CAYWD6',8,2,9,'1L7LX3',1,0,'2025-08-19 17:30:10','2025-08-25 14:48:08',NULL),(53,'CAYWD6',8,2,9,'R52DEN',1,0,'2025-08-19 17:30:10','2025-08-22 14:37:05',NULL),(54,'CAYWD6',8,2,9,'M0VP94',1,0,'2025-08-19 17:30:10','2025-08-22 08:15:06',NULL),(55,'CAYWD6',8,2,9,'AJ07VX',1,0,'2025-08-19 17:30:10','2025-08-22 08:44:07',NULL),(56,'CAYWD6',8,2,9,'7CFSZN',1,0,'2025-08-19 17:30:10','2025-08-21 08:24:07',NULL),(57,'CAYWD6',8,2,9,'YCCKS4',1,0,'2025-08-19 17:30:10','2025-08-21 18:45:08',NULL),(58,'CAYWD6',8,2,9,'S6DNRK',1,0,'2025-08-19 17:30:10','2025-08-21 15:25:08',NULL),(59,'CAYWD6',8,2,9,'M1PJT6',1,0,'2025-08-19 17:30:10','2025-08-22 17:25:06',NULL),(60,'CAYWD6',8,2,9,'LDRGMC',1,0,'2025-08-19 17:30:10','2025-08-21 08:07:06',NULL),(61,'CAYWD6',8,2,9,'8RA01I',1,0,'2025-08-19 17:30:10','2025-08-21 20:25:08',NULL),(62,'CAYWD6',8,2,9,'FAUWYD',1,0,'2025-08-19 17:30:10','2025-08-21 15:27:07',NULL),(63,'CAYWD6',8,2,9,'6PUYJF',1,0,'2025-08-19 17:30:10','2025-08-22 16:47:06',NULL),(64,'CAYWD6',8,2,9,'4JUDPL',1,0,'2025-08-19 17:30:10','2025-08-21 08:05:06',NULL),(65,'CAYWD6',8,2,9,'SPVK4C',1,0,'2025-08-19 17:30:10','2025-08-21 20:15:08',NULL),(66,'CAYWD6',8,2,9,'BZWYQD',1,0,'2025-08-19 17:30:10','2025-08-22 13:49:06',NULL),(67,'CAYWD6',8,2,9,'G4NFCA',1,0,'2025-08-19 17:30:10','2025-08-24 16:53:07',NULL),(68,'CAYWD6',8,2,9,'C26QEJ',1,0,'2025-08-19 17:30:10','2025-08-22 05:57:06',NULL),(69,'CAYWD6',8,2,9,'IYQ4A2',1,0,'2025-08-19 17:30:10','2025-08-25 17:04:07',NULL),(70,'CAYWD6',8,2,9,'K087WJ',1,0,'2025-08-19 17:30:10','2025-08-24 20:59:06',NULL),(71,'W1LCZJ',8,2,26,'6VPQ0',1,1,'2025-08-20 11:04:06','2025-08-20 13:59:50',NULL),(72,'W1LCZJ',8,2,26,'0IM10',1,1,'2025-08-20 11:04:06','2025-08-21 17:57:19',NULL),(73,'W1LCZJ',8,2,26,'GC5PZ',1,1,'2025-08-20 11:04:06','2025-08-24 15:14:27',NULL),(74,'W1LCZJ',8,2,26,'ZB25V',0,1,'2025-08-20 11:04:06','2025-08-20 11:04:06',NULL),(75,'W1LCZJ',8,2,26,'9OR4S',0,1,'2025-08-20 11:04:06','2025-08-20 11:04:06',NULL),(76,'W1LCZJ',8,2,26,'PFTYU',0,1,'2025-08-20 11:04:07','2025-08-20 11:04:07',NULL),(77,'W1LCZJ',8,2,26,'CJ24M',0,1,'2025-08-20 11:04:07','2025-08-20 11:04:07',NULL),(78,'W1LCZJ',8,2,26,'0CX0W',0,1,'2025-08-20 11:04:07','2025-08-20 11:04:07',NULL),(79,'W1LCZJ',8,2,26,'6RS7M',0,1,'2025-08-20 11:04:07','2025-08-20 11:04:07',NULL),(80,'W1LCZJ',8,2,26,'Z8AJ6',0,1,'2025-08-20 11:04:07','2025-08-20 11:04:07',NULL),(81,'TEA3S1',8,2,9,'HG91',1,0,'2025-08-21 15:23:23','2025-08-23 16:03:06',NULL),(82,'TEA3S1',8,2,9,'SD2H',1,0,'2025-08-21 15:23:23','2025-08-24 14:34:06',NULL),(83,'TEA3S1',8,2,9,'TPCZ',1,0,'2025-08-21 15:23:23','2025-08-25 15:23:06',NULL),(84,'TEA3S1',8,2,9,'3J0Y',1,0,'2025-08-21 15:23:23','2025-08-25 17:25:08',NULL),(85,'TEA3S1',8,2,9,'S4X0',1,0,'2025-08-21 15:23:23','2025-08-23 15:31:06',NULL),(86,'TEA3S1',8,2,9,'A0BV',0,1,'2025-08-21 15:23:23','2025-08-21 15:23:23',NULL),(87,'TEA3S1',8,2,9,'VDJV',1,0,'2025-08-21 15:23:23','2025-08-25 18:21:08',NULL),(88,'TEA3S1',8,2,9,'WIDR',1,0,'2025-08-21 15:23:23','2025-08-25 18:53:08',NULL),(89,'TEA3S1',8,2,9,'SR74',1,0,'2025-08-21 15:23:23','2025-08-23 15:03:06',NULL),(90,'TEA3S1',8,2,9,'T1EU',1,0,'2025-08-21 15:23:23','2025-08-24 14:37:06',NULL),(91,'TEA3S1',8,2,9,'AVIT',1,0,'2025-08-21 15:23:23','2025-08-25 20:24:08',NULL),(92,'TEA3S1',8,2,9,'YFOM',1,0,'2025-08-21 15:23:23','2025-08-25 19:46:08',NULL),(93,'TEA3S1',8,2,9,'GPQJ',1,0,'2025-08-21 15:23:23','2025-08-23 17:31:07',NULL),(94,'TEA3S1',8,2,9,'1R7D',0,1,'2025-08-21 15:23:23','2025-08-21 15:23:23',NULL),(95,'TEA3S1',8,2,9,'YGM3',1,0,'2025-08-21 15:23:23','2025-08-25 18:47:07',NULL),(96,'TEA3S1',8,2,9,'33G5',1,1,'2025-08-21 15:23:23','2025-08-25 18:23:14',NULL),(97,'TEA3S1',8,2,9,'D1PF',1,0,'2025-08-21 15:23:23','2025-08-23 21:55:06',NULL),(98,'TEA3S1',8,2,9,'3BOK',1,0,'2025-08-21 15:23:23','2025-08-25 12:26:07',NULL),(99,'TEA3S1',8,2,9,'9CE1',1,0,'2025-08-21 15:23:23','2025-08-25 11:06:07',NULL),(100,'TEA3S1',8,2,9,'ARBA',1,1,'2025-08-21 15:23:23','2025-08-25 19:56:10',NULL),(101,'TEA3S1',8,2,9,'0YE8',1,0,'2025-08-21 15:23:23','2025-08-24 19:14:07',NULL),(102,'TEA3S1',8,2,9,'9H6P',1,0,'2025-08-21 15:23:23','2025-08-24 17:56:06',NULL),(103,'TEA3S1',8,2,9,'0PDR',1,1,'2025-08-21 15:23:23','2025-08-25 18:51:20',NULL),(104,'TEA3S1',8,2,9,'FRNY',0,1,'2025-08-21 15:23:23','2025-08-21 15:23:23',NULL),(105,'TEA3S1',8,2,9,'4SDQ',1,0,'2025-08-21 15:23:23','2025-08-24 10:01:06',NULL),(106,'TEA3S1',8,2,9,'PMGO',1,0,'2025-08-21 15:23:23','2025-08-24 17:47:07',NULL),(107,'TEA3S1',8,2,9,'T453',0,1,'2025-08-21 15:23:23','2025-08-21 15:23:23',NULL),(108,'TEA3S1',8,2,9,'H730',0,1,'2025-08-21 15:23:23','2025-08-21 15:23:23',NULL),(109,'TEA3S1',8,2,9,'RP3L',1,0,'2025-08-21 15:23:23','2025-08-24 08:32:06',NULL),(110,'TEA3S1',8,2,9,'H0VW',1,0,'2025-08-21 15:23:23','2025-08-24 18:10:06',NULL),(111,'TEA3S1',8,2,9,'3X7F',0,1,'2025-08-21 15:23:23','2025-08-21 15:23:23',NULL),(112,'TEA3S1',8,2,9,'MDQW',0,1,'2025-08-21 15:23:23','2025-08-21 15:23:23',NULL),(113,'TEA3S1',8,2,9,'9SZO',1,1,'2025-08-21 15:23:23','2025-08-25 16:28:00',NULL),(114,'TEA3S1',8,2,9,'V8IV',0,1,'2025-08-21 15:23:23','2025-08-21 15:23:23',NULL),(115,'TEA3S1',8,2,9,'GRA4',0,1,'2025-08-21 15:23:23','2025-08-21 15:23:23',NULL),(116,'TEA3S1',8,2,9,'W5CN',0,1,'2025-08-21 15:23:23','2025-08-21 15:23:23',NULL),(117,'TEA3S1',8,2,9,'BFJR',1,0,'2025-08-21 15:23:23','2025-08-24 23:50:06',NULL),(118,'TEA3S1',8,2,9,'5YYO',1,0,'2025-08-21 15:23:23','2025-08-24 19:04:07',NULL),(119,'TEA3S1',8,2,9,'K8UP',0,1,'2025-08-21 15:23:23','2025-08-21 15:23:23',NULL),(120,'TEA3S1',8,2,9,'NYGY',0,1,'2025-08-21 15:23:23','2025-08-21 15:23:23',NULL),(121,'TEA3S1',8,2,9,'DH0T',1,0,'2025-08-21 15:23:23','2025-08-25 16:53:07',NULL),(122,'TEA3S1',8,2,9,'3VCC',1,0,'2025-08-21 15:23:23','2025-08-25 20:51:08',NULL),(123,'TEA3S1',8,2,9,'307L',0,1,'2025-08-21 15:23:23','2025-08-21 15:23:23',NULL),(124,'TEA3S1',8,2,9,'C7DZ',0,1,'2025-08-21 15:23:23','2025-08-21 15:23:23',NULL),(125,'TEA3S1',8,2,9,'CK3J',1,0,'2025-08-21 15:23:23','2025-08-23 20:17:07',NULL),(126,'TEA3S1',8,2,9,'HREO',1,1,'2025-08-21 15:23:23','2025-08-25 19:52:43',NULL),(127,'TEA3S1',8,2,9,'FZMJ',0,1,'2025-08-21 15:23:23','2025-08-21 15:23:23',NULL),(128,'TEA3S1',8,2,9,'CES8',0,1,'2025-08-21 15:23:23','2025-08-21 15:23:23',NULL),(129,'TEA3S1',8,2,9,'A1XL',1,0,'2025-08-21 15:23:23','2025-08-24 19:11:07',NULL),(130,'TEA3S1',8,2,9,'LK2X',0,1,'2025-08-21 15:23:23','2025-08-21 15:23:23',NULL),(131,'TEA3S1',8,2,9,'UULH',1,1,'2025-08-21 15:23:23','2025-08-25 20:48:04',NULL),(132,'TEA3S1',8,2,9,'KQ96',0,1,'2025-08-21 15:23:23','2025-08-21 15:23:23',NULL),(133,'TEA3S1',8,2,9,'59E2',1,0,'2025-08-21 15:23:23','2025-08-24 09:08:06',NULL),(134,'TEA3S1',8,2,9,'RVWG',0,1,'2025-08-21 15:23:23','2025-08-21 15:23:23',NULL),(135,'TEA3S1',8,2,9,'2HAO',0,1,'2025-08-21 15:23:23','2025-08-21 15:23:23',NULL),(136,'TEA3S1',8,2,9,'TRS7',0,1,'2025-08-21 15:23:23','2025-08-21 15:23:23',NULL),(137,'TEA3S1',8,2,9,'UPL2',1,0,'2025-08-21 15:23:23','2025-08-24 13:30:06',NULL),(138,'TEA3S1',8,2,9,'NRBJ',1,1,'2025-08-21 15:23:23','2025-08-25 17:58:10',NULL),(139,'TEA3S1',8,2,9,'T5Q1',0,1,'2025-08-21 15:23:23','2025-08-21 15:23:23',NULL),(140,'TEA3S1',8,2,9,'TM11',0,1,'2025-08-21 15:23:23','2025-08-21 15:23:23',NULL),(141,'TEA3S1',8,2,9,'OR9Z',1,0,'2025-08-21 15:23:23','2025-08-24 12:13:07',NULL),(142,'TEA3S1',8,2,9,'0P96',0,1,'2025-08-21 15:23:23','2025-08-21 15:23:23',NULL),(143,'TEA3S1',8,2,9,'5SPX',0,1,'2025-08-21 15:23:23','2025-08-21 15:23:23',NULL),(144,'TEA3S1',8,2,9,'H9ZD',0,1,'2025-08-21 15:23:23','2025-08-21 15:23:23',NULL),(145,'TEA3S1',8,2,9,'CI2B',1,0,'2025-08-21 15:23:23','2025-08-23 20:14:07',NULL),(146,'TEA3S1',8,2,9,'1S9R',0,1,'2025-08-21 15:23:23','2025-08-21 15:23:23',NULL),(147,'TEA3S1',8,2,9,'7M8O',0,1,'2025-08-21 15:23:23','2025-08-21 15:23:23',NULL),(148,'TEA3S1',8,2,9,'23FK',0,1,'2025-08-21 15:23:23','2025-08-21 15:23:23',NULL),(149,'TEA3S1',8,2,9,'JA52',1,0,'2025-08-21 15:23:23','2025-08-23 20:42:06',NULL),(150,'TEA3S1',8,2,9,'TLNZ',0,1,'2025-08-21 15:23:23','2025-08-21 15:23:23',NULL),(151,'TEA3S1',8,2,9,'UVEX',0,1,'2025-08-21 15:23:23','2025-08-21 15:23:23',NULL),(152,'TEA3S1',8,2,9,'YP02',0,1,'2025-08-21 15:23:23','2025-08-21 15:23:23',NULL),(153,'TEA3S1',8,2,9,'BCK6',1,0,'2025-08-21 15:23:23','2025-08-23 23:23:06',NULL),(154,'TEA3S1',8,2,9,'N5JO',0,1,'2025-08-21 15:23:23','2025-08-21 15:23:23',NULL),(155,'TEA3S1',8,2,9,'Y20I',0,1,'2025-08-21 15:23:23','2025-08-21 15:23:23',NULL),(156,'TEA3S1',8,2,9,'VWUE',0,1,'2025-08-21 15:23:23','2025-08-21 15:23:23',NULL),(157,'TEA3S1',8,2,9,'K8WM',1,0,'2025-08-21 15:23:23','2025-08-23 20:35:06',NULL),(158,'TEA3S1',8,2,9,'IAAI',0,1,'2025-08-21 15:23:23','2025-08-21 15:23:23',NULL),(159,'TEA3S1',8,2,9,'RJBY',0,1,'2025-08-21 15:23:23','2025-08-21 15:23:23',NULL),(160,'TEA3S1',8,2,9,'LP57',0,1,'2025-08-21 15:23:23','2025-08-21 15:23:23',NULL),(161,'TEA3S1',8,2,9,'H6N3',1,1,'2025-08-21 15:23:23','2025-08-25 12:24:49',NULL),(162,'TEA3S1',8,2,9,'53H9',0,1,'2025-08-21 15:23:23','2025-08-21 15:23:23',NULL),(163,'TEA3S1',8,2,9,'9G91',0,1,'2025-08-21 15:23:24','2025-08-21 15:23:24',NULL),(164,'TEA3S1',8,2,9,'85EZ',0,1,'2025-08-21 15:23:24','2025-08-21 15:23:24',NULL),(165,'TEA3S1',8,2,9,'V6P1',1,0,'2025-08-21 15:23:24','2025-08-23 19:06:07',NULL),(166,'TEA3S1',8,2,9,'Q5LZ',0,1,'2025-08-21 15:23:24','2025-08-21 15:23:24',NULL),(167,'TEA3S1',8,2,9,'BNZX',0,1,'2025-08-21 15:23:24','2025-08-21 15:23:24',NULL),(168,'TEA3S1',8,2,9,'XKH4',0,1,'2025-08-21 15:23:24','2025-08-21 15:23:24',NULL),(169,'TEA3S1',8,2,9,'7HWB',1,1,'2025-08-21 15:23:24','2025-08-25 05:58:49',NULL),(170,'TEA3S1',8,2,9,'M0E7',0,1,'2025-08-21 15:23:24','2025-08-21 15:23:24',NULL),(171,'TEA3S1',8,2,9,'16TA',0,1,'2025-08-21 15:23:24','2025-08-21 15:23:24',NULL),(172,'TEA3S1',8,2,9,'ETFY',0,1,'2025-08-21 15:23:24','2025-08-21 15:23:24',NULL),(173,'TEA3S1',8,2,9,'DYPS',1,1,'2025-08-21 15:23:24','2025-08-25 07:26:26',NULL),(174,'TEA3S1',8,2,9,'U3HJ',0,1,'2025-08-21 15:23:24','2025-08-21 15:23:24',NULL),(175,'TEA3S1',8,2,9,'MH6Z',0,1,'2025-08-21 15:23:24','2025-08-21 15:23:24',NULL),(176,'TEA3S1',8,2,9,'611T',0,1,'2025-08-21 15:23:24','2025-08-21 15:23:24',NULL),(177,'TEA3S1',8,2,9,'7RSF',1,1,'2025-08-21 15:23:24','2025-08-25 08:08:20',NULL),(178,'TEA3S1',8,2,9,'2AIQ',0,1,'2025-08-21 15:23:24','2025-08-21 15:23:24',NULL),(179,'TEA3S1',8,2,9,'8L94',0,1,'2025-08-21 15:23:24','2025-08-21 15:23:24',NULL),(180,'TEA3S1',8,2,9,'Y7C3',0,1,'2025-08-21 15:23:24','2025-08-21 15:23:24',NULL),(181,'3QEXYU',8,2,7,'ZNFZ',1,0,'2025-08-21 16:27:03','2025-08-21 22:28:07',NULL),(182,'3QEXYU',8,2,7,'ZJ85',1,0,'2025-08-21 16:27:03','2025-08-22 00:10:08',NULL),(183,'3QEXYU',8,2,7,'9KZJ',1,0,'2025-08-21 16:27:03','2025-08-22 18:17:08',NULL),(184,'3QEXYU',8,2,7,'H24I',1,0,'2025-08-21 16:27:03','2025-08-24 19:32:08',NULL),(185,'3QEXYU',8,2,7,'5UWF',0,1,'2025-08-21 16:27:03','2025-08-21 16:27:03',NULL),(186,'3QEXYU',8,2,7,'V224',0,1,'2025-08-21 16:27:03','2025-08-21 16:27:03',NULL),(187,'3QEXYU',8,2,7,'ZLZH',0,1,'2025-08-21 16:27:03','2025-08-21 16:27:03',NULL),(188,'3QEXYU',8,2,7,'62T1',0,1,'2025-08-21 16:27:03','2025-08-21 16:27:03',NULL),(189,'3QEXYU',8,2,7,'PZZ5',0,1,'2025-08-21 16:27:03','2025-08-21 16:27:03',NULL),(190,'3QEXYU',8,2,7,'YKQB',0,1,'2025-08-21 16:27:03','2025-08-21 16:27:03',NULL),(191,'MWTU9H',8,2,8,'S30LC',1,0,'2025-08-24 14:33:12','2025-08-25 02:44:06',NULL),(192,'MWTU9H',8,2,8,'O9RMK',1,0,'2025-08-24 14:33:12','2025-08-25 04:16:07',NULL),(193,'MWTU9H',8,2,8,'8O9VJ',1,1,'2025-08-24 14:33:12','2025-08-25 18:07:52',NULL),(194,'MWTU9H',8,2,8,'CFQ8A',0,1,'2025-08-24 14:33:12','2025-08-24 14:33:12',NULL),(195,'MWTU9H',8,2,8,'HGAZE',0,1,'2025-08-24 14:33:12','2025-08-24 14:33:12',NULL),(196,'MWTU9H',8,2,8,'MHBH3',0,1,'2025-08-24 14:33:12','2025-08-24 14:33:12',NULL),(197,'MWTU9H',8,2,8,'D4L3Q',0,1,'2025-08-24 14:33:12','2025-08-24 14:33:12',NULL),(198,'MWTU9H',8,2,8,'UCK75',0,1,'2025-08-24 14:33:12','2025-08-24 14:33:12',NULL),(199,'MWTU9H',8,2,8,'8GDJ3',0,1,'2025-08-24 14:33:12','2025-08-24 14:33:12',NULL),(200,'MWTU9H',8,2,8,'IPDQK',0,1,'2025-08-24 14:33:12','2025-08-24 14:33:12',NULL),(201,'MWTU9H',8,2,8,'RBT5O',0,1,'2025-08-24 14:33:12','2025-08-24 14:33:12',NULL),(202,'MWTU9H',8,2,8,'J80IR',0,1,'2025-08-24 14:33:12','2025-08-24 14:33:12',NULL),(203,'MWTU9H',8,2,8,'O40NS',0,1,'2025-08-24 14:33:12','2025-08-24 14:33:12',NULL),(204,'MWTU9H',8,2,8,'VKIXW',0,1,'2025-08-24 14:33:12','2025-08-24 14:33:12',NULL),(205,'MWTU9H',8,2,8,'7KNGD',0,1,'2025-08-24 14:33:12','2025-08-24 14:33:12',NULL),(206,'MWTU9H',8,2,8,'IVAEB',0,1,'2025-08-24 14:33:12','2025-08-24 14:33:12',NULL),(207,'MWTU9H',8,2,8,'QBMQ5',0,1,'2025-08-24 14:33:12','2025-08-24 14:33:12',NULL),(208,'MWTU9H',8,2,8,'8E94X',0,1,'2025-08-24 14:33:12','2025-08-24 14:33:12',NULL),(209,'MWTU9H',8,2,8,'L7ZB0',0,1,'2025-08-24 14:33:12','2025-08-24 14:33:12',NULL),(210,'MWTU9H',8,2,8,'E2PWD',0,1,'2025-08-24 14:33:12','2025-08-24 14:33:12',NULL),(211,'XEPO4V',8,2,24,'DDWMZ',1,1,'2025-08-25 14:58:22','2025-08-25 15:01:45',NULL),(212,'XEPO4V',8,2,24,'2Q9J1',0,1,'2025-08-25 14:58:22','2025-08-25 14:58:22',NULL),(213,'XEPO4V',8,2,24,'GKU10',0,1,'2025-08-25 14:58:22','2025-08-25 14:58:22',NULL),(214,'XEPO4V',8,2,24,'I0MHN',0,1,'2025-08-25 14:58:22','2025-08-25 14:58:22',NULL),(215,'XEPO4V',8,2,24,'6FWB6',0,1,'2025-08-25 14:58:22','2025-08-25 14:58:22',NULL),(216,'XEPO4V',8,2,24,'QFM5F',0,1,'2025-08-25 14:58:22','2025-08-25 14:58:22',NULL),(217,'XEPO4V',8,2,24,'7JFAJ',0,1,'2025-08-25 14:58:22','2025-08-25 14:58:22',NULL),(218,'XEPO4V',8,2,24,'XHD6Z',0,1,'2025-08-25 14:58:22','2025-08-25 14:58:22',NULL),(219,'XEPO4V',8,2,24,'H2FBO',0,1,'2025-08-25 14:58:22','2025-08-25 14:58:22',NULL),(220,'XEPO4V',8,2,24,'C3B4Z',0,1,'2025-08-25 14:58:22','2025-08-25 14:58:22',NULL),(221,'XEPO4V',8,2,24,'YVFVG',0,1,'2025-08-25 14:58:22','2025-08-25 14:58:22',NULL),(222,'XEPO4V',8,2,24,'UVBMB',0,1,'2025-08-25 14:58:22','2025-08-25 14:58:22',NULL),(223,'XEPO4V',8,2,24,'DM0KY',0,1,'2025-08-25 14:58:22','2025-08-25 14:58:22',NULL),(224,'XEPO4V',8,2,24,'AV9Y8',0,1,'2025-08-25 14:58:22','2025-08-25 14:58:22',NULL),(225,'XEPO4V',8,2,24,'G9XRO',0,1,'2025-08-25 14:58:22','2025-08-25 14:58:22',NULL),(226,'XEPO4V',8,2,24,'A4Z6M',0,1,'2025-08-25 14:58:22','2025-08-25 14:58:22',NULL),(227,'XEPO4V',8,2,24,'0DAQD',0,1,'2025-08-25 14:58:22','2025-08-25 14:58:22',NULL),(228,'XEPO4V',8,2,24,'DNUEJ',0,1,'2025-08-25 14:58:22','2025-08-25 14:58:22',NULL),(229,'XEPO4V',8,2,24,'YSYE0',0,1,'2025-08-25 14:58:22','2025-08-25 14:58:22',NULL),(230,'XEPO4V',8,2,24,'C313V',0,1,'2025-08-25 14:58:22','2025-08-25 14:58:22',NULL);

--
-- Table structure for table `company_referral_payments`
--

CREATE TABLE `company_referral_payments` (
  `id` bigint unsigned NOT NULL AUTO_INCREMENT,
  `company_referral_id` bigint unsigned NOT NULL,
  `company_router_invoice_payment_id` int NOT NULL,
  `user_id` int DEFAULT NULL,
  `payment_mode_id` bigint unsigned NOT NULL,
  `transaction_code` varchar(191) COLLATE utf8mb4_unicode_ci DEFAULT NULL,
  `amount` decimal(8,2) NOT NULL DEFAULT '0.00',
  `created_at` timestamp NULL DEFAULT NULL,
  `updated_at` timestamp NULL DEFAULT NULL,
  `deleted_at` timestamp NULL DEFAULT NULL,
  PRIMARY KEY (`id`),
  KEY `company_referral_payments_company_referral_id_foreign` (`company_referral_id`),
  KEY `company_referral_payments_payment_mode_id_foreign` (`payment_mode_id`),
  CONSTRAINT `company_referral_payments_company_referral_id_foreign` FOREIGN KEY (`company_referral_id`) REFERENCES `company_referrals` (`id`) ON DELETE CASCADE,
  CONSTRAINT `company_referral_payments_payment_mode_id_foreign` FOREIGN KEY (`payment_mode_id`) REFERENCES `payment_modes` (`id`) ON DELETE CASCADE
) ENGINE=InnoDB DEFAULT CHARSET=utf8mb4 COLLATE=utf8mb4_unicode_ci;

--
-- Dumping data for table `company_referral_payments`
--


--
-- Table structure for table `company_referrals`
--

CREATE TABLE `company_referrals` (
  `id` bigint unsigned NOT NULL AUTO_INCREMENT,
  `company_id` bigint unsigned NOT NULL,
  `referrer_id` int NOT NULL,
  `percentage_commission` decimal(8,2) NOT NULL DEFAULT '0.00',
  `created_at` timestamp NULL DEFAULT NULL,
  `updated_at` timestamp NULL DEFAULT NULL,
  `deleted_at` timestamp NULL DEFAULT NULL,
  PRIMARY KEY (`id`),
  KEY `company_referrals_company_id_foreign` (`company_id`),
  CONSTRAINT `company_referrals_company_id_foreign` FOREIGN KEY (`company_id`) REFERENCES `companies` (`id`) ON DELETE CASCADE
) ENGINE=InnoDB DEFAULT CHARSET=utf8mb4 COLLATE=utf8mb4_unicode_ci;

--
-- Dumping data for table `company_referrals`
--


--
-- Table structure for table `company_router_customers`
--

CREATE TABLE `company_router_customers` (
  `id` bigint unsigned NOT NULL AUTO_INCREMENT,
  `company_router_id` bigint unsigned NOT NULL,
  `name` varchar(191) COLLATE utf8mb4_unicode_ci DEFAULT NULL,
  `phone` varchar(191) COLLATE utf8mb4_unicode_ci NOT NULL,
  `created_at` timestamp NULL DEFAULT NULL,
  `updated_at` timestamp NULL DEFAULT NULL,
  `deleted_at` timestamp NULL DEFAULT NULL,
  PRIMARY KEY (`id`),
  KEY `company_router_customers_company_router_id_foreign` (`company_router_id`),
  CONSTRAINT `company_router_customers_company_router_id_foreign` FOREIGN KEY (`company_router_id`) REFERENCES `company_routers` (`id`) ON DELETE CASCADE
) ENGINE=InnoDB AUTO_INCREMENT=33 DEFAULT CHARSET=utf8mb4 COLLATE=utf8mb4_unicode_ci;

--
-- Dumping data for table `company_router_customers`
--

INSERT INTO `company_router_customers` VALUES (1,2,'7E:A5:C8:0E:3C:6A','255763752350','2025-08-05 18:59:16','2025-08-20 05:38:54',NULL),(2,2,'5A:DD:D5:00:65:24','255693311437','2025-08-05 19:03:34','2025-08-14 20:20:44',NULL),(3,2,'72:82:9F:D3:BA:72','255672040034','2025-08-07 18:53:51','2025-08-07 18:53:51',NULL),(4,2,'5E:32:CC:C1:11:35','255617595193','2025-08-08 15:56:01','2025-08-08 15:56:01',NULL),(5,2,'D4:67:D3:E3:17:BD','255656056606','2025-08-09 11:05:16','2025-08-09 11:05:16',NULL),(6,2,'86:65:3C:6B:E1:84','255618250327','2025-08-11 19:33:35','2025-08-11 19:33:35',NULL),(7,2,'Silas','0796230626','2025-08-17 08:18:10','2025-08-17 08:18:10',NULL),(8,2,'Wankrew','0792222222','2025-08-17 13:16:10','2025-08-17 13:16:10',NULL),(9,2,'Admin','0723232334','2025-08-17 14:00:15','2025-08-17 14:00:15',NULL),(10,2,'Admin','0723232323','2025-08-17 14:05:10','2025-08-17 14:05:10',NULL),(11,2,'njovu','0763752350','2025-08-17 14:08:43','2025-08-17 14:08:43',NULL),(12,2,'EA:58:A4:7A:3F:40','255746278281','2025-08-17 15:44:23','2025-08-17 15:44:23',NULL),(13,2,'30:FC:EB:7A:0C:90','255758728802','2025-08-19 09:09:34','2025-08-20 19:16:07',NULL),(14,2,'62:06:D0:8C:47:36','255673093138','2025-08-19 17:48:08','2025-08-19 17:48:08',NULL),(15,2,'E6:12:A3:41:F4:AD','255746184273','2025-08-19 20:41:06','2025-08-19 20:41:06',NULL),(16,2,'14:9F:3C:6B:96:77','255783709549','2025-08-20 10:01:10','2025-08-20 10:01:10',NULL),(17,2,'F2:50:95:0B:4B:27','255747101974','2025-08-20 13:10:29','2025-08-20 13:10:29',NULL),(18,2,'Faith','0712050835','2025-08-20 14:09:02','2025-08-20 14:09:02',NULL),(19,2,'5A:22:D6:25:36:E9','255616535743','2025-08-20 18:26:13','2025-08-20 18:26:13',NULL),(20,2,'3E:A5:2D:34:21:C5','255617223653','2025-08-20 20:00:36','2025-08-24 08:24:28',NULL),(21,2,'BE:FD:23:A1:58:ED','255654966625','2025-08-21 06:30:08','2025-08-21 06:30:08',NULL),(22,2,'D6:12:9E:9D:91:0E','255625284273','2025-08-21 19:38:06','2025-08-21 19:38:06',NULL),(23,2,'0A:00:F5:20:D1:35','255769211401','2025-08-21 20:22:20','2025-08-21 20:22:20',NULL),(24,2,'FE:96:EF:57:F0:70','255714840147','2025-08-22 17:26:43','2025-08-22 17:26:43',NULL),(25,2,'F2:65:ED:BF:19:CD','255785162610','2025-08-22 20:56:29','2025-08-22 20:56:29',NULL),(26,2,'0A:00:F5:20:D1:35','255629671401','2025-08-22 22:46:53','2025-08-22 22:46:53',NULL),(27,2,'4E:ED:DD:40:F3:A1','255792736886','2025-08-23 09:26:25','2025-08-23 09:26:25',NULL),(28,2,'A6:85:AC:A3:94:CF','255742925839','2025-08-24 09:30:08','2025-08-24 09:30:08',NULL),(29,2,'FC:AA:B6:3B:A0:48','255769039595','2025-08-24 21:25:55','2025-08-24 21:25:55',NULL),(30,2,'0E:32:DD:A2:B3:84','255715060369','2025-08-25 17:22:24','2025-08-25 17:22:24',NULL),(31,2,'42:B6:CB:A6:FE:13','255774422687','2025-08-25 17:32:30','2025-08-25 17:32:30',NULL),(32,2,'0E:06:50:49:08:C6','255775514233','2025-08-25 19:15:59','2025-08-25 19:15:59',NULL);

--
-- Table structure for table `company_router_interfaces`
--

CREATE TABLE `company_router_interfaces` (
  `id` bigint unsigned NOT NULL AUTO_INCREMENT,
  `company_router_id` bigint unsigned NOT NULL,
  `name` varchar(191) COLLATE utf8mb4_unicode_ci NOT NULL,
  `status` int NOT NULL DEFAULT '1' COMMENT '0=inactive, 1=active',
  `created_at` timestamp NULL DEFAULT NULL,
  `updated_at` timestamp NULL DEFAULT NULL,
  `deleted_at` timestamp NULL DEFAULT NULL,
  PRIMARY KEY (`id`),
  KEY `company_router_interfaces_company_router_id_foreign` (`company_router_id`),
  CONSTRAINT `company_router_interfaces_company_router_id_foreign` FOREIGN KEY (`company_router_id`) REFERENCES `company_routers` (`id`) ON DELETE CASCADE
) ENGINE=InnoDB AUTO_INCREMENT=25 DEFAULT CHARSET=utf8mb4 COLLATE=utf8mb4_unicode_ci;

--
-- Dumping data for table `company_router_interfaces`
--

INSERT INTO `company_router_interfaces` VALUES (1,1,'ether1',1,'2025-08-05 15:58:38','2025-08-05 15:58:38',NULL),(2,1,'ether2',1,'2025-08-05 15:58:38','2025-08-05 15:58:38',NULL),(3,1,'ether3',1,'2025-08-05 15:58:38','2025-08-05 15:58:38',NULL),(4,1,'ether4',1,'2025-08-05 15:58:38','2025-08-05 15:58:38',NULL),(5,1,'pwr-line1',1,'2025-08-05 15:58:38','2025-08-05 15:58:38',NULL),(6,1,'bridge',1,'2025-08-05 15:58:38','2025-08-05 15:58:38',NULL),(7,1,'lo',1,'2025-08-05 15:58:38','2025-08-05 15:58:38',NULL),(8,1,'ovpn-out1',1,'2025-08-05 15:58:38','2025-08-05 15:58:38',NULL),(9,2,'ether1',1,'2025-08-05 17:44:20','2025-08-05 17:44:20',NULL),(10,2,'ether3',1,'2025-08-05 17:44:20','2025-08-05 17:44:20',NULL),(11,2,'ether4',1,'2025-08-05 17:44:20','2025-08-05 17:44:20',NULL),(12,2,'ether5',1,'2025-08-05 17:44:20','2025-08-05 17:44:20',NULL),(13,2,'bridge',1,'2025-08-05 17:44:20','2025-08-05 17:44:20',NULL),(14,2,'lo',1,'2025-08-05 17:44:20','2025-08-05 17:44:20',NULL),(15,2,'ovpn-out1',1,'2025-08-05 17:44:20','2025-08-05 17:44:20',NULL),(16,3,'ether1',1,'2025-08-08 23:43:14','2025-08-08 23:43:14',NULL),(17,3,'ether2',1,'2025-08-08 23:43:14','2025-08-08 23:43:14',NULL),(18,3,'ether3',1,'2025-08-08 23:43:14','2025-08-08 23:43:14',NULL),(19,3,'ether4',1,'2025-08-08 23:43:14','2025-08-08 23:43:14',NULL),(20,3,'pwr-line1',1,'2025-08-08 23:43:14','2025-08-08 23:43:14',NULL),(21,3,'wlan1',1,'2025-08-08 23:43:14','2025-08-08 23:43:14',NULL),(22,3,'bridge',1,'2025-08-08 23:43:14','2025-08-08 23:43:14',NULL),(23,3,'lo',1,'2025-08-08 23:43:14','2025-08-08 23:43:14',NULL),(24,3,'ovpn-out1',1,'2025-08-08 23:43:14','2025-08-08 23:43:14',NULL);

--
-- Table structure for table `company_router_invoice_payments`
--

CREATE TABLE `company_router_invoice_payments` (
  `id` bigint unsigned NOT NULL AUTO_INCREMENT,
  `router_invoice_id` int NOT NULL,
  `grouped_transaction_id` bigint unsigned NOT NULL,
  `amount` decimal(8,2) NOT NULL DEFAULT '0.00',
  `commission_amount` decimal(8,2) NOT NULL DEFAULT '0.00',
  `created_at` timestamp NULL DEFAULT NULL,
  `updated_at` timestamp NULL DEFAULT NULL,
  `deleted_at` timestamp NULL DEFAULT NULL,
  PRIMARY KEY (`id`),
  KEY `company_router_invoice_payments_grouped_transaction_id_foreign` (`grouped_transaction_id`),
  CONSTRAINT `company_router_invoice_payments_grouped_transaction_id_foreign` FOREIGN KEY (`grouped_transaction_id`) REFERENCES `grouped_transactions` (`id`) ON DELETE CASCADE
) ENGINE=InnoDB DEFAULT CHARSET=utf8mb4 COLLATE=utf8mb4_unicode_ci;

--
-- Dumping data for table `company_router_invoice_payments`
--


--
-- Table structure for table `company_router_invoices`
--

CREATE TABLE `company_router_invoices` (
  `id` bigint unsigned NOT NULL AUTO_INCREMENT,
  `ref_no` varchar(191) COLLATE utf8mb4_unicode_ci NOT NULL,
  `company_router_id` bigint unsigned NOT NULL,
  `from_date` timestamp NOT NULL,
  `to_date` timestamp NOT NULL,
  `amount` decimal(8,2) NOT NULL DEFAULT '0.00',
  `status` int NOT NULL DEFAULT '0' COMMENT '0=pending, 1=paid',
  `created_at` timestamp NULL DEFAULT NULL,
  `updated_at` timestamp NULL DEFAULT NULL,
  `deleted_at` timestamp NULL DEFAULT NULL,
  PRIMARY KEY (`id`),
  KEY `company_router_invoices_company_router_id_foreign` (`company_router_id`),
  CONSTRAINT `company_router_invoices_company_router_id_foreign` FOREIGN KEY (`company_router_id`) REFERENCES `company_routers` (`id`) ON DELETE CASCADE
) ENGINE=InnoDB AUTO_INCREMENT=6 DEFAULT CHARSET=utf8mb4 COLLATE=utf8mb4_unicode_ci;

--
-- Dumping data for table `company_router_invoices`
--

INSERT INTO `company_router_invoices` VALUES (1,'3NQBCR',1,'2025-08-04 22:00:00','2025-09-04 22:00:00',1000.00,0,'2025-08-05 15:16:01','2025-08-05 15:16:01',NULL),(2,'1052P9',2,'2025-08-04 22:00:00','2025-09-04 22:00:00',1000.00,0,'2025-08-05 16:56:56','2025-08-05 16:56:56',NULL),(3,'73DPN5',3,'2025-08-08 22:00:00','2025-09-08 22:00:00',20000.00,0,'2025-08-08 23:21:05','2025-08-09 06:00:07',NULL),(4,'P07YQT',4,'2025-08-11 22:00:00','2025-09-11 22:00:00',21000.00,0,'2025-08-12 12:25:52','2025-08-12 12:25:52',NULL),(5,'L3POA9',5,'2025-08-17 22:00:00','2025-09-17 22:00:00',21000.00,0,'2025-08-18 17:15:11','2025-08-18 17:15:11',NULL);

--
-- Table structure for table `company_routers`
--

CREATE TABLE `company_routers` (
  `id` bigint unsigned NOT NULL AUTO_INCREMENT,
  `ref_no` varchar(191) COLLATE utf8mb4_unicode_ci NOT NULL,
  `company_id` bigint unsigned NOT NULL,
  `name` varchar(191) COLLATE utf8mb4_unicode_ci NOT NULL,
  `ip_address` varchar(191) COLLATE utf8mb4_unicode_ci NOT NULL,
  `public_ip` varchar(191) COLLATE utf8mb4_unicode_ci DEFAULT NULL,
  `username` varchar(191) COLLATE utf8mb4_unicode_ci NOT NULL,
  `api_port` int NOT NULL DEFAULT '8728',
  `password` varchar(191) COLLATE utf8mb4_unicode_ci NOT NULL,
  `subscription_amount` decimal(8,2) NOT NULL DEFAULT '0.00',
  `expiry_date` varchar(191) COLLATE utf8mb4_unicode_ci NOT NULL,
  `customer_care_phone` varchar(191) COLLATE utf8mb4_unicode_ci DEFAULT NULL,
  `online_status` int NOT NULL DEFAULT '1' COMMENT '0=offline, 1=online',
  `online_status_counter` int NOT NULL DEFAULT '0',
  `file_location` varchar(191) COLLATE utf8mb4_unicode_ci DEFAULT NULL,
  `transaction_frequency_id` bigint unsigned DEFAULT NULL,
  `next_transaction_date` varchar(191) COLLATE utf8mb4_unicode_ci DEFAULT NULL,
  `hotspot_anti_sharing_enabled` int NOT NULL DEFAULT '0' COMMENT '0=no, 1=yes',
  `status` int NOT NULL DEFAULT '1' COMMENT '0=inactive, 1=active, 2=expired',
  `created_at` timestamp NULL DEFAULT NULL,
  `updated_at` timestamp NULL DEFAULT NULL,
  `deleted_at` timestamp NULL DEFAULT NULL,
  PRIMARY KEY (`id`),
  UNIQUE KEY `company_routers_ip_address_unique` (`ip_address`),
  UNIQUE KEY `company_routers_public_ip_unique` (`public_ip`),
  KEY `company_routers_company_id_foreign` (`company_id`),
  KEY `company_routers_transaction_frequency_id_foreign` (`transaction_frequency_id`),
  CONSTRAINT `company_routers_company_id_foreign` FOREIGN KEY (`company_id`) REFERENCES `companies` (`id`) ON DELETE CASCADE,
  CONSTRAINT `company_routers_transaction_frequency_id_foreign` FOREIGN KEY (`transaction_frequency_id`) REFERENCES `transaction_frequencies` (`id`) ON DELETE CASCADE
) ENGINE=InnoDB AUTO_INCREMENT=6 DEFAULT CHARSET=utf8mb4 COLLATE=utf8mb4_unicode_ci;

--
-- Dumping data for table `company_routers`
--

INSERT INTO `company_routers` VALUES (1,'BVDX08',7,'Router1','50.50.50.1',NULL,'heritage',8728,'MH7X5C',1000.00,'2025-08-05','0745678',0,0,NULL,1,'2025-08-05',0,2,'2025-08-05 15:16:01','2025-08-08 23:15:46',NULL),(2,'GI6BYT',8,'Ngoni Net 1','50.50.50.2',NULL,'ngoni',8728,'ngoni@2025',1000.00,'2025-08-05','0716583413',1,739,NULL,1,'2025-08-05',1,2,'2025-08-05 16:56:56','2025-08-26 10:23:08',NULL),(3,'U6KNCS',7,'Router3','50.50.50.3',NULL,'heritage',8728,'heritage@2025',20000.00,'2025-08-09','0745678864',0,0,NULL,NULL,NULL,0,2,'2025-08-08 23:21:05','2025-08-12 12:02:59',NULL),(4,'9IEFYH',9,'Router4','50.50.50.4',NULL,'heritage',8728,'heritage@2025',21000.00,'2025-08-12','0712345679',0,0,NULL,NULL,NULL,0,2,'2025-08-12 12:25:52','2025-08-18 20:51:17',NULL),(5,'YE6B2O',8,'RB951','50.50.50.5',NULL,'heritage',8728,'heritage@2025',21000.00,'2025-08-18','0796230626',0,0,NULL,NULL,NULL,0,1,'2025-08-18 17:15:11','2025-08-19 09:07:25',NULL);

--
-- Table structure for table `company_service_plans`
--

CREATE TABLE `company_service_plans` (
  `id` bigint unsigned NOT NULL AUTO_INCREMENT,
  `ref_no` varchar(191) COLLATE utf8mb4_unicode_ci NOT NULL,
  `company_id` bigint unsigned NOT NULL,
  `service_plan_id` bigint unsigned NOT NULL,
  `company_router_id` bigint unsigned DEFAULT NULL,
  `company_ip_pool_id` int DEFAULT NULL,
  `name` varchar(191) COLLATE utf8mb4_unicode_ci NOT NULL,
  `download_limit` varchar(191) COLLATE utf8mb4_unicode_ci DEFAULT NULL,
  `download_scale` varchar(191) COLLATE utf8mb4_unicode_ci DEFAULT NULL,
  `upload_limit` varchar(191) COLLATE utf8mb4_unicode_ci DEFAULT NULL,
  `upload_scale` varchar(191) COLLATE utf8mb4_unicode_ci DEFAULT NULL,
  `burst_download_limit` varchar(191) COLLATE utf8mb4_unicode_ci DEFAULT NULL,
  `burst_download_scale` varchar(191) COLLATE utf8mb4_unicode_ci DEFAULT NULL,
  `burst_time` varchar(191) COLLATE utf8mb4_unicode_ci DEFAULT NULL,
  `shared_users` varchar(191) COLLATE utf8mb4_unicode_ci NOT NULL DEFAULT '1',
  `valid_for` decimal(8,2) NOT NULL DEFAULT '1.00',
  `plan_validity_type_id` int DEFAULT NULL,
  `cost` decimal(8,2) NOT NULL DEFAULT '0.00',
  `status` int NOT NULL DEFAULT '1' COMMENT '0=inactive, 1=active',
  `created_at` timestamp NULL DEFAULT NULL,
  `updated_at` timestamp NULL DEFAULT NULL,
  `deleted_at` timestamp NULL DEFAULT NULL,
  PRIMARY KEY (`id`),
  KEY `company_service_plans_company_id_foreign` (`company_id`),
  KEY `company_service_plans_service_plan_id_foreign` (`service_plan_id`),
  KEY `company_service_plans_company_router_id_foreign` (`company_router_id`),
  CONSTRAINT `company_service_plans_company_id_foreign` FOREIGN KEY (`company_id`) REFERENCES `companies` (`id`) ON DELETE CASCADE,
  CONSTRAINT `company_service_plans_company_router_id_foreign` FOREIGN KEY (`company_router_id`) REFERENCES `company_routers` (`id`) ON DELETE CASCADE,
  CONSTRAINT `company_service_plans_service_plan_id_foreign` FOREIGN KEY (`service_plan_id`) REFERENCES `service_plans` (`id`) ON DELETE CASCADE
) ENGINE=InnoDB AUTO_INCREMENT=27 DEFAULT CHARSET=utf8mb4 COLLATE=utf8mb4_unicode_ci;

--
-- Dumping data for table `company_service_plans`
--

INSERT INTO `company_service_plans` VALUES (1,'Z4BGY3',7,1,1,1,'1 Hour','5','M','5','M',NULL,NULL,NULL,'1',1.00,2,10.00,1,'2025-08-05 15:59:59','2025-08-05 15:59:59',NULL),(2,'7TS5UL',7,1,1,1,'1 Hour','5','M','5','M',NULL,NULL,NULL,'1',1.00,2,10.00,1,'2025-08-05 16:02:47','2025-08-05 16:03:10','2025-08-05 16:03:10'),(3,'8WGE3C',7,1,1,1,'6 Hours','5','M','5','M',NULL,NULL,NULL,'1',6.00,2,20.00,1,'2025-08-05 16:03:42','2025-08-05 16:03:42',NULL),(4,'KJ7GQL',7,1,1,1,'12 Hours','5','M','5','M',NULL,NULL,NULL,'1',12.00,2,30.00,1,'2025-08-05 16:04:05','2025-08-05 16:04:05',NULL),(5,'HNY6K4',7,1,1,1,'24 Hours','5','M','5','M',NULL,NULL,NULL,'1',24.00,2,50.00,1,'2025-08-05 16:07:00','2025-08-05 16:07:00',NULL),(6,'F3L651',8,1,2,3,'1 Hour','5','M','5','M',NULL,NULL,NULL,'1',1.00,2,210.00,1,'2025-08-05 17:49:04','2025-08-15 23:19:41',NULL),(7,'YPH8AG',8,1,2,3,'3 Hours','3','M','2','M',NULL,NULL,NULL,'1',6.00,2,300.00,1,'2025-08-05 17:49:42','2025-08-08 19:55:28',NULL),(8,'RN5IOU',8,1,2,3,'12 Hours','5','M','5','M',NULL,NULL,NULL,'1',12.00,2,500.00,1,'2025-08-05 17:50:05','2025-08-05 19:21:03',NULL),(9,'SHZN7L',8,1,2,3,'24 Hours','5','M','5','M',NULL,NULL,NULL,'1',24.00,2,1000.00,1,'2025-08-05 17:50:21','2025-08-05 19:21:18',NULL),(10,'ICA7K6',8,1,2,3,'7 Day','3','M','3','M',NULL,NULL,NULL,'1',7.00,3,5000.00,1,'2025-08-08 19:52:48','2025-08-18 21:00:20',NULL),(11,'FOH3WJ',7,1,3,5,'1 Hour','5','M','5','M',NULL,NULL,NULL,'1',1.00,2,210.00,1,'2025-08-08 23:44:06','2025-08-09 00:15:17','2025-08-09 00:15:17'),(12,'MLHI1N',7,1,3,5,'6 Hours','5','M','5','M',NULL,NULL,NULL,'1',6.00,2,600.00,1,'2025-08-08 23:44:27','2025-08-09 00:14:34','2025-08-09 00:14:34'),(13,'G93XD4',7,1,3,5,'12 Hours','5','M','5','M',NULL,NULL,NULL,'1',12.00,2,1200.00,1,'2025-08-08 23:44:38','2025-08-09 00:14:30','2025-08-09 00:14:30'),(14,'2VDIBK',7,1,3,5,'24 Hours','5','M','5','M',NULL,NULL,NULL,'1',24.00,2,2000.00,1,'2025-08-09 00:05:11','2025-08-09 00:14:19','2025-08-09 00:14:19'),(15,'PQFK3A',7,1,3,5,'14 Days','5','M','5','M',NULL,NULL,NULL,'1',14.00,3,3500.00,1,'2025-08-09 00:07:50','2025-08-09 00:14:14','2025-08-09 00:14:14'),(16,'524SBF',7,1,3,5,'1 Hour','5','M','5','M',NULL,NULL,NULL,'1',1.00,2,210.00,1,'2025-08-09 00:15:34','2025-08-09 00:15:34',NULL),(17,'DSE8CN',7,1,3,5,'6 Hours','5','M','5','M',NULL,NULL,NULL,'1',6.00,2,1000.00,1,'2025-08-09 00:19:13','2025-08-09 00:19:13',NULL),(18,'27J60R',7,1,3,5,'12 Hours','5','M','5','M',NULL,NULL,NULL,'1',12.00,2,1500.00,1,'2025-08-09 00:19:29','2025-08-09 00:19:29',NULL),(19,'N964RW',7,1,3,5,'24 Hours','5','M','5','M',NULL,NULL,NULL,'1',24.00,2,2000.00,1,'2025-08-09 00:19:43','2025-08-09 00:19:43',NULL),(20,'B0V84O',7,1,3,5,'14 Days','5','M','5','M',NULL,NULL,NULL,'1',14.00,3,2500.00,1,'2025-08-09 00:20:03','2025-08-09 00:20:03',NULL),(21,'Y5MENU',7,1,3,5,'Monthly','5','M','5','M',NULL,NULL,NULL,'1',30.00,3,3000.00,1,'2025-08-09 00:20:16','2025-08-09 00:20:16',NULL),(22,'X8D2C0',8,2,2,4,'Kiboko','10','M','10','M',NULL,NULL,NULL,'1',30.00,3,40000.00,1,'2025-08-11 10:11:00','2025-08-11 10:11:00',NULL),(23,'Q3R0VS',8,1,2,3,'Mwezi','3','M','3','M',NULL,NULL,NULL,'1',30.00,3,15000.00,1,'2025-08-14 20:43:56','2025-08-15 18:44:13',NULL),(24,'48IY1U',8,1,2,3,'3 days','03','M','03','M',NULL,NULL,NULL,'1',3.00,3,2500.00,1,'2025-08-14 20:45:13','2025-08-14 20:45:13',NULL),(25,'OP0VN1',8,3,2,NULL,'6mbps/6mbps','3','M','3','M',NULL,NULL,NULL,'1',1.00,3,2000.00,1,'2025-08-19 20:17:59','2025-08-19 20:17:59',NULL),(26,'S3H0WT',8,1,2,3,'2 week','03','M','03','M',NULL,NULL,NULL,'1',14.00,3,7000.00,1,'2025-08-20 11:02:58','2025-08-20 11:02:58',NULL);

--
-- Table structure for table `company_sms`
--

CREATE TABLE `company_sms` (
  `id` bigint unsigned NOT NULL AUTO_INCREMENT,
  `company_id` bigint unsigned NOT NULL,
  `sms_units` int NOT NULL,
  `created_at` timestamp NULL DEFAULT NULL,
  `updated_at` timestamp NULL DEFAULT NULL,
  `deleted_at` timestamp NULL DEFAULT NULL,
  PRIMARY KEY (`id`),
  KEY `company_sms_company_id_foreign` (`company_id`),
  CONSTRAINT `company_sms_company_id_foreign` FOREIGN KEY (`company_id`) REFERENCES `companies` (`id`) ON DELETE CASCADE
) ENGINE=InnoDB DEFAULT CHARSET=utf8mb4 COLLATE=utf8mb4_unicode_ci;

--
-- Dumping data for table `company_sms`
--


--
-- Table structure for table `company_sms_provider_entities`
--

CREATE TABLE `company_sms_provider_entities` (
  `id` bigint unsigned NOT NULL AUTO_INCREMENT,
  `company_sms_provider_id` bigint unsigned NOT NULL,
  `requirement_id` int NOT NULL,
  `name` varchar(191) COLLATE utf8mb4_unicode_ci NOT NULL,
  `created_at` timestamp NULL DEFAULT NULL,
  `updated_at` timestamp NULL DEFAULT NULL,
  `deleted_at` timestamp NULL DEFAULT NULL,
  PRIMARY KEY (`id`),
  KEY `company_sms_provider_entities_company_sms_provider_id_foreign` (`company_sms_provider_id`),
  CONSTRAINT `company_sms_provider_entities_company_sms_provider_id_foreign` FOREIGN KEY (`company_sms_provider_id`) REFERENCES `company_sms_providers` (`id`) ON DELETE CASCADE
) ENGINE=InnoDB DEFAULT CHARSET=utf8mb4 COLLATE=utf8mb4_unicode_ci;

--
-- Dumping data for table `company_sms_provider_entities`
--


--
-- Table structure for table `company_sms_providers`
--

CREATE TABLE `company_sms_providers` (
  `id` bigint unsigned NOT NULL AUTO_INCREMENT,
  `company_id` bigint unsigned NOT NULL,
  `sms_provider_id` bigint unsigned NOT NULL,
  `status` int NOT NULL DEFAULT '1' COMMENT '0=inactive, 1=active',
  `created_at` timestamp NULL DEFAULT NULL,
  `updated_at` timestamp NULL DEFAULT NULL,
  `deleted_at` timestamp NULL DEFAULT NULL,
  PRIMARY KEY (`id`),
  KEY `company_sms_providers_company_id_foreign` (`company_id`),
  KEY `company_sms_providers_sms_provider_id_foreign` (`sms_provider_id`),
  CONSTRAINT `company_sms_providers_company_id_foreign` FOREIGN KEY (`company_id`) REFERENCES `companies` (`id`) ON DELETE CASCADE,
  CONSTRAINT `company_sms_providers_sms_provider_id_foreign` FOREIGN KEY (`sms_provider_id`) REFERENCES `sms_providers` (`id`) ON DELETE CASCADE
) ENGINE=InnoDB DEFAULT CHARSET=utf8mb4 COLLATE=utf8mb4_unicode_ci;

--
-- Dumping data for table `company_sms_providers`
--


--
-- Table structure for table `company_sms_templates`
--

CREATE TABLE `company_sms_templates` (
  `id` bigint unsigned NOT NULL AUTO_INCREMENT,
  `company_id` int DEFAULT NULL,
  `sms_template_type_id` bigint unsigned NOT NULL,
  `content` longtext COLLATE utf8mb4_unicode_ci NOT NULL,
  `status` int NOT NULL DEFAULT '0' COMMENT '0=inactive, 1=active',
  `created_at` timestamp NULL DEFAULT NULL,
  `updated_at` timestamp NULL DEFAULT NULL,
  `deleted_at` timestamp NULL DEFAULT NULL,
  PRIMARY KEY (`id`),
  KEY `company_sms_templates_sms_template_type_id_foreign` (`sms_template_type_id`),
  CONSTRAINT `company_sms_templates_sms_template_type_id_foreign` FOREIGN KEY (`sms_template_type_id`) REFERENCES `sms_template_types` (`id`) ON DELETE CASCADE
) ENGINE=InnoDB AUTO_INCREMENT=15 DEFAULT CHARSET=utf8mb4 COLLATE=utf8mb4_unicode_ci;

--
-- Dumping data for table `company_sms_templates`
--

INSERT INTO `company_sms_templates` VALUES (1,0,1,'Dear [name], your internet plan is expiring in [expiry_days] day(s). Kindly make the payment at your earliest convenience to avoid service interruptions. Pay via paybill - [paybill] and account number [account_number]',1,'2025-08-03 19:10:09','2025-08-03 19:10:09',NULL),(2,0,2,'Dear [name], your invoice for [month] amounting to Ksh [balance] has been generated. Please pay via paybill - [paybill] and account number [account_number]',1,'2025-08-03 19:10:09','2025-08-03 19:10:09',NULL),(3,0,3,'Hello [name], this is to confirm that we have received your payment of Ksh [amount] for [month]. Your current balance as of now is Ksh [balance]',1,'2025-08-03 19:10:09','2025-08-03 19:10:09',NULL),(4,0,4,'Dear [name], this is a reminder that your payment of Ksh [balance] for [month] is due. Kindly make the payment at your earliest convenience to avoid service interruptions. Pay via paybill - [paybill] and account number [account_number]',1,'2025-08-03 19:10:09','2025-08-03 19:10:09',NULL),(5,0,5,'Dear [name], your payment of Ksh [balance] for [month] is overdue. Please settle the outstanding amount immediately to avoid service disruption. Pay via paybill - [paybill] and account number [account_number]',1,'2025-08-03 19:10:09','2025-08-03 19:10:09',NULL),(6,0,6,'Hello [name], due to an overdue balance of [balance], your service has been disconnected. To restore the services, please pay Ksh [balance] to paybill - [paybill] using account number [account_number]',1,'2025-08-03 19:10:09','2025-08-03 19:10:09',NULL),(7,0,7,'Hello [name], we are excited to have you on board! Your subscription to [internet_plan] is now active. If you have any questions, feel free to contact us. Thank you',1,'2025-08-03 19:10:09','2025-08-03 19:10:09',NULL),(8,0,8,'Hello [name], we are excited to have you on board! Your subscription to [internet_plan] is now active. If you have any questions, feel free to contact us.',1,'2025-08-03 19:10:09','2025-08-03 19:10:09',NULL),(9,0,9,'Dear [name], your request to change your plan to [internet_plan] has been processed successfully. Your new plan is now active. Contact us if you need assistance.',1,'2025-08-03 19:10:09','2025-08-03 19:10:09',NULL),(10,0,10,'Dear [name], we will be performing maintenance on 1st Jan 2025 from 09:30am to 11:30am. Service may be temporarily affected. Thank you for your patience.',1,'2025-08-03 19:10:09','2025-08-03 19:10:09',NULL),(11,0,11,'Dear [name], we are aware of an ongoing service disruption in your area. Our team is investigating and will restore service as soon as possible.',1,'2025-08-03 19:10:09','2025-08-03 19:10:09',NULL),(12,0,12,'Greetings, thank you for purchasing [plan] plan worthy [amount]. Please use [username] as the username and [password] as your password to reconnect yourself. Your subscription expires at [expiry_date].',1,'2025-08-03 19:10:09','2025-08-03 19:10:09',NULL),(13,8,11,'Dear [name], we are aware of an ongoing service disruption in your area. Our team is investigating and will restore service as soon as possible.',1,'2025-08-22 21:17:08','2025-08-22 21:17:08',NULL),(14,8,12,'Greetings, thank you for purchasing [plan] plan worthy [amount]. Please use [username] as the username and [password] as your password to reconnect yourself. Your subscription expires at [expiry_date].',1,'2025-08-22 21:20:09','2025-08-22 21:20:09',NULL);

--
-- Table structure for table `company_sms_usages`
--

CREATE TABLE `company_sms_usages` (
  `id` bigint unsigned NOT NULL AUTO_INCREMENT,
  `company_id` bigint unsigned NOT NULL,
  `sms_units` int NOT NULL,
  `created_at` timestamp NULL DEFAULT NULL,
  `updated_at` timestamp NULL DEFAULT NULL,
  `deleted_at` timestamp NULL DEFAULT NULL,
  PRIMARY KEY (`id`),
  KEY `company_sms_usages_company_id_foreign` (`company_id`),
  CONSTRAINT `company_sms_usages_company_id_foreign` FOREIGN KEY (`company_id`) REFERENCES `companies` (`id`) ON DELETE CASCADE
) ENGINE=InnoDB DEFAULT CHARSET=utf8mb4 COLLATE=utf8mb4_unicode_ci;

--
-- Dumping data for table `company_sms_usages`
--


--
-- Table structure for table `company_static_pages`
--

CREATE TABLE `company_static_pages` (
  `id` bigint unsigned NOT NULL AUTO_INCREMENT,
  `created_at` timestamp NULL DEFAULT NULL,
  `updated_at` timestamp NULL DEFAULT NULL,
  PRIMARY KEY (`id`)
) ENGINE=InnoDB DEFAULT CHARSET=utf8mb4 COLLATE=utf8mb4_unicode_ci;

--
-- Dumping data for table `company_static_pages`
--


--
-- Table structure for table `company_users`
--

CREATE TABLE `company_users` (
  `id` bigint unsigned NOT NULL AUTO_INCREMENT,
  `company_id` bigint unsigned NOT NULL,
  `user_id` bigint unsigned NOT NULL,
  `status` int NOT NULL DEFAULT '1' COMMENT '0=inactive, 1=active',
  `created_at` timestamp NULL DEFAULT NULL,
  `updated_at` timestamp NULL DEFAULT NULL,
  `deleted_at` timestamp NULL DEFAULT NULL,
  PRIMARY KEY (`id`),
  KEY `company_users_company_id_foreign` (`company_id`),
  KEY `company_users_user_id_foreign` (`user_id`),
  CONSTRAINT `company_users_company_id_foreign` FOREIGN KEY (`company_id`) REFERENCES `companies` (`id`) ON DELETE CASCADE,
  CONSTRAINT `company_users_user_id_foreign` FOREIGN KEY (`user_id`) REFERENCES `users` (`id`) ON DELETE CASCADE
) ENGINE=InnoDB AUTO_INCREMENT=11 DEFAULT CHARSET=utf8mb4 COLLATE=utf8mb4_unicode_ci;

--
-- Dumping data for table `company_users`
--

INSERT INTO `company_users` VALUES (7,7,14,1,'2025-08-05 15:16:01','2025-08-05 15:16:01',NULL),(8,8,15,1,'2025-08-05 16:56:56','2025-08-05 16:56:56',NULL),(9,9,16,1,'2025-08-12 12:25:52','2025-08-12 12:25:52',NULL),(10,10,15,0,'2025-08-19 20:43:26','2025-08-20 06:04:03',NULL);

--
-- Table structure for table `company_whatsapp_scans`
--

CREATE TABLE `company_whatsapp_scans` (
  `id` bigint unsigned NOT NULL AUTO_INCREMENT,
  `company_id` int DEFAULT NULL,
  `phone` varchar(191) COLLATE utf8mb4_unicode_ci NOT NULL,
  `created_at` timestamp NULL DEFAULT NULL,
  `updated_at` timestamp NULL DEFAULT NULL,
  `deleted_at` timestamp NULL DEFAULT NULL,
  PRIMARY KEY (`id`)
) ENGINE=InnoDB DEFAULT CHARSET=utf8mb4 COLLATE=utf8mb4_unicode_ci;

--
-- Dumping data for table `company_whatsapp_scans`
--


--
-- Table structure for table `customers`
--

CREATE TABLE `customers` (
  `id` bigint unsigned NOT NULL AUTO_INCREMENT,
  `phone` varchar(191) COLLATE utf8mb4_unicode_ci DEFAULT NULL,
  `first_name` varchar(191) COLLATE utf8mb4_unicode_ci DEFAULT NULL,
  `last_name` varchar(191) COLLATE utf8mb4_unicode_ci DEFAULT NULL,
  `email` varchar(191) COLLATE utf8mb4_unicode_ci DEFAULT NULL,
  `status` int NOT NULL DEFAULT '0' COMMENT '0=pending, 1=sent',
  `created_at` timestamp NULL DEFAULT NULL,
  `updated_at` timestamp NULL DEFAULT NULL,
  `deleted_at` timestamp NULL DEFAULT NULL,
  PRIMARY KEY (`id`)
) ENGINE=InnoDB AUTO_INCREMENT=3 DEFAULT CHARSET=utf8mb4 COLLATE=utf8mb4_unicode_ci;

--
-- Dumping data for table `customers`
--

INSERT INTO `customers` VALUES (1,'+2547222222222',NULL,NULL,NULL,0,'2025-08-11 23:41:45','2025-08-11 23:41:59','2025-08-11 23:41:59'),(2,'+2547522252236',NULL,NULL,NULL,0,'2025-08-11 23:43:58','2025-08-11 23:43:58',NULL);

--
-- Table structure for table `director_share_incomes`
--

CREATE TABLE `director_share_incomes` (
  `id` bigint unsigned NOT NULL AUTO_INCREMENT,
  `director_share_id` bigint unsigned NOT NULL,
  `grouped_transaction_id` bigint unsigned NOT NULL,
  `percentage_amount` decimal(8,2) NOT NULL DEFAULT '0.00',
  `amount` decimal(8,2) NOT NULL DEFAULT '0.00',
  `settled_status` int NOT NULL DEFAULT '0' COMMENT '0=pending, 1=sent',
  `created_at` timestamp NULL DEFAULT NULL,
  `updated_at` timestamp NULL DEFAULT NULL,
  `deleted_at` timestamp NULL DEFAULT NULL,
  PRIMARY KEY (`id`),
  KEY `director_share_incomes_director_share_id_foreign` (`director_share_id`),
  KEY `director_share_incomes_grouped_transaction_id_foreign` (`grouped_transaction_id`),
  CONSTRAINT `director_share_incomes_director_share_id_foreign` FOREIGN KEY (`director_share_id`) REFERENCES `director_shares` (`id`) ON DELETE CASCADE,
  CONSTRAINT `director_share_incomes_grouped_transaction_id_foreign` FOREIGN KEY (`grouped_transaction_id`) REFERENCES `grouped_transactions` (`id`) ON DELETE CASCADE
) ENGINE=InnoDB DEFAULT CHARSET=utf8mb4 COLLATE=utf8mb4_unicode_ci;

--
-- Dumping data for table `director_share_incomes`
--


--
-- Table structure for table `director_share_payment_accounts`
--

CREATE TABLE `director_share_payment_accounts` (
  `id` bigint unsigned NOT NULL AUTO_INCREMENT,
  `ref_no` varchar(191) COLLATE utf8mb4_unicode_ci NOT NULL,
  `director_share_id` bigint unsigned NOT NULL,
  `payment_method_id` bigint unsigned NOT NULL,
  `bank_id` bigint unsigned DEFAULT NULL,
  `phone_account_number` varchar(191) COLLATE utf8mb4_unicode_ci DEFAULT NULL,
  `status` int NOT NULL DEFAULT '1' COMMENT '0=inactive, 1=active',
  `created_at` timestamp NULL DEFAULT NULL,
  `updated_at` timestamp NULL DEFAULT NULL,
  `deleted_at` timestamp NULL DEFAULT NULL,
  PRIMARY KEY (`id`),
  KEY `director_share_payment_accounts_director_share_id_foreign` (`director_share_id`),
  KEY `director_share_payment_accounts_payment_method_id_foreign` (`payment_method_id`),
  KEY `director_share_payment_accounts_bank_id_foreign` (`bank_id`),
  CONSTRAINT `director_share_payment_accounts_bank_id_foreign` FOREIGN KEY (`bank_id`) REFERENCES `banks` (`id`) ON DELETE CASCADE,
  CONSTRAINT `director_share_payment_accounts_director_share_id_foreign` FOREIGN KEY (`director_share_id`) REFERENCES `director_shares` (`id`) ON DELETE CASCADE,
  CONSTRAINT `director_share_payment_accounts_payment_method_id_foreign` FOREIGN KEY (`payment_method_id`) REFERENCES `payment_methods` (`id`) ON DELETE CASCADE
) ENGINE=InnoDB DEFAULT CHARSET=utf8mb4 COLLATE=utf8mb4_unicode_ci;

--
-- Dumping data for table `director_share_payment_accounts`
--


--
-- Table structure for table `director_shares`
--

CREATE TABLE `director_shares` (
  `id` bigint unsigned NOT NULL AUTO_INCREMENT,
  `ref_no` varchar(191) COLLATE utf8mb4_unicode_ci NOT NULL,
  `names` varchar(191) COLLATE utf8mb4_unicode_ci NOT NULL,
  `phone` varchar(191) COLLATE utf8mb4_unicode_ci DEFAULT NULL,
  `email` varchar(191) COLLATE utf8mb4_unicode_ci DEFAULT NULL,
  `percentage_amount` decimal(8,2) NOT NULL DEFAULT '0.00',
  `status` int NOT NULL DEFAULT '1',
  `created_at` timestamp NULL DEFAULT NULL,
  `updated_at` timestamp NULL DEFAULT NULL,
  `deleted_at` timestamp NULL DEFAULT NULL,
  PRIMARY KEY (`id`)
) ENGINE=InnoDB AUTO_INCREMENT=4 DEFAULT CHARSET=utf8mb4 COLLATE=utf8mb4_unicode_ci;

--
-- Dumping data for table `director_shares`
--

INSERT INTO `director_shares` VALUES (1,'DS001','Jared Maera','+254716100572','maerajared12@gmail.com',50.00,1,'2025-08-03 19:10:08','2025-08-03 19:10:08',NULL),(2,'DS002','Dennis Bogonko','+254720579706','bogonkomokaya92@gmail.com',30.00,1,'2025-08-03 19:10:08','2025-08-03 19:10:08',NULL),(3,'DS003','Jaem Net','0716327828','info@jaemnet.com',20.00,1,'2025-08-03 19:10:08','2025-08-03 19:10:08',NULL);

--
-- Table structure for table `escrow_transactions`
--

CREATE TABLE `escrow_transactions` (
  `id` bigint unsigned NOT NULL AUTO_INCREMENT,
  `ref_no` varchar(191) COLLATE utf8mb4_unicode_ci NOT NULL,
  `company_id` int DEFAULT NULL,
  `company_router_id` int DEFAULT NULL,
  `payment_mode_id` bigint unsigned NOT NULL,
  `phone_used` varchar(191) COLLATE utf8mb4_unicode_ci DEFAULT NULL,
  `transaction_code` varchar(191) COLLATE utf8mb4_unicode_ci DEFAULT NULL,
  `amount` decimal(8,2) NOT NULL DEFAULT '0.00',
  `checkout_id` varchar(191) COLLATE utf8mb4_unicode_ci DEFAULT NULL,
  `account_number` varchar(191) COLLATE utf8mb4_unicode_ci DEFAULT NULL,
  `created_at` timestamp NULL DEFAULT NULL,
  `updated_at` timestamp NULL DEFAULT NULL,
  `deleted_at` timestamp NULL DEFAULT NULL,
  PRIMARY KEY (`id`),
  KEY `escrow_transactions_payment_mode_id_foreign` (`payment_mode_id`),
  CONSTRAINT `escrow_transactions_payment_mode_id_foreign` FOREIGN KEY (`payment_mode_id`) REFERENCES `payment_modes` (`id`) ON DELETE CASCADE
) ENGINE=InnoDB DEFAULT CHARSET=utf8mb4 COLLATE=utf8mb4_unicode_ci;

--
-- Dumping data for table `escrow_transactions`
--


--
-- Table structure for table `expenses`
--

CREATE TABLE `expenses` (
  `id` bigint unsigned NOT NULL AUTO_INCREMENT,
  `ref_no` varchar(191) COLLATE utf8mb4_unicode_ci NOT NULL,
  `description` longtext COLLATE utf8mb4_unicode_ci NOT NULL,
  `amount` decimal(8,2) NOT NULL DEFAULT '0.00',
  `created_at` timestamp NULL DEFAULT NULL,
  `updated_at` timestamp NULL DEFAULT NULL,
  `deleted_at` timestamp NULL DEFAULT NULL,
  PRIMARY KEY (`id`)
) ENGINE=InnoDB DEFAULT CHARSET=utf8mb4 COLLATE=utf8mb4_unicode_ci;

--
-- Dumping data for table `expenses`
--


--
-- Table structure for table `failed_jobs`
--

CREATE TABLE `failed_jobs` (
  `id` bigint unsigned NOT NULL AUTO_INCREMENT,
  `uuid` varchar(191) COLLATE utf8mb4_unicode_ci NOT NULL,
  `connection` text COLLATE utf8mb4_unicode_ci NOT NULL,
  `queue` text COLLATE utf8mb4_unicode_ci NOT NULL,
  `payload` longtext COLLATE utf8mb4_unicode_ci NOT NULL,
  `exception` longtext COLLATE utf8mb4_unicode_ci NOT NULL,
  `failed_at` timestamp NOT NULL DEFAULT CURRENT_TIMESTAMP,
  PRIMARY KEY (`id`),
  UNIQUE KEY `failed_jobs_uuid_unique` (`uuid`)
) ENGINE=InnoDB DEFAULT CHARSET=utf8mb4 COLLATE=utf8mb4_unicode_ci;

--
-- Dumping data for table `failed_jobs`
--


--
-- Table structure for table `failed_transactions`
--

CREATE TABLE `failed_transactions` (
  `id` bigint unsigned NOT NULL AUTO_INCREMENT,
  `payment_mode_id` bigint unsigned NOT NULL,
  `checkout_id` varchar(191) COLLATE utf8mb4_unicode_ci NOT NULL,
  `description` longtext COLLATE utf8mb4_unicode_ci NOT NULL,
  `created_at` timestamp NULL DEFAULT NULL,
  `updated_at` timestamp NULL DEFAULT NULL,
  PRIMARY KEY (`id`),
  KEY `failed_transactions_payment_mode_id_foreign` (`payment_mode_id`),
  CONSTRAINT `failed_transactions_payment_mode_id_foreign` FOREIGN KEY (`payment_mode_id`) REFERENCES `payment_modes` (`id`) ON DELETE CASCADE
) ENGINE=InnoDB DEFAULT CHARSET=utf8mb4 COLLATE=utf8mb4_unicode_ci;

--
-- Dumping data for table `failed_transactions`
--


--
-- Table structure for table `grouped_transactions`
--

CREATE TABLE `grouped_transactions` (
  `id` bigint unsigned NOT NULL AUTO_INCREMENT,
  `ref_no` varchar(191) COLLATE utf8mb4_unicode_ci NOT NULL,
  `transaction_type` int NOT NULL DEFAULT '1' COMMENT '1=invoice, 2=sms',
  `unit_sms_price` decimal(8,2) NOT NULL DEFAULT '0.00',
  `provider_sms_price` decimal(8,2) NOT NULL DEFAULT '0.00',
  `company_id` bigint unsigned NOT NULL,
  `company_router_id` int DEFAULT NULL,
  `user_id` int DEFAULT NULL,
  `payment_mode_id` bigint unsigned NOT NULL,
  `phone_used` varchar(191) COLLATE utf8mb4_unicode_ci DEFAULT NULL,
  `transaction_code` varchar(191) COLLATE utf8mb4_unicode_ci DEFAULT NULL,
  `amount` decimal(8,2) NOT NULL DEFAULT '0.00',
  `checkout_id` varchar(191) COLLATE utf8mb4_unicode_ci DEFAULT NULL,
  `account_number` varchar(191) COLLATE utf8mb4_unicode_ci DEFAULT NULL,
  `created_at` timestamp NULL DEFAULT NULL,
  `updated_at` timestamp NULL DEFAULT NULL,
  `deleted_at` timestamp NULL DEFAULT NULL,
  PRIMARY KEY (`id`),
  KEY `grouped_transactions_company_id_foreign` (`company_id`),
  KEY `grouped_transactions_payment_mode_id_foreign` (`payment_mode_id`),
  CONSTRAINT `grouped_transactions_company_id_foreign` FOREIGN KEY (`company_id`) REFERENCES `companies` (`id`) ON DELETE CASCADE,
  CONSTRAINT `grouped_transactions_payment_mode_id_foreign` FOREIGN KEY (`payment_mode_id`) REFERENCES `payment_modes` (`id`) ON DELETE CASCADE
) ENGINE=InnoDB DEFAULT CHARSET=utf8mb4 COLLATE=utf8mb4_unicode_ci;

--
